I20260713 09:07:05.759939 17342 raft_consensus.cc:1275] T 6a3fa4e567674c5b90ec95637785991c P 0e467982f2724a5bb90b7f36f2350b9b [term 2 FOLLOWER]: Refusing update from remote peer 8798b3d171604b5a9be87b26532ba85f: Log matching property violated. Preceding OpId in replica: term: 1 index: 1. Preceding OpId from leader: term: 2 index: 2. (index mismatch)
I20260713 09:07:05.761021 17464 consensus_queue.cc:1048] T 6a3fa4e567674c5b90ec95637785991c P 8798b3d171604b5a9be87b26532ba85f [LEADER]: Connected to new peer: Peer: permanent_uuid: "0e467982f2724a5bb90b7f36f2350b9b" member_type: VOTER last_known_addr { host: "127.16.58.130" port: 36733 }, Status: LMP_MISMATCH, Last received: 0.0, Next index: 2, Last known committed idx: 1, Time since last communication: 0.000s
I20260713 09:07:05.768304 17415 raft_consensus.cc:1275] T 6a3fa4e567674c5b90ec95637785991c P cbb7a6abc100432ab96fa3c829ce85ab [term 2 FOLLOWER]: Refusing update from remote peer 8798b3d171604b5a9be87b26532ba85f: Log matching property violated. Preceding OpId in replica: term: 1 index: 1. Preceding OpId from leader: term: 2 index: 2. (index mismatch)
I20260713 09:07:05.770035 17464 consensus_queue.cc:1048] T 6a3fa4e567674c5b90ec95637785991c P 8798b3d171604b5a9be87b26532ba85f [LEADER]: Connected to new peer: Peer: permanent_uuid: "cbb7a6abc100432ab96fa3c829ce85ab" member_type: VOTER last_known_addr { host: "127.16.58.131" port: 34719 }, Status: LMP_MISMATCH, Last received: 0.0, Next index: 2, Last known committed idx: 1, Time since last communication: 0.000s
I20260713 09:07:06.007022 17266 raft_consensus.cc:1275] T 85a2d38a8280446f93ebdaf4a9459c38 P 8798b3d171604b5a9be87b26532ba85f [term 2 FOLLOWER]: Refusing update from remote peer 0e467982f2724a5bb90b7f36f2350b9b: Log matching property violated. Preceding OpId in replica: term: 1 index: 1. Preceding OpId from leader: term: 2 index: 2. (index mismatch)
I20260713 09:07:06.008440 17466 consensus_queue.cc:1048] T 85a2d38a8280446f93ebdaf4a9459c38 P 0e467982f2724a5bb90b7f36f2350b9b [LEADER]: Connected to new peer: Peer: permanent_uuid: "8798b3d171604b5a9be87b26532ba85f" member_type: VOTER last_known_addr { host: "127.16.58.129" port: 39901 }, Status: LMP_MISMATCH, Last received: 0.0, Next index: 2, Last known committed idx: 1, Time since last communication: 0.000s
I20260713 09:07:06.016837 17415 raft_consensus.cc:1275] T 85a2d38a8280446f93ebdaf4a9459c38 P cbb7a6abc100432ab96fa3c829ce85ab [term 2 FOLLOWER]: Refusing update from remote peer 0e467982f2724a5bb90b7f36f2350b9b: Log matching property violated. Preceding OpId in replica: term: 1 index: 1. Preceding OpId from leader: term: 2 index: 2. (index mismatch)
I20260713 09:07:06.018517 17466 consensus_queue.cc:1048] T 85a2d38a8280446f93ebdaf4a9459c38 P 0e467982f2724a5bb90b7f36f2350b9b [LEADER]: Connected to new peer: Peer: permanent_uuid: "cbb7a6abc100432ab96fa3c829ce85ab" member_type: VOTER last_known_addr { host: "127.16.58.131" port: 34719 }, Status: LMP_MISMATCH, Last received: 0.0, Next index: 2, Last known committed idx: 1, Time since last communication: 0.000s
I20260713 09:07:08.052457 16618 auto_leader_rebalancer-test.cc:352] The leader distribution is 
I20260713 09:07:08.053143 16618 auto_leader_rebalancer.cc:141] leader rebalance for table test-workload
I20260713 09:07:08.074437 17266 tablet_service.cc:2072] Received LeaderStepDown RPC: tablet_id: "5130e8b0d3a24dad9a9ea573b16f1f47"
dest_uuid: "8798b3d171604b5a9be87b26532ba85f"
mode: GRACEFUL
new_leader_uuid: "cbb7a6abc100432ab96fa3c829ce85ab"
 from {username='slave'} at 127.0.0.1:60936
I20260713 09:07:08.074925 17266 raft_consensus.cc:606] T 5130e8b0d3a24dad9a9ea573b16f1f47 P 8798b3d171604b5a9be87b26532ba85f [term 2 LEADER]: Received request to transfer leadership to TS cbb7a6abc100432ab96fa3c829ce85ab
I20260713 09:07:08.077184 17266 tablet_service.cc:2072] Received LeaderStepDown RPC: tablet_id: "8eaa2ee0cc7449a99302e2b79fc68316"
dest_uuid: "8798b3d171604b5a9be87b26532ba85f"
mode: GRACEFUL
new_leader_uuid: "cbb7a6abc100432ab96fa3c829ce85ab"
 from {username='slave'} at 127.0.0.1:60936
I20260713 09:07:08.077571 17266 raft_consensus.cc:606] T 8eaa2ee0cc7449a99302e2b79fc68316 P 8798b3d171604b5a9be87b26532ba85f [term 2 LEADER]: Received request to transfer leadership to TS cbb7a6abc100432ab96fa3c829ce85ab
I20260713 09:07:08.078500 16618 auto_leader_rebalancer.cc:479] table: test-workload, leader rebalance finish, leader transfer count: 2
I20260713 09:07:08.078971 16618 auto_leader_rebalancer.cc:554] All tables' leader rebalancing finished this round
I20260713 09:07:08.100701 17464 raft_consensus.cc:993] T 8eaa2ee0cc7449a99302e2b79fc68316 P 8798b3d171604b5a9be87b26532ba85f: : Instructing follower cbb7a6abc100432ab96fa3c829ce85ab to start an election
I20260713 09:07:08.101169 17552 raft_consensus.cc:1081] T 8eaa2ee0cc7449a99302e2b79fc68316 P 8798b3d171604b5a9be87b26532ba85f [term 2 LEADER]: Signalling peer cbb7a6abc100432ab96fa3c829ce85ab to start an election
I20260713 09:07:08.102474 17415 tablet_service.cc:2044] Received Run Leader Election RPC: tablet_id: "8eaa2ee0cc7449a99302e2b79fc68316"
dest_uuid: "cbb7a6abc100432ab96fa3c829ce85ab"
 from {username='slave'} at 127.0.0.1:34460
I20260713 09:07:08.102960 17415 raft_consensus.cc:493] T 8eaa2ee0cc7449a99302e2b79fc68316 P cbb7a6abc100432ab96fa3c829ce85ab [term 2 FOLLOWER]: Starting forced leader election (received explicit request)
I20260713 09:07:08.103268 17415 raft_consensus.cc:3060] T 8eaa2ee0cc7449a99302e2b79fc68316 P cbb7a6abc100432ab96fa3c829ce85ab [term 2 FOLLOWER]: Advancing to term 3
I20260713 09:07:08.107542 17415 raft_consensus.cc:515] T 8eaa2ee0cc7449a99302e2b79fc68316 P cbb7a6abc100432ab96fa3c829ce85ab [term 3 FOLLOWER]: Starting forced leader election with config: opid_index: -1 OBSOLETE_local: false peers { permanent_uuid: "8798b3d171604b5a9be87b26532ba85f" member_type: VOTER last_known_addr { host: "127.16.58.129" port: 39901 } } peers { permanent_uuid: "0e467982f2724a5bb90b7f36f2350b9b" member_type: VOTER last_known_addr { host: "127.16.58.130" port: 36733 } } peers { permanent_uuid: "cbb7a6abc100432ab96fa3c829ce85ab" member_type: VOTER last_known_addr { host: "127.16.58.131" port: 34719 } }
I20260713 09:07:08.109148 17415 leader_election.cc:290] T 8eaa2ee0cc7449a99302e2b79fc68316 P cbb7a6abc100432ab96fa3c829ce85ab [CANDIDATE]: Term 3 election: Requested vote from peers 8798b3d171604b5a9be87b26532ba85f (127.16.58.129:39901), 0e467982f2724a5bb90b7f36f2350b9b (127.16.58.130:36733)
I20260713 09:07:08.109692 17266 tablet_service.cc:1917] Received RequestConsensusVote() RPC: tablet_id: "8eaa2ee0cc7449a99302e2b79fc68316" candidate_uuid: "cbb7a6abc100432ab96fa3c829ce85ab" candidate_term: 3 candidate_status { last_received { term: 2 index: 2 } } ignore_live_leader: true dest_uuid: "8798b3d171604b5a9be87b26532ba85f"
I20260713 09:07:08.110163 17342 tablet_service.cc:1917] Received RequestConsensusVote() RPC: tablet_id: "8eaa2ee0cc7449a99302e2b79fc68316" candidate_uuid: "cbb7a6abc100432ab96fa3c829ce85ab" candidate_term: 3 candidate_status { last_received { term: 2 index: 2 } } ignore_live_leader: true dest_uuid: "0e467982f2724a5bb90b7f36f2350b9b"
I20260713 09:07:08.110301 17266 raft_consensus.cc:3055] T 8eaa2ee0cc7449a99302e2b79fc68316 P 8798b3d171604b5a9be87b26532ba85f [term 2 LEADER]: Stepping down as leader of term 2
I20260713 09:07:08.110709 17342 raft_consensus.cc:3060] T 8eaa2ee0cc7449a99302e2b79fc68316 P 0e467982f2724a5bb90b7f36f2350b9b [term 2 FOLLOWER]: Advancing to term 3
I20260713 09:07:08.110721 17266 raft_consensus.cc:740] T 8eaa2ee0cc7449a99302e2b79fc68316 P 8798b3d171604b5a9be87b26532ba85f [term 2 LEADER]: Becoming Follower/Learner. State: Replica: 8798b3d171604b5a9be87b26532ba85f, State: Running, Role: LEADER
I20260713 09:07:08.111542 17266 consensus_queue.cc:260] T 8eaa2ee0cc7449a99302e2b79fc68316 P 8798b3d171604b5a9be87b26532ba85f [NON_LEADER]: Queue going to NON_LEADER mode. State: All replicated index: 0, Majority replicated index: 2, Committed index: 2, Last appended: 2.2, Last appended by leader: 2, Current term: 2, Majority size: -1, State: 0, Mode: NON_LEADER, active raft config: opid_index: -1 OBSOLETE_local: false peers { permanent_uuid: "8798b3d171604b5a9be87b26532ba85f" member_type: VOTER last_known_addr { host: "127.16.58.129" port: 39901 } } peers { permanent_uuid: "0e467982f2724a5bb90b7f36f2350b9b" member_type: VOTER last_known_addr { host: "127.16.58.130" port: 36733 } } peers { permanent_uuid: "cbb7a6abc100432ab96fa3c829ce85ab" member_type: VOTER last_known_addr { host: "127.16.58.131" port: 34719 } }
I20260713 09:07:08.112407 17266 raft_consensus.cc:3060] T 8eaa2ee0cc7449a99302e2b79fc68316 P 8798b3d171604b5a9be87b26532ba85f [term 2 FOLLOWER]: Advancing to term 3
I20260713 09:07:08.114553 17342 raft_consensus.cc:2468] T 8eaa2ee0cc7449a99302e2b79fc68316 P 0e467982f2724a5bb90b7f36f2350b9b [term 3 FOLLOWER]: Leader election vote request: Granting yes vote for candidate cbb7a6abc100432ab96fa3c829ce85ab in term 3.
I20260713 09:07:08.115621 17381 leader_election.cc:304] T 8eaa2ee0cc7449a99302e2b79fc68316 P cbb7a6abc100432ab96fa3c829ce85ab [CANDIDATE]: Term 3 election: Election decided. Result: candidate won. Election summary: received 2 responses out of 3 voters: 2 yes votes; 0 no votes. yes voters: 0e467982f2724a5bb90b7f36f2350b9b, cbb7a6abc100432ab96fa3c829ce85ab; no voters: 
I20260713 09:07:08.116493 17460 raft_consensus.cc:2804] T 8eaa2ee0cc7449a99302e2b79fc68316 P cbb7a6abc100432ab96fa3c829ce85ab [term 3 FOLLOWER]: Leader election won for term 3
I20260713 09:07:08.116676 17266 raft_consensus.cc:2468] T 8eaa2ee0cc7449a99302e2b79fc68316 P 8798b3d171604b5a9be87b26532ba85f [term 3 FOLLOWER]: Leader election vote request: Granting yes vote for candidate cbb7a6abc100432ab96fa3c829ce85ab in term 3.
I20260713 09:07:08.118772 17460 raft_consensus.cc:697] T 8eaa2ee0cc7449a99302e2b79fc68316 P cbb7a6abc100432ab96fa3c829ce85ab [term 3 LEADER]: Becoming Leader. State: Replica: cbb7a6abc100432ab96fa3c829ce85ab, State: Running, Role: LEADER
I20260713 09:07:08.119630 17460 consensus_queue.cc:237] T 8eaa2ee0cc7449a99302e2b79fc68316 P cbb7a6abc100432ab96fa3c829ce85ab [LEADER]: Queue going to LEADER mode. State: All replicated index: 0, Majority replicated index: 2, Committed index: 2, Last appended: 2.2, Last appended by leader: 2, Current term: 3, Majority size: 2, State: 0, Mode: LEADER, active raft config: opid_index: -1 OBSOLETE_local: false peers { permanent_uuid: "8798b3d171604b5a9be87b26532ba85f" member_type: VOTER last_known_addr { host: "127.16.58.129" port: 39901 } } peers { permanent_uuid: "0e467982f2724a5bb90b7f36f2350b9b" member_type: VOTER last_known_addr { host: "127.16.58.130" port: 36733 } } peers { permanent_uuid: "cbb7a6abc100432ab96fa3c829ce85ab" member_type: VOTER last_known_addr { host: "127.16.58.131" port: 34719 } }
I20260713 09:07:08.126001 17163 catalog_manager.cc:5697] T 8eaa2ee0cc7449a99302e2b79fc68316 P cbb7a6abc100432ab96fa3c829ce85ab reported cstate change: term changed from 2 to 3, leader changed from 8798b3d171604b5a9be87b26532ba85f (127.16.58.129) to cbb7a6abc100432ab96fa3c829ce85ab (127.16.58.131). New cstate: current_term: 3 leader_uuid: "cbb7a6abc100432ab96fa3c829ce85ab" committed_config { opid_index: -1 OBSOLETE_local: false peers { permanent_uuid: "8798b3d171604b5a9be87b26532ba85f" member_type: VOTER last_known_addr { host: "127.16.58.129" port: 39901 } health_report { overall_health: UNKNOWN } } peers { permanent_uuid: "0e467982f2724a5bb90b7f36f2350b9b" member_type: VOTER last_known_addr { host: "127.16.58.130" port: 36733 } health_report { overall_health: UNKNOWN } } peers { permanent_uuid: "cbb7a6abc100432ab96fa3c829ce85ab" member_type: VOTER last_known_addr { host: "127.16.58.131" port: 34719 } health_report { overall_health: HEALTHY } } }
I20260713 09:07:08.167582 17464 raft_consensus.cc:993] T 5130e8b0d3a24dad9a9ea573b16f1f47 P 8798b3d171604b5a9be87b26532ba85f: : Instructing follower cbb7a6abc100432ab96fa3c829ce85ab to start an election
I20260713 09:07:08.168088 17552 raft_consensus.cc:1081] T 5130e8b0d3a24dad9a9ea573b16f1f47 P 8798b3d171604b5a9be87b26532ba85f [term 2 LEADER]: Signalling peer cbb7a6abc100432ab96fa3c829ce85ab to start an election
I20260713 09:07:08.169335 17415 tablet_service.cc:2044] Received Run Leader Election RPC: tablet_id: "5130e8b0d3a24dad9a9ea573b16f1f47"
dest_uuid: "cbb7a6abc100432ab96fa3c829ce85ab"
 from {username='slave'} at 127.0.0.1:34460
I20260713 09:07:08.169731 17415 raft_consensus.cc:493] T 5130e8b0d3a24dad9a9ea573b16f1f47 P cbb7a6abc100432ab96fa3c829ce85ab [term 2 FOLLOWER]: Starting forced leader election (received explicit request)
I20260713 09:07:08.169977 17415 raft_consensus.cc:3060] T 5130e8b0d3a24dad9a9ea573b16f1f47 P cbb7a6abc100432ab96fa3c829ce85ab [term 2 FOLLOWER]: Advancing to term 3
I20260713 09:07:08.173702 17415 raft_consensus.cc:515] T 5130e8b0d3a24dad9a9ea573b16f1f47 P cbb7a6abc100432ab96fa3c829ce85ab [term 3 FOLLOWER]: Starting forced leader election with config: opid_index: -1 OBSOLETE_local: false peers { permanent_uuid: "8798b3d171604b5a9be87b26532ba85f" member_type: VOTER last_known_addr { host: "127.16.58.129" port: 39901 } } peers { permanent_uuid: "0e467982f2724a5bb90b7f36f2350b9b" member_type: VOTER last_known_addr { host: "127.16.58.130" port: 36733 } } peers { permanent_uuid: "cbb7a6abc100432ab96fa3c829ce85ab" member_type: VOTER last_known_addr { host: "127.16.58.131" port: 34719 } }
I20260713 09:07:08.174883 17415 leader_election.cc:290] T 5130e8b0d3a24dad9a9ea573b16f1f47 P cbb7a6abc100432ab96fa3c829ce85ab [CANDIDATE]: Term 3 election: Requested vote from peers 8798b3d171604b5a9be87b26532ba85f (127.16.58.129:39901), 0e467982f2724a5bb90b7f36f2350b9b (127.16.58.130:36733)
I20260713 09:07:08.175627 17266 tablet_service.cc:1917] Received RequestConsensusVote() RPC: tablet_id: "5130e8b0d3a24dad9a9ea573b16f1f47" candidate_uuid: "cbb7a6abc100432ab96fa3c829ce85ab" candidate_term: 3 candidate_status { last_received { term: 2 index: 2 } } ignore_live_leader: true dest_uuid: "8798b3d171604b5a9be87b26532ba85f"
I20260713 09:07:08.175909 17342 tablet_service.cc:1917] Received RequestConsensusVote() RPC: tablet_id: "5130e8b0d3a24dad9a9ea573b16f1f47" candidate_uuid: "cbb7a6abc100432ab96fa3c829ce85ab" candidate_term: 3 candidate_status { last_received { term: 2 index: 2 } } ignore_live_leader: true dest_uuid: "0e467982f2724a5bb90b7f36f2350b9b"
I20260713 09:07:08.176113 17266 raft_consensus.cc:3055] T 5130e8b0d3a24dad9a9ea573b16f1f47 P 8798b3d171604b5a9be87b26532ba85f [term 2 LEADER]: Stepping down as leader of term 2
I20260713 09:07:08.176386 17342 raft_consensus.cc:3060] T 5130e8b0d3a24dad9a9ea573b16f1f47 P 0e467982f2724a5bb90b7f36f2350b9b [term 2 FOLLOWER]: Advancing to term 3
I20260713 09:07:08.176397 17266 raft_consensus.cc:740] T 5130e8b0d3a24dad9a9ea573b16f1f47 P 8798b3d171604b5a9be87b26532ba85f [term 2 LEADER]: Becoming Follower/Learner. State: Replica: 8798b3d171604b5a9be87b26532ba85f, State: Running, Role: LEADER
I20260713 09:07:08.177269 17266 consensus_queue.cc:260] T 5130e8b0d3a24dad9a9ea573b16f1f47 P 8798b3d171604b5a9be87b26532ba85f [NON_LEADER]: Queue going to NON_LEADER mode. State: All replicated index: 0, Majority replicated index: 2, Committed index: 2, Last appended: 2.2, Last appended by leader: 2, Current term: 2, Majority size: -1, State: 0, Mode: NON_LEADER, active raft config: opid_index: -1 OBSOLETE_local: false peers { permanent_uuid: "8798b3d171604b5a9be87b26532ba85f" member_type: VOTER last_known_addr { host: "127.16.58.129" port: 39901 } } peers { permanent_uuid: "0e467982f2724a5bb90b7f36f2350b9b" member_type: VOTER last_known_addr { host: "127.16.58.130" port: 36733 } } peers { permanent_uuid: "cbb7a6abc100432ab96fa3c829ce85ab" member_type: VOTER last_known_addr { host: "127.16.58.131" port: 34719 } }
I20260713 09:07:08.178121 17266 raft_consensus.cc:3060] T 5130e8b0d3a24dad9a9ea573b16f1f47 P 8798b3d171604b5a9be87b26532ba85f [term 2 FOLLOWER]: Advancing to term 3
I20260713 09:07:08.180294 17342 raft_consensus.cc:2468] T 5130e8b0d3a24dad9a9ea573b16f1f47 P 0e467982f2724a5bb90b7f36f2350b9b [term 3 FOLLOWER]: Leader election vote request: Granting yes vote for candidate cbb7a6abc100432ab96fa3c829ce85ab in term 3.
I20260713 09:07:08.181165 17381 leader_election.cc:304] T 5130e8b0d3a24dad9a9ea573b16f1f47 P cbb7a6abc100432ab96fa3c829ce85ab [CANDIDATE]: Term 3 election: Election decided. Result: candidate won. Election summary: received 2 responses out of 3 voters: 2 yes votes; 0 no votes. yes voters: 0e467982f2724a5bb90b7f36f2350b9b, cbb7a6abc100432ab96fa3c829ce85ab; no voters: 
I20260713 09:07:08.181879 17460 raft_consensus.cc:2804] T 5130e8b0d3a24dad9a9ea573b16f1f47 P cbb7a6abc100432ab96fa3c829ce85ab [term 3 FOLLOWER]: Leader election won for term 3
I20260713 09:07:08.182111 17266 raft_consensus.cc:2468] T 5130e8b0d3a24dad9a9ea573b16f1f47 P 8798b3d171604b5a9be87b26532ba85f [term 3 FOLLOWER]: Leader election vote request: Granting yes vote for candidate cbb7a6abc100432ab96fa3c829ce85ab in term 3.
I20260713 09:07:08.182348 17460 raft_consensus.cc:697] T 5130e8b0d3a24dad9a9ea573b16f1f47 P cbb7a6abc100432ab96fa3c829ce85ab [term 3 LEADER]: Becoming Leader. State: Replica: cbb7a6abc100432ab96fa3c829ce85ab, State: Running, Role: LEADER
I20260713 09:07:08.183140 17460 consensus_queue.cc:237] T 5130e8b0d3a24dad9a9ea573b16f1f47 P cbb7a6abc100432ab96fa3c829ce85ab [LEADER]: Queue going to LEADER mode. State: All replicated index: 0, Majority replicated index: 2, Committed index: 2, Last appended: 2.2, Last appended by leader: 2, Current term: 3, Majority size: 2, State: 0, Mode: LEADER, active raft config: opid_index: -1 OBSOLETE_local: false peers { permanent_uuid: "8798b3d171604b5a9be87b26532ba85f" member_type: VOTER last_known_addr { host: "127.16.58.129" port: 39901 } } peers { permanent_uuid: "0e467982f2724a5bb90b7f36f2350b9b" member_type: VOTER last_known_addr { host: "127.16.58.130" port: 36733 } } peers { permanent_uuid: "cbb7a6abc100432ab96fa3c829ce85ab" member_type: VOTER last_known_addr { host: "127.16.58.131" port: 34719 } }
I20260713 09:07:08.189831 17163 catalog_manager.cc:5697] T 5130e8b0d3a24dad9a9ea573b16f1f47 P cbb7a6abc100432ab96fa3c829ce85ab reported cstate change: term changed from 2 to 3, leader changed from 8798b3d171604b5a9be87b26532ba85f (127.16.58.129) to cbb7a6abc100432ab96fa3c829ce85ab (127.16.58.131). New cstate: current_term: 3 leader_uuid: "cbb7a6abc100432ab96fa3c829ce85ab" committed_config { opid_index: -1 OBSOLETE_local: false peers { permanent_uuid: "8798b3d171604b5a9be87b26532ba85f" member_type: VOTER last_known_addr { host: "127.16.58.129" port: 39901 } health_report { overall_health: UNKNOWN } } peers { permanent_uuid: "0e467982f2724a5bb90b7f36f2350b9b" member_type: VOTER last_known_addr { host: "127.16.58.130" port: 36733 } health_report { overall_health: UNKNOWN } } peers { permanent_uuid: "cbb7a6abc100432ab96fa3c829ce85ab" member_type: VOTER last_known_addr { host: "127.16.58.131" port: 34719 } health_report { overall_health: HEALTHY } } }
I20260713 09:07:08.567929 17342 raft_consensus.cc:1275] T 8eaa2ee0cc7449a99302e2b79fc68316 P 0e467982f2724a5bb90b7f36f2350b9b [term 3 FOLLOWER]: Refusing update from remote peer cbb7a6abc100432ab96fa3c829ce85ab: Log matching property violated. Preceding OpId in replica: term: 2 index: 2. Preceding OpId from leader: term: 3 index: 3. (index mismatch)
I20260713 09:07:08.569067 17460 consensus_queue.cc:1048] T 8eaa2ee0cc7449a99302e2b79fc68316 P cbb7a6abc100432ab96fa3c829ce85ab [LEADER]: Connected to new peer: Peer: permanent_uuid: "0e467982f2724a5bb90b7f36f2350b9b" member_type: VOTER last_known_addr { host: "127.16.58.130" port: 36733 }, Status: LMP_MISMATCH, Last received: 0.0, Next index: 3, Last known committed idx: 2, Time since last communication: 0.000s
I20260713 09:07:08.580596 17266 raft_consensus.cc:1275] T 8eaa2ee0cc7449a99302e2b79fc68316 P 8798b3d171604b5a9be87b26532ba85f [term 3 FOLLOWER]: Refusing update from remote peer cbb7a6abc100432ab96fa3c829ce85ab: Log matching property violated. Preceding OpId in replica: term: 2 index: 2. Preceding OpId from leader: term: 3 index: 3. (index mismatch)
I20260713 09:07:08.582178 17460 consensus_queue.cc:1048] T 8eaa2ee0cc7449a99302e2b79fc68316 P cbb7a6abc100432ab96fa3c829ce85ab [LEADER]: Connected to new peer: Peer: permanent_uuid: "8798b3d171604b5a9be87b26532ba85f" member_type: VOTER last_known_addr { host: "127.16.58.129" port: 39901 }, Status: LMP_MISMATCH, Last received: 0.0, Next index: 3, Last known committed idx: 2, Time since last communication: 0.000s
I20260713 09:07:08.659145 17342 raft_consensus.cc:1275] T 5130e8b0d3a24dad9a9ea573b16f1f47 P 0e467982f2724a5bb90b7f36f2350b9b [term 3 FOLLOWER]: Refusing update from remote peer cbb7a6abc100432ab96fa3c829ce85ab: Log matching property violated. Preceding OpId in replica: term: 2 index: 2. Preceding OpId from leader: term: 3 index: 3. (index mismatch)
I20260713 09:07:08.660320 17460 consensus_queue.cc:1048] T 5130e8b0d3a24dad9a9ea573b16f1f47 P cbb7a6abc100432ab96fa3c829ce85ab [LEADER]: Connected to new peer: Peer: permanent_uuid: "0e467982f2724a5bb90b7f36f2350b9b" member_type: VOTER last_known_addr { host: "127.16.58.130" port: 36733 }, Status: LMP_MISMATCH, Last received: 0.0, Next index: 3, Last known committed idx: 2, Time since last communication: 0.000s
I20260713 09:07:08.668787 17266 raft_consensus.cc:1275] T 5130e8b0d3a24dad9a9ea573b16f1f47 P 8798b3d171604b5a9be87b26532ba85f [term 3 FOLLOWER]: Refusing update from remote peer cbb7a6abc100432ab96fa3c829ce85ab: Log matching property violated. Preceding OpId in replica: term: 2 index: 2. Preceding OpId from leader: term: 3 index: 3. (index mismatch)
I20260713 09:07:08.670588 17553 consensus_queue.cc:1048] T 5130e8b0d3a24dad9a9ea573b16f1f47 P cbb7a6abc100432ab96fa3c829ce85ab [LEADER]: Connected to new peer: Peer: permanent_uuid: "8798b3d171604b5a9be87b26532ba85f" member_type: VOTER last_known_addr { host: "127.16.58.129" port: 39901 }, Status: LMP_MISMATCH, Last received: 0.0, Next index: 3, Last known committed idx: 2, Time since last communication: 0.000s
I20260713 09:07:09.080037 16618 auto_leader_rebalancer.cc:141] leader rebalance for table test-workload
I20260713 09:07:09.097472 17415 tablet_service.cc:2072] Received LeaderStepDown RPC: tablet_id: "5130e8b0d3a24dad9a9ea573b16f1f47"
dest_uuid: "cbb7a6abc100432ab96fa3c829ce85ab"
mode: GRACEFUL
new_leader_uuid: "8798b3d171604b5a9be87b26532ba85f"
 from {username='slave'} at 127.0.0.1:34474
I20260713 09:07:09.098040 17415 raft_consensus.cc:606] T 5130e8b0d3a24dad9a9ea573b16f1f47 P cbb7a6abc100432ab96fa3c829ce85ab [term 3 LEADER]: Received request to transfer leadership to TS 8798b3d171604b5a9be87b26532ba85f
I20260713 09:07:09.102319 17415 tablet_service.cc:2072] Received LeaderStepDown RPC: tablet_id: "8eaa2ee0cc7449a99302e2b79fc68316"
dest_uuid: "cbb7a6abc100432ab96fa3c829ce85ab"
mode: GRACEFUL
new_leader_uuid: "8798b3d171604b5a9be87b26532ba85f"
 from {username='slave'} at 127.0.0.1:34474
I20260713 09:07:09.102667 17415 raft_consensus.cc:606] T 8eaa2ee0cc7449a99302e2b79fc68316 P cbb7a6abc100432ab96fa3c829ce85ab [term 3 LEADER]: Received request to transfer leadership to TS 8798b3d171604b5a9be87b26532ba85f
I20260713 09:07:09.107209 17342 tablet_service.cc:2072] Received LeaderStepDown RPC: tablet_id: "85a2d38a8280446f93ebdaf4a9459c38"
dest_uuid: "0e467982f2724a5bb90b7f36f2350b9b"
mode: GRACEFUL
new_leader_uuid: "8798b3d171604b5a9be87b26532ba85f"
 from {username='slave'} at 127.0.0.1:42970
I20260713 09:07:09.107844 17342 raft_consensus.cc:606] T 85a2d38a8280446f93ebdaf4a9459c38 P 0e467982f2724a5bb90b7f36f2350b9b [term 2 LEADER]: Received request to transfer leadership to TS 8798b3d171604b5a9be87b26532ba85f
I20260713 09:07:09.111151 17460 raft_consensus.cc:993] T 8eaa2ee0cc7449a99302e2b79fc68316 P cbb7a6abc100432ab96fa3c829ce85ab: : Instructing follower 8798b3d171604b5a9be87b26532ba85f to start an election
I20260713 09:07:09.111666 17553 raft_consensus.cc:1081] T 8eaa2ee0cc7449a99302e2b79fc68316 P cbb7a6abc100432ab96fa3c829ce85ab [term 3 LEADER]: Signalling peer 8798b3d171604b5a9be87b26532ba85f to start an election
I20260713 09:07:09.113402 17342 tablet_service.cc:2072] Received LeaderStepDown RPC: tablet_id: "441e788f363d4f8bb62d3e19c99c3e3b"
dest_uuid: "0e467982f2724a5bb90b7f36f2350b9b"
mode: GRACEFUL
new_leader_uuid: "8798b3d171604b5a9be87b26532ba85f"
 from {username='slave'} at 127.0.0.1:42970
I20260713 09:07:09.113881 17342 raft_consensus.cc:606] T 441e788f363d4f8bb62d3e19c99c3e3b P 0e467982f2724a5bb90b7f36f2350b9b [term 2 LEADER]: Received request to transfer leadership to TS 8798b3d171604b5a9be87b26532ba85f
I20260713 09:07:09.114149 17266 tablet_service.cc:2044] Received Run Leader Election RPC: tablet_id: "8eaa2ee0cc7449a99302e2b79fc68316"
dest_uuid: "8798b3d171604b5a9be87b26532ba85f"
 from {username='slave'} at 127.0.0.1:60910
I20260713 09:07:09.114806 17266 raft_consensus.cc:493] T 8eaa2ee0cc7449a99302e2b79fc68316 P 8798b3d171604b5a9be87b26532ba85f [term 3 FOLLOWER]: Starting forced leader election (received explicit request)
I20260713 09:07:09.115265 17266 raft_consensus.cc:3060] T 8eaa2ee0cc7449a99302e2b79fc68316 P 8798b3d171604b5a9be87b26532ba85f [term 3 FOLLOWER]: Advancing to term 4
I20260713 09:07:09.119063 17342 tablet_service.cc:2072] Received LeaderStepDown RPC: tablet_id: "22776a3c9fb1424f883714d228361411"
dest_uuid: "0e467982f2724a5bb90b7f36f2350b9b"
mode: GRACEFUL
new_leader_uuid: "8798b3d171604b5a9be87b26532ba85f"
 from {username='slave'} at 127.0.0.1:42970
I20260713 09:07:09.119482 17342 raft_consensus.cc:606] T 22776a3c9fb1424f883714d228361411 P 0e467982f2724a5bb90b7f36f2350b9b [term 2 LEADER]: Received request to transfer leadership to TS 8798b3d171604b5a9be87b26532ba85f
I20260713 09:07:09.123508 17266 raft_consensus.cc:515] T 8eaa2ee0cc7449a99302e2b79fc68316 P 8798b3d171604b5a9be87b26532ba85f [term 4 FOLLOWER]: Starting forced leader election with config: opid_index: -1 OBSOLETE_local: false peers { permanent_uuid: "8798b3d171604b5a9be87b26532ba85f" member_type: VOTER last_known_addr { host: "127.16.58.129" port: 39901 } } peers { permanent_uuid: "0e467982f2724a5bb90b7f36f2350b9b" member_type: VOTER last_known_addr { host: "127.16.58.130" port: 36733 } } peers { permanent_uuid: "cbb7a6abc100432ab96fa3c829ce85ab" member_type: VOTER last_known_addr { host: "127.16.58.131" port: 34719 } }
I20260713 09:07:09.125763 17266 leader_election.cc:290] T 8eaa2ee0cc7449a99302e2b79fc68316 P 8798b3d171604b5a9be87b26532ba85f [CANDIDATE]: Term 4 election: Requested vote from peers 0e467982f2724a5bb90b7f36f2350b9b (127.16.58.130:36733), cbb7a6abc100432ab96fa3c829ce85ab (127.16.58.131:34719)
I20260713 09:07:09.126482 17342 tablet_service.cc:1917] Received RequestConsensusVote() RPC: tablet_id: "8eaa2ee0cc7449a99302e2b79fc68316" candidate_uuid: "8798b3d171604b5a9be87b26532ba85f" candidate_term: 4 candidate_status { last_received { term: 3 index: 3 } } ignore_live_leader: true dest_uuid: "0e467982f2724a5bb90b7f36f2350b9b"
I20260713 09:07:09.126963 17415 tablet_service.cc:1917] Received RequestConsensusVote() RPC: tablet_id: "8eaa2ee0cc7449a99302e2b79fc68316" candidate_uuid: "8798b3d171604b5a9be87b26532ba85f" candidate_term: 4 candidate_status { last_received { term: 3 index: 3 } } ignore_live_leader: true dest_uuid: "cbb7a6abc100432ab96fa3c829ce85ab"
I20260713 09:07:09.127318 17342 raft_consensus.cc:3060] T 8eaa2ee0cc7449a99302e2b79fc68316 P 0e467982f2724a5bb90b7f36f2350b9b [term 3 FOLLOWER]: Advancing to term 4
I20260713 09:07:09.127491 17415 raft_consensus.cc:3055] T 8eaa2ee0cc7449a99302e2b79fc68316 P cbb7a6abc100432ab96fa3c829ce85ab [term 3 LEADER]: Stepping down as leader of term 3
I20260713 09:07:09.127909 17415 raft_consensus.cc:740] T 8eaa2ee0cc7449a99302e2b79fc68316 P cbb7a6abc100432ab96fa3c829ce85ab [term 3 LEADER]: Becoming Follower/Learner. State: Replica: cbb7a6abc100432ab96fa3c829ce85ab, State: Running, Role: LEADER
I20260713 09:07:09.128592 17415 consensus_queue.cc:260] T 8eaa2ee0cc7449a99302e2b79fc68316 P cbb7a6abc100432ab96fa3c829ce85ab [NON_LEADER]: Queue going to NON_LEADER mode. State: All replicated index: 0, Majority replicated index: 3, Committed index: 3, Last appended: 3.3, Last appended by leader: 3, Current term: 3, Majority size: -1, State: 0, Mode: NON_LEADER, active raft config: opid_index: -1 OBSOLETE_local: false peers { permanent_uuid: "8798b3d171604b5a9be87b26532ba85f" member_type: VOTER last_known_addr { host: "127.16.58.129" port: 39901 } } peers { permanent_uuid: "0e467982f2724a5bb90b7f36f2350b9b" member_type: VOTER last_known_addr { host: "127.16.58.130" port: 36733 } } peers { permanent_uuid: "cbb7a6abc100432ab96fa3c829ce85ab" member_type: VOTER last_known_addr { host: "127.16.58.131" port: 34719 } }
I20260713 09:07:09.129567 17415 raft_consensus.cc:3060] T 8eaa2ee0cc7449a99302e2b79fc68316 P cbb7a6abc100432ab96fa3c829ce85ab [term 3 FOLLOWER]: Advancing to term 4
I20260713 09:07:09.132097 17342 raft_consensus.cc:2468] T 8eaa2ee0cc7449a99302e2b79fc68316 P 0e467982f2724a5bb90b7f36f2350b9b [term 4 FOLLOWER]: Leader election vote request: Granting yes vote for candidate 8798b3d171604b5a9be87b26532ba85f in term 4.
I20260713 09:07:09.133075 17232 leader_election.cc:304] T 8eaa2ee0cc7449a99302e2b79fc68316 P 8798b3d171604b5a9be87b26532ba85f [CANDIDATE]: Term 4 election: Election decided. Result: candidate won. Election summary: received 2 responses out of 3 voters: 2 yes votes; 0 no votes. yes voters: 0e467982f2724a5bb90b7f36f2350b9b, 8798b3d171604b5a9be87b26532ba85f; no voters: 
I20260713 09:07:09.133872 17552 raft_consensus.cc:2804] T 8eaa2ee0cc7449a99302e2b79fc68316 P 8798b3d171604b5a9be87b26532ba85f [term 4 FOLLOWER]: Leader election won for term 4
I20260713 09:07:09.134159 17415 raft_consensus.cc:2468] T 8eaa2ee0cc7449a99302e2b79fc68316 P cbb7a6abc100432ab96fa3c829ce85ab [term 4 FOLLOWER]: Leader election vote request: Granting yes vote for candidate 8798b3d171604b5a9be87b26532ba85f in term 4.
I20260713 09:07:09.134325 17552 raft_consensus.cc:697] T 8eaa2ee0cc7449a99302e2b79fc68316 P 8798b3d171604b5a9be87b26532ba85f [term 4 LEADER]: Becoming Leader. State: Replica: 8798b3d171604b5a9be87b26532ba85f, State: Running, Role: LEADER
I20260713 09:07:09.135418 17552 consensus_queue.cc:237] T 8eaa2ee0cc7449a99302e2b79fc68316 P 8798b3d171604b5a9be87b26532ba85f [LEADER]: Queue going to LEADER mode. State: All replicated index: 0, Majority replicated index: 3, Committed index: 3, Last appended: 3.3, Last appended by leader: 3, Current term: 4, Majority size: 2, State: 0, Mode: LEADER, active raft config: opid_index: -1 OBSOLETE_local: false peers { permanent_uuid: "8798b3d171604b5a9be87b26532ba85f" member_type: VOTER last_known_addr { host: "127.16.58.129" port: 39901 } } peers { permanent_uuid: "0e467982f2724a5bb90b7f36f2350b9b" member_type: VOTER last_known_addr { host: "127.16.58.130" port: 36733 } } peers { permanent_uuid: "cbb7a6abc100432ab96fa3c829ce85ab" member_type: VOTER last_known_addr { host: "127.16.58.131" port: 34719 } }
I20260713 09:07:09.141836 17163 catalog_manager.cc:5697] T 8eaa2ee0cc7449a99302e2b79fc68316 P 8798b3d171604b5a9be87b26532ba85f reported cstate change: term changed from 3 to 4, leader changed from cbb7a6abc100432ab96fa3c829ce85ab (127.16.58.131) to 8798b3d171604b5a9be87b26532ba85f (127.16.58.129). New cstate: current_term: 4 leader_uuid: "8798b3d171604b5a9be87b26532ba85f" committed_config { opid_index: -1 OBSOLETE_local: false peers { permanent_uuid: "8798b3d171604b5a9be87b26532ba85f" member_type: VOTER last_known_addr { host: "127.16.58.129" port: 39901 } health_report { overall_health: HEALTHY } } peers { permanent_uuid: "0e467982f2724a5bb90b7f36f2350b9b" member_type: VOTER last_known_addr { host: "127.16.58.130" port: 36733 } health_report { overall_health: UNKNOWN } } peers { permanent_uuid: "cbb7a6abc100432ab96fa3c829ce85ab" member_type: VOTER last_known_addr { host: "127.16.58.131" port: 34719 } health_report { overall_health: UNKNOWN } } }
I20260713 09:07:09.159879 17553 raft_consensus.cc:993] T 5130e8b0d3a24dad9a9ea573b16f1f47 P cbb7a6abc100432ab96fa3c829ce85ab: : Instructing follower 8798b3d171604b5a9be87b26532ba85f to start an election
I20260713 09:07:09.160341 17553 raft_consensus.cc:1081] T 5130e8b0d3a24dad9a9ea573b16f1f47 P cbb7a6abc100432ab96fa3c829ce85ab [term 3 LEADER]: Signalling peer 8798b3d171604b5a9be87b26532ba85f to start an election
I20260713 09:07:09.161835 17266 tablet_service.cc:2044] Received Run Leader Election RPC: tablet_id: "5130e8b0d3a24dad9a9ea573b16f1f47"
dest_uuid: "8798b3d171604b5a9be87b26532ba85f"
 from {username='slave'} at 127.0.0.1:60910
I20260713 09:07:09.162314 17266 raft_consensus.cc:493] T 5130e8b0d3a24dad9a9ea573b16f1f47 P 8798b3d171604b5a9be87b26532ba85f [term 3 FOLLOWER]: Starting forced leader election (received explicit request)
I20260713 09:07:09.162693 17266 raft_consensus.cc:3060] T 5130e8b0d3a24dad9a9ea573b16f1f47 P 8798b3d171604b5a9be87b26532ba85f [term 3 FOLLOWER]: Advancing to term 4
I20260713 09:07:09.166798 17266 raft_consensus.cc:515] T 5130e8b0d3a24dad9a9ea573b16f1f47 P 8798b3d171604b5a9be87b26532ba85f [term 4 FOLLOWER]: Starting forced leader election with config: opid_index: -1 OBSOLETE_local: false peers { permanent_uuid: "8798b3d171604b5a9be87b26532ba85f" member_type: VOTER last_known_addr { host: "127.16.58.129" port: 39901 } } peers { permanent_uuid: "0e467982f2724a5bb90b7f36f2350b9b" member_type: VOTER last_known_addr { host: "127.16.58.130" port: 36733 } } peers { permanent_uuid: "cbb7a6abc100432ab96fa3c829ce85ab" member_type: VOTER last_known_addr { host: "127.16.58.131" port: 34719 } }
I20260713 09:07:09.168176 17266 leader_election.cc:290] T 5130e8b0d3a24dad9a9ea573b16f1f47 P 8798b3d171604b5a9be87b26532ba85f [CANDIDATE]: Term 4 election: Requested vote from peers 0e467982f2724a5bb90b7f36f2350b9b (127.16.58.130:36733), cbb7a6abc100432ab96fa3c829ce85ab (127.16.58.131:34719)
I20260713 09:07:09.168820 17342 tablet_service.cc:1917] Received RequestConsensusVote() RPC: tablet_id: "5130e8b0d3a24dad9a9ea573b16f1f47" candidate_uuid: "8798b3d171604b5a9be87b26532ba85f" candidate_term: 4 candidate_status { last_received { term: 3 index: 3 } } ignore_live_leader: true dest_uuid: "0e467982f2724a5bb90b7f36f2350b9b"
I20260713 09:07:09.169065 17415 tablet_service.cc:1917] Received RequestConsensusVote() RPC: tablet_id: "5130e8b0d3a24dad9a9ea573b16f1f47" candidate_uuid: "8798b3d171604b5a9be87b26532ba85f" candidate_term: 4 candidate_status { last_received { term: 3 index: 3 } } ignore_live_leader: true dest_uuid: "cbb7a6abc100432ab96fa3c829ce85ab"
I20260713 09:07:09.169341 17342 raft_consensus.cc:3060] T 5130e8b0d3a24dad9a9ea573b16f1f47 P 0e467982f2724a5bb90b7f36f2350b9b [term 3 FOLLOWER]: Advancing to term 4
I20260713 09:07:09.169524 17415 raft_consensus.cc:3055] T 5130e8b0d3a24dad9a9ea573b16f1f47 P cbb7a6abc100432ab96fa3c829ce85ab [term 3 LEADER]: Stepping down as leader of term 3
I20260713 09:07:09.169889 17415 raft_consensus.cc:740] T 5130e8b0d3a24dad9a9ea573b16f1f47 P cbb7a6abc100432ab96fa3c829ce85ab [term 3 LEADER]: Becoming Follower/Learner. State: Replica: cbb7a6abc100432ab96fa3c829ce85ab, State: Running, Role: LEADER
I20260713 09:07:09.170575 17415 consensus_queue.cc:260] T 5130e8b0d3a24dad9a9ea573b16f1f47 P cbb7a6abc100432ab96fa3c829ce85ab [NON_LEADER]: Queue going to NON_LEADER mode. State: All replicated index: 0, Majority replicated index: 3, Committed index: 3, Last appended: 3.3, Last appended by leader: 3, Current term: 3, Majority size: -1, State: 0, Mode: NON_LEADER, active raft config: opid_index: -1 OBSOLETE_local: false peers { permanent_uuid: "8798b3d171604b5a9be87b26532ba85f" member_type: VOTER last_known_addr { host: "127.16.58.129" port: 39901 } } peers { permanent_uuid: "0e467982f2724a5bb90b7f36f2350b9b" member_type: VOTER last_known_addr { host: "127.16.58.130" port: 36733 } } peers { permanent_uuid: "cbb7a6abc100432ab96fa3c829ce85ab" member_type: VOTER last_known_addr { host: "127.16.58.131" port: 34719 } }
I20260713 09:07:09.171622 17415 raft_consensus.cc:3060] T 5130e8b0d3a24dad9a9ea573b16f1f47 P cbb7a6abc100432ab96fa3c829ce85ab [term 3 FOLLOWER]: Advancing to term 4
I20260713 09:07:09.175287 17342 raft_consensus.cc:2468] T 5130e8b0d3a24dad9a9ea573b16f1f47 P 0e467982f2724a5bb90b7f36f2350b9b [term 4 FOLLOWER]: Leader election vote request: Granting yes vote for candidate 8798b3d171604b5a9be87b26532ba85f in term 4.
I20260713 09:07:09.176201 17232 leader_election.cc:304] T 5130e8b0d3a24dad9a9ea573b16f1f47 P 8798b3d171604b5a9be87b26532ba85f [CANDIDATE]: Term 4 election: Election decided. Result: candidate won. Election summary: received 2 responses out of 3 voters: 2 yes votes; 0 no votes. yes voters: 0e467982f2724a5bb90b7f36f2350b9b, 8798b3d171604b5a9be87b26532ba85f; no voters: 
I20260713 09:07:09.176936 17552 raft_consensus.cc:2804] T 5130e8b0d3a24dad9a9ea573b16f1f47 P 8798b3d171604b5a9be87b26532ba85f [term 4 FOLLOWER]: Leader election won for term 4
I20260713 09:07:09.177337 17552 raft_consensus.cc:697] T 5130e8b0d3a24dad9a9ea573b16f1f47 P 8798b3d171604b5a9be87b26532ba85f [term 4 LEADER]: Becoming Leader. State: Replica: 8798b3d171604b5a9be87b26532ba85f, State: Running, Role: LEADER
I20260713 09:07:09.177371 17415 raft_consensus.cc:2468] T 5130e8b0d3a24dad9a9ea573b16f1f47 P cbb7a6abc100432ab96fa3c829ce85ab [term 4 FOLLOWER]: Leader election vote request: Granting yes vote for candidate 8798b3d171604b5a9be87b26532ba85f in term 4.
I20260713 09:07:09.178234 17552 consensus_queue.cc:237] T 5130e8b0d3a24dad9a9ea573b16f1f47 P 8798b3d171604b5a9be87b26532ba85f [LEADER]: Queue going to LEADER mode. State: All replicated index: 0, Majority replicated index: 3, Committed index: 3, Last appended: 3.3, Last appended by leader: 3, Current term: 4, Majority size: 2, State: 0, Mode: LEADER, active raft config: opid_index: -1 OBSOLETE_local: false peers { permanent_uuid: "8798b3d171604b5a9be87b26532ba85f" member_type: VOTER last_known_addr { host: "127.16.58.129" port: 39901 } } peers { permanent_uuid: "0e467982f2724a5bb90b7f36f2350b9b" member_type: VOTER last_known_addr { host: "127.16.58.130" port: 36733 } } peers { permanent_uuid: "cbb7a6abc100432ab96fa3c829ce85ab" member_type: VOTER last_known_addr { host: "127.16.58.131" port: 34719 } }
I20260713 09:07:09.183920 17163 catalog_manager.cc:5697] T 5130e8b0d3a24dad9a9ea573b16f1f47 P 8798b3d171604b5a9be87b26532ba85f reported cstate change: term changed from 3 to 4, leader changed from cbb7a6abc100432ab96fa3c829ce85ab (127.16.58.131) to 8798b3d171604b5a9be87b26532ba85f (127.16.58.129). New cstate: current_term: 4 leader_uuid: "8798b3d171604b5a9be87b26532ba85f" committed_config { opid_index: -1 OBSOLETE_local: false peers { permanent_uuid: "8798b3d171604b5a9be87b26532ba85f" member_type: VOTER last_known_addr { host: "127.16.58.129" port: 39901 } health_report { overall_health: HEALTHY } } peers { permanent_uuid: "0e467982f2724a5bb90b7f36f2350b9b" member_type: VOTER last_known_addr { host: "127.16.58.130" port: 36733 } health_report { overall_health: UNKNOWN } } peers { permanent_uuid: "cbb7a6abc100432ab96fa3c829ce85ab" member_type: VOTER last_known_addr { host: "127.16.58.131" port: 34719 } health_report { overall_health: UNKNOWN } } }
I20260713 09:07:09.299911 17549 raft_consensus.cc:993] T 441e788f363d4f8bb62d3e19c99c3e3b P 0e467982f2724a5bb90b7f36f2350b9b: : Instructing follower 8798b3d171604b5a9be87b26532ba85f to start an election
I20260713 09:07:09.300302 17549 raft_consensus.cc:1081] T 441e788f363d4f8bb62d3e19c99c3e3b P 0e467982f2724a5bb90b7f36f2350b9b [term 2 LEADER]: Signalling peer 8798b3d171604b5a9be87b26532ba85f to start an election
I20260713 09:07:09.301608 17266 tablet_service.cc:2044] Received Run Leader Election RPC: tablet_id: "441e788f363d4f8bb62d3e19c99c3e3b"
dest_uuid: "8798b3d171604b5a9be87b26532ba85f"
 from {username='slave'} at 127.0.0.1:60920
I20260713 09:07:09.302018 17266 raft_consensus.cc:493] T 441e788f363d4f8bb62d3e19c99c3e3b P 8798b3d171604b5a9be87b26532ba85f [term 2 FOLLOWER]: Starting forced leader election (received explicit request)
I20260713 09:07:09.302289 17266 raft_consensus.cc:3060] T 441e788f363d4f8bb62d3e19c99c3e3b P 8798b3d171604b5a9be87b26532ba85f [term 2 FOLLOWER]: Advancing to term 3
I20260713 09:07:09.306137 17266 raft_consensus.cc:515] T 441e788f363d4f8bb62d3e19c99c3e3b P 8798b3d171604b5a9be87b26532ba85f [term 3 FOLLOWER]: Starting forced leader election with config: opid_index: -1 OBSOLETE_local: false peers { permanent_uuid: "8798b3d171604b5a9be87b26532ba85f" member_type: VOTER last_known_addr { host: "127.16.58.129" port: 39901 } } peers { permanent_uuid: "0e467982f2724a5bb90b7f36f2350b9b" member_type: VOTER last_known_addr { host: "127.16.58.130" port: 36733 } } peers { permanent_uuid: "cbb7a6abc100432ab96fa3c829ce85ab" member_type: VOTER last_known_addr { host: "127.16.58.131" port: 34719 } }
I20260713 09:07:09.307402 17266 leader_election.cc:290] T 441e788f363d4f8bb62d3e19c99c3e3b P 8798b3d171604b5a9be87b26532ba85f [CANDIDATE]: Term 3 election: Requested vote from peers 0e467982f2724a5bb90b7f36f2350b9b (127.16.58.130:36733), cbb7a6abc100432ab96fa3c829ce85ab (127.16.58.131:34719)
I20260713 09:07:09.308136 17342 tablet_service.cc:1917] Received RequestConsensusVote() RPC: tablet_id: "441e788f363d4f8bb62d3e19c99c3e3b" candidate_uuid: "8798b3d171604b5a9be87b26532ba85f" candidate_term: 3 candidate_status { last_received { term: 2 index: 2 } } ignore_live_leader: true dest_uuid: "0e467982f2724a5bb90b7f36f2350b9b"
I20260713 09:07:09.308382 17415 tablet_service.cc:1917] Received RequestConsensusVote() RPC: tablet_id: "441e788f363d4f8bb62d3e19c99c3e3b" candidate_uuid: "8798b3d171604b5a9be87b26532ba85f" candidate_term: 3 candidate_status { last_received { term: 2 index: 2 } } ignore_live_leader: true dest_uuid: "cbb7a6abc100432ab96fa3c829ce85ab"
I20260713 09:07:09.308653 17342 raft_consensus.cc:3055] T 441e788f363d4f8bb62d3e19c99c3e3b P 0e467982f2724a5bb90b7f36f2350b9b [term 2 LEADER]: Stepping down as leader of term 2
I20260713 09:07:09.308835 17415 raft_consensus.cc:3060] T 441e788f363d4f8bb62d3e19c99c3e3b P cbb7a6abc100432ab96fa3c829ce85ab [term 2 FOLLOWER]: Advancing to term 3
I20260713 09:07:09.308946 17342 raft_consensus.cc:740] T 441e788f363d4f8bb62d3e19c99c3e3b P 0e467982f2724a5bb90b7f36f2350b9b [term 2 LEADER]: Becoming Follower/Learner. State: Replica: 0e467982f2724a5bb90b7f36f2350b9b, State: Running, Role: LEADER
I20260713 09:07:09.309680 17342 consensus_queue.cc:260] T 441e788f363d4f8bb62d3e19c99c3e3b P 0e467982f2724a5bb90b7f36f2350b9b [NON_LEADER]: Queue going to NON_LEADER mode. State: All replicated index: 0, Majority replicated index: 2, Committed index: 2, Last appended: 2.2, Last appended by leader: 2, Current term: 2, Majority size: -1, State: 0, Mode: NON_LEADER, active raft config: opid_index: -1 OBSOLETE_local: false peers { permanent_uuid: "8798b3d171604b5a9be87b26532ba85f" member_type: VOTER last_known_addr { host: "127.16.58.129" port: 39901 } } peers { permanent_uuid: "0e467982f2724a5bb90b7f36f2350b9b" member_type: VOTER last_known_addr { host: "127.16.58.130" port: 36733 } } peers { permanent_uuid: "cbb7a6abc100432ab96fa3c829ce85ab" member_type: VOTER last_known_addr { host: "127.16.58.131" port: 34719 } }
I20260713 09:07:09.310786 17342 raft_consensus.cc:3060] T 441e788f363d4f8bb62d3e19c99c3e3b P 0e467982f2724a5bb90b7f36f2350b9b [term 2 FOLLOWER]: Advancing to term 3
I20260713 09:07:09.314401 17415 raft_consensus.cc:2468] T 441e788f363d4f8bb62d3e19c99c3e3b P cbb7a6abc100432ab96fa3c829ce85ab [term 3 FOLLOWER]: Leader election vote request: Granting yes vote for candidate 8798b3d171604b5a9be87b26532ba85f in term 3.
I20260713 09:07:09.315408 17231 leader_election.cc:304] T 441e788f363d4f8bb62d3e19c99c3e3b P 8798b3d171604b5a9be87b26532ba85f [CANDIDATE]: Term 3 election: Election decided. Result: candidate won. Election summary: received 2 responses out of 3 voters: 2 yes votes; 0 no votes. yes voters: 8798b3d171604b5a9be87b26532ba85f, cbb7a6abc100432ab96fa3c829ce85ab; no voters: 
I20260713 09:07:09.316112 17342 raft_consensus.cc:2468] T 441e788f363d4f8bb62d3e19c99c3e3b P 0e467982f2724a5bb90b7f36f2350b9b [term 3 FOLLOWER]: Leader election vote request: Granting yes vote for candidate 8798b3d171604b5a9be87b26532ba85f in term 3.
I20260713 09:07:09.316128 17552 raft_consensus.cc:2804] T 441e788f363d4f8bb62d3e19c99c3e3b P 8798b3d171604b5a9be87b26532ba85f [term 3 FOLLOWER]: Leader election won for term 3
I20260713 09:07:09.316738 17552 raft_consensus.cc:697] T 441e788f363d4f8bb62d3e19c99c3e3b P 8798b3d171604b5a9be87b26532ba85f [term 3 LEADER]: Becoming Leader. State: Replica: 8798b3d171604b5a9be87b26532ba85f, State: Running, Role: LEADER
I20260713 09:07:09.317588 17552 consensus_queue.cc:237] T 441e788f363d4f8bb62d3e19c99c3e3b P 8798b3d171604b5a9be87b26532ba85f [LEADER]: Queue going to LEADER mode. State: All replicated index: 0, Majority replicated index: 2, Committed index: 2, Last appended: 2.2, Last appended by leader: 2, Current term: 3, Majority size: 2, State: 0, Mode: LEADER, active raft config: opid_index: -1 OBSOLETE_local: false peers { permanent_uuid: "8798b3d171604b5a9be87b26532ba85f" member_type: VOTER last_known_addr { host: "127.16.58.129" port: 39901 } } peers { permanent_uuid: "0e467982f2724a5bb90b7f36f2350b9b" member_type: VOTER last_known_addr { host: "127.16.58.130" port: 36733 } } peers { permanent_uuid: "cbb7a6abc100432ab96fa3c829ce85ab" member_type: VOTER last_known_addr { host: "127.16.58.131" port: 34719 } }
I20260713 09:07:09.323915 17163 catalog_manager.cc:5697] T 441e788f363d4f8bb62d3e19c99c3e3b P 8798b3d171604b5a9be87b26532ba85f reported cstate change: term changed from 2 to 3, leader changed from 0e467982f2724a5bb90b7f36f2350b9b (127.16.58.130) to 8798b3d171604b5a9be87b26532ba85f (127.16.58.129). New cstate: current_term: 3 leader_uuid: "8798b3d171604b5a9be87b26532ba85f" committed_config { opid_index: -1 OBSOLETE_local: false peers { permanent_uuid: "8798b3d171604b5a9be87b26532ba85f" member_type: VOTER last_known_addr { host: "127.16.58.129" port: 39901 } health_report { overall_health: HEALTHY } } peers { permanent_uuid: "0e467982f2724a5bb90b7f36f2350b9b" member_type: VOTER last_known_addr { host: "127.16.58.130" port: 36733 } health_report { overall_health: UNKNOWN } } peers { permanent_uuid: "cbb7a6abc100432ab96fa3c829ce85ab" member_type: VOTER last_known_addr { host: "127.16.58.131" port: 34719 } health_report { overall_health: UNKNOWN } } }
I20260713 09:07:09.594282 17573 raft_consensus.cc:993] T 85a2d38a8280446f93ebdaf4a9459c38 P 0e467982f2724a5bb90b7f36f2350b9b: : Instructing follower 8798b3d171604b5a9be87b26532ba85f to start an election
I20260713 09:07:09.594697 17549 raft_consensus.cc:1081] T 85a2d38a8280446f93ebdaf4a9459c38 P 0e467982f2724a5bb90b7f36f2350b9b [term 2 LEADER]: Signalling peer 8798b3d171604b5a9be87b26532ba85f to start an election
I20260713 09:07:09.596004 17266 tablet_service.cc:2044] Received Run Leader Election RPC: tablet_id: "85a2d38a8280446f93ebdaf4a9459c38"
dest_uuid: "8798b3d171604b5a9be87b26532ba85f"
 from {username='slave'} at 127.0.0.1:60920
I20260713 09:07:09.596419 17266 raft_consensus.cc:493] T 85a2d38a8280446f93ebdaf4a9459c38 P 8798b3d171604b5a9be87b26532ba85f [term 2 FOLLOWER]: Starting forced leader election (received explicit request)
I20260713 09:07:09.596681 17266 raft_consensus.cc:3060] T 85a2d38a8280446f93ebdaf4a9459c38 P 8798b3d171604b5a9be87b26532ba85f [term 2 FOLLOWER]: Advancing to term 3
I20260713 09:07:09.600159 17342 raft_consensus.cc:1275] T 8eaa2ee0cc7449a99302e2b79fc68316 P 0e467982f2724a5bb90b7f36f2350b9b [term 4 FOLLOWER]: Refusing update from remote peer 8798b3d171604b5a9be87b26532ba85f: Log matching property violated. Preceding OpId in replica: term: 3 index: 3. Preceding OpId from leader: term: 4 index: 4. (index mismatch)
I20260713 09:07:09.600705 17266 raft_consensus.cc:515] T 85a2d38a8280446f93ebdaf4a9459c38 P 8798b3d171604b5a9be87b26532ba85f [term 3 FOLLOWER]: Starting forced leader election with config: opid_index: -1 OBSOLETE_local: false peers { permanent_uuid: "8798b3d171604b5a9be87b26532ba85f" member_type: VOTER last_known_addr { host: "127.16.58.129" port: 39901 } } peers { permanent_uuid: "0e467982f2724a5bb90b7f36f2350b9b" member_type: VOTER last_known_addr { host: "127.16.58.130" port: 36733 } } peers { permanent_uuid: "cbb7a6abc100432ab96fa3c829ce85ab" member_type: VOTER last_known_addr { host: "127.16.58.131" port: 34719 } }
I20260713 09:07:09.601306 17552 consensus_queue.cc:1048] T 8eaa2ee0cc7449a99302e2b79fc68316 P 8798b3d171604b5a9be87b26532ba85f [LEADER]: Connected to new peer: Peer: permanent_uuid: "0e467982f2724a5bb90b7f36f2350b9b" member_type: VOTER last_known_addr { host: "127.16.58.130" port: 36733 }, Status: LMP_MISMATCH, Last received: 0.0, Next index: 4, Last known committed idx: 3, Time since last communication: 0.000s
I20260713 09:07:09.602144 17266 leader_election.cc:290] T 85a2d38a8280446f93ebdaf4a9459c38 P 8798b3d171604b5a9be87b26532ba85f [CANDIDATE]: Term 3 election: Requested vote from peers 0e467982f2724a5bb90b7f36f2350b9b (127.16.58.130:36733), cbb7a6abc100432ab96fa3c829ce85ab (127.16.58.131:34719)
I20260713 09:07:09.602816 17342 tablet_service.cc:1917] Received RequestConsensusVote() RPC: tablet_id: "85a2d38a8280446f93ebdaf4a9459c38" candidate_uuid: "8798b3d171604b5a9be87b26532ba85f" candidate_term: 3 candidate_status { last_received { term: 2 index: 2 } } ignore_live_leader: true dest_uuid: "0e467982f2724a5bb90b7f36f2350b9b"
I20260713 09:07:09.602993 17415 tablet_service.cc:1917] Received RequestConsensusVote() RPC: tablet_id: "85a2d38a8280446f93ebdaf4a9459c38" candidate_uuid: "8798b3d171604b5a9be87b26532ba85f" candidate_term: 3 candidate_status { last_received { term: 2 index: 2 } } ignore_live_leader: true dest_uuid: "cbb7a6abc100432ab96fa3c829ce85ab"
