I20260713 09:07:14.798545 17945 consensus_queue.cc:260] T 65170a971d224b5594489467cc199bbf P 7e46e4440efc4a079a5066aaca926839 [NON_LEADER]: Queue going to NON_LEADER mode. State: All replicated index: 0, Majority replicated index: 0, Committed index: 0, Last appended: 0.0, Last appended by leader: 0, Current term: 0, Majority size: -1, State: 0, Mode: NON_LEADER, active raft config: opid_index: -1 OBSOLETE_local: false peers { permanent_uuid: "d29244a6739542b5b11962ed29a695e7" member_type: VOTER last_known_addr { host: "127.16.58.129" port: 39329 } } peers { permanent_uuid: "d8a07c550f2e486cb9140305bf4f3d1b" member_type: VOTER last_known_addr { host: "127.16.58.130" port: 39415 } } peers { permanent_uuid: "7e46e4440efc4a079a5066aaca926839" member_type: VOTER last_known_addr { host: "127.16.58.131" port: 34569 } }
I20260713 09:07:14.803596 17941 tablet_bootstrap.cc:492] T 63b6a4d0a5ee45fc915433dfc502a233 P d8a07c550f2e486cb9140305bf4f3d1b: No bootstrap required, opened a new log
I20260713 09:07:14.805944 17940 ts_tablet_manager.cc:1434] T c66ff6dab9ba46828cc142ff51f1cb2e P d29244a6739542b5b11962ed29a695e7: Time spent starting tablet: real 0.081s	user 0.006s	sys 0.002s
I20260713 09:07:14.806166 17776 heartbeater.cc:499] Master 127.16.58.190:33555 was elected leader, sending a full tablet report...
I20260713 09:07:14.806926 17940 tablet_bootstrap.cc:492] T e49d7fbfb0b74ea3a9f74635566f2efd P d29244a6739542b5b11962ed29a695e7: Bootstrap starting.
I20260713 09:07:14.809837 17900 tablet_service.cc:1917] Received RequestConsensusVote() RPC: tablet_id: "db02e55bee8d403995bd85c20d94e533" candidate_uuid: "d8a07c550f2e486cb9140305bf4f3d1b" candidate_term: 1 candidate_status { last_received { term: 0 index: 0 } } ignore_live_leader: false dest_uuid: "7e46e4440efc4a079a5066aaca926839" is_pre_election: true
W20260713 09:07:14.810988 17790 leader_election.cc:343] T db02e55bee8d403995bd85c20d94e533 P d8a07c550f2e486cb9140305bf4f3d1b [CANDIDATE]: Term 1 pre-election: Tablet error from VoteRequest() call to peer 7e46e4440efc4a079a5066aaca926839 (127.16.58.131:34569): Illegal state: must be running to vote when last-logged opid is not known
I20260713 09:07:14.813208 17941 ts_tablet_manager.cc:1403] T 63b6a4d0a5ee45fc915433dfc502a233 P d8a07c550f2e486cb9140305bf4f3d1b: Time spent bootstrapping tablet: real 0.038s	user 0.008s	sys 0.003s
I20260713 09:07:14.814038 17925 heartbeater.cc:499] Master 127.16.58.190:33555 was elected leader, sending a full tablet report...
I20260713 09:07:14.815009 17945 ts_tablet_manager.cc:1434] T 65170a971d224b5594489467cc199bbf P 7e46e4440efc4a079a5066aaca926839: Time spent starting tablet: real 0.023s	user 0.005s	sys 0.002s
I20260713 09:07:14.816063 17941 raft_consensus.cc:359] T 63b6a4d0a5ee45fc915433dfc502a233 P d8a07c550f2e486cb9140305bf4f3d1b [term 0 FOLLOWER]: Replica starting. Triggering 0 pending ops. Active config: opid_index: -1 OBSOLETE_local: false peers { permanent_uuid: "d29244a6739542b5b11962ed29a695e7" member_type: VOTER last_known_addr { host: "127.16.58.129" port: 39329 } } peers { permanent_uuid: "d8a07c550f2e486cb9140305bf4f3d1b" member_type: VOTER last_known_addr { host: "127.16.58.130" port: 39415 } } peers { permanent_uuid: "7e46e4440efc4a079a5066aaca926839" member_type: VOTER last_known_addr { host: "127.16.58.131" port: 34569 } }
I20260713 09:07:14.816749 17941 raft_consensus.cc:385] T 63b6a4d0a5ee45fc915433dfc502a233 P d8a07c550f2e486cb9140305bf4f3d1b [term 0 FOLLOWER]: Consensus starting up: Expiring failure detector timer to make a prompt election more likely
I20260713 09:07:14.817008 17954 raft_consensus.cc:493] T 65170a971d224b5594489467cc199bbf P 7e46e4440efc4a079a5066aaca926839 [term 0 FOLLOWER]: Starting pre-election (no leader contacted us within the election timeout)
I20260713 09:07:14.817444 17954 raft_consensus.cc:515] T 65170a971d224b5594489467cc199bbf P 7e46e4440efc4a079a5066aaca926839 [term 0 FOLLOWER]: Starting pre-election with config: opid_index: -1 OBSOLETE_local: false peers { permanent_uuid: "d29244a6739542b5b11962ed29a695e7" member_type: VOTER last_known_addr { host: "127.16.58.129" port: 39329 } } peers { permanent_uuid: "d8a07c550f2e486cb9140305bf4f3d1b" member_type: VOTER last_known_addr { host: "127.16.58.130" port: 39415 } } peers { permanent_uuid: "7e46e4440efc4a079a5066aaca926839" member_type: VOTER last_known_addr { host: "127.16.58.131" port: 34569 } }
I20260713 09:07:14.820003 17940 tablet_bootstrap.cc:654] T e49d7fbfb0b74ea3a9f74635566f2efd P d29244a6739542b5b11962ed29a695e7: Neither blocks nor log segments found. Creating new log.
I20260713 09:07:14.824546 17954 leader_election.cc:290] T 65170a971d224b5594489467cc199bbf P 7e46e4440efc4a079a5066aaca926839 [CANDIDATE]: Term 1 pre-election: Requested pre-vote from peers d29244a6739542b5b11962ed29a695e7 (127.16.58.129:39329), d8a07c550f2e486cb9140305bf4f3d1b (127.16.58.130:39415)
I20260713 09:07:14.815970 17945 tablet_bootstrap.cc:492] T fe67e742478d46ce86fdb00fe40c40d9 P 7e46e4440efc4a079a5066aaca926839: Bootstrap starting.
I20260713 09:07:14.846254 17751 tablet_service.cc:1917] Received RequestConsensusVote() RPC: tablet_id: "db02e55bee8d403995bd85c20d94e533" candidate_uuid: "d8a07c550f2e486cb9140305bf4f3d1b" candidate_term: 1 candidate_status { last_received { term: 0 index: 0 } } ignore_live_leader: false dest_uuid: "d29244a6739542b5b11962ed29a695e7" is_pre_election: true
W20260713 09:07:14.847656 17790 leader_election.cc:343] T db02e55bee8d403995bd85c20d94e533 P d8a07c550f2e486cb9140305bf4f3d1b [CANDIDATE]: Term 1 pre-election: Tablet error from VoteRequest() call to peer d29244a6739542b5b11962ed29a695e7 (127.16.58.129:39329): Illegal state: must be running to vote when last-logged opid is not known
I20260713 09:07:14.848142 17790 leader_election.cc:304] T db02e55bee8d403995bd85c20d94e533 P d8a07c550f2e486cb9140305bf4f3d1b [CANDIDATE]: Term 1 pre-election: Election decided. Result: candidate lost. Election summary: received 3 responses out of 3 voters: 1 yes votes; 2 no votes. yes voters: d8a07c550f2e486cb9140305bf4f3d1b; no voters: 7e46e4440efc4a079a5066aaca926839, d29244a6739542b5b11962ed29a695e7
I20260713 09:07:14.849336 17943 raft_consensus.cc:2749] T db02e55bee8d403995bd85c20d94e533 P d8a07c550f2e486cb9140305bf4f3d1b [term 0 FOLLOWER]: Leader pre-election lost for term 1. Reason: could not achieve majority
I20260713 09:07:14.817040 17941 raft_consensus.cc:740] T 63b6a4d0a5ee45fc915433dfc502a233 P d8a07c550f2e486cb9140305bf4f3d1b [term 0 FOLLOWER]: Becoming Follower/Learner. State: Replica: d8a07c550f2e486cb9140305bf4f3d1b, State: Initialized, Role: FOLLOWER
I20260713 09:07:14.851315 17941 consensus_queue.cc:260] T 63b6a4d0a5ee45fc915433dfc502a233 P d8a07c550f2e486cb9140305bf4f3d1b [NON_LEADER]: Queue going to NON_LEADER mode. State: All replicated index: 0, Majority replicated index: 0, Committed index: 0, Last appended: 0.0, Last appended by leader: 0, Current term: 0, Majority size: -1, State: 0, Mode: NON_LEADER, active raft config: opid_index: -1 OBSOLETE_local: false peers { permanent_uuid: "d29244a6739542b5b11962ed29a695e7" member_type: VOTER last_known_addr { host: "127.16.58.129" port: 39329 } } peers { permanent_uuid: "d8a07c550f2e486cb9140305bf4f3d1b" member_type: VOTER last_known_addr { host: "127.16.58.130" port: 39415 } } peers { permanent_uuid: "7e46e4440efc4a079a5066aaca926839" member_type: VOTER last_known_addr { host: "127.16.58.131" port: 34569 } }
I20260713 09:07:14.865952 17941 ts_tablet_manager.cc:1434] T 63b6a4d0a5ee45fc915433dfc502a233 P d8a07c550f2e486cb9140305bf4f3d1b: Time spent starting tablet: real 0.052s	user 0.005s	sys 0.001s
I20260713 09:07:14.869467 17941 tablet_bootstrap.cc:492] T 3a2199f541d841dd9c3237cd188dd05a P d8a07c550f2e486cb9140305bf4f3d1b: Bootstrap starting.
I20260713 09:07:14.870700 17945 tablet_bootstrap.cc:654] T fe67e742478d46ce86fdb00fe40c40d9 P 7e46e4440efc4a079a5066aaca926839: Neither blocks nor log segments found. Creating new log.
I20260713 09:07:14.874785 17751 tablet_service.cc:1917] Received RequestConsensusVote() RPC: tablet_id: "65170a971d224b5594489467cc199bbf" candidate_uuid: "7e46e4440efc4a079a5066aaca926839" candidate_term: 1 candidate_status { last_received { term: 0 index: 0 } } ignore_live_leader: false dest_uuid: "d29244a6739542b5b11962ed29a695e7" is_pre_election: true
W20260713 09:07:14.876235 17864 leader_election.cc:343] T 65170a971d224b5594489467cc199bbf P 7e46e4440efc4a079a5066aaca926839 [CANDIDATE]: Term 1 pre-election: Tablet error from VoteRequest() call to peer d29244a6739542b5b11962ed29a695e7 (127.16.58.129:39329): Illegal state: must be running to vote when last-logged opid is not known
I20260713 09:07:14.878765 17941 tablet_bootstrap.cc:654] T 3a2199f541d841dd9c3237cd188dd05a P d8a07c550f2e486cb9140305bf4f3d1b: Neither blocks nor log segments found. Creating new log.
I20260713 09:07:14.880355 17951 raft_consensus.cc:493] T c66ff6dab9ba46828cc142ff51f1cb2e P d29244a6739542b5b11962ed29a695e7 [term 0 FOLLOWER]: Starting pre-election (no leader contacted us within the election timeout)
I20260713 09:07:14.880820 17951 raft_consensus.cc:515] T c66ff6dab9ba46828cc142ff51f1cb2e P d29244a6739542b5b11962ed29a695e7 [term 0 FOLLOWER]: Starting pre-election with config: opid_index: -1 OBSOLETE_local: false peers { permanent_uuid: "d29244a6739542b5b11962ed29a695e7" member_type: VOTER last_known_addr { host: "127.16.58.129" port: 39329 } } peers { permanent_uuid: "d8a07c550f2e486cb9140305bf4f3d1b" member_type: VOTER last_known_addr { host: "127.16.58.130" port: 39415 } } peers { permanent_uuid: "7e46e4440efc4a079a5066aaca926839" member_type: VOTER last_known_addr { host: "127.16.58.131" port: 34569 } }
I20260713 09:07:14.883543 17951 leader_election.cc:290] T c66ff6dab9ba46828cc142ff51f1cb2e P d29244a6739542b5b11962ed29a695e7 [CANDIDATE]: Term 1 pre-election: Requested pre-vote from peers d8a07c550f2e486cb9140305bf4f3d1b (127.16.58.130:39415), 7e46e4440efc4a079a5066aaca926839 (127.16.58.131:34569)
I20260713 09:07:14.888283 17941 tablet_bootstrap.cc:492] T 3a2199f541d841dd9c3237cd188dd05a P d8a07c550f2e486cb9140305bf4f3d1b: No bootstrap required, opened a new log
I20260713 09:07:14.888703 17941 ts_tablet_manager.cc:1403] T 3a2199f541d841dd9c3237cd188dd05a P d8a07c550f2e486cb9140305bf4f3d1b: Time spent bootstrapping tablet: real 0.020s	user 0.014s	sys 0.000s
I20260713 09:07:14.890290 17940 tablet_bootstrap.cc:492] T e49d7fbfb0b74ea3a9f74635566f2efd P d29244a6739542b5b11962ed29a695e7: No bootstrap required, opened a new log
I20260713 09:07:14.890862 17940 ts_tablet_manager.cc:1403] T e49d7fbfb0b74ea3a9f74635566f2efd P d29244a6739542b5b11962ed29a695e7: Time spent bootstrapping tablet: real 0.084s	user 0.032s	sys 0.042s
I20260713 09:07:14.891041 17941 raft_consensus.cc:359] T 3a2199f541d841dd9c3237cd188dd05a P d8a07c550f2e486cb9140305bf4f3d1b [term 0 FOLLOWER]: Replica starting. Triggering 0 pending ops. Active config: opid_index: -1 OBSOLETE_local: false peers { permanent_uuid: "d29244a6739542b5b11962ed29a695e7" member_type: VOTER last_known_addr { host: "127.16.58.129" port: 39329 } } peers { permanent_uuid: "7e46e4440efc4a079a5066aaca926839" member_type: VOTER last_known_addr { host: "127.16.58.131" port: 34569 } } peers { permanent_uuid: "d8a07c550f2e486cb9140305bf4f3d1b" member_type: VOTER last_known_addr { host: "127.16.58.130" port: 39415 } }
I20260713 09:07:14.891665 17941 raft_consensus.cc:385] T 3a2199f541d841dd9c3237cd188dd05a P d8a07c550f2e486cb9140305bf4f3d1b [term 0 FOLLOWER]: Consensus starting up: Expiring failure detector timer to make a prompt election more likely
I20260713 09:07:14.891993 17941 raft_consensus.cc:740] T 3a2199f541d841dd9c3237cd188dd05a P d8a07c550f2e486cb9140305bf4f3d1b [term 0 FOLLOWER]: Becoming Follower/Learner. State: Replica: d8a07c550f2e486cb9140305bf4f3d1b, State: Initialized, Role: FOLLOWER
I20260713 09:07:14.892760 17941 consensus_queue.cc:260] T 3a2199f541d841dd9c3237cd188dd05a P d8a07c550f2e486cb9140305bf4f3d1b [NON_LEADER]: Queue going to NON_LEADER mode. State: All replicated index: 0, Majority replicated index: 0, Committed index: 0, Last appended: 0.0, Last appended by leader: 0, Current term: 0, Majority size: -1, State: 0, Mode: NON_LEADER, active raft config: opid_index: -1 OBSOLETE_local: false peers { permanent_uuid: "d29244a6739542b5b11962ed29a695e7" member_type: VOTER last_known_addr { host: "127.16.58.129" port: 39329 } } peers { permanent_uuid: "7e46e4440efc4a079a5066aaca926839" member_type: VOTER last_known_addr { host: "127.16.58.131" port: 34569 } } peers { permanent_uuid: "d8a07c550f2e486cb9140305bf4f3d1b" member_type: VOTER last_known_addr { host: "127.16.58.130" port: 39415 } }
I20260713 09:07:14.894052 17945 tablet_bootstrap.cc:492] T fe67e742478d46ce86fdb00fe40c40d9 P 7e46e4440efc4a079a5066aaca926839: No bootstrap required, opened a new log
I20260713 09:07:14.894557 17945 ts_tablet_manager.cc:1403] T fe67e742478d46ce86fdb00fe40c40d9 P 7e46e4440efc4a079a5066aaca926839: Time spent bootstrapping tablet: real 0.079s	user 0.010s	sys 0.004s
I20260713 09:07:14.894932 17941 ts_tablet_manager.cc:1434] T 3a2199f541d841dd9c3237cd188dd05a P d8a07c550f2e486cb9140305bf4f3d1b: Time spent starting tablet: real 0.006s	user 0.000s	sys 0.004s
I20260713 09:07:14.894477 17940 raft_consensus.cc:359] T e49d7fbfb0b74ea3a9f74635566f2efd P d29244a6739542b5b11962ed29a695e7 [term 0 FOLLOWER]: Replica starting. Triggering 0 pending ops. Active config: opid_index: -1 OBSOLETE_local: false peers { permanent_uuid: "d29244a6739542b5b11962ed29a695e7" member_type: VOTER last_known_addr { host: "127.16.58.129" port: 39329 } } peers { permanent_uuid: "d8a07c550f2e486cb9140305bf4f3d1b" member_type: VOTER last_known_addr { host: "127.16.58.130" port: 39415 } } peers { permanent_uuid: "7e46e4440efc4a079a5066aaca926839" member_type: VOTER last_known_addr { host: "127.16.58.131" port: 34569 } }
I20260713 09:07:14.895300 17940 raft_consensus.cc:385] T e49d7fbfb0b74ea3a9f74635566f2efd P d29244a6739542b5b11962ed29a695e7 [term 0 FOLLOWER]: Consensus starting up: Expiring failure detector timer to make a prompt election more likely
I20260713 09:07:14.896226 17826 tablet_service.cc:1917] Received RequestConsensusVote() RPC: tablet_id: "65170a971d224b5594489467cc199bbf" candidate_uuid: "7e46e4440efc4a079a5066aaca926839" candidate_term: 1 candidate_status { last_received { term: 0 index: 0 } } ignore_live_leader: false dest_uuid: "d8a07c550f2e486cb9140305bf4f3d1b" is_pre_election: true
W20260713 09:07:14.897632 17866 leader_election.cc:343] T 65170a971d224b5594489467cc199bbf P 7e46e4440efc4a079a5066aaca926839 [CANDIDATE]: Term 1 pre-election: Tablet error from VoteRequest() call to peer d8a07c550f2e486cb9140305bf4f3d1b (127.16.58.130:39415): Illegal state: must be running to vote when last-logged opid is not known
I20260713 09:07:14.898077 17866 leader_election.cc:304] T 65170a971d224b5594489467cc199bbf P 7e46e4440efc4a079a5066aaca926839 [CANDIDATE]: Term 1 pre-election: Election decided. Result: candidate lost. Election summary: received 3 responses out of 3 voters: 1 yes votes; 2 no votes. yes voters: 7e46e4440efc4a079a5066aaca926839; no voters: d29244a6739542b5b11962ed29a695e7, d8a07c550f2e486cb9140305bf4f3d1b
I20260713 09:07:14.898074 17945 raft_consensus.cc:359] T fe67e742478d46ce86fdb00fe40c40d9 P 7e46e4440efc4a079a5066aaca926839 [term 0 FOLLOWER]: Replica starting. Triggering 0 pending ops. Active config: opid_index: -1 OBSOLETE_local: false peers { permanent_uuid: "d29244a6739542b5b11962ed29a695e7" member_type: VOTER last_known_addr { host: "127.16.58.129" port: 39329 } } peers { permanent_uuid: "d8a07c550f2e486cb9140305bf4f3d1b" member_type: VOTER last_known_addr { host: "127.16.58.130" port: 39415 } } peers { permanent_uuid: "7e46e4440efc4a079a5066aaca926839" member_type: VOTER last_known_addr { host: "127.16.58.131" port: 34569 } }
I20260713 09:07:14.898967 17945 raft_consensus.cc:385] T fe67e742478d46ce86fdb00fe40c40d9 P 7e46e4440efc4a079a5066aaca926839 [term 0 FOLLOWER]: Consensus starting up: Expiring failure detector timer to make a prompt election more likely
I20260713 09:07:14.898924 17954 raft_consensus.cc:2749] T 65170a971d224b5594489467cc199bbf P 7e46e4440efc4a079a5066aaca926839 [term 0 FOLLOWER]: Leader pre-election lost for term 1. Reason: could not achieve majority
I20260713 09:07:14.895625 17940 raft_consensus.cc:740] T e49d7fbfb0b74ea3a9f74635566f2efd P d29244a6739542b5b11962ed29a695e7 [term 0 FOLLOWER]: Becoming Follower/Learner. State: Replica: d29244a6739542b5b11962ed29a695e7, State: Initialized, Role: FOLLOWER
I20260713 09:07:14.899982 17945 raft_consensus.cc:740] T fe67e742478d46ce86fdb00fe40c40d9 P 7e46e4440efc4a079a5066aaca926839 [term 0 FOLLOWER]: Becoming Follower/Learner. State: Replica: 7e46e4440efc4a079a5066aaca926839, State: Initialized, Role: FOLLOWER
I20260713 09:07:14.900197 17940 consensus_queue.cc:260] T e49d7fbfb0b74ea3a9f74635566f2efd P d29244a6739542b5b11962ed29a695e7 [NON_LEADER]: Queue going to NON_LEADER mode. State: All replicated index: 0, Majority replicated index: 0, Committed index: 0, Last appended: 0.0, Last appended by leader: 0, Current term: 0, Majority size: -1, State: 0, Mode: NON_LEADER, active raft config: opid_index: -1 OBSOLETE_local: false peers { permanent_uuid: "d29244a6739542b5b11962ed29a695e7" member_type: VOTER last_known_addr { host: "127.16.58.129" port: 39329 } } peers { permanent_uuid: "d8a07c550f2e486cb9140305bf4f3d1b" member_type: VOTER last_known_addr { host: "127.16.58.130" port: 39415 } } peers { permanent_uuid: "7e46e4440efc4a079a5066aaca926839" member_type: VOTER last_known_addr { host: "127.16.58.131" port: 34569 } }
I20260713 09:07:14.900931 17945 consensus_queue.cc:260] T fe67e742478d46ce86fdb00fe40c40d9 P 7e46e4440efc4a079a5066aaca926839 [NON_LEADER]: Queue going to NON_LEADER mode. State: All replicated index: 0, Majority replicated index: 0, Committed index: 0, Last appended: 0.0, Last appended by leader: 0, Current term: 0, Majority size: -1, State: 0, Mode: NON_LEADER, active raft config: opid_index: -1 OBSOLETE_local: false peers { permanent_uuid: "d29244a6739542b5b11962ed29a695e7" member_type: VOTER last_known_addr { host: "127.16.58.129" port: 39329 } } peers { permanent_uuid: "d8a07c550f2e486cb9140305bf4f3d1b" member_type: VOTER last_known_addr { host: "127.16.58.130" port: 39415 } } peers { permanent_uuid: "7e46e4440efc4a079a5066aaca926839" member_type: VOTER last_known_addr { host: "127.16.58.131" port: 34569 } }
I20260713 09:07:14.902248 17940 ts_tablet_manager.cc:1434] T e49d7fbfb0b74ea3a9f74635566f2efd P d29244a6739542b5b11962ed29a695e7: Time spent starting tablet: real 0.011s	user 0.007s	sys 0.000s
I20260713 09:07:14.903143 17940 tablet_bootstrap.cc:492] T fe67e742478d46ce86fdb00fe40c40d9 P d29244a6739542b5b11962ed29a695e7: Bootstrap starting.
I20260713 09:07:14.903264 17945 ts_tablet_manager.cc:1434] T fe67e742478d46ce86fdb00fe40c40d9 P 7e46e4440efc4a079a5066aaca926839: Time spent starting tablet: real 0.008s	user 0.006s	sys 0.001s
I20260713 09:07:14.904217 17945 tablet_bootstrap.cc:492] T 3a2199f541d841dd9c3237cd188dd05a P 7e46e4440efc4a079a5066aaca926839: Bootstrap starting.
I20260713 09:07:14.909011 17941 tablet_bootstrap.cc:492] T c66ff6dab9ba46828cc142ff51f1cb2e P d8a07c550f2e486cb9140305bf4f3d1b: Bootstrap starting.
I20260713 09:07:14.916317 17943 raft_consensus.cc:493] T 343d935c1dd045c98304ceabce2ebed8 P d8a07c550f2e486cb9140305bf4f3d1b [term 0 FOLLOWER]: Starting pre-election (no leader contacted us within the election timeout)
I20260713 09:07:14.916785 17943 raft_consensus.cc:515] T 343d935c1dd045c98304ceabce2ebed8 P d8a07c550f2e486cb9140305bf4f3d1b [term 0 FOLLOWER]: Starting pre-election with config: opid_index: -1 OBSOLETE_local: false peers { permanent_uuid: "d29244a6739542b5b11962ed29a695e7" member_type: VOTER last_known_addr { host: "127.16.58.129" port: 39329 } } peers { permanent_uuid: "d8a07c550f2e486cb9140305bf4f3d1b" member_type: VOTER last_known_addr { host: "127.16.58.130" port: 39415 } } peers { permanent_uuid: "7e46e4440efc4a079a5066aaca926839" member_type: VOTER last_known_addr { host: "127.16.58.131" port: 34569 } }
I20260713 09:07:14.918843 17943 leader_election.cc:290] T 343d935c1dd045c98304ceabce2ebed8 P d8a07c550f2e486cb9140305bf4f3d1b [CANDIDATE]: Term 1 pre-election: Requested pre-vote from peers d29244a6739542b5b11962ed29a695e7 (127.16.58.129:39329), 7e46e4440efc4a079a5066aaca926839 (127.16.58.131:34569)
I20260713 09:07:14.919507 17751 tablet_service.cc:1917] Received RequestConsensusVote() RPC: tablet_id: "343d935c1dd045c98304ceabce2ebed8" candidate_uuid: "d8a07c550f2e486cb9140305bf4f3d1b" candidate_term: 1 candidate_status { last_received { term: 0 index: 0 } } ignore_live_leader: false dest_uuid: "d29244a6739542b5b11962ed29a695e7" is_pre_election: true
I20260713 09:07:14.920433 17940 tablet_bootstrap.cc:654] T fe67e742478d46ce86fdb00fe40c40d9 P d29244a6739542b5b11962ed29a695e7: Neither blocks nor log segments found. Creating new log.
I20260713 09:07:14.921386 17900 tablet_service.cc:1917] Received RequestConsensusVote() RPC: tablet_id: "343d935c1dd045c98304ceabce2ebed8" candidate_uuid: "d8a07c550f2e486cb9140305bf4f3d1b" candidate_term: 1 candidate_status { last_received { term: 0 index: 0 } } ignore_live_leader: false dest_uuid: "7e46e4440efc4a079a5066aaca926839" is_pre_election: true
W20260713 09:07:14.922933 17790 leader_election.cc:343] T 343d935c1dd045c98304ceabce2ebed8 P d8a07c550f2e486cb9140305bf4f3d1b [CANDIDATE]: Term 1 pre-election: Tablet error from VoteRequest() call to peer d29244a6739542b5b11962ed29a695e7 (127.16.58.129:39329): Illegal state: must be running to vote when last-logged opid is not known
W20260713 09:07:14.923760 17790 leader_election.cc:343] T 343d935c1dd045c98304ceabce2ebed8 P d8a07c550f2e486cb9140305bf4f3d1b [CANDIDATE]: Term 1 pre-election: Tablet error from VoteRequest() call to peer 7e46e4440efc4a079a5066aaca926839 (127.16.58.131:34569): Illegal state: must be running to vote when last-logged opid is not known
I20260713 09:07:14.924161 17790 leader_election.cc:304] T 343d935c1dd045c98304ceabce2ebed8 P d8a07c550f2e486cb9140305bf4f3d1b [CANDIDATE]: Term 1 pre-election: Election decided. Result: candidate lost. Election summary: received 3 responses out of 3 voters: 1 yes votes; 2 no votes. yes voters: d8a07c550f2e486cb9140305bf4f3d1b; no voters: 7e46e4440efc4a079a5066aaca926839, d29244a6739542b5b11962ed29a695e7
I20260713 09:07:14.924544 17941 tablet_bootstrap.cc:654] T c66ff6dab9ba46828cc142ff51f1cb2e P d8a07c550f2e486cb9140305bf4f3d1b: Neither blocks nor log segments found. Creating new log.
I20260713 09:07:14.925125 17951 raft_consensus.cc:493] T e49d7fbfb0b74ea3a9f74635566f2efd P d29244a6739542b5b11962ed29a695e7 [term 0 FOLLOWER]: Starting pre-election (no leader contacted us within the election timeout)
I20260713 09:07:14.925580 17951 raft_consensus.cc:515] T e49d7fbfb0b74ea3a9f74635566f2efd P d29244a6739542b5b11962ed29a695e7 [term 0 FOLLOWER]: Starting pre-election with config: opid_index: -1 OBSOLETE_local: false peers { permanent_uuid: "d29244a6739542b5b11962ed29a695e7" member_type: VOTER last_known_addr { host: "127.16.58.129" port: 39329 } } peers { permanent_uuid: "d8a07c550f2e486cb9140305bf4f3d1b" member_type: VOTER last_known_addr { host: "127.16.58.130" port: 39415 } } peers { permanent_uuid: "7e46e4440efc4a079a5066aaca926839" member_type: VOTER last_known_addr { host: "127.16.58.131" port: 34569 } }
I20260713 09:07:14.927524 17951 leader_election.cc:290] T e49d7fbfb0b74ea3a9f74635566f2efd P d29244a6739542b5b11962ed29a695e7 [CANDIDATE]: Term 1 pre-election: Requested pre-vote from peers d8a07c550f2e486cb9140305bf4f3d1b (127.16.58.130:39415), 7e46e4440efc4a079a5066aaca926839 (127.16.58.131:34569)
I20260713 09:07:14.928077 17943 raft_consensus.cc:2749] T 343d935c1dd045c98304ceabce2ebed8 P d8a07c550f2e486cb9140305bf4f3d1b [term 0 FOLLOWER]: Leader pre-election lost for term 1. Reason: could not achieve majority
I20260713 09:07:14.930132 17826 tablet_service.cc:1917] Received RequestConsensusVote() RPC: tablet_id: "c66ff6dab9ba46828cc142ff51f1cb2e" candidate_uuid: "d29244a6739542b5b11962ed29a695e7" candidate_term: 1 candidate_status { last_received { term: 0 index: 0 } } ignore_live_leader: false dest_uuid: "d8a07c550f2e486cb9140305bf4f3d1b" is_pre_election: true
I20260713 09:07:14.930510 17825 tablet_service.cc:1917] Received RequestConsensusVote() RPC: tablet_id: "e49d7fbfb0b74ea3a9f74635566f2efd" candidate_uuid: "d29244a6739542b5b11962ed29a695e7" candidate_term: 1 candidate_status { last_received { term: 0 index: 0 } } ignore_live_leader: false dest_uuid: "d8a07c550f2e486cb9140305bf4f3d1b" is_pre_election: true
I20260713 09:07:14.932082 17900 tablet_service.cc:1917] Received RequestConsensusVote() RPC: tablet_id: "c66ff6dab9ba46828cc142ff51f1cb2e" candidate_uuid: "d29244a6739542b5b11962ed29a695e7" candidate_term: 1 candidate_status { last_received { term: 0 index: 0 } } ignore_live_leader: false dest_uuid: "7e46e4440efc4a079a5066aaca926839" is_pre_election: true
I20260713 09:07:14.932149 17899 tablet_service.cc:1917] Received RequestConsensusVote() RPC: tablet_id: "e49d7fbfb0b74ea3a9f74635566f2efd" candidate_uuid: "d29244a6739542b5b11962ed29a695e7" candidate_term: 1 candidate_status { last_received { term: 0 index: 0 } } ignore_live_leader: false dest_uuid: "7e46e4440efc4a079a5066aaca926839" is_pre_election: true
I20260713 09:07:14.928705 17945 tablet_bootstrap.cc:654] T 3a2199f541d841dd9c3237cd188dd05a P 7e46e4440efc4a079a5066aaca926839: Neither blocks nor log segments found. Creating new log.
W20260713 09:07:14.933347 17715 leader_election.cc:343] T e49d7fbfb0b74ea3a9f74635566f2efd P d29244a6739542b5b11962ed29a695e7 [CANDIDATE]: Term 1 pre-election: Tablet error from VoteRequest() call to peer 7e46e4440efc4a079a5066aaca926839 (127.16.58.131:34569): Illegal state: must be running to vote when last-logged opid is not known
W20260713 09:07:14.933995 17715 leader_election.cc:343] T c66ff6dab9ba46828cc142ff51f1cb2e P d29244a6739542b5b11962ed29a695e7 [CANDIDATE]: Term 1 pre-election: Tablet error from VoteRequest() call to peer 7e46e4440efc4a079a5066aaca926839 (127.16.58.131:34569): Illegal state: must be running to vote when last-logged opid is not known
W20260713 09:07:14.935923 17717 leader_election.cc:343] T c66ff6dab9ba46828cc142ff51f1cb2e P d29244a6739542b5b11962ed29a695e7 [CANDIDATE]: Term 1 pre-election: Tablet error from VoteRequest() call to peer d8a07c550f2e486cb9140305bf4f3d1b (127.16.58.130:39415): Illegal state: must be running to vote when last-logged opid is not known
I20260713 09:07:14.936434 17717 leader_election.cc:304] T c66ff6dab9ba46828cc142ff51f1cb2e P d29244a6739542b5b11962ed29a695e7 [CANDIDATE]: Term 1 pre-election: Election decided. Result: candidate lost. Election summary: received 3 responses out of 3 voters: 1 yes votes; 2 no votes. yes voters: d29244a6739542b5b11962ed29a695e7; no voters: 7e46e4440efc4a079a5066aaca926839, d8a07c550f2e486cb9140305bf4f3d1b
I20260713 09:07:14.937402 17951 raft_consensus.cc:2749] T c66ff6dab9ba46828cc142ff51f1cb2e P d29244a6739542b5b11962ed29a695e7 [term 0 FOLLOWER]: Leader pre-election lost for term 1. Reason: could not achieve majority
W20260713 09:07:14.938697 17717 leader_election.cc:343] T e49d7fbfb0b74ea3a9f74635566f2efd P d29244a6739542b5b11962ed29a695e7 [CANDIDATE]: Term 1 pre-election: Tablet error from VoteRequest() call to peer d8a07c550f2e486cb9140305bf4f3d1b (127.16.58.130:39415): Illegal state: must be running to vote when last-logged opid is not known
I20260713 09:07:14.939248 17717 leader_election.cc:304] T e49d7fbfb0b74ea3a9f74635566f2efd P d29244a6739542b5b11962ed29a695e7 [CANDIDATE]: Term 1 pre-election: Election decided. Result: candidate lost. Election summary: received 3 responses out of 3 voters: 1 yes votes; 2 no votes. yes voters: d29244a6739542b5b11962ed29a695e7; no voters: 7e46e4440efc4a079a5066aaca926839, d8a07c550f2e486cb9140305bf4f3d1b
I20260713 09:07:14.940181 17951 raft_consensus.cc:2749] T e49d7fbfb0b74ea3a9f74635566f2efd P d29244a6739542b5b11962ed29a695e7 [term 0 FOLLOWER]: Leader pre-election lost for term 1. Reason: could not achieve majority
I20260713 09:07:14.945489 17940 tablet_bootstrap.cc:492] T fe67e742478d46ce86fdb00fe40c40d9 P d29244a6739542b5b11962ed29a695e7: No bootstrap required, opened a new log
I20260713 09:07:14.945940 17940 ts_tablet_manager.cc:1403] T fe67e742478d46ce86fdb00fe40c40d9 P d29244a6739542b5b11962ed29a695e7: Time spent bootstrapping tablet: real 0.043s	user 0.006s	sys 0.012s
I20260713 09:07:14.948817 17940 raft_consensus.cc:359] T fe67e742478d46ce86fdb00fe40c40d9 P d29244a6739542b5b11962ed29a695e7 [term 0 FOLLOWER]: Replica starting. Triggering 0 pending ops. Active config: opid_index: -1 OBSOLETE_local: false peers { permanent_uuid: "d29244a6739542b5b11962ed29a695e7" member_type: VOTER last_known_addr { host: "127.16.58.129" port: 39329 } } peers { permanent_uuid: "d8a07c550f2e486cb9140305bf4f3d1b" member_type: VOTER last_known_addr { host: "127.16.58.130" port: 39415 } } peers { permanent_uuid: "7e46e4440efc4a079a5066aaca926839" member_type: VOTER last_known_addr { host: "127.16.58.131" port: 34569 } }
I20260713 09:07:14.949489 17940 raft_consensus.cc:385] T fe67e742478d46ce86fdb00fe40c40d9 P d29244a6739542b5b11962ed29a695e7 [term 0 FOLLOWER]: Consensus starting up: Expiring failure detector timer to make a prompt election more likely
I20260713 09:07:14.949805 17940 raft_consensus.cc:740] T fe67e742478d46ce86fdb00fe40c40d9 P d29244a6739542b5b11962ed29a695e7 [term 0 FOLLOWER]: Becoming Follower/Learner. State: Replica: d29244a6739542b5b11962ed29a695e7, State: Initialized, Role: FOLLOWER
I20260713 09:07:14.950990 17941 tablet_bootstrap.cc:492] T c66ff6dab9ba46828cc142ff51f1cb2e P d8a07c550f2e486cb9140305bf4f3d1b: No bootstrap required, opened a new log
I20260713 09:07:14.950696 17940 consensus_queue.cc:260] T fe67e742478d46ce86fdb00fe40c40d9 P d29244a6739542b5b11962ed29a695e7 [NON_LEADER]: Queue going to NON_LEADER mode. State: All replicated index: 0, Majority replicated index: 0, Committed index: 0, Last appended: 0.0, Last appended by leader: 0, Current term: 0, Majority size: -1, State: 0, Mode: NON_LEADER, active raft config: opid_index: -1 OBSOLETE_local: false peers { permanent_uuid: "d29244a6739542b5b11962ed29a695e7" member_type: VOTER last_known_addr { host: "127.16.58.129" port: 39329 } } peers { permanent_uuid: "d8a07c550f2e486cb9140305bf4f3d1b" member_type: VOTER last_known_addr { host: "127.16.58.130" port: 39415 } } peers { permanent_uuid: "7e46e4440efc4a079a5066aaca926839" member_type: VOTER last_known_addr { host: "127.16.58.131" port: 34569 } }
I20260713 09:07:14.951450 17941 ts_tablet_manager.cc:1403] T c66ff6dab9ba46828cc142ff51f1cb2e P d8a07c550f2e486cb9140305bf4f3d1b: Time spent bootstrapping tablet: real 0.043s	user 0.010s	sys 0.000s
I20260713 09:07:14.951752 17945 tablet_bootstrap.cc:492] T 3a2199f541d841dd9c3237cd188dd05a P 7e46e4440efc4a079a5066aaca926839: No bootstrap required, opened a new log
I20260713 09:07:14.952255 17945 ts_tablet_manager.cc:1403] T 3a2199f541d841dd9c3237cd188dd05a P 7e46e4440efc4a079a5066aaca926839: Time spent bootstrapping tablet: real 0.048s	user 0.016s	sys 0.009s
I20260713 09:07:14.954600 17941 raft_consensus.cc:359] T c66ff6dab9ba46828cc142ff51f1cb2e P d8a07c550f2e486cb9140305bf4f3d1b [term 0 FOLLOWER]: Replica starting. Triggering 0 pending ops. Active config: opid_index: -1 OBSOLETE_local: false peers { permanent_uuid: "d29244a6739542b5b11962ed29a695e7" member_type: VOTER last_known_addr { host: "127.16.58.129" port: 39329 } } peers { permanent_uuid: "d8a07c550f2e486cb9140305bf4f3d1b" member_type: VOTER last_known_addr { host: "127.16.58.130" port: 39415 } } peers { permanent_uuid: "7e46e4440efc4a079a5066aaca926839" member_type: VOTER last_known_addr { host: "127.16.58.131" port: 34569 } }
I20260713 09:07:14.954907 17943 raft_consensus.cc:493] T 63b6a4d0a5ee45fc915433dfc502a233 P d8a07c550f2e486cb9140305bf4f3d1b [term 0 FOLLOWER]: Starting pre-election (no leader contacted us within the election timeout)
I20260713 09:07:14.954818 17945 raft_consensus.cc:359] T 3a2199f541d841dd9c3237cd188dd05a P 7e46e4440efc4a079a5066aaca926839 [term 0 FOLLOWER]: Replica starting. Triggering 0 pending ops. Active config: opid_index: -1 OBSOLETE_local: false peers { permanent_uuid: "d29244a6739542b5b11962ed29a695e7" member_type: VOTER last_known_addr { host: "127.16.58.129" port: 39329 } } peers { permanent_uuid: "7e46e4440efc4a079a5066aaca926839" member_type: VOTER last_known_addr { host: "127.16.58.131" port: 34569 } } peers { permanent_uuid: "d8a07c550f2e486cb9140305bf4f3d1b" member_type: VOTER last_known_addr { host: "127.16.58.130" port: 39415 } }
I20260713 09:07:14.955359 17941 raft_consensus.cc:385] T c66ff6dab9ba46828cc142ff51f1cb2e P d8a07c550f2e486cb9140305bf4f3d1b [term 0 FOLLOWER]: Consensus starting up: Expiring failure detector timer to make a prompt election more likely
I20260713 09:07:14.955634 17940 ts_tablet_manager.cc:1434] T fe67e742478d46ce86fdb00fe40c40d9 P d29244a6739542b5b11962ed29a695e7: Time spent starting tablet: real 0.009s	user 0.006s	sys 0.001s
I20260713 09:07:14.955490 17943 raft_consensus.cc:515] T 63b6a4d0a5ee45fc915433dfc502a233 P d8a07c550f2e486cb9140305bf4f3d1b [term 0 FOLLOWER]: Starting pre-election with config: opid_index: -1 OBSOLETE_local: false peers { permanent_uuid: "d29244a6739542b5b11962ed29a695e7" member_type: VOTER last_known_addr { host: "127.16.58.129" port: 39329 } } peers { permanent_uuid: "d8a07c550f2e486cb9140305bf4f3d1b" member_type: VOTER last_known_addr { host: "127.16.58.130" port: 39415 } } peers { permanent_uuid: "7e46e4440efc4a079a5066aaca926839" member_type: VOTER last_known_addr { host: "127.16.58.131" port: 34569 } }
I20260713 09:07:14.955751 17941 raft_consensus.cc:740] T c66ff6dab9ba46828cc142ff51f1cb2e P d8a07c550f2e486cb9140305bf4f3d1b [term 0 FOLLOWER]: Becoming Follower/Learner. State: Replica: d8a07c550f2e486cb9140305bf4f3d1b, State: Initialized, Role: FOLLOWER
I20260713 09:07:14.955736 17945 raft_consensus.cc:385] T 3a2199f541d841dd9c3237cd188dd05a P 7e46e4440efc4a079a5066aaca926839 [term 0 FOLLOWER]: Consensus starting up: Expiring failure detector timer to make a prompt election more likely
I20260713 09:07:14.956441 17945 raft_consensus.cc:740] T 3a2199f541d841dd9c3237cd188dd05a P 7e46e4440efc4a079a5066aaca926839 [term 0 FOLLOWER]: Becoming Follower/Learner. State: Replica: 7e46e4440efc4a079a5066aaca926839, State: Initialized, Role: FOLLOWER
I20260713 09:07:14.956727 17940 tablet_bootstrap.cc:492] T 3a2199f541d841dd9c3237cd188dd05a P d29244a6739542b5b11962ed29a695e7: Bootstrap starting.
I20260713 09:07:14.956750 17941 consensus_queue.cc:260] T c66ff6dab9ba46828cc142ff51f1cb2e P d8a07c550f2e486cb9140305bf4f3d1b [NON_LEADER]: Queue going to NON_LEADER mode. State: All replicated index: 0, Majority replicated index: 0, Committed index: 0, Last appended: 0.0, Last appended by leader: 0, Current term: 0, Majority size: -1, State: 0, Mode: NON_LEADER, active raft config: opid_index: -1 OBSOLETE_local: false peers { permanent_uuid: "d29244a6739542b5b11962ed29a695e7" member_type: VOTER last_known_addr { host: "127.16.58.129" port: 39329 } } peers { permanent_uuid: "d8a07c550f2e486cb9140305bf4f3d1b" member_type: VOTER last_known_addr { host: "127.16.58.130" port: 39415 } } peers { permanent_uuid: "7e46e4440efc4a079a5066aaca926839" member_type: VOTER last_known_addr { host: "127.16.58.131" port: 34569 } }
I20260713 09:07:14.957485 17943 leader_election.cc:290] T 63b6a4d0a5ee45fc915433dfc502a233 P d8a07c550f2e486cb9140305bf4f3d1b [CANDIDATE]: Term 1 pre-election: Requested pre-vote from peers d29244a6739542b5b11962ed29a695e7 (127.16.58.129:39329), 7e46e4440efc4a079a5066aaca926839 (127.16.58.131:34569)
I20260713 09:07:14.959239 17751 tablet_service.cc:1917] Received RequestConsensusVote() RPC: tablet_id: "63b6a4d0a5ee45fc915433dfc502a233" candidate_uuid: "d8a07c550f2e486cb9140305bf4f3d1b" candidate_term: 1 candidate_status { last_received { term: 0 index: 0 } } ignore_live_leader: false dest_uuid: "d29244a6739542b5b11962ed29a695e7" is_pre_election: true
I20260713 09:07:14.960041 17900 tablet_service.cc:1917] Received RequestConsensusVote() RPC: tablet_id: "63b6a4d0a5ee45fc915433dfc502a233" candidate_uuid: "d8a07c550f2e486cb9140305bf4f3d1b" candidate_term: 1 candidate_status { last_received { term: 0 index: 0 } } ignore_live_leader: false dest_uuid: "7e46e4440efc4a079a5066aaca926839" is_pre_election: true
I20260713 09:07:14.957466 17945 consensus_queue.cc:260] T 3a2199f541d841dd9c3237cd188dd05a P 7e46e4440efc4a079a5066aaca926839 [NON_LEADER]: Queue going to NON_LEADER mode. State: All replicated index: 0, Majority replicated index: 0, Committed index: 0, Last appended: 0.0, Last appended by leader: 0, Current term: 0, Majority size: -1, State: 0, Mode: NON_LEADER, active raft config: opid_index: -1 OBSOLETE_local: false peers { permanent_uuid: "d29244a6739542b5b11962ed29a695e7" member_type: VOTER last_known_addr { host: "127.16.58.129" port: 39329 } } peers { permanent_uuid: "7e46e4440efc4a079a5066aaca926839" member_type: VOTER last_known_addr { host: "127.16.58.131" port: 34569 } } peers { permanent_uuid: "d8a07c550f2e486cb9140305bf4f3d1b" member_type: VOTER last_known_addr { host: "127.16.58.130" port: 39415 } }
W20260713 09:07:14.962860 17790 leader_election.cc:343] T 63b6a4d0a5ee45fc915433dfc502a233 P d8a07c550f2e486cb9140305bf4f3d1b [CANDIDATE]: Term 1 pre-election: Tablet error from VoteRequest() call to peer 7e46e4440efc4a079a5066aaca926839 (127.16.58.131:34569): Illegal state: must be running to vote when last-logged opid is not known
I20260713 09:07:14.963438 17940 tablet_bootstrap.cc:654] T 3a2199f541d841dd9c3237cd188dd05a P d29244a6739542b5b11962ed29a695e7: Neither blocks nor log segments found. Creating new log.
W20260713 09:07:14.964291 17790 leader_election.cc:343] T 63b6a4d0a5ee45fc915433dfc502a233 P d8a07c550f2e486cb9140305bf4f3d1b [CANDIDATE]: Term 1 pre-election: Tablet error from VoteRequest() call to peer d29244a6739542b5b11962ed29a695e7 (127.16.58.129:39329): Illegal state: must be running to vote when last-logged opid is not known
I20260713 09:07:14.964736 17790 leader_election.cc:304] T 63b6a4d0a5ee45fc915433dfc502a233 P d8a07c550f2e486cb9140305bf4f3d1b [CANDIDATE]: Term 1 pre-election: Election decided. Result: candidate lost. Election summary: received 3 responses out of 3 voters: 1 yes votes; 2 no votes. yes voters: d8a07c550f2e486cb9140305bf4f3d1b; no voters: 7e46e4440efc4a079a5066aaca926839, d29244a6739542b5b11962ed29a695e7
I20260713 09:07:14.966257 17945 ts_tablet_manager.cc:1434] T 3a2199f541d841dd9c3237cd188dd05a P 7e46e4440efc4a079a5066aaca926839: Time spent starting tablet: real 0.014s	user 0.001s	sys 0.005s
I20260713 09:07:14.967561 17945 tablet_bootstrap.cc:492] T e1cb3d61391346b1adbe3981cec833ee P 7e46e4440efc4a079a5066aaca926839: Bootstrap starting.
I20260713 09:07:14.967626 17943 raft_consensus.cc:2749] T 63b6a4d0a5ee45fc915433dfc502a233 P d8a07c550f2e486cb9140305bf4f3d1b [term 0 FOLLOWER]: Leader pre-election lost for term 1. Reason: could not achieve majority
I20260713 09:07:14.976557 17945 tablet_bootstrap.cc:654] T e1cb3d61391346b1adbe3981cec833ee P 7e46e4440efc4a079a5066aaca926839: Neither blocks nor log segments found. Creating new log.
I20260713 09:07:14.989689 17945 tablet_bootstrap.cc:492] T e1cb3d61391346b1adbe3981cec833ee P 7e46e4440efc4a079a5066aaca926839: No bootstrap required, opened a new log
I20260713 09:07:14.990418 17945 ts_tablet_manager.cc:1403] T e1cb3d61391346b1adbe3981cec833ee P 7e46e4440efc4a079a5066aaca926839: Time spent bootstrapping tablet: real 0.023s	user 0.013s	sys 0.009s
I20260713 09:07:14.992947 17941 ts_tablet_manager.cc:1434] T c66ff6dab9ba46828cc142ff51f1cb2e P d8a07c550f2e486cb9140305bf4f3d1b: Time spent starting tablet: real 0.041s	user 0.024s	sys 0.016s
I20260713 09:07:14.993970 17941 tablet_bootstrap.cc:492] T e49d7fbfb0b74ea3a9f74635566f2efd P d8a07c550f2e486cb9140305bf4f3d1b: Bootstrap starting.
I20260713 09:07:14.993558 17945 raft_consensus.cc:359] T e1cb3d61391346b1adbe3981cec833ee P 7e46e4440efc4a079a5066aaca926839 [term 0 FOLLOWER]: Replica starting. Triggering 0 pending ops. Active config: opid_index: -1 OBSOLETE_local: false peers { permanent_uuid: "d29244a6739542b5b11962ed29a695e7" member_type: VOTER last_known_addr { host: "127.16.58.129" port: 39329 } } peers { permanent_uuid: "d8a07c550f2e486cb9140305bf4f3d1b" member_type: VOTER last_known_addr { host: "127.16.58.130" port: 39415 } } peers { permanent_uuid: "7e46e4440efc4a079a5066aaca926839" member_type: VOTER last_known_addr { host: "127.16.58.131" port: 34569 } }
I20260713 09:07:14.994347 17945 raft_consensus.cc:385] T e1cb3d61391346b1adbe3981cec833ee P 7e46e4440efc4a079a5066aaca926839 [term 0 FOLLOWER]: Consensus starting up: Expiring failure detector timer to make a prompt election more likely
I20260713 09:07:14.994632 17945 raft_consensus.cc:740] T e1cb3d61391346b1adbe3981cec833ee P 7e46e4440efc4a079a5066aaca926839 [term 0 FOLLOWER]: Becoming Follower/Learner. State: Replica: 7e46e4440efc4a079a5066aaca926839, State: Initialized, Role: FOLLOWER
I20260713 09:07:14.995558 17945 consensus_queue.cc:260] T e1cb3d61391346b1adbe3981cec833ee P 7e46e4440efc4a079a5066aaca926839 [NON_LEADER]: Queue going to NON_LEADER mode. State: All replicated index: 0, Majority replicated index: 0, Committed index: 0, Last appended: 0.0, Last appended by leader: 0, Current term: 0, Majority size: -1, State: 0, Mode: NON_LEADER, active raft config: opid_index: -1 OBSOLETE_local: false peers { permanent_uuid: "d29244a6739542b5b11962ed29a695e7" member_type: VOTER last_known_addr { host: "127.16.58.129" port: 39329 } } peers { permanent_uuid: "d8a07c550f2e486cb9140305bf4f3d1b" member_type: VOTER last_known_addr { host: "127.16.58.130" port: 39415 } } peers { permanent_uuid: "7e46e4440efc4a079a5066aaca926839" member_type: VOTER last_known_addr { host: "127.16.58.131" port: 34569 } }
I20260713 09:07:14.996399 17954 raft_consensus.cc:493] T e1cb3d61391346b1adbe3981cec833ee P 7e46e4440efc4a079a5066aaca926839 [term 0 FOLLOWER]: Starting pre-election (no leader contacted us within the election timeout)
I20260713 09:07:14.996810 17954 raft_consensus.cc:515] T e1cb3d61391346b1adbe3981cec833ee P 7e46e4440efc4a079a5066aaca926839 [term 0 FOLLOWER]: Starting pre-election with config: opid_index: -1 OBSOLETE_local: false peers { permanent_uuid: "d29244a6739542b5b11962ed29a695e7" member_type: VOTER last_known_addr { host: "127.16.58.129" port: 39329 } } peers { permanent_uuid: "d8a07c550f2e486cb9140305bf4f3d1b" member_type: VOTER last_known_addr { host: "127.16.58.130" port: 39415 } } peers { permanent_uuid: "7e46e4440efc4a079a5066aaca926839" member_type: VOTER last_known_addr { host: "127.16.58.131" port: 34569 } }
I20260713 09:07:15.000249 17940 tablet_bootstrap.cc:492] T 3a2199f541d841dd9c3237cd188dd05a P d29244a6739542b5b11962ed29a695e7: No bootstrap required, opened a new log
I20260713 09:07:15.000743 17940 ts_tablet_manager.cc:1403] T 3a2199f541d841dd9c3237cd188dd05a P d29244a6739542b5b11962ed29a695e7: Time spent bootstrapping tablet: real 0.044s	user 0.018s	sys 0.017s
I20260713 09:07:15.001246 17971 raft_consensus.cc:493] T fe67e742478d46ce86fdb00fe40c40d9 P 7e46e4440efc4a079a5066aaca926839 [term 0 FOLLOWER]: Starting pre-election (no leader contacted us within the election timeout)
I20260713 09:07:15.001626 17941 tablet_bootstrap.cc:654] T e49d7fbfb0b74ea3a9f74635566f2efd P d8a07c550f2e486cb9140305bf4f3d1b: Neither blocks nor log segments found. Creating new log.
I20260713 09:07:15.001991 17751 tablet_service.cc:1917] Received RequestConsensusVote() RPC: tablet_id: "e1cb3d61391346b1adbe3981cec833ee" candidate_uuid: "7e46e4440efc4a079a5066aaca926839" candidate_term: 1 candidate_status { last_received { term: 0 index: 0 } } ignore_live_leader: false dest_uuid: "d29244a6739542b5b11962ed29a695e7" is_pre_election: true
W20260713 09:07:15.003518 17864 leader_election.cc:343] T e1cb3d61391346b1adbe3981cec833ee P 7e46e4440efc4a079a5066aaca926839 [CANDIDATE]: Term 1 pre-election: Tablet error from VoteRequest() call to peer d29244a6739542b5b11962ed29a695e7 (127.16.58.129:39329): Illegal state: must be running to vote when last-logged opid is not known
I20260713 09:07:15.003525 17954 leader_election.cc:290] T e1cb3d61391346b1adbe3981cec833ee P 7e46e4440efc4a079a5066aaca926839 [CANDIDATE]: Term 1 pre-election: Requested pre-vote from peers d29244a6739542b5b11962ed29a695e7 (127.16.58.129:39329), d8a07c550f2e486cb9140305bf4f3d1b (127.16.58.130:39415)
I20260713 09:07:15.003568 17940 raft_consensus.cc:359] T 3a2199f541d841dd9c3237cd188dd05a P d29244a6739542b5b11962ed29a695e7 [term 0 FOLLOWER]: Replica starting. Triggering 0 pending ops. Active config: opid_index: -1 OBSOLETE_local: false peers { permanent_uuid: "d29244a6739542b5b11962ed29a695e7" member_type: VOTER last_known_addr { host: "127.16.58.129" port: 39329 } } peers { permanent_uuid: "7e46e4440efc4a079a5066aaca926839" member_type: VOTER last_known_addr { host: "127.16.58.131" port: 34569 } } peers { permanent_uuid: "d8a07c550f2e486cb9140305bf4f3d1b" member_type: VOTER last_known_addr { host: "127.16.58.130" port: 39415 } }
I20260713 09:07:15.004979 17940 raft_consensus.cc:385] T 3a2199f541d841dd9c3237cd188dd05a P d29244a6739542b5b11962ed29a695e7 [term 0 FOLLOWER]: Consensus starting up: Expiring failure detector timer to make a prompt election more likely
I20260713 09:07:15.005276 17940 raft_consensus.cc:740] T 3a2199f541d841dd9c3237cd188dd05a P d29244a6739542b5b11962ed29a695e7 [term 0 FOLLOWER]: Becoming Follower/Learner. State: Replica: d29244a6739542b5b11962ed29a695e7, State: Initialized, Role: FOLLOWER
I20260713 09:07:15.005972 17940 consensus_queue.cc:260] T 3a2199f541d841dd9c3237cd188dd05a P d29244a6739542b5b11962ed29a695e7 [NON_LEADER]: Queue going to NON_LEADER mode. State: All replicated index: 0, Majority replicated index: 0, Committed index: 0, Last appended: 0.0, Last appended by leader: 0, Current term: 0, Majority size: -1, State: 0, Mode: NON_LEADER, active raft config: opid_index: -1 OBSOLETE_local: false peers { permanent_uuid: "d29244a6739542b5b11962ed29a695e7" member_type: VOTER last_known_addr { host: "127.16.58.129" port: 39329 } } peers { permanent_uuid: "7e46e4440efc4a079a5066aaca926839" member_type: VOTER last_known_addr { host: "127.16.58.131" port: 34569 } } peers { permanent_uuid: "d8a07c550f2e486cb9140305bf4f3d1b" member_type: VOTER last_known_addr { host: "127.16.58.130" port: 39415 } }
I20260713 09:07:15.007467 17825 tablet_service.cc:1917] Received RequestConsensusVote() RPC: tablet_id: "e1cb3d61391346b1adbe3981cec833ee" candidate_uuid: "7e46e4440efc4a079a5066aaca926839" candidate_term: 1 candidate_status { last_received { term: 0 index: 0 } } ignore_live_leader: false dest_uuid: "d8a07c550f2e486cb9140305bf4f3d1b" is_pre_election: true
I20260713 09:07:15.009261 17940 ts_tablet_manager.cc:1434] T 3a2199f541d841dd9c3237cd188dd05a P d29244a6739542b5b11962ed29a695e7: Time spent starting tablet: real 0.008s	user 0.004s	sys 0.003s
I20260713 09:07:15.010269 17940 tablet_bootstrap.cc:492] T db02e55bee8d403995bd85c20d94e533 P d29244a6739542b5b11962ed29a695e7: Bootstrap starting.
W20260713 09:07:15.012573 17866 leader_election.cc:343] T e1cb3d61391346b1adbe3981cec833ee P 7e46e4440efc4a079a5066aaca926839 [CANDIDATE]: Term 1 pre-election: Tablet error from VoteRequest() call to peer d8a07c550f2e486cb9140305bf4f3d1b (127.16.58.130:39415): Illegal state: must be running to vote when last-logged opid is not known
I20260713 09:07:15.013017 17866 leader_election.cc:304] T e1cb3d61391346b1adbe3981cec833ee P 7e46e4440efc4a079a5066aaca926839 [CANDIDATE]: Term 1 pre-election: Election decided. Result: candidate lost. Election summary: received 3 responses out of 3 voters: 1 yes votes; 2 no votes. yes voters: 7e46e4440efc4a079a5066aaca926839; no voters: d29244a6739542b5b11962ed29a695e7, d8a07c550f2e486cb9140305bf4f3d1b
I20260713 09:07:15.014096 17945 ts_tablet_manager.cc:1434] T e1cb3d61391346b1adbe3981cec833ee P 7e46e4440efc4a079a5066aaca926839: Time spent starting tablet: real 0.023s	user 0.010s	sys 0.003s
I20260713 09:07:15.014324 17954 raft_consensus.cc:2749] T e1cb3d61391346b1adbe3981cec833ee P 7e46e4440efc4a079a5066aaca926839 [term 0 FOLLOWER]: Leader pre-election lost for term 1. Reason: could not achieve majority
I20260713 09:07:15.015377 17945 tablet_bootstrap.cc:492] T 9f32ef14b5b04c9bbf5988d97f2d6672 P 7e46e4440efc4a079a5066aaca926839: Bootstrap starting.
I20260713 09:07:15.019218 17940 tablet_bootstrap.cc:654] T db02e55bee8d403995bd85c20d94e533 P d29244a6739542b5b11962ed29a695e7: Neither blocks nor log segments found. Creating new log.
I20260713 09:07:15.026335 17945 tablet_bootstrap.cc:654] T 9f32ef14b5b04c9bbf5988d97f2d6672 P 7e46e4440efc4a079a5066aaca926839: Neither blocks nor log segments found. Creating new log.
I20260713 09:07:15.002653 17971 raft_consensus.cc:515] T fe67e742478d46ce86fdb00fe40c40d9 P 7e46e4440efc4a079a5066aaca926839 [term 0 FOLLOWER]: Starting pre-election with config: opid_index: -1 OBSOLETE_local: false peers { permanent_uuid: "d29244a6739542b5b11962ed29a695e7" member_type: VOTER last_known_addr { host: "127.16.58.129" port: 39329 } } peers { permanent_uuid: "d8a07c550f2e486cb9140305bf4f3d1b" member_type: VOTER last_known_addr { host: "127.16.58.130" port: 39415 } } peers { permanent_uuid: "7e46e4440efc4a079a5066aaca926839" member_type: VOTER last_known_addr { host: "127.16.58.131" port: 34569 } }
I20260713 09:07:15.031224 17941 tablet_bootstrap.cc:492] T e49d7fbfb0b74ea3a9f74635566f2efd P d8a07c550f2e486cb9140305bf4f3d1b: No bootstrap required, opened a new log
