I20260713 09:07:12.371186 22546 catalog_manager.cc:5697] T 564503a8ad404a9aa59401194271f2f2 P a5d2671aface4654856d0d5e505b7812 reported cstate change: term changed from 0 to 1, leader changed from <none> to a5d2671aface4654856d0d5e505b7812 (127.21.4.193). New cstate: current_term: 1 leader_uuid: "a5d2671aface4654856d0d5e505b7812" committed_config { opid_index: -1 OBSOLETE_local: false peers { permanent_uuid: "a5d2671aface4654856d0d5e505b7812" member_type: VOTER last_known_addr { host: "127.21.4.193" port: 33731 } health_report { overall_health: HEALTHY } } peers { permanent_uuid: "42ba7f6a33504b79aa01e5d7bcb67578" member_type: VOTER last_known_addr { host: "127.21.4.194" port: 44079 } health_report { overall_health: UNKNOWN } } peers { permanent_uuid: "ff4f2a1008554a9ea582969d0643e66c" member_type: VOTER last_known_addr { host: "127.21.4.195" port: 38763 } health_report { overall_health: UNKNOWN } } }
I20260713 09:07:12.376698 22724 tablet_service.cc:1917] Received RequestConsensusVote() RPC: tablet_id: "a571936e202e46e18b1f4a9cf80f0fd8" candidate_uuid: "a5d2671aface4654856d0d5e505b7812" candidate_term: 1 candidate_status { last_received { term: 0 index: 0 } } ignore_live_leader: false dest_uuid: "42ba7f6a33504b79aa01e5d7bcb67578"
I20260713 09:07:12.377266 22890 raft_consensus.cc:493] T 900ec727e1684a438e8db43e1d46b510 P a5d2671aface4654856d0d5e505b7812 [term 0 FOLLOWER]: Starting pre-election (no leader contacted us within the election timeout)
I20260713 09:07:12.377692 22890 raft_consensus.cc:515] T 900ec727e1684a438e8db43e1d46b510 P a5d2671aface4654856d0d5e505b7812 [term 0 FOLLOWER]: Starting pre-election with config: opid_index: -1 OBSOLETE_local: false peers { permanent_uuid: "a5d2671aface4654856d0d5e505b7812" member_type: VOTER last_known_addr { host: "127.21.4.193" port: 33731 } } peers { permanent_uuid: "42ba7f6a33504b79aa01e5d7bcb67578" member_type: VOTER last_known_addr { host: "127.21.4.194" port: 44079 } } peers { permanent_uuid: "ff4f2a1008554a9ea582969d0643e66c" member_type: VOTER last_known_addr { host: "127.21.4.195" port: 38763 } }
W20260713 09:07:12.378099 22616 leader_election.cc:343] T a571936e202e46e18b1f4a9cf80f0fd8 P a5d2671aface4654856d0d5e505b7812 [CANDIDATE]: Term 1 election: Tablet error from VoteRequest() call to peer 42ba7f6a33504b79aa01e5d7bcb67578 (127.21.4.194:44079): Illegal state: must be running to vote when last-logged opid is not known
I20260713 09:07:12.379621 22839 tablet_bootstrap.cc:492] T 30db6ef4f2404ac9ba2cce590a1a73f3 P ff4f2a1008554a9ea582969d0643e66c: No bootstrap required, opened a new log
I20260713 09:07:12.379559 22890 leader_election.cc:290] T 900ec727e1684a438e8db43e1d46b510 P a5d2671aface4654856d0d5e505b7812 [CANDIDATE]: Term 1 pre-election: Requested pre-vote from peers 42ba7f6a33504b79aa01e5d7bcb67578 (127.21.4.194:44079), ff4f2a1008554a9ea582969d0643e66c (127.21.4.195:38763)
I20260713 09:07:12.380090 22799 tablet_service.cc:1917] Received RequestConsensusVote() RPC: tablet_id: "a571936e202e46e18b1f4a9cf80f0fd8" candidate_uuid: "a5d2671aface4654856d0d5e505b7812" candidate_term: 1 candidate_status { last_received { term: 0 index: 0 } } ignore_live_leader: false dest_uuid: "ff4f2a1008554a9ea582969d0643e66c"
I20260713 09:07:12.380613 22799 raft_consensus.cc:3060] T a571936e202e46e18b1f4a9cf80f0fd8 P ff4f2a1008554a9ea582969d0643e66c [term 0 FOLLOWER]: Advancing to term 1
I20260713 09:07:12.381165 22724 tablet_service.cc:1917] Received RequestConsensusVote() RPC: tablet_id: "900ec727e1684a438e8db43e1d46b510" candidate_uuid: "a5d2671aface4654856d0d5e505b7812" candidate_term: 1 candidate_status { last_received { term: 0 index: 0 } } ignore_live_leader: false dest_uuid: "42ba7f6a33504b79aa01e5d7bcb67578" is_pre_election: true
I20260713 09:07:12.381141 22839 ts_tablet_manager.cc:1403] T 30db6ef4f2404ac9ba2cce590a1a73f3 P ff4f2a1008554a9ea582969d0643e66c: Time spent bootstrapping tablet: real 0.024s	user 0.010s	sys 0.001s
W20260713 09:07:12.382396 22616 leader_election.cc:343] T 900ec727e1684a438e8db43e1d46b510 P a5d2671aface4654856d0d5e505b7812 [CANDIDATE]: Term 1 pre-election: Tablet error from VoteRequest() call to peer 42ba7f6a33504b79aa01e5d7bcb67578 (127.21.4.194:44079): Illegal state: must be running to vote when last-logged opid is not known
I20260713 09:07:12.383785 22839 raft_consensus.cc:359] T 30db6ef4f2404ac9ba2cce590a1a73f3 P ff4f2a1008554a9ea582969d0643e66c [term 0 FOLLOWER]: Replica starting. Triggering 0 pending ops. Active config: opid_index: -1 OBSOLETE_local: false peers { permanent_uuid: "a5d2671aface4654856d0d5e505b7812" member_type: VOTER last_known_addr { host: "127.21.4.193" port: 33731 } } peers { permanent_uuid: "42ba7f6a33504b79aa01e5d7bcb67578" member_type: VOTER last_known_addr { host: "127.21.4.194" port: 44079 } } peers { permanent_uuid: "ff4f2a1008554a9ea582969d0643e66c" member_type: VOTER last_known_addr { host: "127.21.4.195" port: 38763 } }
I20260713 09:07:12.384378 22839 raft_consensus.cc:385] T 30db6ef4f2404ac9ba2cce590a1a73f3 P ff4f2a1008554a9ea582969d0643e66c [term 0 FOLLOWER]: Consensus starting up: Expiring failure detector timer to make a prompt election more likely
I20260713 09:07:12.384614 22839 raft_consensus.cc:740] T 30db6ef4f2404ac9ba2cce590a1a73f3 P ff4f2a1008554a9ea582969d0643e66c [term 0 FOLLOWER]: Becoming Follower/Learner. State: Replica: ff4f2a1008554a9ea582969d0643e66c, State: Initialized, Role: FOLLOWER
I20260713 09:07:12.385982 22798 tablet_service.cc:1917] Received RequestConsensusVote() RPC: tablet_id: "900ec727e1684a438e8db43e1d46b510" candidate_uuid: "a5d2671aface4654856d0d5e505b7812" candidate_term: 1 candidate_status { last_received { term: 0 index: 0 } } ignore_live_leader: false dest_uuid: "ff4f2a1008554a9ea582969d0643e66c" is_pre_election: true
I20260713 09:07:12.386443 22844 consensus_queue.cc:1048] T 3d035e05c4974d4baf82367681d1654b P ff4f2a1008554a9ea582969d0643e66c [LEADER]: Connected to new peer: Peer: permanent_uuid: "42ba7f6a33504b79aa01e5d7bcb67578" member_type: VOTER last_known_addr { host: "127.21.4.194" port: 44079 }, Status: LMP_MISMATCH, Last received: 0.0, Next index: 1, Last known committed idx: 0, Time since last communication: 0.000s
I20260713 09:07:12.386598 22798 raft_consensus.cc:2468] T 900ec727e1684a438e8db43e1d46b510 P ff4f2a1008554a9ea582969d0643e66c [term 0 FOLLOWER]: Leader pre-election vote request: Granting yes vote for candidate a5d2671aface4654856d0d5e505b7812 in term 0.
I20260713 09:07:12.388782 22614 leader_election.cc:304] T 900ec727e1684a438e8db43e1d46b510 P a5d2671aface4654856d0d5e505b7812 [CANDIDATE]: Term 1 pre-election: Election decided. Result: candidate won. Election summary: received 3 responses out of 3 voters: 2 yes votes; 1 no votes. yes voters: a5d2671aface4654856d0d5e505b7812, ff4f2a1008554a9ea582969d0643e66c; no voters: 42ba7f6a33504b79aa01e5d7bcb67578
I20260713 09:07:12.390329 22799 raft_consensus.cc:2468] T a571936e202e46e18b1f4a9cf80f0fd8 P ff4f2a1008554a9ea582969d0643e66c [term 1 FOLLOWER]: Leader election vote request: Granting yes vote for candidate a5d2671aface4654856d0d5e505b7812 in term 1.
I20260713 09:07:12.390444 22918 consensus_queue.cc:1048] T 84fff2f1838145aca9225baf8bdb150a P 42ba7f6a33504b79aa01e5d7bcb67578 [LEADER]: Connected to new peer: Peer: permanent_uuid: "ff4f2a1008554a9ea582969d0643e66c" member_type: VOTER last_known_addr { host: "127.21.4.195" port: 38763 }, Status: LMP_MISMATCH, Last received: 0.0, Next index: 1, Last known committed idx: 0, Time since last communication: 0.000s
I20260713 09:07:12.391453 22614 leader_election.cc:304] T a571936e202e46e18b1f4a9cf80f0fd8 P a5d2671aface4654856d0d5e505b7812 [CANDIDATE]: Term 1 election: Election decided. Result: candidate won. Election summary: received 3 responses out of 3 voters: 2 yes votes; 1 no votes. yes voters: a5d2671aface4654856d0d5e505b7812, ff4f2a1008554a9ea582969d0643e66c; no voters: 42ba7f6a33504b79aa01e5d7bcb67578
I20260713 09:07:12.391551 22839 consensus_queue.cc:260] T 30db6ef4f2404ac9ba2cce590a1a73f3 P ff4f2a1008554a9ea582969d0643e66c [NON_LEADER]: Queue going to NON_LEADER mode. State: All replicated index: 0, Majority replicated index: 0, Committed index: 0, Last appended: 0.0, Last appended by leader: 0, Current term: 0, Majority size: -1, State: 0, Mode: NON_LEADER, active raft config: opid_index: -1 OBSOLETE_local: false peers { permanent_uuid: "a5d2671aface4654856d0d5e505b7812" member_type: VOTER last_known_addr { host: "127.21.4.193" port: 33731 } } peers { permanent_uuid: "42ba7f6a33504b79aa01e5d7bcb67578" member_type: VOTER last_known_addr { host: "127.21.4.194" port: 44079 } } peers { permanent_uuid: "ff4f2a1008554a9ea582969d0643e66c" member_type: VOTER last_known_addr { host: "127.21.4.195" port: 38763 } }
I20260713 09:07:12.392235 22890 raft_consensus.cc:2804] T 900ec727e1684a438e8db43e1d46b510 P a5d2671aface4654856d0d5e505b7812 [term 0 FOLLOWER]: Leader pre-election won for term 1
I20260713 09:07:12.392565 22890 raft_consensus.cc:493] T 900ec727e1684a438e8db43e1d46b510 P a5d2671aface4654856d0d5e505b7812 [term 0 FOLLOWER]: Starting leader election (no leader contacted us within the election timeout)
I20260713 09:07:12.392872 22890 raft_consensus.cc:3060] T 900ec727e1684a438e8db43e1d46b510 P a5d2671aface4654856d0d5e505b7812 [term 0 FOLLOWER]: Advancing to term 1
I20260713 09:07:12.387799 22841 tablet_bootstrap.cc:654] T 900ec727e1684a438e8db43e1d46b510 P 42ba7f6a33504b79aa01e5d7bcb67578: Neither blocks nor log segments found. Creating new log.
I20260713 09:07:12.399016 22890 raft_consensus.cc:515] T 900ec727e1684a438e8db43e1d46b510 P a5d2671aface4654856d0d5e505b7812 [term 1 FOLLOWER]: Starting leader election with config: opid_index: -1 OBSOLETE_local: false peers { permanent_uuid: "a5d2671aface4654856d0d5e505b7812" member_type: VOTER last_known_addr { host: "127.21.4.193" port: 33731 } } peers { permanent_uuid: "42ba7f6a33504b79aa01e5d7bcb67578" member_type: VOTER last_known_addr { host: "127.21.4.194" port: 44079 } } peers { permanent_uuid: "ff4f2a1008554a9ea582969d0643e66c" member_type: VOTER last_known_addr { host: "127.21.4.195" port: 38763 } }
I20260713 09:07:12.401664 22724 tablet_service.cc:1917] Received RequestConsensusVote() RPC: tablet_id: "900ec727e1684a438e8db43e1d46b510" candidate_uuid: "a5d2671aface4654856d0d5e505b7812" candidate_term: 1 candidate_status { last_received { term: 0 index: 0 } } ignore_live_leader: false dest_uuid: "42ba7f6a33504b79aa01e5d7bcb67578"
W20260713 09:07:12.402937 22616 leader_election.cc:343] T 900ec727e1684a438e8db43e1d46b510 P a5d2671aface4654856d0d5e505b7812 [CANDIDATE]: Term 1 election: Tablet error from VoteRequest() call to peer 42ba7f6a33504b79aa01e5d7bcb67578 (127.21.4.194:44079): Illegal state: must be running to vote when last-logged opid is not known
I20260713 09:07:12.403882 22890 leader_election.cc:290] T 900ec727e1684a438e8db43e1d46b510 P a5d2671aface4654856d0d5e505b7812 [CANDIDATE]: Term 1 election: Requested vote from peers 42ba7f6a33504b79aa01e5d7bcb67578 (127.21.4.194:44079), ff4f2a1008554a9ea582969d0643e66c (127.21.4.195:38763)
I20260713 09:07:12.405381 22797 tablet_service.cc:1917] Received RequestConsensusVote() RPC: tablet_id: "900ec727e1684a438e8db43e1d46b510" candidate_uuid: "a5d2671aface4654856d0d5e505b7812" candidate_term: 1 candidate_status { last_received { term: 0 index: 0 } } ignore_live_leader: false dest_uuid: "ff4f2a1008554a9ea582969d0643e66c"
I20260713 09:07:12.403045 22839 ts_tablet_manager.cc:1434] T 30db6ef4f2404ac9ba2cce590a1a73f3 P ff4f2a1008554a9ea582969d0643e66c: Time spent starting tablet: real 0.021s	user 0.004s	sys 0.000s
I20260713 09:07:12.406246 22797 raft_consensus.cc:3060] T 900ec727e1684a438e8db43e1d46b510 P ff4f2a1008554a9ea582969d0643e66c [term 0 FOLLOWER]: Advancing to term 1
I20260713 09:07:12.406826 22839 tablet_bootstrap.cc:492] T 63dd3d34f7cf4bdcadb6d1aa80cafaf1 P ff4f2a1008554a9ea582969d0643e66c: Bootstrap starting.
I20260713 09:07:12.412987 22797 raft_consensus.cc:2468] T 900ec727e1684a438e8db43e1d46b510 P ff4f2a1008554a9ea582969d0643e66c [term 1 FOLLOWER]: Leader election vote request: Granting yes vote for candidate a5d2671aface4654856d0d5e505b7812 in term 1.
I20260713 09:07:12.414248 22614 leader_election.cc:304] T 900ec727e1684a438e8db43e1d46b510 P a5d2671aface4654856d0d5e505b7812 [CANDIDATE]: Term 1 election: Election decided. Result: candidate won. Election summary: received 3 responses out of 3 voters: 2 yes votes; 1 no votes. yes voters: a5d2671aface4654856d0d5e505b7812, ff4f2a1008554a9ea582969d0643e66c; no voters: 42ba7f6a33504b79aa01e5d7bcb67578
I20260713 09:07:12.415210 22907 raft_consensus.cc:2804] T a571936e202e46e18b1f4a9cf80f0fd8 P a5d2671aface4654856d0d5e505b7812 [term 1 FOLLOWER]: Leader election won for term 1
I20260713 09:07:12.415695 22907 raft_consensus.cc:697] T a571936e202e46e18b1f4a9cf80f0fd8 P a5d2671aface4654856d0d5e505b7812 [term 1 LEADER]: Becoming Leader. State: Replica: a5d2671aface4654856d0d5e505b7812, State: Running, Role: LEADER
I20260713 09:07:12.415442 22890 raft_consensus.cc:2804] T 900ec727e1684a438e8db43e1d46b510 P a5d2671aface4654856d0d5e505b7812 [term 1 FOLLOWER]: Leader election won for term 1
I20260713 09:07:12.416532 22890 raft_consensus.cc:697] T 900ec727e1684a438e8db43e1d46b510 P a5d2671aface4654856d0d5e505b7812 [term 1 LEADER]: Becoming Leader. State: Replica: a5d2671aface4654856d0d5e505b7812, State: Running, Role: LEADER
I20260713 09:07:12.416560 22907 consensus_queue.cc:237] T a571936e202e46e18b1f4a9cf80f0fd8 P a5d2671aface4654856d0d5e505b7812 [LEADER]: Queue going to LEADER mode. State: All replicated index: 0, Majority replicated index: 0, Committed index: 0, Last appended: 0.0, Last appended by leader: 0, Current term: 1, Majority size: 2, State: 0, Mode: LEADER, active raft config: opid_index: -1 OBSOLETE_local: false peers { permanent_uuid: "a5d2671aface4654856d0d5e505b7812" member_type: VOTER last_known_addr { host: "127.21.4.193" port: 33731 } } peers { permanent_uuid: "42ba7f6a33504b79aa01e5d7bcb67578" member_type: VOTER last_known_addr { host: "127.21.4.194" port: 44079 } } peers { permanent_uuid: "ff4f2a1008554a9ea582969d0643e66c" member_type: VOTER last_known_addr { host: "127.21.4.195" port: 38763 } }
I20260713 09:07:12.417445 22849 leader_election.cc:290] T a571936e202e46e18b1f4a9cf80f0fd8 P a5d2671aface4654856d0d5e505b7812 [CANDIDATE]: Term 1 election: Requested vote from peers 42ba7f6a33504b79aa01e5d7bcb67578 (127.21.4.194:44079), ff4f2a1008554a9ea582969d0643e66c (127.21.4.195:38763)
I20260713 09:07:12.417894 22890 consensus_queue.cc:237] T 900ec727e1684a438e8db43e1d46b510 P a5d2671aface4654856d0d5e505b7812 [LEADER]: Queue going to LEADER mode. State: All replicated index: 0, Majority replicated index: 0, Committed index: 0, Last appended: 0.0, Last appended by leader: 0, Current term: 1, Majority size: 2, State: 0, Mode: LEADER, active raft config: opid_index: -1 OBSOLETE_local: false peers { permanent_uuid: "a5d2671aface4654856d0d5e505b7812" member_type: VOTER last_known_addr { host: "127.21.4.193" port: 33731 } } peers { permanent_uuid: "42ba7f6a33504b79aa01e5d7bcb67578" member_type: VOTER last_known_addr { host: "127.21.4.194" port: 44079 } } peers { permanent_uuid: "ff4f2a1008554a9ea582969d0643e66c" member_type: VOTER last_known_addr { host: "127.21.4.195" port: 38763 } }
I20260713 09:07:12.419130 22839 tablet_bootstrap.cc:654] T 63dd3d34f7cf4bdcadb6d1aa80cafaf1 P ff4f2a1008554a9ea582969d0643e66c: Neither blocks nor log segments found. Creating new log.
I20260713 09:07:12.414716 22548 catalog_manager.cc:5697] T 7dedc05208ec4bbfaaa62de80d348287 P 42ba7f6a33504b79aa01e5d7bcb67578 reported cstate change: term changed from 0 to 1, leader changed from <none> to 42ba7f6a33504b79aa01e5d7bcb67578 (127.21.4.194). New cstate: current_term: 1 leader_uuid: "42ba7f6a33504b79aa01e5d7bcb67578" committed_config { opid_index: -1 OBSOLETE_local: false peers { permanent_uuid: "a5d2671aface4654856d0d5e505b7812" member_type: VOTER last_known_addr { host: "127.21.4.193" port: 33731 } health_report { overall_health: UNKNOWN } } peers { permanent_uuid: "42ba7f6a33504b79aa01e5d7bcb67578" member_type: VOTER last_known_addr { host: "127.21.4.194" port: 44079 } health_report { overall_health: HEALTHY } } peers { permanent_uuid: "ff4f2a1008554a9ea582969d0643e66c" member_type: VOTER last_known_addr { host: "127.21.4.195" port: 38763 } health_report { overall_health: UNKNOWN } } }
I20260713 09:07:12.429358 22841 tablet_bootstrap.cc:492] T 900ec727e1684a438e8db43e1d46b510 P 42ba7f6a33504b79aa01e5d7bcb67578: No bootstrap required, opened a new log
I20260713 09:07:12.429824 22841 ts_tablet_manager.cc:1403] T 900ec727e1684a438e8db43e1d46b510 P 42ba7f6a33504b79aa01e5d7bcb67578: Time spent bootstrapping tablet: real 0.096s	user 0.017s	sys 0.003s
I20260713 09:07:12.432237 22841 raft_consensus.cc:359] T 900ec727e1684a438e8db43e1d46b510 P 42ba7f6a33504b79aa01e5d7bcb67578 [term 0 FOLLOWER]: Replica starting. Triggering 0 pending ops. Active config: opid_index: -1 OBSOLETE_local: false peers { permanent_uuid: "a5d2671aface4654856d0d5e505b7812" member_type: VOTER last_known_addr { host: "127.21.4.193" port: 33731 } } peers { permanent_uuid: "42ba7f6a33504b79aa01e5d7bcb67578" member_type: VOTER last_known_addr { host: "127.21.4.194" port: 44079 } } peers { permanent_uuid: "ff4f2a1008554a9ea582969d0643e66c" member_type: VOTER last_known_addr { host: "127.21.4.195" port: 38763 } }
I20260713 09:07:12.432821 22841 raft_consensus.cc:385] T 900ec727e1684a438e8db43e1d46b510 P 42ba7f6a33504b79aa01e5d7bcb67578 [term 0 FOLLOWER]: Consensus starting up: Expiring failure detector timer to make a prompt election more likely
I20260713 09:07:12.437428 22841 raft_consensus.cc:740] T 900ec727e1684a438e8db43e1d46b510 P 42ba7f6a33504b79aa01e5d7bcb67578 [term 0 FOLLOWER]: Becoming Follower/Learner. State: Replica: 42ba7f6a33504b79aa01e5d7bcb67578, State: Initialized, Role: FOLLOWER
I20260713 09:07:12.438788 22839 tablet_bootstrap.cc:492] T 63dd3d34f7cf4bdcadb6d1aa80cafaf1 P ff4f2a1008554a9ea582969d0643e66c: No bootstrap required, opened a new log
I20260713 09:07:12.438696 22841 consensus_queue.cc:260] T 900ec727e1684a438e8db43e1d46b510 P 42ba7f6a33504b79aa01e5d7bcb67578 [NON_LEADER]: Queue going to NON_LEADER mode. State: All replicated index: 0, Majority replicated index: 0, Committed index: 0, Last appended: 0.0, Last appended by leader: 0, Current term: 0, Majority size: -1, State: 0, Mode: NON_LEADER, active raft config: opid_index: -1 OBSOLETE_local: false peers { permanent_uuid: "a5d2671aface4654856d0d5e505b7812" member_type: VOTER last_known_addr { host: "127.21.4.193" port: 33731 } } peers { permanent_uuid: "42ba7f6a33504b79aa01e5d7bcb67578" member_type: VOTER last_known_addr { host: "127.21.4.194" port: 44079 } } peers { permanent_uuid: "ff4f2a1008554a9ea582969d0643e66c" member_type: VOTER last_known_addr { host: "127.21.4.195" port: 38763 } }
I20260713 09:07:12.441152 22839 ts_tablet_manager.cc:1403] T 63dd3d34f7cf4bdcadb6d1aa80cafaf1 P ff4f2a1008554a9ea582969d0643e66c: Time spent bootstrapping tablet: real 0.035s	user 0.007s	sys 0.004s
I20260713 09:07:12.442476 22841 ts_tablet_manager.cc:1434] T 900ec727e1684a438e8db43e1d46b510 P 42ba7f6a33504b79aa01e5d7bcb67578: Time spent starting tablet: real 0.012s	user 0.006s	sys 0.000s
I20260713 09:07:12.443362 22841 tablet_bootstrap.cc:492] T a571936e202e46e18b1f4a9cf80f0fd8 P 42ba7f6a33504b79aa01e5d7bcb67578: Bootstrap starting.
I20260713 09:07:12.444356 22918 consensus_queue.cc:1048] T 84fff2f1838145aca9225baf8bdb150a P 42ba7f6a33504b79aa01e5d7bcb67578 [LEADER]: Connected to new peer: Peer: permanent_uuid: "a5d2671aface4654856d0d5e505b7812" member_type: VOTER last_known_addr { host: "127.21.4.193" port: 33731 }, Status: LMP_MISMATCH, Last received: 0.0, Next index: 1, Last known committed idx: 0, Time since last communication: 0.000s
I20260713 09:07:12.449255 22841 tablet_bootstrap.cc:654] T a571936e202e46e18b1f4a9cf80f0fd8 P 42ba7f6a33504b79aa01e5d7bcb67578: Neither blocks nor log segments found. Creating new log.
I20260713 09:07:12.449308 22839 raft_consensus.cc:359] T 63dd3d34f7cf4bdcadb6d1aa80cafaf1 P ff4f2a1008554a9ea582969d0643e66c [term 0 FOLLOWER]: Replica starting. Triggering 0 pending ops. Active config: opid_index: -1 OBSOLETE_local: false peers { permanent_uuid: "a5d2671aface4654856d0d5e505b7812" member_type: VOTER last_known_addr { host: "127.21.4.193" port: 33731 } } peers { permanent_uuid: "42ba7f6a33504b79aa01e5d7bcb67578" member_type: VOTER last_known_addr { host: "127.21.4.194" port: 44079 } } peers { permanent_uuid: "ff4f2a1008554a9ea582969d0643e66c" member_type: VOTER last_known_addr { host: "127.21.4.195" port: 38763 } }
I20260713 09:07:12.451040 22839 raft_consensus.cc:385] T 63dd3d34f7cf4bdcadb6d1aa80cafaf1 P ff4f2a1008554a9ea582969d0643e66c [term 0 FOLLOWER]: Consensus starting up: Expiring failure detector timer to make a prompt election more likely
I20260713 09:07:12.451290 22839 raft_consensus.cc:740] T 63dd3d34f7cf4bdcadb6d1aa80cafaf1 P ff4f2a1008554a9ea582969d0643e66c [term 0 FOLLOWER]: Becoming Follower/Learner. State: Replica: ff4f2a1008554a9ea582969d0643e66c, State: Initialized, Role: FOLLOWER
I20260713 09:07:12.454514 22839 consensus_queue.cc:260] T 63dd3d34f7cf4bdcadb6d1aa80cafaf1 P ff4f2a1008554a9ea582969d0643e66c [NON_LEADER]: Queue going to NON_LEADER mode. State: All replicated index: 0, Majority replicated index: 0, Committed index: 0, Last appended: 0.0, Last appended by leader: 0, Current term: 0, Majority size: -1, State: 0, Mode: NON_LEADER, active raft config: opid_index: -1 OBSOLETE_local: false peers { permanent_uuid: "a5d2671aface4654856d0d5e505b7812" member_type: VOTER last_known_addr { host: "127.21.4.193" port: 33731 } } peers { permanent_uuid: "42ba7f6a33504b79aa01e5d7bcb67578" member_type: VOTER last_known_addr { host: "127.21.4.194" port: 44079 } } peers { permanent_uuid: "ff4f2a1008554a9ea582969d0643e66c" member_type: VOTER last_known_addr { host: "127.21.4.195" port: 38763 } }
I20260713 09:07:12.457762 22845 raft_consensus.cc:493] T de05fb451bb14f49873c1179ba16887f P ff4f2a1008554a9ea582969d0643e66c [term 0 FOLLOWER]: Starting pre-election (no leader contacted us within the election timeout)
I20260713 09:07:12.458222 22845 raft_consensus.cc:515] T de05fb451bb14f49873c1179ba16887f P ff4f2a1008554a9ea582969d0643e66c [term 0 FOLLOWER]: Starting pre-election with config: opid_index: -1 OBSOLETE_local: false peers { permanent_uuid: "a5d2671aface4654856d0d5e505b7812" member_type: VOTER last_known_addr { host: "127.21.4.193" port: 33731 } } peers { permanent_uuid: "42ba7f6a33504b79aa01e5d7bcb67578" member_type: VOTER last_known_addr { host: "127.21.4.194" port: 44079 } } peers { permanent_uuid: "ff4f2a1008554a9ea582969d0643e66c" member_type: VOTER last_known_addr { host: "127.21.4.195" port: 38763 } }
I20260713 09:07:12.460170 22845 leader_election.cc:290] T de05fb451bb14f49873c1179ba16887f P ff4f2a1008554a9ea582969d0643e66c [CANDIDATE]: Term 1 pre-election: Requested pre-vote from peers a5d2671aface4654856d0d5e505b7812 (127.21.4.193:33731), 42ba7f6a33504b79aa01e5d7bcb67578 (127.21.4.194:44079)
I20260713 09:07:12.462677 22650 tablet_service.cc:1917] Received RequestConsensusVote() RPC: tablet_id: "de05fb451bb14f49873c1179ba16887f" candidate_uuid: "ff4f2a1008554a9ea582969d0643e66c" candidate_term: 1 candidate_status { last_received { term: 0 index: 0 } } ignore_live_leader: false dest_uuid: "a5d2671aface4654856d0d5e505b7812" is_pre_election: true
I20260713 09:07:12.463795 22724 tablet_service.cc:1917] Received RequestConsensusVote() RPC: tablet_id: "de05fb451bb14f49873c1179ba16887f" candidate_uuid: "ff4f2a1008554a9ea582969d0643e66c" candidate_term: 1 candidate_status { last_received { term: 0 index: 0 } } ignore_live_leader: false dest_uuid: "42ba7f6a33504b79aa01e5d7bcb67578" is_pre_election: true
W20260713 09:07:12.465175 22765 leader_election.cc:343] T de05fb451bb14f49873c1179ba16887f P ff4f2a1008554a9ea582969d0643e66c [CANDIDATE]: Term 1 pre-election: Tablet error from VoteRequest() call to peer 42ba7f6a33504b79aa01e5d7bcb67578 (127.21.4.194:44079): Illegal state: must be running to vote when last-logged opid is not known
W20260713 09:07:12.466163 22764 leader_election.cc:343] T de05fb451bb14f49873c1179ba16887f P ff4f2a1008554a9ea582969d0643e66c [CANDIDATE]: Term 1 pre-election: Tablet error from VoteRequest() call to peer a5d2671aface4654856d0d5e505b7812 (127.21.4.193:33731): Illegal state: must be running to vote when last-logged opid is not known
I20260713 09:07:12.466562 22764 leader_election.cc:304] T de05fb451bb14f49873c1179ba16887f P ff4f2a1008554a9ea582969d0643e66c [CANDIDATE]: Term 1 pre-election: Election decided. Result: candidate lost. Election summary: received 3 responses out of 3 voters: 1 yes votes; 2 no votes. yes voters: ff4f2a1008554a9ea582969d0643e66c; no voters: 42ba7f6a33504b79aa01e5d7bcb67578, a5d2671aface4654856d0d5e505b7812
I20260713 09:07:12.467864 22845 raft_consensus.cc:2749] T de05fb451bb14f49873c1179ba16887f P ff4f2a1008554a9ea582969d0643e66c [term 0 FOLLOWER]: Leader pre-election lost for term 1. Reason: could not achieve majority
I20260713 09:07:12.469357 22867 raft_consensus.cc:515] T 0b240d7f81804c798ec9c43ee01a23ea P 42ba7f6a33504b79aa01e5d7bcb67578 [term 1 FOLLOWER]: Starting leader election with config: opid_index: -1 OBSOLETE_local: false peers { permanent_uuid: "a5d2671aface4654856d0d5e505b7812" member_type: VOTER last_known_addr { host: "127.21.4.193" port: 33731 } } peers { permanent_uuid: "42ba7f6a33504b79aa01e5d7bcb67578" member_type: VOTER last_known_addr { host: "127.21.4.194" port: 44079 } } peers { permanent_uuid: "ff4f2a1008554a9ea582969d0643e66c" member_type: VOTER last_known_addr { host: "127.21.4.195" port: 38763 } }
I20260713 09:07:12.470517 22839 ts_tablet_manager.cc:1434] T 63dd3d34f7cf4bdcadb6d1aa80cafaf1 P ff4f2a1008554a9ea582969d0643e66c: Time spent starting tablet: real 0.029s	user 0.005s	sys 0.001s
I20260713 09:07:12.471385 22839 tablet_bootstrap.cc:492] T ae28185a8ecc44fbb8b06d1238917e57 P ff4f2a1008554a9ea582969d0643e66c: Bootstrap starting.
I20260713 09:07:12.472028 22650 tablet_service.cc:1917] Received RequestConsensusVote() RPC: tablet_id: "0b240d7f81804c798ec9c43ee01a23ea" candidate_uuid: "42ba7f6a33504b79aa01e5d7bcb67578" candidate_term: 1 candidate_status { last_received { term: 0 index: 0 } } ignore_live_leader: false dest_uuid: "a5d2671aface4654856d0d5e505b7812"
I20260713 09:07:12.472563 22650 raft_consensus.cc:3060] T 0b240d7f81804c798ec9c43ee01a23ea P a5d2671aface4654856d0d5e505b7812 [term 0 FOLLOWER]: Advancing to term 1
I20260713 09:07:12.479038 22650 raft_consensus.cc:2468] T 0b240d7f81804c798ec9c43ee01a23ea P a5d2671aface4654856d0d5e505b7812 [term 1 FOLLOWER]: Leader election vote request: Granting yes vote for candidate 42ba7f6a33504b79aa01e5d7bcb67578 in term 1.
I20260713 09:07:12.480057 22690 leader_election.cc:304] T 0b240d7f81804c798ec9c43ee01a23ea P 42ba7f6a33504b79aa01e5d7bcb67578 [CANDIDATE]: Term 1 election: Election decided. Result: candidate won. Election summary: received 2 responses out of 3 voters: 2 yes votes; 0 no votes. yes voters: 42ba7f6a33504b79aa01e5d7bcb67578, a5d2671aface4654856d0d5e505b7812; no voters: 
I20260713 09:07:12.480814 22918 raft_consensus.cc:2804] T 0b240d7f81804c798ec9c43ee01a23ea P 42ba7f6a33504b79aa01e5d7bcb67578 [term 1 FOLLOWER]: Leader election won for term 1
I20260713 09:07:12.460441 22547 catalog_manager.cc:5697] T e78473a7761642d586aa4e17ba063483 P a5d2671aface4654856d0d5e505b7812 reported cstate change: term changed from 0 to 1, leader changed from <none> to a5d2671aface4654856d0d5e505b7812 (127.21.4.193). New cstate: current_term: 1 leader_uuid: "a5d2671aface4654856d0d5e505b7812" committed_config { opid_index: -1 OBSOLETE_local: false peers { permanent_uuid: "a5d2671aface4654856d0d5e505b7812" member_type: VOTER last_known_addr { host: "127.21.4.193" port: 33731 } health_report { overall_health: HEALTHY } } peers { permanent_uuid: "42ba7f6a33504b79aa01e5d7bcb67578" member_type: VOTER last_known_addr { host: "127.21.4.194" port: 44079 } health_report { overall_health: UNKNOWN } } peers { permanent_uuid: "ff4f2a1008554a9ea582969d0643e66c" member_type: VOTER last_known_addr { host: "127.21.4.195" port: 38763 } health_report { overall_health: UNKNOWN } } }
I20260713 09:07:12.481302 22918 raft_consensus.cc:697] T 0b240d7f81804c798ec9c43ee01a23ea P 42ba7f6a33504b79aa01e5d7bcb67578 [term 1 LEADER]: Becoming Leader. State: Replica: 42ba7f6a33504b79aa01e5d7bcb67578, State: Running, Role: LEADER
I20260713 09:07:12.482391 22839 tablet_bootstrap.cc:654] T ae28185a8ecc44fbb8b06d1238917e57 P ff4f2a1008554a9ea582969d0643e66c: Neither blocks nor log segments found. Creating new log.
I20260713 09:07:12.482127 22918 consensus_queue.cc:237] T 0b240d7f81804c798ec9c43ee01a23ea P 42ba7f6a33504b79aa01e5d7bcb67578 [LEADER]: Queue going to LEADER mode. State: All replicated index: 0, Majority replicated index: 0, Committed index: 0, Last appended: 0.0, Last appended by leader: 0, Current term: 1, Majority size: 2, State: 0, Mode: LEADER, active raft config: opid_index: -1 OBSOLETE_local: false peers { permanent_uuid: "a5d2671aface4654856d0d5e505b7812" member_type: VOTER last_known_addr { host: "127.21.4.193" port: 33731 } } peers { permanent_uuid: "42ba7f6a33504b79aa01e5d7bcb67578" member_type: VOTER last_known_addr { host: "127.21.4.194" port: 44079 } } peers { permanent_uuid: "ff4f2a1008554a9ea582969d0643e66c" member_type: VOTER last_known_addr { host: "127.21.4.195" port: 38763 } }
I20260713 09:07:12.487799 22850 consensus_queue.cc:1048] T 95538b81dd8a4787a18d555e3469dafe P 42ba7f6a33504b79aa01e5d7bcb67578 [LEADER]: Connected to new peer: Peer: permanent_uuid: "ff4f2a1008554a9ea582969d0643e66c" member_type: VOTER last_known_addr { host: "127.21.4.195" port: 38763 }, Status: LMP_MISMATCH, Last received: 0.0, Next index: 1, Last known committed idx: 0, Time since last communication: 0.000s
I20260713 09:07:12.491966 22844 consensus_queue.cc:1048] T a63df47f285047a5932e9a379d71fa48 P ff4f2a1008554a9ea582969d0643e66c [LEADER]: Connected to new peer: Peer: permanent_uuid: "a5d2671aface4654856d0d5e505b7812" member_type: VOTER last_known_addr { host: "127.21.4.193" port: 33731 }, Status: LMP_MISMATCH, Last received: 0.0, Next index: 1, Last known committed idx: 0, Time since last communication: 0.000s
I20260713 09:07:12.494191 22841 tablet_bootstrap.cc:492] T a571936e202e46e18b1f4a9cf80f0fd8 P 42ba7f6a33504b79aa01e5d7bcb67578: No bootstrap required, opened a new log
I20260713 09:07:12.494709 22841 ts_tablet_manager.cc:1403] T a571936e202e46e18b1f4a9cf80f0fd8 P 42ba7f6a33504b79aa01e5d7bcb67578: Time spent bootstrapping tablet: real 0.052s	user 0.031s	sys 0.017s
I20260713 09:07:12.497289 22841 raft_consensus.cc:359] T a571936e202e46e18b1f4a9cf80f0fd8 P 42ba7f6a33504b79aa01e5d7bcb67578 [term 0 FOLLOWER]: Replica starting. Triggering 0 pending ops. Active config: opid_index: -1 OBSOLETE_local: false peers { permanent_uuid: "a5d2671aface4654856d0d5e505b7812" member_type: VOTER last_known_addr { host: "127.21.4.193" port: 33731 } } peers { permanent_uuid: "42ba7f6a33504b79aa01e5d7bcb67578" member_type: VOTER last_known_addr { host: "127.21.4.194" port: 44079 } } peers { permanent_uuid: "ff4f2a1008554a9ea582969d0643e66c" member_type: VOTER last_known_addr { host: "127.21.4.195" port: 38763 } }
I20260713 09:07:12.497957 22841 raft_consensus.cc:385] T a571936e202e46e18b1f4a9cf80f0fd8 P 42ba7f6a33504b79aa01e5d7bcb67578 [term 0 FOLLOWER]: Consensus starting up: Expiring failure detector timer to make a prompt election more likely
I20260713 09:07:12.498256 22841 raft_consensus.cc:740] T a571936e202e46e18b1f4a9cf80f0fd8 P 42ba7f6a33504b79aa01e5d7bcb67578 [term 0 FOLLOWER]: Becoming Follower/Learner. State: Replica: 42ba7f6a33504b79aa01e5d7bcb67578, State: Initialized, Role: FOLLOWER
I20260713 09:07:12.499022 22841 consensus_queue.cc:260] T a571936e202e46e18b1f4a9cf80f0fd8 P 42ba7f6a33504b79aa01e5d7bcb67578 [NON_LEADER]: Queue going to NON_LEADER mode. State: All replicated index: 0, Majority replicated index: 0, Committed index: 0, Last appended: 0.0, Last appended by leader: 0, Current term: 0, Majority size: -1, State: 0, Mode: NON_LEADER, active raft config: opid_index: -1 OBSOLETE_local: false peers { permanent_uuid: "a5d2671aface4654856d0d5e505b7812" member_type: VOTER last_known_addr { host: "127.21.4.193" port: 33731 } } peers { permanent_uuid: "42ba7f6a33504b79aa01e5d7bcb67578" member_type: VOTER last_known_addr { host: "127.21.4.194" port: 44079 } } peers { permanent_uuid: "ff4f2a1008554a9ea582969d0643e66c" member_type: VOTER last_known_addr { host: "127.21.4.195" port: 38763 } }
I20260713 09:07:12.501186 22841 ts_tablet_manager.cc:1434] T a571936e202e46e18b1f4a9cf80f0fd8 P 42ba7f6a33504b79aa01e5d7bcb67578: Time spent starting tablet: real 0.006s	user 0.005s	sys 0.000s
I20260713 09:07:12.503087 22841 tablet_bootstrap.cc:492] T 65186d81867644e78ae6ec9f2361abb0 P 42ba7f6a33504b79aa01e5d7bcb67578: Bootstrap starting.
I20260713 09:07:12.508399 22841 tablet_bootstrap.cc:654] T 65186d81867644e78ae6ec9f2361abb0 P 42ba7f6a33504b79aa01e5d7bcb67578: Neither blocks nor log segments found. Creating new log.
I20260713 09:07:12.517282 22844 consensus_queue.cc:1048] T a63df47f285047a5932e9a379d71fa48 P ff4f2a1008554a9ea582969d0643e66c [LEADER]: Connected to new peer: Peer: permanent_uuid: "42ba7f6a33504b79aa01e5d7bcb67578" member_type: VOTER last_known_addr { host: "127.21.4.194" port: 44079 }, Status: LMP_MISMATCH, Last received: 0.0, Next index: 1, Last known committed idx: 0, Time since last communication: 0.000s
I20260713 09:07:12.519953 22867 leader_election.cc:290] T 0b240d7f81804c798ec9c43ee01a23ea P 42ba7f6a33504b79aa01e5d7bcb67578 [CANDIDATE]: Term 1 election: Requested vote from peers a5d2671aface4654856d0d5e505b7812 (127.21.4.193:33731), ff4f2a1008554a9ea582969d0643e66c (127.21.4.195:38763)
I20260713 09:07:12.520572 22799 tablet_service.cc:1917] Received RequestConsensusVote() RPC: tablet_id: "0b240d7f81804c798ec9c43ee01a23ea" candidate_uuid: "42ba7f6a33504b79aa01e5d7bcb67578" candidate_term: 1 candidate_status { last_received { term: 0 index: 0 } } ignore_live_leader: false dest_uuid: "ff4f2a1008554a9ea582969d0643e66c"
I20260713 09:07:12.521186 22799 raft_consensus.cc:3060] T 0b240d7f81804c798ec9c43ee01a23ea P ff4f2a1008554a9ea582969d0643e66c [term 0 FOLLOWER]: Advancing to term 1
I20260713 09:07:12.527115 22907 consensus_queue.cc:1048] T dfb9879cfd4d4f6e9938bc4169cd702b P a5d2671aface4654856d0d5e505b7812 [LEADER]: Connected to new peer: Peer: permanent_uuid: "42ba7f6a33504b79aa01e5d7bcb67578" member_type: VOTER last_known_addr { host: "127.21.4.194" port: 44079 }, Status: LMP_MISMATCH, Last received: 0.0, Next index: 1, Last known committed idx: 0, Time since last communication: 0.000s
I20260713 09:07:12.527987 22799 raft_consensus.cc:2468] T 0b240d7f81804c798ec9c43ee01a23ea P ff4f2a1008554a9ea582969d0643e66c [term 1 FOLLOWER]: Leader election vote request: Granting yes vote for candidate 42ba7f6a33504b79aa01e5d7bcb67578 in term 1.
I20260713 09:07:12.564800 22548 catalog_manager.cc:5697] T 0b240d7f81804c798ec9c43ee01a23ea P 42ba7f6a33504b79aa01e5d7bcb67578 reported cstate change: term changed from 0 to 1, leader changed from <none> to 42ba7f6a33504b79aa01e5d7bcb67578 (127.21.4.194). New cstate: current_term: 1 leader_uuid: "42ba7f6a33504b79aa01e5d7bcb67578" committed_config { opid_index: -1 OBSOLETE_local: false peers { permanent_uuid: "a5d2671aface4654856d0d5e505b7812" member_type: VOTER last_known_addr { host: "127.21.4.193" port: 33731 } health_report { overall_health: UNKNOWN } } peers { permanent_uuid: "42ba7f6a33504b79aa01e5d7bcb67578" member_type: VOTER last_known_addr { host: "127.21.4.194" port: 44079 } health_report { overall_health: HEALTHY } } peers { permanent_uuid: "ff4f2a1008554a9ea582969d0643e66c" member_type: VOTER last_known_addr { host: "127.21.4.195" port: 38763 } health_report { overall_health: UNKNOWN } } }
I20260713 09:07:12.568531 22839 tablet_bootstrap.cc:492] T ae28185a8ecc44fbb8b06d1238917e57 P ff4f2a1008554a9ea582969d0643e66c: No bootstrap required, opened a new log
I20260713 09:07:12.569043 22839 ts_tablet_manager.cc:1403] T ae28185a8ecc44fbb8b06d1238917e57 P ff4f2a1008554a9ea582969d0643e66c: Time spent bootstrapping tablet: real 0.098s	user 0.008s	sys 0.009s
I20260713 09:07:12.571413 22839 raft_consensus.cc:359] T ae28185a8ecc44fbb8b06d1238917e57 P ff4f2a1008554a9ea582969d0643e66c [term 0 FOLLOWER]: Replica starting. Triggering 0 pending ops. Active config: opid_index: -1 OBSOLETE_local: false peers { permanent_uuid: "a5d2671aface4654856d0d5e505b7812" member_type: VOTER last_known_addr { host: "127.21.4.193" port: 33731 } } peers { permanent_uuid: "42ba7f6a33504b79aa01e5d7bcb67578" member_type: VOTER last_known_addr { host: "127.21.4.194" port: 44079 } } peers { permanent_uuid: "ff4f2a1008554a9ea582969d0643e66c" member_type: VOTER last_known_addr { host: "127.21.4.195" port: 38763 } }
I20260713 09:07:12.572048 22839 raft_consensus.cc:385] T ae28185a8ecc44fbb8b06d1238917e57 P ff4f2a1008554a9ea582969d0643e66c [term 0 FOLLOWER]: Consensus starting up: Expiring failure detector timer to make a prompt election more likely
I20260713 09:07:12.572371 22845 raft_consensus.cc:493] T 30db6ef4f2404ac9ba2cce590a1a73f3 P ff4f2a1008554a9ea582969d0643e66c [term 0 FOLLOWER]: Starting pre-election (no leader contacted us within the election timeout)
I20260713 09:07:12.572350 22839 raft_consensus.cc:740] T ae28185a8ecc44fbb8b06d1238917e57 P ff4f2a1008554a9ea582969d0643e66c [term 0 FOLLOWER]: Becoming Follower/Learner. State: Replica: ff4f2a1008554a9ea582969d0643e66c, State: Initialized, Role: FOLLOWER
I20260713 09:07:12.573011 22845 raft_consensus.cc:515] T 30db6ef4f2404ac9ba2cce590a1a73f3 P ff4f2a1008554a9ea582969d0643e66c [term 0 FOLLOWER]: Starting pre-election with config: opid_index: -1 OBSOLETE_local: false peers { permanent_uuid: "a5d2671aface4654856d0d5e505b7812" member_type: VOTER last_known_addr { host: "127.21.4.193" port: 33731 } } peers { permanent_uuid: "42ba7f6a33504b79aa01e5d7bcb67578" member_type: VOTER last_known_addr { host: "127.21.4.194" port: 44079 } } peers { permanent_uuid: "ff4f2a1008554a9ea582969d0643e66c" member_type: VOTER last_known_addr { host: "127.21.4.195" port: 38763 } }
I20260713 09:07:12.576565 22649 tablet_service.cc:1917] Received RequestConsensusVote() RPC: tablet_id: "30db6ef4f2404ac9ba2cce590a1a73f3" candidate_uuid: "ff4f2a1008554a9ea582969d0643e66c" candidate_term: 1 candidate_status { last_received { term: 0 index: 0 } } ignore_live_leader: false dest_uuid: "a5d2671aface4654856d0d5e505b7812" is_pre_election: true
W20260713 09:07:12.579207 22764 leader_election.cc:343] T 30db6ef4f2404ac9ba2cce590a1a73f3 P ff4f2a1008554a9ea582969d0643e66c [CANDIDATE]: Term 1 pre-election: Tablet error from VoteRequest() call to peer a5d2671aface4654856d0d5e505b7812 (127.21.4.193:33731): Illegal state: must be running to vote when last-logged opid is not known
I20260713 09:07:12.589689 22839 consensus_queue.cc:260] T ae28185a8ecc44fbb8b06d1238917e57 P ff4f2a1008554a9ea582969d0643e66c [NON_LEADER]: Queue going to NON_LEADER mode. State: All replicated index: 0, Majority replicated index: 0, Committed index: 0, Last appended: 0.0, Last appended by leader: 0, Current term: 0, Majority size: -1, State: 0, Mode: NON_LEADER, active raft config: opid_index: -1 OBSOLETE_local: false peers { permanent_uuid: "a5d2671aface4654856d0d5e505b7812" member_type: VOTER last_known_addr { host: "127.21.4.193" port: 33731 } } peers { permanent_uuid: "42ba7f6a33504b79aa01e5d7bcb67578" member_type: VOTER last_known_addr { host: "127.21.4.194" port: 44079 } } peers { permanent_uuid: "ff4f2a1008554a9ea582969d0643e66c" member_type: VOTER last_known_addr { host: "127.21.4.195" port: 38763 } }
I20260713 09:07:12.590587 22724 tablet_service.cc:1917] Received RequestConsensusVote() RPC: tablet_id: "30db6ef4f2404ac9ba2cce590a1a73f3" candidate_uuid: "ff4f2a1008554a9ea582969d0643e66c" candidate_term: 1 candidate_status { last_received { term: 0 index: 0 } } ignore_live_leader: false dest_uuid: "42ba7f6a33504b79aa01e5d7bcb67578" is_pre_election: true
I20260713 09:07:12.590977 22841 tablet_bootstrap.cc:492] T 65186d81867644e78ae6ec9f2361abb0 P 42ba7f6a33504b79aa01e5d7bcb67578: No bootstrap required, opened a new log
I20260713 09:07:12.599500 22841 ts_tablet_manager.cc:1403] T 65186d81867644e78ae6ec9f2361abb0 P 42ba7f6a33504b79aa01e5d7bcb67578: Time spent bootstrapping tablet: real 0.097s	user 0.016s	sys 0.045s
I20260713 09:07:12.591192 22845 leader_election.cc:290] T 30db6ef4f2404ac9ba2cce590a1a73f3 P ff4f2a1008554a9ea582969d0643e66c [CANDIDATE]: Term 1 pre-election: Requested pre-vote from peers a5d2671aface4654856d0d5e505b7812 (127.21.4.193:33731), 42ba7f6a33504b79aa01e5d7bcb67578 (127.21.4.194:44079)
I20260713 09:07:12.599622 22861 raft_consensus.cc:493] T 65186d81867644e78ae6ec9f2361abb0 P ff4f2a1008554a9ea582969d0643e66c [term 0 FOLLOWER]: Starting pre-election (no leader contacted us within the election timeout)
I20260713 09:07:12.600296 22932 raft_consensus.cc:493] T ae28185a8ecc44fbb8b06d1238917e57 P ff4f2a1008554a9ea582969d0643e66c [term 0 FOLLOWER]: Starting pre-election (no leader contacted us within the election timeout)
I20260713 09:07:12.600149 22861 raft_consensus.cc:515] T 65186d81867644e78ae6ec9f2361abb0 P ff4f2a1008554a9ea582969d0643e66c [term 0 FOLLOWER]: Starting pre-election with config: opid_index: -1 OBSOLETE_local: false peers { permanent_uuid: "a5d2671aface4654856d0d5e505b7812" member_type: VOTER last_known_addr { host: "127.21.4.193" port: 33731 } } peers { permanent_uuid: "42ba7f6a33504b79aa01e5d7bcb67578" member_type: VOTER last_known_addr { host: "127.21.4.194" port: 44079 } } peers { permanent_uuid: "ff4f2a1008554a9ea582969d0643e66c" member_type: VOTER last_known_addr { host: "127.21.4.195" port: 38763 } }
W20260713 09:07:12.600461 22765 leader_election.cc:343] T 30db6ef4f2404ac9ba2cce590a1a73f3 P ff4f2a1008554a9ea582969d0643e66c [CANDIDATE]: Term 1 pre-election: Tablet error from VoteRequest() call to peer 42ba7f6a33504b79aa01e5d7bcb67578 (127.21.4.194:44079): Illegal state: must be running to vote when last-logged opid is not known
I20260713 09:07:12.600921 22765 leader_election.cc:304] T 30db6ef4f2404ac9ba2cce590a1a73f3 P ff4f2a1008554a9ea582969d0643e66c [CANDIDATE]: Term 1 pre-election: Election decided. Result: candidate lost. Election summary: received 3 responses out of 3 voters: 1 yes votes; 2 no votes. yes voters: ff4f2a1008554a9ea582969d0643e66c; no voters: 42ba7f6a33504b79aa01e5d7bcb67578, a5d2671aface4654856d0d5e505b7812
I20260713 09:07:12.600795 22932 raft_consensus.cc:515] T ae28185a8ecc44fbb8b06d1238917e57 P ff4f2a1008554a9ea582969d0643e66c [term 0 FOLLOWER]: Starting pre-election with config: opid_index: -1 OBSOLETE_local: false peers { permanent_uuid: "a5d2671aface4654856d0d5e505b7812" member_type: VOTER last_known_addr { host: "127.21.4.193" port: 33731 } } peers { permanent_uuid: "42ba7f6a33504b79aa01e5d7bcb67578" member_type: VOTER last_known_addr { host: "127.21.4.194" port: 44079 } } peers { permanent_uuid: "ff4f2a1008554a9ea582969d0643e66c" member_type: VOTER last_known_addr { host: "127.21.4.195" port: 38763 } }
I20260713 09:07:12.601691 22844 raft_consensus.cc:2749] T 30db6ef4f2404ac9ba2cce590a1a73f3 P ff4f2a1008554a9ea582969d0643e66c [term 0 FOLLOWER]: Leader pre-election lost for term 1. Reason: could not achieve majority
I20260713 09:07:12.602176 22861 leader_election.cc:290] T 65186d81867644e78ae6ec9f2361abb0 P ff4f2a1008554a9ea582969d0643e66c [CANDIDATE]: Term 1 pre-election: Requested pre-vote from peers a5d2671aface4654856d0d5e505b7812 (127.21.4.193:33731), 42ba7f6a33504b79aa01e5d7bcb67578 (127.21.4.194:44079)
I20260713 09:07:12.601975 22841 raft_consensus.cc:359] T 65186d81867644e78ae6ec9f2361abb0 P 42ba7f6a33504b79aa01e5d7bcb67578 [term 0 FOLLOWER]: Replica starting. Triggering 0 pending ops. Active config: opid_index: -1 OBSOLETE_local: false peers { permanent_uuid: "a5d2671aface4654856d0d5e505b7812" member_type: VOTER last_known_addr { host: "127.21.4.193" port: 33731 } } peers { permanent_uuid: "42ba7f6a33504b79aa01e5d7bcb67578" member_type: VOTER last_known_addr { host: "127.21.4.194" port: 44079 } } peers { permanent_uuid: "ff4f2a1008554a9ea582969d0643e66c" member_type: VOTER last_known_addr { host: "127.21.4.195" port: 38763 } }
I20260713 09:07:12.602650 22841 raft_consensus.cc:385] T 65186d81867644e78ae6ec9f2361abb0 P 42ba7f6a33504b79aa01e5d7bcb67578 [term 0 FOLLOWER]: Consensus starting up: Expiring failure detector timer to make a prompt election more likely
I20260713 09:07:12.602910 22841 raft_consensus.cc:740] T 65186d81867644e78ae6ec9f2361abb0 P 42ba7f6a33504b79aa01e5d7bcb67578 [term 0 FOLLOWER]: Becoming Follower/Learner. State: Replica: 42ba7f6a33504b79aa01e5d7bcb67578, State: Initialized, Role: FOLLOWER
I20260713 09:07:12.603441 22649 tablet_service.cc:1917] Received RequestConsensusVote() RPC: tablet_id: "65186d81867644e78ae6ec9f2361abb0" candidate_uuid: "ff4f2a1008554a9ea582969d0643e66c" candidate_term: 1 candidate_status { last_received { term: 0 index: 0 } } ignore_live_leader: false dest_uuid: "a5d2671aface4654856d0d5e505b7812" is_pre_election: true
I20260713 09:07:12.603794 22724 tablet_service.cc:1917] Received RequestConsensusVote() RPC: tablet_id: "65186d81867644e78ae6ec9f2361abb0" candidate_uuid: "ff4f2a1008554a9ea582969d0643e66c" candidate_term: 1 candidate_status { last_received { term: 0 index: 0 } } ignore_live_leader: false dest_uuid: "42ba7f6a33504b79aa01e5d7bcb67578" is_pre_election: true
W20260713 09:07:12.604816 22764 leader_election.cc:343] T 65186d81867644e78ae6ec9f2361abb0 P ff4f2a1008554a9ea582969d0643e66c [CANDIDATE]: Term 1 pre-election: Tablet error from VoteRequest() call to peer a5d2671aface4654856d0d5e505b7812 (127.21.4.193:33731): Illegal state: must be running to vote when last-logged opid is not known
I20260713 09:07:12.604624 22841 consensus_queue.cc:260] T 65186d81867644e78ae6ec9f2361abb0 P 42ba7f6a33504b79aa01e5d7bcb67578 [NON_LEADER]: Queue going to NON_LEADER mode. State: All replicated index: 0, Majority replicated index: 0, Committed index: 0, Last appended: 0.0, Last appended by leader: 0, Current term: 0, Majority size: -1, State: 0, Mode: NON_LEADER, active raft config: opid_index: -1 OBSOLETE_local: false peers { permanent_uuid: "a5d2671aface4654856d0d5e505b7812" member_type: VOTER last_known_addr { host: "127.21.4.193" port: 33731 } } peers { permanent_uuid: "42ba7f6a33504b79aa01e5d7bcb67578" member_type: VOTER last_known_addr { host: "127.21.4.194" port: 44079 } } peers { permanent_uuid: "ff4f2a1008554a9ea582969d0643e66c" member_type: VOTER last_known_addr { host: "127.21.4.195" port: 38763 } }
I20260713 09:07:12.605762 22839 ts_tablet_manager.cc:1434] T ae28185a8ecc44fbb8b06d1238917e57 P ff4f2a1008554a9ea582969d0643e66c: Time spent starting tablet: real 0.036s	user 0.002s	sys 0.004s
W20260713 09:07:12.606293 22596 auto_rebalancer.cc:288] Could not retrieve cluster info: Service unavailable: Tablet not running
I20260713 09:07:12.606549 22839 tablet_bootstrap.cc:492] T 7a8b1958ec174b4ea8a39f597310e1c2 P ff4f2a1008554a9ea582969d0643e66c: Bootstrap starting.
I20260713 09:07:12.606689 22724 raft_consensus.cc:2468] T 65186d81867644e78ae6ec9f2361abb0 P 42ba7f6a33504b79aa01e5d7bcb67578 [term 0 FOLLOWER]: Leader pre-election vote request: Granting yes vote for candidate ff4f2a1008554a9ea582969d0643e66c in term 0.
I20260713 09:07:12.607609 22842 tablet_bootstrap.cc:492] T 65186d81867644e78ae6ec9f2361abb0 P a5d2671aface4654856d0d5e505b7812: No bootstrap required, opened a new log
I20260713 09:07:12.608032 22842 ts_tablet_manager.cc:1403] T 65186d81867644e78ae6ec9f2361abb0 P a5d2671aface4654856d0d5e505b7812: Time spent bootstrapping tablet: real 0.299s	user 0.027s	sys 0.062s
I20260713 09:07:12.606523 22841 ts_tablet_manager.cc:1434] T 65186d81867644e78ae6ec9f2361abb0 P 42ba7f6a33504b79aa01e5d7bcb67578: Time spent starting tablet: real 0.007s	user 0.004s	sys 0.000s
I20260713 09:07:12.609841 22841 tablet_bootstrap.cc:492] T de05fb451bb14f49873c1179ba16887f P 42ba7f6a33504b79aa01e5d7bcb67578: Bootstrap starting.
I20260713 09:07:12.610354 22842 raft_consensus.cc:359] T 65186d81867644e78ae6ec9f2361abb0 P a5d2671aface4654856d0d5e505b7812 [term 0 FOLLOWER]: Replica starting. Triggering 0 pending ops. Active config: opid_index: -1 OBSOLETE_local: false peers { permanent_uuid: "a5d2671aface4654856d0d5e505b7812" member_type: VOTER last_known_addr { host: "127.21.4.193" port: 33731 } } peers { permanent_uuid: "42ba7f6a33504b79aa01e5d7bcb67578" member_type: VOTER last_known_addr { host: "127.21.4.194" port: 44079 } } peers { permanent_uuid: "ff4f2a1008554a9ea582969d0643e66c" member_type: VOTER last_known_addr { host: "127.21.4.195" port: 38763 } }
I20260713 09:07:12.610965 22842 raft_consensus.cc:385] T 65186d81867644e78ae6ec9f2361abb0 P a5d2671aface4654856d0d5e505b7812 [term 0 FOLLOWER]: Consensus starting up: Expiring failure detector timer to make a prompt election more likely
I20260713 09:07:12.611207 22842 raft_consensus.cc:740] T 65186d81867644e78ae6ec9f2361abb0 P a5d2671aface4654856d0d5e505b7812 [term 0 FOLLOWER]: Becoming Follower/Learner. State: Replica: a5d2671aface4654856d0d5e505b7812, State: Initialized, Role: FOLLOWER
