I20260713 09:07:11.429411 23231 leader_election.cc:290] T 05c5d9f7a1bd472095b3f65c0bd54ca0 P 4d3852d320de4d0da596b4e335dd283a [CANDIDATE]: Term 1 election: Requested vote from peers 3317b29148b540f58eb3ade079d933a9 (127.21.78.129:44225), d6c03f2c9f3d45d0a0ab7c574ff6519c (127.21.78.131:32967)
I20260713 09:07:11.429702 23002 raft_consensus.cc:2393] T 5fc6da6748ab4fdc907a10346477d0f5 P 4d3852d320de4d0da596b4e335dd283a [term 1 FOLLOWER]: Leader pre-election vote request: Denying vote to candidate d6c03f2c9f3d45d0a0ab7c574ff6519c in current term 1: Already voted for candidate 3317b29148b540f58eb3ade079d933a9 in this term.
I20260713 09:07:11.431715 23161 consensus_queue.cc:1048] T c104c063b0e64b99bcbd6e5db9fc02ef P d6c03f2c9f3d45d0a0ab7c574ff6519c [LEADER]: Connected to new peer: Peer: permanent_uuid: "3317b29148b540f58eb3ade079d933a9" member_type: VOTER last_known_addr { host: "127.21.78.129" port: 44225 }, Status: LMP_MISMATCH, Last received: 0.0, Next index: 1, Last known committed idx: 0, Time since last communication: 0.001s
I20260713 09:07:11.433179 23121 ts_tablet_manager.cc:1434] T 703eb0e663744ea3b5e7ad9d66e4ff83 P d6c03f2c9f3d45d0a0ab7c574ff6519c: Time spent starting tablet: real 0.031s	user 0.006s	sys 0.000s
I20260713 09:07:11.455605 23121 tablet_bootstrap.cc:492] T 3c873de457b245889c197afd19e5ff3b P d6c03f2c9f3d45d0a0ab7c574ff6519c: Bootstrap starting.
I20260713 09:07:11.457007 23140 raft_consensus.cc:493] T c104c063b0e64b99bcbd6e5db9fc02ef P 3317b29148b540f58eb3ade079d933a9 [term 1 FOLLOWER]: Starting pre-election (no leader contacted us within the election timeout)
I20260713 09:07:11.457700 23040 leader_election.cc:304] T e19f001bbab44f3eb0a6ffde3491684f P d6c03f2c9f3d45d0a0ab7c574ff6519c [CANDIDATE]: Term 1 pre-election: Election decided. Result: candidate won. Election summary: received 3 responses out of 3 voters: 2 yes votes; 1 no votes. yes voters: 4d3852d320de4d0da596b4e335dd283a, d6c03f2c9f3d45d0a0ab7c574ff6519c; no voters: 3317b29148b540f58eb3ade079d933a9
I20260713 09:07:11.457563 23140 raft_consensus.cc:515] T c104c063b0e64b99bcbd6e5db9fc02ef P 3317b29148b540f58eb3ade079d933a9 [term 1 FOLLOWER]: Starting pre-election with config: opid_index: -1 OBSOLETE_local: false peers { permanent_uuid: "3317b29148b540f58eb3ade079d933a9" member_type: VOTER last_known_addr { host: "127.21.78.129" port: 44225 } } peers { permanent_uuid: "4d3852d320de4d0da596b4e335dd283a" member_type: VOTER last_known_addr { host: "127.21.78.130" port: 45877 } } peers { permanent_uuid: "d6c03f2c9f3d45d0a0ab7c574ff6519c" member_type: VOTER last_known_addr { host: "127.21.78.131" port: 32967 } }
I20260713 09:07:11.456147 23001 raft_consensus.cc:3060] T 0087d5139569407e86d9a3693530332e P 4d3852d320de4d0da596b4e335dd283a [term 0 FOLLOWER]: Advancing to term 1
I20260713 09:07:11.458907 23161 raft_consensus.cc:2804] T e19f001bbab44f3eb0a6ffde3491684f P d6c03f2c9f3d45d0a0ab7c574ff6519c [term 0 FOLLOWER]: Leader pre-election won for term 1
I20260713 09:07:11.459358 23161 raft_consensus.cc:493] T e19f001bbab44f3eb0a6ffde3491684f P d6c03f2c9f3d45d0a0ab7c574ff6519c [term 0 FOLLOWER]: Starting leader election (no leader contacted us within the election timeout)
I20260713 09:07:11.459640 23140 leader_election.cc:290] T c104c063b0e64b99bcbd6e5db9fc02ef P 3317b29148b540f58eb3ade079d933a9 [CANDIDATE]: Term 2 pre-election: Requested pre-vote from peers 4d3852d320de4d0da596b4e335dd283a (127.21.78.130:45877), d6c03f2c9f3d45d0a0ab7c574ff6519c (127.21.78.131:32967)
I20260713 09:07:11.459688 23161 raft_consensus.cc:3060] T e19f001bbab44f3eb0a6ffde3491684f P d6c03f2c9f3d45d0a0ab7c574ff6519c [term 0 FOLLOWER]: Advancing to term 1
I20260713 09:07:11.461728 22926 raft_consensus.cc:3060] T 4ce4651465364c39a90837640c74805d P 3317b29148b540f58eb3ade079d933a9 [term 0 FOLLOWER]: Advancing to term 1
I20260713 09:07:11.463804 23117 tablet_bootstrap.cc:654] T 3c873de457b245889c197afd19e5ff3b P 4d3852d320de4d0da596b4e335dd283a: Neither blocks nor log segments found. Creating new log.
I20260713 09:07:11.464213 23118 tablet_bootstrap.cc:492] T 21610566d37f4b0fac64b01cdbb9b190 P 3317b29148b540f58eb3ade079d933a9: No bootstrap required, opened a new log
I20260713 09:07:11.464628 23118 ts_tablet_manager.cc:1403] T 21610566d37f4b0fac64b01cdbb9b190 P 3317b29148b540f58eb3ade079d933a9: Time spent bootstrapping tablet: real 0.086s	user 0.010s	sys 0.012s
I20260713 09:07:11.468606 23075 tablet_service.cc:1917] Received RequestConsensusVote() RPC: tablet_id: "c104c063b0e64b99bcbd6e5db9fc02ef" candidate_uuid: "3317b29148b540f58eb3ade079d933a9" candidate_term: 2 candidate_status { last_received { term: 0 index: 0 } } ignore_live_leader: false dest_uuid: "d6c03f2c9f3d45d0a0ab7c574ff6519c" is_pre_election: true
I20260713 09:07:11.466369 22927 tablet_service.cc:1917] Received RequestConsensusVote() RPC: tablet_id: "05c5d9f7a1bd472095b3f65c0bd54ca0" candidate_uuid: "4d3852d320de4d0da596b4e335dd283a" candidate_term: 1 candidate_status { last_received { term: 0 index: 0 } } ignore_live_leader: false dest_uuid: "3317b29148b540f58eb3ade079d933a9"
I20260713 09:07:11.470391 23074 tablet_service.cc:1917] Received RequestConsensusVote() RPC: tablet_id: "05c5d9f7a1bd472095b3f65c0bd54ca0" candidate_uuid: "4d3852d320de4d0da596b4e335dd283a" candidate_term: 1 candidate_status { last_received { term: 0 index: 0 } } ignore_live_leader: false dest_uuid: "d6c03f2c9f3d45d0a0ab7c574ff6519c"
I20260713 09:07:11.470580 22927 raft_consensus.cc:3060] T 05c5d9f7a1bd472095b3f65c0bd54ca0 P 3317b29148b540f58eb3ade079d933a9 [term 0 FOLLOWER]: Advancing to term 1
I20260713 09:07:11.477694 23118 raft_consensus.cc:359] T 21610566d37f4b0fac64b01cdbb9b190 P 3317b29148b540f58eb3ade079d933a9 [term 0 FOLLOWER]: Replica starting. Triggering 0 pending ops. Active config: opid_index: -1 OBSOLETE_local: false peers { permanent_uuid: "3317b29148b540f58eb3ade079d933a9" member_type: VOTER last_known_addr { host: "127.21.78.129" port: 44225 } } peers { permanent_uuid: "4d3852d320de4d0da596b4e335dd283a" member_type: VOTER last_known_addr { host: "127.21.78.130" port: 45877 } } peers { permanent_uuid: "d6c03f2c9f3d45d0a0ab7c574ff6519c" member_type: VOTER last_known_addr { host: "127.21.78.131" port: 32967 } }
I20260713 09:07:11.478607 23118 raft_consensus.cc:385] T 21610566d37f4b0fac64b01cdbb9b190 P 3317b29148b540f58eb3ade079d933a9 [term 0 FOLLOWER]: Consensus starting up: Expiring failure detector timer to make a prompt election more likely
I20260713 09:07:11.478943 23118 raft_consensus.cc:740] T 21610566d37f4b0fac64b01cdbb9b190 P 3317b29148b540f58eb3ade079d933a9 [term 0 FOLLOWER]: Becoming Follower/Learner. State: Replica: 3317b29148b540f58eb3ade079d933a9, State: Initialized, Role: FOLLOWER
I20260713 09:07:11.479658 23118 consensus_queue.cc:260] T 21610566d37f4b0fac64b01cdbb9b190 P 3317b29148b540f58eb3ade079d933a9 [NON_LEADER]: Queue going to NON_LEADER mode. State: All replicated index: 0, Majority replicated index: 0, Committed index: 0, Last appended: 0.0, Last appended by leader: 0, Current term: 0, Majority size: -1, State: 0, Mode: NON_LEADER, active raft config: opid_index: -1 OBSOLETE_local: false peers { permanent_uuid: "3317b29148b540f58eb3ade079d933a9" member_type: VOTER last_known_addr { host: "127.21.78.129" port: 44225 } } peers { permanent_uuid: "4d3852d320de4d0da596b4e335dd283a" member_type: VOTER last_known_addr { host: "127.21.78.130" port: 45877 } } peers { permanent_uuid: "d6c03f2c9f3d45d0a0ab7c574ff6519c" member_type: VOTER last_known_addr { host: "127.21.78.131" port: 32967 } }
I20260713 09:07:11.481343 23118 ts_tablet_manager.cc:1434] T 21610566d37f4b0fac64b01cdbb9b190 P 3317b29148b540f58eb3ade079d933a9: Time spent starting tablet: real 0.016s	user 0.006s	sys 0.000s
I20260713 09:07:11.482573 23118 tablet_bootstrap.cc:492] T 3c873de457b245889c197afd19e5ff3b P 3317b29148b540f58eb3ade079d933a9: Bootstrap starting.
I20260713 09:07:11.478058 23040 leader_election.cc:304] T 5fc6da6748ab4fdc907a10346477d0f5 P d6c03f2c9f3d45d0a0ab7c574ff6519c [CANDIDATE]: Term 1 pre-election: Election decided. Result: candidate lost. Election summary: received 3 responses out of 3 voters: 1 yes votes; 2 no votes. yes voters: d6c03f2c9f3d45d0a0ab7c574ff6519c; no voters: 3317b29148b540f58eb3ade079d933a9, 4d3852d320de4d0da596b4e335dd283a
I20260713 09:07:11.470216 23161 raft_consensus.cc:515] T e19f001bbab44f3eb0a6ffde3491684f P d6c03f2c9f3d45d0a0ab7c574ff6519c [term 1 FOLLOWER]: Starting leader election with config: opid_index: -1 OBSOLETE_local: false peers { permanent_uuid: "3317b29148b540f58eb3ade079d933a9" member_type: VOTER last_known_addr { host: "127.21.78.129" port: 44225 } } peers { permanent_uuid: "4d3852d320de4d0da596b4e335dd283a" member_type: VOTER last_known_addr { host: "127.21.78.130" port: 45877 } } peers { permanent_uuid: "d6c03f2c9f3d45d0a0ab7c574ff6519c" member_type: VOTER last_known_addr { host: "127.21.78.131" port: 32967 } }
I20260713 09:07:11.499202 23155 raft_consensus.cc:3060] T 5fc6da6748ab4fdc907a10346477d0f5 P d6c03f2c9f3d45d0a0ab7c574ff6519c [term 0 FOLLOWER]: Advancing to term 1
I20260713 09:07:11.515938 23131 consensus_queue.cc:1048] T c104c063b0e64b99bcbd6e5db9fc02ef P d6c03f2c9f3d45d0a0ab7c574ff6519c [LEADER]: Connected to new peer: Peer: permanent_uuid: "4d3852d320de4d0da596b4e335dd283a" member_type: VOTER last_known_addr { host: "127.21.78.130" port: 45877 }, Status: LMP_MISMATCH, Last received: 0.0, Next index: 1, Last known committed idx: 0, Time since last communication: 0.000s
I20260713 09:07:11.518000 23140 consensus_queue.cc:1048] T 5fc6da6748ab4fdc907a10346477d0f5 P 3317b29148b540f58eb3ade079d933a9 [LEADER]: Connected to new peer: Peer: permanent_uuid: "4d3852d320de4d0da596b4e335dd283a" member_type: VOTER last_known_addr { host: "127.21.78.130" port: 45877 }, Status: LMP_MISMATCH, Last received: 0.0, Next index: 1, Last known committed idx: 0, Time since last communication: 0.000s
I20260713 09:07:11.520278 22927 raft_consensus.cc:2468] T 05c5d9f7a1bd472095b3f65c0bd54ca0 P 3317b29148b540f58eb3ade079d933a9 [term 1 FOLLOWER]: Leader election vote request: Granting yes vote for candidate 4d3852d320de4d0da596b4e335dd283a in term 1.
I20260713 09:07:11.523005 22925 tablet_service.cc:1917] Received RequestConsensusVote() RPC: tablet_id: "e19f001bbab44f3eb0a6ffde3491684f" candidate_uuid: "d6c03f2c9f3d45d0a0ab7c574ff6519c" candidate_term: 1 candidate_status { last_received { term: 0 index: 0 } } ignore_live_leader: false dest_uuid: "3317b29148b540f58eb3ade079d933a9"
W20260713 09:07:11.531183 22967 leader_election.cc:343] T 05c5d9f7a1bd472095b3f65c0bd54ca0 P 4d3852d320de4d0da596b4e335dd283a [CANDIDATE]: Term 1 election: Tablet error from VoteRequest() call to peer d6c03f2c9f3d45d0a0ab7c574ff6519c (127.21.78.131:32967): Illegal state: must be running to vote when last-logged opid is not known
I20260713 09:07:11.531680 23161 leader_election.cc:290] T e19f001bbab44f3eb0a6ffde3491684f P d6c03f2c9f3d45d0a0ab7c574ff6519c [CANDIDATE]: Term 1 election: Requested vote from peers 3317b29148b540f58eb3ade079d933a9 (127.21.78.129:44225), 4d3852d320de4d0da596b4e335dd283a (127.21.78.130:45877)
I20260713 09:07:11.532454 23000 tablet_service.cc:1917] Received RequestConsensusVote() RPC: tablet_id: "c104c063b0e64b99bcbd6e5db9fc02ef" candidate_uuid: "3317b29148b540f58eb3ade079d933a9" candidate_term: 2 candidate_status { last_received { term: 0 index: 0 } } ignore_live_leader: false dest_uuid: "4d3852d320de4d0da596b4e335dd283a" is_pre_election: true
I20260713 09:07:11.533090 23000 raft_consensus.cc:2468] T c104c063b0e64b99bcbd6e5db9fc02ef P 4d3852d320de4d0da596b4e335dd283a [term 1 FOLLOWER]: Leader pre-election vote request: Granting yes vote for candidate 3317b29148b540f58eb3ade079d933a9 in term 1.
I20260713 09:07:11.534301 22999 tablet_service.cc:1917] Received RequestConsensusVote() RPC: tablet_id: "e19f001bbab44f3eb0a6ffde3491684f" candidate_uuid: "d6c03f2c9f3d45d0a0ab7c574ff6519c" candidate_term: 1 candidate_status { last_received { term: 0 index: 0 } } ignore_live_leader: false dest_uuid: "4d3852d320de4d0da596b4e335dd283a"
I20260713 09:07:11.534935 22999 raft_consensus.cc:3060] T e19f001bbab44f3eb0a6ffde3491684f P 4d3852d320de4d0da596b4e335dd283a [term 0 FOLLOWER]: Advancing to term 1
I20260713 09:07:11.536476 23117 tablet_bootstrap.cc:492] T 3c873de457b245889c197afd19e5ff3b P 4d3852d320de4d0da596b4e335dd283a: No bootstrap required, opened a new log
I20260713 09:07:11.536931 23117 ts_tablet_manager.cc:1403] T 3c873de457b245889c197afd19e5ff3b P 4d3852d320de4d0da596b4e335dd283a: Time spent bootstrapping tablet: real 0.211s	user 0.021s	sys 0.013s
W20260713 09:07:11.538286 23041 leader_election.cc:343] T e19f001bbab44f3eb0a6ffde3491684f P d6c03f2c9f3d45d0a0ab7c574ff6519c [CANDIDATE]: Term 1 election: Tablet error from VoteRequest() call to peer 3317b29148b540f58eb3ade079d933a9 (127.21.78.129:44225): Illegal state: must be running to vote when last-logged opid is not known
I20260713 09:07:11.555790 23117 raft_consensus.cc:359] T 3c873de457b245889c197afd19e5ff3b P 4d3852d320de4d0da596b4e335dd283a [term 0 FOLLOWER]: Replica starting. Triggering 0 pending ops. Active config: opid_index: -1 OBSOLETE_local: false peers { permanent_uuid: "3317b29148b540f58eb3ade079d933a9" member_type: VOTER last_known_addr { host: "127.21.78.129" port: 44225 } } peers { permanent_uuid: "4d3852d320de4d0da596b4e335dd283a" member_type: VOTER last_known_addr { host: "127.21.78.130" port: 45877 } } peers { permanent_uuid: "d6c03f2c9f3d45d0a0ab7c574ff6519c" member_type: VOTER last_known_addr { host: "127.21.78.131" port: 32967 } }
I20260713 09:07:11.556433 23117 raft_consensus.cc:385] T 3c873de457b245889c197afd19e5ff3b P 4d3852d320de4d0da596b4e335dd283a [term 0 FOLLOWER]: Consensus starting up: Expiring failure detector timer to make a prompt election more likely
I20260713 09:07:11.556665 23117 raft_consensus.cc:740] T 3c873de457b245889c197afd19e5ff3b P 4d3852d320de4d0da596b4e335dd283a [term 0 FOLLOWER]: Becoming Follower/Learner. State: Replica: 4d3852d320de4d0da596b4e335dd283a, State: Initialized, Role: FOLLOWER
I20260713 09:07:11.557914 23117 consensus_queue.cc:260] T 3c873de457b245889c197afd19e5ff3b P 4d3852d320de4d0da596b4e335dd283a [NON_LEADER]: Queue going to NON_LEADER mode. State: All replicated index: 0, Majority replicated index: 0, Committed index: 0, Last appended: 0.0, Last appended by leader: 0, Current term: 0, Majority size: -1, State: 0, Mode: NON_LEADER, active raft config: opid_index: -1 OBSOLETE_local: false peers { permanent_uuid: "3317b29148b540f58eb3ade079d933a9" member_type: VOTER last_known_addr { host: "127.21.78.129" port: 44225 } } peers { permanent_uuid: "4d3852d320de4d0da596b4e335dd283a" member_type: VOTER last_known_addr { host: "127.21.78.130" port: 45877 } } peers { permanent_uuid: "d6c03f2c9f3d45d0a0ab7c574ff6519c" member_type: VOTER last_known_addr { host: "127.21.78.131" port: 32967 } }
I20260713 09:07:11.566323 23117 ts_tablet_manager.cc:1434] T 3c873de457b245889c197afd19e5ff3b P 4d3852d320de4d0da596b4e335dd283a: Time spent starting tablet: real 0.029s	user 0.006s	sys 0.001s
I20260713 09:07:11.566639 22891 leader_election.cc:304] T c104c063b0e64b99bcbd6e5db9fc02ef P 3317b29148b540f58eb3ade079d933a9 [CANDIDATE]: Term 2 pre-election: Election decided. Result: candidate won. Election summary: received 3 responses out of 3 voters: 2 yes votes; 1 no votes. yes voters: 3317b29148b540f58eb3ade079d933a9, 4d3852d320de4d0da596b4e335dd283a; no voters: d6c03f2c9f3d45d0a0ab7c574ff6519c
I20260713 09:07:11.567239 23117 tablet_bootstrap.cc:492] T 4d5e57e0958146968805e409280a19ee P 4d3852d320de4d0da596b4e335dd283a: Bootstrap starting.
I20260713 09:07:11.567359 22999 raft_consensus.cc:2468] T e19f001bbab44f3eb0a6ffde3491684f P 4d3852d320de4d0da596b4e335dd283a [term 1 FOLLOWER]: Leader election vote request: Granting yes vote for candidate d6c03f2c9f3d45d0a0ab7c574ff6519c in term 1.
I20260713 09:07:11.567911 23140 raft_consensus.cc:2804] T c104c063b0e64b99bcbd6e5db9fc02ef P 3317b29148b540f58eb3ade079d933a9 [term 1 FOLLOWER]: Leader pre-election won for term 2
I20260713 09:07:11.568300 23140 raft_consensus.cc:493] T c104c063b0e64b99bcbd6e5db9fc02ef P 3317b29148b540f58eb3ade079d933a9 [term 1 FOLLOWER]: Starting leader election (detected failure of leader d6c03f2c9f3d45d0a0ab7c574ff6519c)
I20260713 09:07:11.568709 23140 raft_consensus.cc:3060] T c104c063b0e64b99bcbd6e5db9fc02ef P 3317b29148b540f58eb3ade079d933a9 [term 1 FOLLOWER]: Advancing to term 2
I20260713 09:07:11.568610 23040 leader_election.cc:304] T e19f001bbab44f3eb0a6ffde3491684f P d6c03f2c9f3d45d0a0ab7c574ff6519c [CANDIDATE]: Term 1 election: Election decided. Result: candidate won. Election summary: received 3 responses out of 3 voters: 2 yes votes; 1 no votes. yes voters: 4d3852d320de4d0da596b4e335dd283a, d6c03f2c9f3d45d0a0ab7c574ff6519c; no voters: 3317b29148b540f58eb3ade079d933a9
I20260713 09:07:11.575541 23204 raft_consensus.cc:493] T 21610566d37f4b0fac64b01cdbb9b190 P 3317b29148b540f58eb3ade079d933a9 [term 0 FOLLOWER]: Starting pre-election (no leader contacted us within the election timeout)
I20260713 09:07:11.576013 23204 raft_consensus.cc:515] T 21610566d37f4b0fac64b01cdbb9b190 P 3317b29148b540f58eb3ade079d933a9 [term 0 FOLLOWER]: Starting pre-election with config: opid_index: -1 OBSOLETE_local: false peers { permanent_uuid: "3317b29148b540f58eb3ade079d933a9" member_type: VOTER last_known_addr { host: "127.21.78.129" port: 44225 } } peers { permanent_uuid: "4d3852d320de4d0da596b4e335dd283a" member_type: VOTER last_known_addr { host: "127.21.78.130" port: 45877 } } peers { permanent_uuid: "d6c03f2c9f3d45d0a0ab7c574ff6519c" member_type: VOTER last_known_addr { host: "127.21.78.131" port: 32967 } }
I20260713 09:07:11.577334 23231 raft_consensus.cc:493] T d462856c2fec4f499148a10c0bd613c8 P 4d3852d320de4d0da596b4e335dd283a [term 0 FOLLOWER]: Starting pre-election (no leader contacted us within the election timeout)
I20260713 09:07:11.577848 23231 raft_consensus.cc:515] T d462856c2fec4f499148a10c0bd613c8 P 4d3852d320de4d0da596b4e335dd283a [term 0 FOLLOWER]: Starting pre-election with config: opid_index: -1 OBSOLETE_local: false peers { permanent_uuid: "3317b29148b540f58eb3ade079d933a9" member_type: VOTER last_known_addr { host: "127.21.78.129" port: 44225 } } peers { permanent_uuid: "4d3852d320de4d0da596b4e335dd283a" member_type: VOTER last_known_addr { host: "127.21.78.130" port: 45877 } } peers { permanent_uuid: "d6c03f2c9f3d45d0a0ab7c574ff6519c" member_type: VOTER last_known_addr { host: "127.21.78.131" port: 32967 } }
I20260713 09:07:11.579437 23231 leader_election.cc:290] T d462856c2fec4f499148a10c0bd613c8 P 4d3852d320de4d0da596b4e335dd283a [CANDIDATE]: Term 1 pre-election: Requested pre-vote from peers 3317b29148b540f58eb3ade079d933a9 (127.21.78.129:44225), d6c03f2c9f3d45d0a0ab7c574ff6519c (127.21.78.131:32967)
I20260713 09:07:11.580531 23204 leader_election.cc:290] T 21610566d37f4b0fac64b01cdbb9b190 P 3317b29148b540f58eb3ade079d933a9 [CANDIDATE]: Term 1 pre-election: Requested pre-vote from peers 4d3852d320de4d0da596b4e335dd283a (127.21.78.130:45877), d6c03f2c9f3d45d0a0ab7c574ff6519c (127.21.78.131:32967)
I20260713 09:07:11.581295 22926 tablet_service.cc:1917] Received RequestConsensusVote() RPC: tablet_id: "d462856c2fec4f499148a10c0bd613c8" candidate_uuid: "4d3852d320de4d0da596b4e335dd283a" candidate_term: 1 candidate_status { last_received { term: 0 index: 0 } } ignore_live_leader: false dest_uuid: "3317b29148b540f58eb3ade079d933a9" is_pre_election: true
I20260713 09:07:11.581881 22926 raft_consensus.cc:2468] T d462856c2fec4f499148a10c0bd613c8 P 3317b29148b540f58eb3ade079d933a9 [term 0 FOLLOWER]: Leader pre-election vote request: Granting yes vote for candidate 4d3852d320de4d0da596b4e335dd283a in term 0.
I20260713 09:07:11.587900 23117 tablet_bootstrap.cc:654] T 4d5e57e0958146968805e409280a19ee P 4d3852d320de4d0da596b4e335dd283a: Neither blocks nor log segments found. Creating new log.
I20260713 09:07:11.588393 23155 raft_consensus.cc:2749] T 5fc6da6748ab4fdc907a10346477d0f5 P d6c03f2c9f3d45d0a0ab7c574ff6519c [term 1 FOLLOWER]: Leader pre-election lost for term 1. Reason: could not achieve majority
I20260713 09:07:11.598151 23121 tablet_bootstrap.cc:654] T 3c873de457b245889c197afd19e5ff3b P d6c03f2c9f3d45d0a0ab7c574ff6519c: Neither blocks nor log segments found. Creating new log.
I20260713 09:07:11.604071 23000 tablet_service.cc:1917] Received RequestConsensusVote() RPC: tablet_id: "21610566d37f4b0fac64b01cdbb9b190" candidate_uuid: "3317b29148b540f58eb3ade079d933a9" candidate_term: 1 candidate_status { last_received { term: 0 index: 0 } } ignore_live_leader: false dest_uuid: "4d3852d320de4d0da596b4e335dd283a" is_pre_election: true
I20260713 09:07:11.590819 23155 raft_consensus.cc:2804] T e19f001bbab44f3eb0a6ffde3491684f P d6c03f2c9f3d45d0a0ab7c574ff6519c [term 1 FOLLOWER]: Leader election won for term 1
I20260713 09:07:11.605420 23075 tablet_service.cc:1917] Received RequestConsensusVote() RPC: tablet_id: "d462856c2fec4f499148a10c0bd613c8" candidate_uuid: "4d3852d320de4d0da596b4e335dd283a" candidate_term: 1 candidate_status { last_received { term: 0 index: 0 } } ignore_live_leader: false dest_uuid: "d6c03f2c9f3d45d0a0ab7c574ff6519c" is_pre_election: true
W20260713 09:07:11.623562 22891 leader_election.cc:343] T 21610566d37f4b0fac64b01cdbb9b190 P 3317b29148b540f58eb3ade079d933a9 [CANDIDATE]: Term 1 pre-election: Tablet error from VoteRequest() call to peer 4d3852d320de4d0da596b4e335dd283a (127.21.78.130:45877): Illegal state: must be running to vote when last-logged opid is not known
I20260713 09:07:11.630470 22967 leader_election.cc:304] T 05c5d9f7a1bd472095b3f65c0bd54ca0 P 4d3852d320de4d0da596b4e335dd283a [CANDIDATE]: Term 1 election: Election decided. Result: candidate won. Election summary: received 3 responses out of 3 voters: 2 yes votes; 1 no votes. yes voters: 3317b29148b540f58eb3ade079d933a9, 4d3852d320de4d0da596b4e335dd283a; no voters: d6c03f2c9f3d45d0a0ab7c574ff6519c
I20260713 09:07:11.631552 23231 raft_consensus.cc:2804] T 05c5d9f7a1bd472095b3f65c0bd54ca0 P 4d3852d320de4d0da596b4e335dd283a [term 1 FOLLOWER]: Leader election won for term 1
I20260713 09:07:11.632066 23231 raft_consensus.cc:697] T 05c5d9f7a1bd472095b3f65c0bd54ca0 P 4d3852d320de4d0da596b4e335dd283a [term 1 LEADER]: Becoming Leader. State: Replica: 4d3852d320de4d0da596b4e335dd283a, State: Running, Role: LEADER
I20260713 09:07:11.632262 22967 leader_election.cc:304] T d462856c2fec4f499148a10c0bd613c8 P 4d3852d320de4d0da596b4e335dd283a [CANDIDATE]: Term 1 pre-election: Election decided. Result: candidate won. Election summary: received 2 responses out of 3 voters: 2 yes votes; 0 no votes. yes voters: 3317b29148b540f58eb3ade079d933a9, 4d3852d320de4d0da596b4e335dd283a; no voters: 
I20260713 09:07:11.632920 23231 consensus_queue.cc:237] T 05c5d9f7a1bd472095b3f65c0bd54ca0 P 4d3852d320de4d0da596b4e335dd283a [LEADER]: Queue going to LEADER mode. State: All replicated index: 0, Majority replicated index: 0, Committed index: 0, Last appended: 0.0, Last appended by leader: 0, Current term: 1, Majority size: 2, State: 0, Mode: LEADER, active raft config: opid_index: -1 OBSOLETE_local: false peers { permanent_uuid: "3317b29148b540f58eb3ade079d933a9" member_type: VOTER last_known_addr { host: "127.21.78.129" port: 44225 } } peers { permanent_uuid: "4d3852d320de4d0da596b4e335dd283a" member_type: VOTER last_known_addr { host: "127.21.78.130" port: 45877 } } peers { permanent_uuid: "d6c03f2c9f3d45d0a0ab7c574ff6519c" member_type: VOTER last_known_addr { host: "127.21.78.131" port: 32967 } }
I20260713 09:07:11.633731 23120 raft_consensus.cc:2804] T d462856c2fec4f499148a10c0bd613c8 P 4d3852d320de4d0da596b4e335dd283a [term 0 FOLLOWER]: Leader pre-election won for term 1
I20260713 09:07:11.634076 23120 raft_consensus.cc:493] T d462856c2fec4f499148a10c0bd613c8 P 4d3852d320de4d0da596b4e335dd283a [term 0 FOLLOWER]: Starting leader election (no leader contacted us within the election timeout)
I20260713 09:07:11.634397 23120 raft_consensus.cc:3060] T d462856c2fec4f499148a10c0bd613c8 P 4d3852d320de4d0da596b4e335dd283a [term 0 FOLLOWER]: Advancing to term 1
I20260713 09:07:11.646804 23074 tablet_service.cc:1917] Received RequestConsensusVote() RPC: tablet_id: "21610566d37f4b0fac64b01cdbb9b190" candidate_uuid: "3317b29148b540f58eb3ade079d933a9" candidate_term: 1 candidate_status { last_received { term: 0 index: 0 } } ignore_live_leader: false dest_uuid: "d6c03f2c9f3d45d0a0ab7c574ff6519c" is_pre_election: true
I20260713 09:07:11.649556 23204 consensus_queue.cc:1048] T 5fc6da6748ab4fdc907a10346477d0f5 P 3317b29148b540f58eb3ade079d933a9 [LEADER]: Connected to new peer: Peer: permanent_uuid: "d6c03f2c9f3d45d0a0ab7c574ff6519c" member_type: VOTER last_known_addr { host: "127.21.78.131" port: 32967 }, Status: LMP_MISMATCH, Last received: 0.0, Next index: 1, Last known committed idx: 0, Time since last communication: 0.000s
W20260713 09:07:11.649612 22967 leader_election.cc:343] T d462856c2fec4f499148a10c0bd613c8 P 4d3852d320de4d0da596b4e335dd283a [CANDIDATE]: Term 1 pre-election: Tablet error from VoteRequest() call to peer d6c03f2c9f3d45d0a0ab7c574ff6519c (127.21.78.131:32967): Illegal state: must be running to vote when last-logged opid is not known
W20260713 09:07:11.643033 23040 outbound_call.cc:321] RPC callback for RPC call kudu.consensus.ConsensusService.RequestConsensusVote -> {remote=127.21.78.130:45877, user_credentials={real_user=slave}} blocked reactor thread for 74520.5us
I20260713 09:07:11.668941 23120 raft_consensus.cc:515] T d462856c2fec4f499148a10c0bd613c8 P 4d3852d320de4d0da596b4e335dd283a [term 1 FOLLOWER]: Starting leader election with config: opid_index: -1 OBSOLETE_local: false peers { permanent_uuid: "3317b29148b540f58eb3ade079d933a9" member_type: VOTER last_known_addr { host: "127.21.78.129" port: 44225 } } peers { permanent_uuid: "4d3852d320de4d0da596b4e335dd283a" member_type: VOTER last_known_addr { host: "127.21.78.130" port: 45877 } } peers { permanent_uuid: "d6c03f2c9f3d45d0a0ab7c574ff6519c" member_type: VOTER last_known_addr { host: "127.21.78.131" port: 32967 } }
I20260713 09:07:11.681687 23120 leader_election.cc:290] T d462856c2fec4f499148a10c0bd613c8 P 4d3852d320de4d0da596b4e335dd283a [CANDIDATE]: Term 1 election: Requested vote from peers 3317b29148b540f58eb3ade079d933a9 (127.21.78.129:44225), d6c03f2c9f3d45d0a0ab7c574ff6519c (127.21.78.131:32967)
I20260713 09:07:11.682137 23140 raft_consensus.cc:515] T c104c063b0e64b99bcbd6e5db9fc02ef P 3317b29148b540f58eb3ade079d933a9 [term 2 FOLLOWER]: Starting leader election with config: opid_index: -1 OBSOLETE_local: false peers { permanent_uuid: "3317b29148b540f58eb3ade079d933a9" member_type: VOTER last_known_addr { host: "127.21.78.129" port: 44225 } } peers { permanent_uuid: "4d3852d320de4d0da596b4e335dd283a" member_type: VOTER last_known_addr { host: "127.21.78.130" port: 45877 } } peers { permanent_uuid: "d6c03f2c9f3d45d0a0ab7c574ff6519c" member_type: VOTER last_known_addr { host: "127.21.78.131" port: 32967 } }
I20260713 09:07:11.687238 23118 tablet_bootstrap.cc:654] T 3c873de457b245889c197afd19e5ff3b P 3317b29148b540f58eb3ade079d933a9: Neither blocks nor log segments found. Creating new log.
W20260713 09:07:11.687175 22892 leader_election.cc:343] T 21610566d37f4b0fac64b01cdbb9b190 P 3317b29148b540f58eb3ade079d933a9 [CANDIDATE]: Term 1 pre-election: Tablet error from VoteRequest() call to peer d6c03f2c9f3d45d0a0ab7c574ff6519c (127.21.78.131:32967): Illegal state: must be running to vote when last-logged opid is not known
I20260713 09:07:11.694964 23121 tablet_bootstrap.cc:492] T 3c873de457b245889c197afd19e5ff3b P d6c03f2c9f3d45d0a0ab7c574ff6519c: No bootstrap required, opened a new log
I20260713 09:07:11.688042 23155 raft_consensus.cc:697] T e19f001bbab44f3eb0a6ffde3491684f P d6c03f2c9f3d45d0a0ab7c574ff6519c [term 1 LEADER]: Becoming Leader. State: Replica: d6c03f2c9f3d45d0a0ab7c574ff6519c, State: Running, Role: LEADER
I20260713 09:07:11.695461 23121 ts_tablet_manager.cc:1403] T 3c873de457b245889c197afd19e5ff3b P d6c03f2c9f3d45d0a0ab7c574ff6519c: Time spent bootstrapping tablet: real 0.240s	user 0.012s	sys 0.019s
I20260713 09:07:11.698742 23075 tablet_service.cc:1917] Received RequestConsensusVote() RPC: tablet_id: "d462856c2fec4f499148a10c0bd613c8" candidate_uuid: "4d3852d320de4d0da596b4e335dd283a" candidate_term: 1 candidate_status { last_received { term: 0 index: 0 } } ignore_live_leader: false dest_uuid: "d6c03f2c9f3d45d0a0ab7c574ff6519c"
I20260713 09:07:11.692791 22927 raft_consensus.cc:1240] T c104c063b0e64b99bcbd6e5db9fc02ef P 3317b29148b540f58eb3ade079d933a9 [term 2 FOLLOWER]: Rejecting Update request from peer d6c03f2c9f3d45d0a0ab7c574ff6519c for earlier term 1. Current term is 2. Ops: []
I20260713 09:07:11.700471 23155 consensus_queue.cc:237] T e19f001bbab44f3eb0a6ffde3491684f P d6c03f2c9f3d45d0a0ab7c574ff6519c [LEADER]: Queue going to LEADER mode. State: All replicated index: 0, Majority replicated index: 0, Committed index: 0, Last appended: 0.0, Last appended by leader: 0, Current term: 1, Majority size: 2, State: 0, Mode: LEADER, active raft config: opid_index: -1 OBSOLETE_local: false peers { permanent_uuid: "3317b29148b540f58eb3ade079d933a9" member_type: VOTER last_known_addr { host: "127.21.78.129" port: 44225 } } peers { permanent_uuid: "4d3852d320de4d0da596b4e335dd283a" member_type: VOTER last_known_addr { host: "127.21.78.130" port: 45877 } } peers { permanent_uuid: "d6c03f2c9f3d45d0a0ab7c574ff6519c" member_type: VOTER last_known_addr { host: "127.21.78.131" port: 32967 } }
W20260713 09:07:11.702553 22967 leader_election.cc:343] T d462856c2fec4f499148a10c0bd613c8 P 4d3852d320de4d0da596b4e335dd283a [CANDIDATE]: Term 1 election: Tablet error from VoteRequest() call to peer d6c03f2c9f3d45d0a0ab7c574ff6519c (127.21.78.131:32967): Illegal state: must be running to vote when last-logged opid is not known
I20260713 09:07:11.707643 23257 consensus_queue.cc:1059] T c104c063b0e64b99bcbd6e5db9fc02ef P d6c03f2c9f3d45d0a0ab7c574ff6519c [LEADER]: Peer responded invalid term: Peer: permanent_uuid: "3317b29148b540f58eb3ade079d933a9" member_type: VOTER last_known_addr { host: "127.21.78.129" port: 44225 }, Status: INVALID_TERM, Last received: 1.1, Next index: 2, Last known committed idx: 0, Time since last communication: 0.006s
I20260713 09:07:11.710875 23257 raft_consensus.cc:3055] T c104c063b0e64b99bcbd6e5db9fc02ef P d6c03f2c9f3d45d0a0ab7c574ff6519c [term 1 LEADER]: Stepping down as leader of term 1
I20260713 09:07:11.711207 23257 raft_consensus.cc:740] T c104c063b0e64b99bcbd6e5db9fc02ef P d6c03f2c9f3d45d0a0ab7c574ff6519c [term 1 LEADER]: Becoming Follower/Learner. State: Replica: d6c03f2c9f3d45d0a0ab7c574ff6519c, State: Running, Role: LEADER
I20260713 09:07:11.714751 23257 consensus_queue.cc:260] T c104c063b0e64b99bcbd6e5db9fc02ef P d6c03f2c9f3d45d0a0ab7c574ff6519c [NON_LEADER]: Queue going to NON_LEADER mode. State: All replicated index: 0, Majority replicated index: 1, Committed index: 1, Last appended: 1.1, Last appended by leader: 1, Current term: 1, Majority size: -1, State: 0, Mode: NON_LEADER, active raft config: opid_index: -1 OBSOLETE_local: false peers { permanent_uuid: "3317b29148b540f58eb3ade079d933a9" member_type: VOTER last_known_addr { host: "127.21.78.129" port: 44225 } } peers { permanent_uuid: "4d3852d320de4d0da596b4e335dd283a" member_type: VOTER last_known_addr { host: "127.21.78.130" port: 45877 } } peers { permanent_uuid: "d6c03f2c9f3d45d0a0ab7c574ff6519c" member_type: VOTER last_known_addr { host: "127.21.78.131" port: 32967 } }
I20260713 09:07:11.697758 22892 leader_election.cc:304] T 21610566d37f4b0fac64b01cdbb9b190 P 3317b29148b540f58eb3ade079d933a9 [CANDIDATE]: Term 1 pre-election: Election decided. Result: candidate lost. Election summary: received 3 responses out of 3 voters: 1 yes votes; 2 no votes. yes voters: 3317b29148b540f58eb3ade079d933a9; no voters: 4d3852d320de4d0da596b4e335dd283a, d6c03f2c9f3d45d0a0ab7c574ff6519c
I20260713 09:07:11.717181 23204 raft_consensus.cc:2749] T 21610566d37f4b0fac64b01cdbb9b190 P 3317b29148b540f58eb3ade079d933a9 [term 0 FOLLOWER]: Leader pre-election lost for term 1. Reason: could not achieve majority
I20260713 09:07:11.718128 22927 tablet_service.cc:1917] Received RequestConsensusVote() RPC: tablet_id: "d462856c2fec4f499148a10c0bd613c8" candidate_uuid: "4d3852d320de4d0da596b4e335dd283a" candidate_term: 1 candidate_status { last_received { term: 0 index: 0 } } ignore_live_leader: false dest_uuid: "3317b29148b540f58eb3ade079d933a9"
I20260713 09:07:11.718703 22927 raft_consensus.cc:3060] T d462856c2fec4f499148a10c0bd613c8 P 3317b29148b540f58eb3ade079d933a9 [term 0 FOLLOWER]: Advancing to term 1
I20260713 09:07:11.720047 22826 catalog_manager.cc:5697] T 05c5d9f7a1bd472095b3f65c0bd54ca0 P 4d3852d320de4d0da596b4e335dd283a reported cstate change: term changed from 0 to 1, leader changed from <none> to 4d3852d320de4d0da596b4e335dd283a (127.21.78.130). New cstate: current_term: 1 leader_uuid: "4d3852d320de4d0da596b4e335dd283a" committed_config { opid_index: -1 OBSOLETE_local: false peers { permanent_uuid: "3317b29148b540f58eb3ade079d933a9" member_type: VOTER last_known_addr { host: "127.21.78.129" port: 44225 } health_report { overall_health: UNKNOWN } } peers { permanent_uuid: "4d3852d320de4d0da596b4e335dd283a" member_type: VOTER last_known_addr { host: "127.21.78.130" port: 45877 } health_report { overall_health: HEALTHY } } peers { permanent_uuid: "d6c03f2c9f3d45d0a0ab7c574ff6519c" member_type: VOTER last_known_addr { host: "127.21.78.131" port: 32967 } health_report { overall_health: UNKNOWN } } }
I20260713 09:07:11.715848 23257 raft_consensus.cc:3060] T c104c063b0e64b99bcbd6e5db9fc02ef P d6c03f2c9f3d45d0a0ab7c574ff6519c [term 1 FOLLOWER]: Advancing to term 2
I20260713 09:07:11.722317 23204 consensus_queue.cc:1048] T 303f488fdba24270a335fc10dc37857e P 3317b29148b540f58eb3ade079d933a9 [LEADER]: Connected to new peer: Peer: permanent_uuid: "4d3852d320de4d0da596b4e335dd283a" member_type: VOTER last_known_addr { host: "127.21.78.130" port: 45877 }, Status: LMP_MISMATCH, Last received: 0.0, Next index: 1, Last known committed idx: 0, Time since last communication: 0.000s
I20260713 09:07:11.732645 22927 raft_consensus.cc:2468] T d462856c2fec4f499148a10c0bd613c8 P 3317b29148b540f58eb3ade079d933a9 [term 1 FOLLOWER]: Leader election vote request: Granting yes vote for candidate 4d3852d320de4d0da596b4e335dd283a in term 1.
I20260713 09:07:11.732548 23257 consensus_queue.cc:1048] T 4d5e57e0958146968805e409280a19ee P d6c03f2c9f3d45d0a0ab7c574ff6519c [LEADER]: Connected to new peer: Peer: permanent_uuid: "3317b29148b540f58eb3ade079d933a9" member_type: VOTER last_known_addr { host: "127.21.78.129" port: 44225 }, Status: LMP_MISMATCH, Last received: 0.0, Next index: 1, Last known committed idx: 0, Time since last communication: 0.000s
I20260713 09:07:11.733369 23140 leader_election.cc:290] T c104c063b0e64b99bcbd6e5db9fc02ef P 3317b29148b540f58eb3ade079d933a9 [CANDIDATE]: Term 2 election: Requested vote from peers 4d3852d320de4d0da596b4e335dd283a (127.21.78.130:45877), d6c03f2c9f3d45d0a0ab7c574ff6519c (127.21.78.131:32967)
I20260713 09:07:11.740792 23001 tablet_service.cc:1917] Received RequestConsensusVote() RPC: tablet_id: "c104c063b0e64b99bcbd6e5db9fc02ef" candidate_uuid: "3317b29148b540f58eb3ade079d933a9" candidate_term: 2 candidate_status { last_received { term: 1 index: 1 } } ignore_live_leader: false dest_uuid: "4d3852d320de4d0da596b4e335dd283a"
I20260713 09:07:11.742245 23075 tablet_service.cc:1917] Received RequestConsensusVote() RPC: tablet_id: "c104c063b0e64b99bcbd6e5db9fc02ef" candidate_uuid: "3317b29148b540f58eb3ade079d933a9" candidate_term: 2 candidate_status { last_received { term: 1 index: 1 } } ignore_live_leader: false dest_uuid: "d6c03f2c9f3d45d0a0ab7c574ff6519c"
I20260713 09:07:11.745851 23140 raft_consensus.cc:493] T 2329ce47f1134e21a202d7bbf6c4546a P 3317b29148b540f58eb3ade079d933a9 [term 0 FOLLOWER]: Starting pre-election (no leader contacted us within the election timeout)
I20260713 09:07:11.755903 23117 tablet_bootstrap.cc:492] T 4d5e57e0958146968805e409280a19ee P 4d3852d320de4d0da596b4e335dd283a: No bootstrap required, opened a new log
I20260713 09:07:11.756494 23117 ts_tablet_manager.cc:1403] T 4d5e57e0958146968805e409280a19ee P 4d3852d320de4d0da596b4e335dd283a: Time spent bootstrapping tablet: real 0.189s	user 0.021s	sys 0.012s
I20260713 09:07:11.746496 23140 raft_consensus.cc:515] T 2329ce47f1134e21a202d7bbf6c4546a P 3317b29148b540f58eb3ade079d933a9 [term 0 FOLLOWER]: Starting pre-election with config: opid_index: -1 OBSOLETE_local: false peers { permanent_uuid: "3317b29148b540f58eb3ade079d933a9" member_type: VOTER last_known_addr { host: "127.21.78.129" port: 44225 } } peers { permanent_uuid: "4d3852d320de4d0da596b4e335dd283a" member_type: VOTER last_known_addr { host: "127.21.78.130" port: 45877 } } peers { permanent_uuid: "d6c03f2c9f3d45d0a0ab7c574ff6519c" member_type: VOTER last_known_addr { host: "127.21.78.131" port: 32967 } }
I20260713 09:07:11.779753 22823 catalog_manager.cc:5697] T e19f001bbab44f3eb0a6ffde3491684f P d6c03f2c9f3d45d0a0ab7c574ff6519c reported cstate change: term changed from 0 to 1, leader changed from <none> to d6c03f2c9f3d45d0a0ab7c574ff6519c (127.21.78.131). New cstate: current_term: 1 leader_uuid: "d6c03f2c9f3d45d0a0ab7c574ff6519c" committed_config { opid_index: -1 OBSOLETE_local: false peers { permanent_uuid: "3317b29148b540f58eb3ade079d933a9" member_type: VOTER last_known_addr { host: "127.21.78.129" port: 44225 } health_report { overall_health: UNKNOWN } } peers { permanent_uuid: "4d3852d320de4d0da596b4e335dd283a" member_type: VOTER last_known_addr { host: "127.21.78.130" port: 45877 } health_report { overall_health: UNKNOWN } } peers { permanent_uuid: "d6c03f2c9f3d45d0a0ab7c574ff6519c" member_type: VOTER last_known_addr { host: "127.21.78.131" port: 32967 } health_report { overall_health: HEALTHY } } }
I20260713 09:07:11.782322 23140 leader_election.cc:290] T 2329ce47f1134e21a202d7bbf6c4546a P 3317b29148b540f58eb3ade079d933a9 [CANDIDATE]: Term 1 pre-election: Requested pre-vote from peers 4d3852d320de4d0da596b4e335dd283a (127.21.78.130:45877), d6c03f2c9f3d45d0a0ab7c574ff6519c (127.21.78.131:32967)
I20260713 09:07:11.784189 23117 raft_consensus.cc:359] T 4d5e57e0958146968805e409280a19ee P 4d3852d320de4d0da596b4e335dd283a [term 0 FOLLOWER]: Replica starting. Triggering 0 pending ops. Active config: opid_index: -1 OBSOLETE_local: false peers { permanent_uuid: "3317b29148b540f58eb3ade079d933a9" member_type: VOTER last_known_addr { host: "127.21.78.129" port: 44225 } } peers { permanent_uuid: "4d3852d320de4d0da596b4e335dd283a" member_type: VOTER last_known_addr { host: "127.21.78.130" port: 45877 } } peers { permanent_uuid: "d6c03f2c9f3d45d0a0ab7c574ff6519c" member_type: VOTER last_known_addr { host: "127.21.78.131" port: 32967 } }
I20260713 09:07:11.790858 23117 raft_consensus.cc:385] T 4d5e57e0958146968805e409280a19ee P 4d3852d320de4d0da596b4e335dd283a [term 0 FOLLOWER]: Consensus starting up: Expiring failure detector timer to make a prompt election more likely
I20260713 09:07:11.791283 23117 raft_consensus.cc:740] T 4d5e57e0958146968805e409280a19ee P 4d3852d320de4d0da596b4e335dd283a [term 0 FOLLOWER]: Becoming Follower/Learner. State: Replica: 4d3852d320de4d0da596b4e335dd283a, State: Initialized, Role: FOLLOWER
I20260713 09:07:11.792476 23121 raft_consensus.cc:359] T 3c873de457b245889c197afd19e5ff3b P d6c03f2c9f3d45d0a0ab7c574ff6519c [term 0 FOLLOWER]: Replica starting. Triggering 0 pending ops. Active config: opid_index: -1 OBSOLETE_local: false peers { permanent_uuid: "3317b29148b540f58eb3ade079d933a9" member_type: VOTER last_known_addr { host: "127.21.78.129" port: 44225 } } peers { permanent_uuid: "4d3852d320de4d0da596b4e335dd283a" member_type: VOTER last_known_addr { host: "127.21.78.130" port: 45877 } } peers { permanent_uuid: "d6c03f2c9f3d45d0a0ab7c574ff6519c" member_type: VOTER last_known_addr { host: "127.21.78.131" port: 32967 } }
I20260713 09:07:11.793375 23121 raft_consensus.cc:385] T 3c873de457b245889c197afd19e5ff3b P d6c03f2c9f3d45d0a0ab7c574ff6519c [term 0 FOLLOWER]: Consensus starting up: Expiring failure detector timer to make a prompt election more likely
I20260713 09:07:11.794545 23121 raft_consensus.cc:740] T 3c873de457b245889c197afd19e5ff3b P d6c03f2c9f3d45d0a0ab7c574ff6519c [term 0 FOLLOWER]: Becoming Follower/Learner. State: Replica: d6c03f2c9f3d45d0a0ab7c574ff6519c, State: Initialized, Role: FOLLOWER
I20260713 09:07:11.801016 23117 consensus_queue.cc:260] T 4d5e57e0958146968805e409280a19ee P 4d3852d320de4d0da596b4e335dd283a [NON_LEADER]: Queue going to NON_LEADER mode. State: All replicated index: 0, Majority replicated index: 0, Committed index: 0, Last appended: 0.0, Last appended by leader: 0, Current term: 0, Majority size: -1, State: 0, Mode: NON_LEADER, active raft config: opid_index: -1 OBSOLETE_local: false peers { permanent_uuid: "3317b29148b540f58eb3ade079d933a9" member_type: VOTER last_known_addr { host: "127.21.78.129" port: 44225 } } peers { permanent_uuid: "4d3852d320de4d0da596b4e335dd283a" member_type: VOTER last_known_addr { host: "127.21.78.130" port: 45877 } } peers { permanent_uuid: "d6c03f2c9f3d45d0a0ab7c574ff6519c" member_type: VOTER last_known_addr { host: "127.21.78.131" port: 32967 } }
I20260713 09:07:11.809024 23077 tablet_service.cc:1917] Received RequestConsensusVote() RPC: tablet_id: "2329ce47f1134e21a202d7bbf6c4546a" candidate_uuid: "3317b29148b540f58eb3ade079d933a9" candidate_term: 1 candidate_status { last_received { term: 0 index: 0 } } ignore_live_leader: false dest_uuid: "d6c03f2c9f3d45d0a0ab7c574ff6519c" is_pre_election: true
I20260713 09:07:11.809813 23077 raft_consensus.cc:2468] T 2329ce47f1134e21a202d7bbf6c4546a P d6c03f2c9f3d45d0a0ab7c574ff6519c [term 0 FOLLOWER]: Leader pre-election vote request: Granting yes vote for candidate 3317b29148b540f58eb3ade079d933a9 in term 0.
I20260713 09:07:11.800662 23121 consensus_queue.cc:260] T 3c873de457b245889c197afd19e5ff3b P d6c03f2c9f3d45d0a0ab7c574ff6519c [NON_LEADER]: Queue going to NON_LEADER mode. State: All replicated index: 0, Majority replicated index: 0, Committed index: 0, Last appended: 0.0, Last appended by leader: 0, Current term: 0, Majority size: -1, State: 0, Mode: NON_LEADER, active raft config: opid_index: -1 OBSOLETE_local: false peers { permanent_uuid: "3317b29148b540f58eb3ade079d933a9" member_type: VOTER last_known_addr { host: "127.21.78.129" port: 44225 } } peers { permanent_uuid: "4d3852d320de4d0da596b4e335dd283a" member_type: VOTER last_known_addr { host: "127.21.78.130" port: 45877 } } peers { permanent_uuid: "d6c03f2c9f3d45d0a0ab7c574ff6519c" member_type: VOTER last_known_addr { host: "127.21.78.131" port: 32967 } }
I20260713 09:07:11.763192 22967 leader_election.cc:304] T d462856c2fec4f499148a10c0bd613c8 P 4d3852d320de4d0da596b4e335dd283a [CANDIDATE]: Term 1 election: Election decided. Result: candidate won. Election summary: received 3 responses out of 3 voters: 2 yes votes; 1 no votes. yes voters: 3317b29148b540f58eb3ade079d933a9, 4d3852d320de4d0da596b4e335dd283a; no voters: d6c03f2c9f3d45d0a0ab7c574ff6519c
I20260713 09:07:11.817435 23120 raft_consensus.cc:2804] T d462856c2fec4f499148a10c0bd613c8 P 4d3852d320de4d0da596b4e335dd283a [term 1 FOLLOWER]: Leader election won for term 1
I20260713 09:07:11.817989 23120 raft_consensus.cc:697] T d462856c2fec4f499148a10c0bd613c8 P 4d3852d320de4d0da596b4e335dd283a [term 1 LEADER]: Becoming Leader. State: Replica: 4d3852d320de4d0da596b4e335dd283a, State: Running, Role: LEADER
I20260713 09:07:11.818816 23120 consensus_queue.cc:237] T d462856c2fec4f499148a10c0bd613c8 P 4d3852d320de4d0da596b4e335dd283a [LEADER]: Queue going to LEADER mode. State: All replicated index: 0, Majority replicated index: 0, Committed index: 0, Last appended: 0.0, Last appended by leader: 0, Current term: 1, Majority size: 2, State: 0, Mode: LEADER, active raft config: opid_index: -1 OBSOLETE_local: false peers { permanent_uuid: "3317b29148b540f58eb3ade079d933a9" member_type: VOTER last_known_addr { host: "127.21.78.129" port: 44225 } } peers { permanent_uuid: "4d3852d320de4d0da596b4e335dd283a" member_type: VOTER last_known_addr { host: "127.21.78.130" port: 45877 } } peers { permanent_uuid: "d6c03f2c9f3d45d0a0ab7c574ff6519c" member_type: VOTER last_known_addr { host: "127.21.78.131" port: 32967 } }
W20260713 09:07:11.822770 22967 outbound_call.cc:321] RPC callback for RPC call kudu.consensus.ConsensusService.RequestConsensusVote -> {remote=127.21.78.129:44225, user_credentials={real_user=slave}} blocked reactor thread for 67828.2us
I20260713 09:07:11.825136 23075 raft_consensus.cc:2468] T c104c063b0e64b99bcbd6e5db9fc02ef P d6c03f2c9f3d45d0a0ab7c574ff6519c [term 2 FOLLOWER]: Leader election vote request: Granting yes vote for candidate 3317b29148b540f58eb3ade079d933a9 in term 2.
I20260713 09:07:11.827152 23117 ts_tablet_manager.cc:1434] T 4d5e57e0958146968805e409280a19ee P 4d3852d320de4d0da596b4e335dd283a: Time spent starting tablet: real 0.070s	user 0.010s	sys 0.005s
I20260713 09:07:11.827482 23000 tablet_service.cc:1917] Received RequestConsensusVote() RPC: tablet_id: "2329ce47f1134e21a202d7bbf6c4546a" candidate_uuid: "3317b29148b540f58eb3ade079d933a9" candidate_term: 1 candidate_status { last_received { term: 0 index: 0 } } ignore_live_leader: false dest_uuid: "4d3852d320de4d0da596b4e335dd283a" is_pre_election: true
I20260713 09:07:11.828214 23117 tablet_bootstrap.cc:492] T 2329ce47f1134e21a202d7bbf6c4546a P 4d3852d320de4d0da596b4e335dd283a: Bootstrap starting.
I20260713 09:07:11.830734 23000 raft_consensus.cc:3060] T 4d5e57e0958146968805e409280a19ee P 4d3852d320de4d0da596b4e335dd283a [term 0 FOLLOWER]: Advancing to term 1
I20260713 09:07:11.832804 23121 ts_tablet_manager.cc:1434] T 3c873de457b245889c197afd19e5ff3b P d6c03f2c9f3d45d0a0ab7c574ff6519c: Time spent starting tablet: real 0.133s	user 0.009s	sys 0.000s
I20260713 09:07:11.833969 23121 tablet_bootstrap.cc:492] T 05c5d9f7a1bd472095b3f65c0bd54ca0 P d6c03f2c9f3d45d0a0ab7c574ff6519c: Bootstrap starting.
I20260713 09:07:11.832065 23231 raft_consensus.cc:493] T 3c873de457b245889c197afd19e5ff3b P 4d3852d320de4d0da596b4e335dd283a [term 0 FOLLOWER]: Starting pre-election (no leader contacted us within the election timeout)
I20260713 09:07:11.839651 23231 raft_consensus.cc:515] T 3c873de457b245889c197afd19e5ff3b P 4d3852d320de4d0da596b4e335dd283a [term 0 FOLLOWER]: Starting pre-election with config: opid_index: -1 OBSOLETE_local: false peers { permanent_uuid: "3317b29148b540f58eb3ade079d933a9" member_type: VOTER last_known_addr { host: "127.21.78.129" port: 44225 } } peers { permanent_uuid: "4d3852d320de4d0da596b4e335dd283a" member_type: VOTER last_known_addr { host: "127.21.78.130" port: 45877 } } peers { permanent_uuid: "d6c03f2c9f3d45d0a0ab7c574ff6519c" member_type: VOTER last_known_addr { host: "127.21.78.131" port: 32967 } }
I20260713 09:07:11.841750 23231 leader_election.cc:290] T 3c873de457b245889c197afd19e5ff3b P 4d3852d320de4d0da596b4e335dd283a [CANDIDATE]: Term 1 pre-election: Requested pre-vote from peers 3317b29148b540f58eb3ade079d933a9 (127.21.78.129:44225), d6c03f2c9f3d45d0a0ab7c574ff6519c (127.21.78.131:32967)
I20260713 09:07:11.832037 22892 leader_election.cc:304] T 2329ce47f1134e21a202d7bbf6c4546a P 3317b29148b540f58eb3ade079d933a9 [CANDIDATE]: Term 1 pre-election: Election decided. Result: candidate won. Election summary: received 2 responses out of 3 voters: 2 yes votes; 0 no votes. yes voters: 3317b29148b540f58eb3ade079d933a9, d6c03f2c9f3d45d0a0ab7c574ff6519c; no voters: 
W20260713 09:07:11.851291 22891 leader_election.cc:343] T 2329ce47f1134e21a202d7bbf6c4546a P 3317b29148b540f58eb3ade079d933a9 [CANDIDATE]: Term 1 pre-election: Tablet error from VoteRequest() call to peer 4d3852d320de4d0da596b4e335dd283a (127.21.78.130:45877): Illegal state: must be running to vote when last-logged opid is not known
I20260713 09:07:11.852437 23117 tablet_bootstrap.cc:654] T 2329ce47f1134e21a202d7bbf6c4546a P 4d3852d320de4d0da596b4e335dd283a: Neither blocks nor log segments found. Creating new log.
I20260713 09:07:11.856845 23125 raft_consensus.cc:2804] T 2329ce47f1134e21a202d7bbf6c4546a P 3317b29148b540f58eb3ade079d933a9 [term 0 FOLLOWER]: Leader pre-election won for term 1
I20260713 09:07:11.858142 23118 tablet_bootstrap.cc:492] T 3c873de457b245889c197afd19e5ff3b P 3317b29148b540f58eb3ade079d933a9: No bootstrap required, opened a new log
I20260713 09:07:11.859120 23118 ts_tablet_manager.cc:1403] T 3c873de457b245889c197afd19e5ff3b P 3317b29148b540f58eb3ade079d933a9: Time spent bootstrapping tablet: real 0.377s	user 0.041s	sys 0.033s
I20260713 09:07:11.859180 23125 raft_consensus.cc:493] T 2329ce47f1134e21a202d7bbf6c4546a P 3317b29148b540f58eb3ade079d933a9 [term 0 FOLLOWER]: Starting leader election (no leader contacted us within the election timeout)
I20260713 09:07:11.862216 23125 raft_consensus.cc:3060] T 2329ce47f1134e21a202d7bbf6c4546a P 3317b29148b540f58eb3ade079d933a9 [term 0 FOLLOWER]: Advancing to term 1
I20260713 09:07:11.870079 23125 raft_consensus.cc:515] T 2329ce47f1134e21a202d7bbf6c4546a P 3317b29148b540f58eb3ade079d933a9 [term 1 FOLLOWER]: Starting leader election with config: opid_index: -1 OBSOLETE_local: false peers { permanent_uuid: "3317b29148b540f58eb3ade079d933a9" member_type: VOTER last_known_addr { host: "127.21.78.129" port: 44225 } } peers { permanent_uuid: "4d3852d320de4d0da596b4e335dd283a" member_type: VOTER last_known_addr { host: "127.21.78.130" port: 45877 } } peers { permanent_uuid: "d6c03f2c9f3d45d0a0ab7c574ff6519c" member_type: VOTER last_known_addr { host: "127.21.78.131" port: 32967 } }
