I20260713 09:06:59.400190 17071 raft_consensus.cc:2468] T 8f18c3e9d3d847529d0c2685340e847e P 0a4bc67b789248e6880e1a40ed20b8ae [term 0 FOLLOWER]: Leader pre-election vote request: Granting yes vote for candidate be11b64cb56c4c03990547244a4f8170 in term 0.
I20260713 09:06:59.400388 17145 raft_consensus.cc:2468] T 8f18c3e9d3d847529d0c2685340e847e P 35653e1a2b7d4e9cb9efe8f336dd8483 [term 0 FOLLOWER]: Leader pre-election vote request: Granting yes vote for candidate be11b64cb56c4c03990547244a4f8170 in term 0.
I20260713 09:06:59.401438 17185 leader_election.cc:304] T 8f18c3e9d3d847529d0c2685340e847e P be11b64cb56c4c03990547244a4f8170 [CANDIDATE]: Term 1 pre-election: Election decided. Result: candidate won. Election summary: received 2 responses out of 3 voters: 2 yes votes; 0 no votes. yes voters: 0a4bc67b789248e6880e1a40ed20b8ae, be11b64cb56c4c03990547244a4f8170; no voters: 
I20260713 09:06:59.402259 17304 raft_consensus.cc:2804] T 8f18c3e9d3d847529d0c2685340e847e P be11b64cb56c4c03990547244a4f8170 [term 0 FOLLOWER]: Leader pre-election won for term 1
I20260713 09:06:59.402688 17304 raft_consensus.cc:493] T 8f18c3e9d3d847529d0c2685340e847e P be11b64cb56c4c03990547244a4f8170 [term 0 FOLLOWER]: Starting leader election (no leader contacted us within the election timeout)
I20260713 09:06:59.403043 17304 raft_consensus.cc:3060] T 8f18c3e9d3d847529d0c2685340e847e P be11b64cb56c4c03990547244a4f8170 [term 0 FOLLOWER]: Advancing to term 1
I20260713 09:06:59.403944 17267 raft_consensus.cc:2749] T 24fc7423b26e4d94ab1ee40593af1b98 P 0a4bc67b789248e6880e1a40ed20b8ae [term 1 FOLLOWER]: Leader pre-election lost for term 1. Reason: could not achieve majority
I20260713 09:06:59.408584 17304 raft_consensus.cc:515] T 8f18c3e9d3d847529d0c2685340e847e P be11b64cb56c4c03990547244a4f8170 [term 1 FOLLOWER]: Starting leader election with config: opid_index: -1 OBSOLETE_local: false peers { permanent_uuid: "0a4bc67b789248e6880e1a40ed20b8ae" member_type: VOTER last_known_addr { host: "127.16.14.129" port: 41921 } } peers { permanent_uuid: "35653e1a2b7d4e9cb9efe8f336dd8483" member_type: VOTER last_known_addr { host: "127.16.14.130" port: 44297 } } peers { permanent_uuid: "be11b64cb56c4c03990547244a4f8170" member_type: VOTER last_known_addr { host: "127.16.14.131" port: 35965 } }
I20260713 09:06:59.410301 17304 leader_election.cc:290] T 8f18c3e9d3d847529d0c2685340e847e P be11b64cb56c4c03990547244a4f8170 [CANDIDATE]: Term 1 election: Requested vote from peers 0a4bc67b789248e6880e1a40ed20b8ae (127.16.14.129:41921), 35653e1a2b7d4e9cb9efe8f336dd8483 (127.16.14.130:44297)
I20260713 09:06:59.411351 17071 tablet_service.cc:1917] Received RequestConsensusVote() RPC: tablet_id: "8f18c3e9d3d847529d0c2685340e847e" candidate_uuid: "be11b64cb56c4c03990547244a4f8170" candidate_term: 1 candidate_status { last_received { term: 0 index: 0 } } ignore_live_leader: false dest_uuid: "0a4bc67b789248e6880e1a40ed20b8ae"
I20260713 09:06:59.411406 17145 tablet_service.cc:1917] Received RequestConsensusVote() RPC: tablet_id: "8f18c3e9d3d847529d0c2685340e847e" candidate_uuid: "be11b64cb56c4c03990547244a4f8170" candidate_term: 1 candidate_status { last_received { term: 0 index: 0 } } ignore_live_leader: false dest_uuid: "35653e1a2b7d4e9cb9efe8f336dd8483"
I20260713 09:06:59.411984 17071 raft_consensus.cc:3060] T 8f18c3e9d3d847529d0c2685340e847e P 0a4bc67b789248e6880e1a40ed20b8ae [term 0 FOLLOWER]: Advancing to term 1
I20260713 09:06:59.412045 17145 raft_consensus.cc:3060] T 8f18c3e9d3d847529d0c2685340e847e P 35653e1a2b7d4e9cb9efe8f336dd8483 [term 0 FOLLOWER]: Advancing to term 1
I20260713 09:06:59.416975 17145 raft_consensus.cc:2468] T 8f18c3e9d3d847529d0c2685340e847e P 35653e1a2b7d4e9cb9efe8f336dd8483 [term 1 FOLLOWER]: Leader election vote request: Granting yes vote for candidate be11b64cb56c4c03990547244a4f8170 in term 1.
I20260713 09:06:59.417071 17071 raft_consensus.cc:2468] T 8f18c3e9d3d847529d0c2685340e847e P 0a4bc67b789248e6880e1a40ed20b8ae [term 1 FOLLOWER]: Leader election vote request: Granting yes vote for candidate be11b64cb56c4c03990547244a4f8170 in term 1.
I20260713 09:06:59.418114 17183 leader_election.cc:304] T 8f18c3e9d3d847529d0c2685340e847e P be11b64cb56c4c03990547244a4f8170 [CANDIDATE]: Term 1 election: Election decided. Result: candidate won. Election summary: received 2 responses out of 3 voters: 2 yes votes; 0 no votes. yes voters: 35653e1a2b7d4e9cb9efe8f336dd8483, be11b64cb56c4c03990547244a4f8170; no voters: 
I20260713 09:06:59.418879 17304 raft_consensus.cc:2804] T 8f18c3e9d3d847529d0c2685340e847e P be11b64cb56c4c03990547244a4f8170 [term 1 FOLLOWER]: Leader election won for term 1
I20260713 09:06:59.419365 17304 raft_consensus.cc:697] T 8f18c3e9d3d847529d0c2685340e847e P be11b64cb56c4c03990547244a4f8170 [term 1 LEADER]: Becoming Leader. State: Replica: be11b64cb56c4c03990547244a4f8170, State: Running, Role: LEADER
I20260713 09:06:59.420001 17304 consensus_queue.cc:237] T 8f18c3e9d3d847529d0c2685340e847e P be11b64cb56c4c03990547244a4f8170 [LEADER]: Queue going to LEADER mode. State: All replicated index: 0, Majority replicated index: 0, Committed index: 0, Last appended: 0.0, Last appended by leader: 0, Current term: 1, Majority size: 2, State: 0, Mode: LEADER, active raft config: opid_index: -1 OBSOLETE_local: false peers { permanent_uuid: "0a4bc67b789248e6880e1a40ed20b8ae" member_type: VOTER last_known_addr { host: "127.16.14.129" port: 41921 } } peers { permanent_uuid: "35653e1a2b7d4e9cb9efe8f336dd8483" member_type: VOTER last_known_addr { host: "127.16.14.130" port: 44297 } } peers { permanent_uuid: "be11b64cb56c4c03990547244a4f8170" member_type: VOTER last_known_addr { host: "127.16.14.131" port: 35965 } }
I20260713 09:06:59.427942 16966 catalog_manager.cc:5697] T 8f18c3e9d3d847529d0c2685340e847e P be11b64cb56c4c03990547244a4f8170 reported cstate change: term changed from 0 to 1, leader changed from <none> to be11b64cb56c4c03990547244a4f8170 (127.16.14.131). New cstate: current_term: 1 leader_uuid: "be11b64cb56c4c03990547244a4f8170" committed_config { opid_index: -1 OBSOLETE_local: false peers { permanent_uuid: "0a4bc67b789248e6880e1a40ed20b8ae" member_type: VOTER last_known_addr { host: "127.16.14.129" port: 41921 } health_report { overall_health: UNKNOWN } } peers { permanent_uuid: "35653e1a2b7d4e9cb9efe8f336dd8483" member_type: VOTER last_known_addr { host: "127.16.14.130" port: 44297 } health_report { overall_health: UNKNOWN } } peers { permanent_uuid: "be11b64cb56c4c03990547244a4f8170" member_type: VOTER last_known_addr { host: "127.16.14.131" port: 35965 } health_report { overall_health: HEALTHY } } }
I20260713 09:06:59.505000 17266 consensus_queue.cc:1048] T 23cbf806b558421497aede26b315e97c P 35653e1a2b7d4e9cb9efe8f336dd8483 [LEADER]: Connected to new peer: Peer: permanent_uuid: "be11b64cb56c4c03990547244a4f8170" member_type: VOTER last_known_addr { host: "127.16.14.131" port: 35965 }, Status: LMP_MISMATCH, Last received: 0.0, Next index: 1, Last known committed idx: 0, Time since last communication: 0.000s
I20260713 09:06:59.508431 17219 raft_consensus.cc:3060] T 19ba89cc377e4043938a17054907e663 P be11b64cb56c4c03990547244a4f8170 [term 0 FOLLOWER]: Advancing to term 1
I20260713 09:06:59.519276 17296 consensus_queue.cc:1048] T 23cbf806b558421497aede26b315e97c P 35653e1a2b7d4e9cb9efe8f336dd8483 [LEADER]: Connected to new peer: Peer: permanent_uuid: "0a4bc67b789248e6880e1a40ed20b8ae" member_type: VOTER last_known_addr { host: "127.16.14.129" port: 41921 }, Status: LMP_MISMATCH, Last received: 0.0, Next index: 1, Last known committed idx: 0, Time since last communication: 0.001s
I20260713 09:06:59.524266 17280 raft_consensus.cc:493] T 1b73edd8ac9d41fa8f64af4a20cf8aae P 0a4bc67b789248e6880e1a40ed20b8ae [term 0 FOLLOWER]: Starting pre-election (no leader contacted us within the election timeout)
I20260713 09:06:59.524816 17280 raft_consensus.cc:515] T 1b73edd8ac9d41fa8f64af4a20cf8aae P 0a4bc67b789248e6880e1a40ed20b8ae [term 0 FOLLOWER]: Starting pre-election with config: opid_index: -1 OBSOLETE_local: false peers { permanent_uuid: "0a4bc67b789248e6880e1a40ed20b8ae" member_type: VOTER last_known_addr { host: "127.16.14.129" port: 41921 } } peers { permanent_uuid: "35653e1a2b7d4e9cb9efe8f336dd8483" member_type: VOTER last_known_addr { host: "127.16.14.130" port: 44297 } } peers { permanent_uuid: "be11b64cb56c4c03990547244a4f8170" member_type: VOTER last_known_addr { host: "127.16.14.131" port: 35965 } }
I20260713 09:06:59.527099 17280 leader_election.cc:290] T 1b73edd8ac9d41fa8f64af4a20cf8aae P 0a4bc67b789248e6880e1a40ed20b8ae [CANDIDATE]: Term 1 pre-election: Requested pre-vote from peers 35653e1a2b7d4e9cb9efe8f336dd8483 (127.16.14.130:44297), be11b64cb56c4c03990547244a4f8170 (127.16.14.131:35965)
I20260713 09:06:59.527671 17280 consensus_queue.cc:1048] T 19ba89cc377e4043938a17054907e663 P 0a4bc67b789248e6880e1a40ed20b8ae [LEADER]: Connected to new peer: Peer: permanent_uuid: "be11b64cb56c4c03990547244a4f8170" member_type: VOTER last_known_addr { host: "127.16.14.131" port: 35965 }, Status: LMP_MISMATCH, Last received: 0.0, Next index: 1, Last known committed idx: 0, Time since last communication: 0.000s
I20260713 09:06:59.528661 17219 tablet_service.cc:1917] Received RequestConsensusVote() RPC: tablet_id: "1b73edd8ac9d41fa8f64af4a20cf8aae" candidate_uuid: "0a4bc67b789248e6880e1a40ed20b8ae" candidate_term: 1 candidate_status { last_received { term: 0 index: 0 } } ignore_live_leader: false dest_uuid: "be11b64cb56c4c03990547244a4f8170" is_pre_election: true
I20260713 09:06:59.530210 17145 tablet_service.cc:1917] Received RequestConsensusVote() RPC: tablet_id: "1b73edd8ac9d41fa8f64af4a20cf8aae" candidate_uuid: "0a4bc67b789248e6880e1a40ed20b8ae" candidate_term: 1 candidate_status { last_received { term: 0 index: 0 } } ignore_live_leader: false dest_uuid: "35653e1a2b7d4e9cb9efe8f336dd8483" is_pre_election: true
I20260713 09:06:59.533483 17145 raft_consensus.cc:2393] T 1b73edd8ac9d41fa8f64af4a20cf8aae P 35653e1a2b7d4e9cb9efe8f336dd8483 [term 1 FOLLOWER]: Leader pre-election vote request: Denying vote to candidate 0a4bc67b789248e6880e1a40ed20b8ae in current term 1: Already voted for candidate be11b64cb56c4c03990547244a4f8170 in this term.
I20260713 09:06:59.535483 17034 leader_election.cc:304] T 1b73edd8ac9d41fa8f64af4a20cf8aae P 0a4bc67b789248e6880e1a40ed20b8ae [CANDIDATE]: Term 1 pre-election: Election decided. Result: candidate lost. Election summary: received 3 responses out of 3 voters: 1 yes votes; 2 no votes. yes voters: 0a4bc67b789248e6880e1a40ed20b8ae; no voters: 35653e1a2b7d4e9cb9efe8f336dd8483, be11b64cb56c4c03990547244a4f8170
I20260713 09:06:59.536201 17280 raft_consensus.cc:3060] T 1b73edd8ac9d41fa8f64af4a20cf8aae P 0a4bc67b789248e6880e1a40ed20b8ae [term 0 FOLLOWER]: Advancing to term 1
I20260713 09:06:59.544638 17280 raft_consensus.cc:2749] T 1b73edd8ac9d41fa8f64af4a20cf8aae P 0a4bc67b789248e6880e1a40ed20b8ae [term 1 FOLLOWER]: Leader pre-election lost for term 1. Reason: could not achieve majority
I20260713 09:06:59.546775 17267 consensus_queue.cc:1048] T 19ba89cc377e4043938a17054907e663 P 0a4bc67b789248e6880e1a40ed20b8ae [LEADER]: Connected to new peer: Peer: permanent_uuid: "35653e1a2b7d4e9cb9efe8f336dd8483" member_type: VOTER last_known_addr { host: "127.16.14.130" port: 44297 }, Status: LMP_MISMATCH, Last received: 0.0, Next index: 1, Last known committed idx: 0, Time since last communication: 0.001s
I20260713 09:06:59.580127 17296 raft_consensus.cc:493] T 4c4cfc28659040d28992c5fbc323212f P 35653e1a2b7d4e9cb9efe8f336dd8483 [term 0 FOLLOWER]: Starting pre-election (no leader contacted us within the election timeout)
I20260713 09:06:59.580507 17304 consensus_queue.cc:1048] T 6653246b5c794aac8d4b50c2b4f30be3 P be11b64cb56c4c03990547244a4f8170 [LEADER]: Connected to new peer: Peer: permanent_uuid: "0a4bc67b789248e6880e1a40ed20b8ae" member_type: VOTER last_known_addr { host: "127.16.14.129" port: 41921 }, Status: LMP_MISMATCH, Last received: 0.0, Next index: 1, Last known committed idx: 0, Time since last communication: 0.000s
I20260713 09:06:59.580632 17296 raft_consensus.cc:515] T 4c4cfc28659040d28992c5fbc323212f P 35653e1a2b7d4e9cb9efe8f336dd8483 [term 0 FOLLOWER]: Starting pre-election with config: opid_index: -1 OBSOLETE_local: false peers { permanent_uuid: "0a4bc67b789248e6880e1a40ed20b8ae" member_type: VOTER last_known_addr { host: "127.16.14.129" port: 41921 } } peers { permanent_uuid: "35653e1a2b7d4e9cb9efe8f336dd8483" member_type: VOTER last_known_addr { host: "127.16.14.130" port: 44297 } } peers { permanent_uuid: "be11b64cb56c4c03990547244a4f8170" member_type: VOTER last_known_addr { host: "127.16.14.131" port: 35965 } }
I20260713 09:06:59.582708 17296 leader_election.cc:290] T 4c4cfc28659040d28992c5fbc323212f P 35653e1a2b7d4e9cb9efe8f336dd8483 [CANDIDATE]: Term 1 pre-election: Requested pre-vote from peers 0a4bc67b789248e6880e1a40ed20b8ae (127.16.14.129:41921), be11b64cb56c4c03990547244a4f8170 (127.16.14.131:35965)
I20260713 09:06:59.583475 17070 tablet_service.cc:1917] Received RequestConsensusVote() RPC: tablet_id: "4c4cfc28659040d28992c5fbc323212f" candidate_uuid: "35653e1a2b7d4e9cb9efe8f336dd8483" candidate_term: 1 candidate_status { last_received { term: 0 index: 0 } } ignore_live_leader: false dest_uuid: "0a4bc67b789248e6880e1a40ed20b8ae" is_pre_election: true
I20260713 09:06:59.584250 17219 tablet_service.cc:1917] Received RequestConsensusVote() RPC: tablet_id: "4c4cfc28659040d28992c5fbc323212f" candidate_uuid: "35653e1a2b7d4e9cb9efe8f336dd8483" candidate_term: 1 candidate_status { last_received { term: 0 index: 0 } } ignore_live_leader: false dest_uuid: "be11b64cb56c4c03990547244a4f8170" is_pre_election: true
I20260713 09:06:59.584319 17070 raft_consensus.cc:2468] T 4c4cfc28659040d28992c5fbc323212f P 0a4bc67b789248e6880e1a40ed20b8ae [term 0 FOLLOWER]: Leader pre-election vote request: Granting yes vote for candidate 35653e1a2b7d4e9cb9efe8f336dd8483 in term 0.
I20260713 09:06:59.585049 17219 raft_consensus.cc:2468] T 4c4cfc28659040d28992c5fbc323212f P be11b64cb56c4c03990547244a4f8170 [term 0 FOLLOWER]: Leader pre-election vote request: Granting yes vote for candidate 35653e1a2b7d4e9cb9efe8f336dd8483 in term 0.
I20260713 09:06:59.586476 17111 leader_election.cc:304] T 4c4cfc28659040d28992c5fbc323212f P 35653e1a2b7d4e9cb9efe8f336dd8483 [CANDIDATE]: Term 1 pre-election: Election decided. Result: candidate won. Election summary: received 2 responses out of 3 voters: 2 yes votes; 0 no votes. yes voters: 0a4bc67b789248e6880e1a40ed20b8ae, 35653e1a2b7d4e9cb9efe8f336dd8483; no voters: 
I20260713 09:06:59.589273 17296 raft_consensus.cc:2804] T 4c4cfc28659040d28992c5fbc323212f P 35653e1a2b7d4e9cb9efe8f336dd8483 [term 0 FOLLOWER]: Leader pre-election won for term 1
I20260713 09:06:59.589710 17296 raft_consensus.cc:493] T 4c4cfc28659040d28992c5fbc323212f P 35653e1a2b7d4e9cb9efe8f336dd8483 [term 0 FOLLOWER]: Starting leader election (no leader contacted us within the election timeout)
I20260713 09:06:59.590063 17296 raft_consensus.cc:3060] T 4c4cfc28659040d28992c5fbc323212f P 35653e1a2b7d4e9cb9efe8f336dd8483 [term 0 FOLLOWER]: Advancing to term 1
I20260713 09:06:59.598089 17296 raft_consensus.cc:515] T 4c4cfc28659040d28992c5fbc323212f P 35653e1a2b7d4e9cb9efe8f336dd8483 [term 1 FOLLOWER]: Starting leader election with config: opid_index: -1 OBSOLETE_local: false peers { permanent_uuid: "0a4bc67b789248e6880e1a40ed20b8ae" member_type: VOTER last_known_addr { host: "127.16.14.129" port: 41921 } } peers { permanent_uuid: "35653e1a2b7d4e9cb9efe8f336dd8483" member_type: VOTER last_known_addr { host: "127.16.14.130" port: 44297 } } peers { permanent_uuid: "be11b64cb56c4c03990547244a4f8170" member_type: VOTER last_known_addr { host: "127.16.14.131" port: 35965 } }
I20260713 09:06:59.599174 17269 consensus_queue.cc:1048] T 6653246b5c794aac8d4b50c2b4f30be3 P be11b64cb56c4c03990547244a4f8170 [LEADER]: Connected to new peer: Peer: permanent_uuid: "35653e1a2b7d4e9cb9efe8f336dd8483" member_type: VOTER last_known_addr { host: "127.16.14.130" port: 44297 }, Status: LMP_MISMATCH, Last received: 0.0, Next index: 1, Last known committed idx: 0, Time since last communication: 0.000s
I20260713 09:06:59.600819 17296 leader_election.cc:290] T 4c4cfc28659040d28992c5fbc323212f P 35653e1a2b7d4e9cb9efe8f336dd8483 [CANDIDATE]: Term 1 election: Requested vote from peers 0a4bc67b789248e6880e1a40ed20b8ae (127.16.14.129:41921), be11b64cb56c4c03990547244a4f8170 (127.16.14.131:35965)
I20260713 09:06:59.601828 17071 tablet_service.cc:1917] Received RequestConsensusVote() RPC: tablet_id: "4c4cfc28659040d28992c5fbc323212f" candidate_uuid: "35653e1a2b7d4e9cb9efe8f336dd8483" candidate_term: 1 candidate_status { last_received { term: 0 index: 0 } } ignore_live_leader: false dest_uuid: "0a4bc67b789248e6880e1a40ed20b8ae"
I20260713 09:06:59.602065 17219 tablet_service.cc:1917] Received RequestConsensusVote() RPC: tablet_id: "4c4cfc28659040d28992c5fbc323212f" candidate_uuid: "35653e1a2b7d4e9cb9efe8f336dd8483" candidate_term: 1 candidate_status { last_received { term: 0 index: 0 } } ignore_live_leader: false dest_uuid: "be11b64cb56c4c03990547244a4f8170"
I20260713 09:06:59.602550 17071 raft_consensus.cc:3060] T 4c4cfc28659040d28992c5fbc323212f P 0a4bc67b789248e6880e1a40ed20b8ae [term 0 FOLLOWER]: Advancing to term 1
I20260713 09:06:59.602632 17219 raft_consensus.cc:3060] T 4c4cfc28659040d28992c5fbc323212f P be11b64cb56c4c03990547244a4f8170 [term 0 FOLLOWER]: Advancing to term 1
I20260713 09:06:59.610541 17219 raft_consensus.cc:2468] T 4c4cfc28659040d28992c5fbc323212f P be11b64cb56c4c03990547244a4f8170 [term 1 FOLLOWER]: Leader election vote request: Granting yes vote for candidate 35653e1a2b7d4e9cb9efe8f336dd8483 in term 1.
I20260713 09:06:59.612043 17112 leader_election.cc:304] T 4c4cfc28659040d28992c5fbc323212f P 35653e1a2b7d4e9cb9efe8f336dd8483 [CANDIDATE]: Term 1 election: Election decided. Result: candidate won. Election summary: received 2 responses out of 3 voters: 2 yes votes; 0 no votes. yes voters: 35653e1a2b7d4e9cb9efe8f336dd8483, be11b64cb56c4c03990547244a4f8170; no voters: 
I20260713 09:06:59.613695 17266 raft_consensus.cc:2804] T 4c4cfc28659040d28992c5fbc323212f P 35653e1a2b7d4e9cb9efe8f336dd8483 [term 1 FOLLOWER]: Leader election won for term 1
I20260713 09:06:59.613760 17071 raft_consensus.cc:2468] T 4c4cfc28659040d28992c5fbc323212f P 0a4bc67b789248e6880e1a40ed20b8ae [term 1 FOLLOWER]: Leader election vote request: Granting yes vote for candidate 35653e1a2b7d4e9cb9efe8f336dd8483 in term 1.
I20260713 09:06:59.614257 17266 raft_consensus.cc:697] T 4c4cfc28659040d28992c5fbc323212f P 35653e1a2b7d4e9cb9efe8f336dd8483 [term 1 LEADER]: Becoming Leader. State: Replica: 35653e1a2b7d4e9cb9efe8f336dd8483, State: Running, Role: LEADER
I20260713 09:06:59.615147 17266 consensus_queue.cc:237] T 4c4cfc28659040d28992c5fbc323212f P 35653e1a2b7d4e9cb9efe8f336dd8483 [LEADER]: Queue going to LEADER mode. State: All replicated index: 0, Majority replicated index: 0, Committed index: 0, Last appended: 0.0, Last appended by leader: 0, Current term: 1, Majority size: 2, State: 0, Mode: LEADER, active raft config: opid_index: -1 OBSOLETE_local: false peers { permanent_uuid: "0a4bc67b789248e6880e1a40ed20b8ae" member_type: VOTER last_known_addr { host: "127.16.14.129" port: 41921 } } peers { permanent_uuid: "35653e1a2b7d4e9cb9efe8f336dd8483" member_type: VOTER last_known_addr { host: "127.16.14.130" port: 44297 } } peers { permanent_uuid: "be11b64cb56c4c03990547244a4f8170" member_type: VOTER last_known_addr { host: "127.16.14.131" port: 35965 } }
I20260713 09:06:59.617352 17295 consensus_queue.cc:1048] T 24fc7423b26e4d94ab1ee40593af1b98 P 35653e1a2b7d4e9cb9efe8f336dd8483 [LEADER]: Connected to new peer: Peer: permanent_uuid: "0a4bc67b789248e6880e1a40ed20b8ae" member_type: VOTER last_known_addr { host: "127.16.14.129" port: 41921 }, Status: LMP_MISMATCH, Last received: 0.0, Next index: 1, Last known committed idx: 0, Time since last communication: 0.000s
I20260713 09:06:59.624229 16967 catalog_manager.cc:5697] T 4c4cfc28659040d28992c5fbc323212f P 35653e1a2b7d4e9cb9efe8f336dd8483 reported cstate change: term changed from 0 to 1, leader changed from <none> to 35653e1a2b7d4e9cb9efe8f336dd8483 (127.16.14.130). New cstate: current_term: 1 leader_uuid: "35653e1a2b7d4e9cb9efe8f336dd8483" committed_config { opid_index: -1 OBSOLETE_local: false peers { permanent_uuid: "0a4bc67b789248e6880e1a40ed20b8ae" member_type: VOTER last_known_addr { host: "127.16.14.129" port: 41921 } health_report { overall_health: UNKNOWN } } peers { permanent_uuid: "35653e1a2b7d4e9cb9efe8f336dd8483" member_type: VOTER last_known_addr { host: "127.16.14.130" port: 44297 } health_report { overall_health: HEALTHY } } peers { permanent_uuid: "be11b64cb56c4c03990547244a4f8170" member_type: VOTER last_known_addr { host: "127.16.14.131" port: 35965 } health_report { overall_health: UNKNOWN } } }
I20260713 09:06:59.631558 17296 consensus_queue.cc:1048] T 24fc7423b26e4d94ab1ee40593af1b98 P 35653e1a2b7d4e9cb9efe8f336dd8483 [LEADER]: Connected to new peer: Peer: permanent_uuid: "be11b64cb56c4c03990547244a4f8170" member_type: VOTER last_known_addr { host: "127.16.14.131" port: 35965 }, Status: LMP_MISMATCH, Last received: 0.0, Next index: 1, Last known committed idx: 0, Time since last communication: 0.000s
I20260713 09:06:59.645074 17269 consensus_queue.cc:1048] T 1b73edd8ac9d41fa8f64af4a20cf8aae P be11b64cb56c4c03990547244a4f8170 [LEADER]: Connected to new peer: Peer: permanent_uuid: "0a4bc67b789248e6880e1a40ed20b8ae" member_type: VOTER last_known_addr { host: "127.16.14.129" port: 41921 }, Status: LMP_MISMATCH, Last received: 0.0, Next index: 1, Last known committed idx: 0, Time since last communication: 0.000s
I20260713 09:06:59.657672 17304 consensus_queue.cc:1048] T 1b73edd8ac9d41fa8f64af4a20cf8aae P be11b64cb56c4c03990547244a4f8170 [LEADER]: Connected to new peer: Peer: permanent_uuid: "35653e1a2b7d4e9cb9efe8f336dd8483" member_type: VOTER last_known_addr { host: "127.16.14.130" port: 44297 }, Status: LMP_MISMATCH, Last received: 0.0, Next index: 1, Last known committed idx: 0, Time since last communication: 0.000s
I20260713 09:06:59.737609 17219 raft_consensus.cc:3060] T e1b1481643e74062b14ff019e332cd6b P be11b64cb56c4c03990547244a4f8170 [term 0 FOLLOWER]: Advancing to term 1
I20260713 09:06:59.745277 17267 consensus_queue.cc:1048] T e1b1481643e74062b14ff019e332cd6b P 0a4bc67b789248e6880e1a40ed20b8ae [LEADER]: Connected to new peer: Peer: permanent_uuid: "be11b64cb56c4c03990547244a4f8170" member_type: VOTER last_known_addr { host: "127.16.14.131" port: 35965 }, Status: LMP_MISMATCH, Last received: 0.0, Next index: 1, Last known committed idx: 0, Time since last communication: 0.000s
I20260713 09:06:59.756603 17280 consensus_queue.cc:1048] T e1b1481643e74062b14ff019e332cd6b P 0a4bc67b789248e6880e1a40ed20b8ae [LEADER]: Connected to new peer: Peer: permanent_uuid: "35653e1a2b7d4e9cb9efe8f336dd8483" member_type: VOTER last_known_addr { host: "127.16.14.130" port: 44297 }, Status: LMP_MISMATCH, Last received: 0.0, Next index: 1, Last known committed idx: 0, Time since last communication: 0.000s
I20260713 09:06:59.787884 17219 tablet_service.cc:2072] Received LeaderStepDown RPC: tablet_id: "6653246b5c794aac8d4b50c2b4f30be3"
dest_uuid: "be11b64cb56c4c03990547244a4f8170"
mode: GRACEFUL
new_leader_uuid: "0a4bc67b789248e6880e1a40ed20b8ae"
 from {username='slave'} at 127.0.0.1:43404
I20260713 09:06:59.788645 17219 raft_consensus.cc:606] T 6653246b5c794aac8d4b50c2b4f30be3 P be11b64cb56c4c03990547244a4f8170 [term 1 LEADER]: Received request to transfer leadership to TS 0a4bc67b789248e6880e1a40ed20b8ae
I20260713 09:06:59.795192 17219 tablet_service.cc:2072] Received LeaderStepDown RPC: tablet_id: "1b73edd8ac9d41fa8f64af4a20cf8aae"
dest_uuid: "be11b64cb56c4c03990547244a4f8170"
mode: GRACEFUL
new_leader_uuid: "0a4bc67b789248e6880e1a40ed20b8ae"
 from {username='slave'} at 127.0.0.1:43404
I20260713 09:06:59.795677 17219 raft_consensus.cc:606] T 1b73edd8ac9d41fa8f64af4a20cf8aae P be11b64cb56c4c03990547244a4f8170 [term 1 LEADER]: Received request to transfer leadership to TS 0a4bc67b789248e6880e1a40ed20b8ae
I20260713 09:06:59.805294 17219 tablet_service.cc:2072] Received LeaderStepDown RPC: tablet_id: "8f18c3e9d3d847529d0c2685340e847e"
dest_uuid: "be11b64cb56c4c03990547244a4f8170"
mode: GRACEFUL
new_leader_uuid: "35653e1a2b7d4e9cb9efe8f336dd8483"
 from {username='slave'} at 127.0.0.1:43404
I20260713 09:06:59.805919 17219 raft_consensus.cc:606] T 8f18c3e9d3d847529d0c2685340e847e P be11b64cb56c4c03990547244a4f8170 [term 1 LEADER]: Received request to transfer leadership to TS 35653e1a2b7d4e9cb9efe8f336dd8483
I20260713 09:06:59.808395 17280 consensus_queue.cc:1048] T a175988bdae04a42aaed91fb3066c44a P 0a4bc67b789248e6880e1a40ed20b8ae [LEADER]: Connected to new peer: Peer: permanent_uuid: "35653e1a2b7d4e9cb9efe8f336dd8483" member_type: VOTER last_known_addr { host: "127.16.14.130" port: 44297 }, Status: LMP_MISMATCH, Last received: 0.0, Next index: 1, Last known committed idx: 0, Time since last communication: 0.000s
I20260713 09:06:59.820827 17280 consensus_queue.cc:1048] T a175988bdae04a42aaed91fb3066c44a P 0a4bc67b789248e6880e1a40ed20b8ae [LEADER]: Connected to new peer: Peer: permanent_uuid: "be11b64cb56c4c03990547244a4f8170" member_type: VOTER last_known_addr { host: "127.16.14.131" port: 35965 }, Status: LMP_MISMATCH, Last received: 0.0, Next index: 1, Last known committed idx: 0, Time since last communication: 0.000s
I20260713 09:06:59.839592 17071 tablet_service.cc:2072] Received LeaderStepDown RPC: tablet_id: "e1b1481643e74062b14ff019e332cd6b"
dest_uuid: "0a4bc67b789248e6880e1a40ed20b8ae"
mode: GRACEFUL
new_leader_uuid: "be11b64cb56c4c03990547244a4f8170"
 from {username='slave'} at 127.0.0.1:57432
I20260713 09:06:59.840421 17071 raft_consensus.cc:606] T e1b1481643e74062b14ff019e332cd6b P 0a4bc67b789248e6880e1a40ed20b8ae [term 1 LEADER]: Received request to transfer leadership to TS be11b64cb56c4c03990547244a4f8170
I20260713 09:06:59.872736 17304 consensus_queue.cc:1048] T 8f18c3e9d3d847529d0c2685340e847e P be11b64cb56c4c03990547244a4f8170 [LEADER]: Connected to new peer: Peer: permanent_uuid: "35653e1a2b7d4e9cb9efe8f336dd8483" member_type: VOTER last_known_addr { host: "127.16.14.130" port: 44297 }, Status: LMP_MISMATCH, Last received: 0.0, Next index: 1, Last known committed idx: 0, Time since last communication: 0.000s
I20260713 09:06:59.880982 17307 raft_consensus.cc:993] T 8f18c3e9d3d847529d0c2685340e847e P be11b64cb56c4c03990547244a4f8170: : Instructing follower 35653e1a2b7d4e9cb9efe8f336dd8483 to start an election
I20260713 09:06:59.881465 17269 raft_consensus.cc:1081] T 8f18c3e9d3d847529d0c2685340e847e P be11b64cb56c4c03990547244a4f8170 [term 1 LEADER]: Signalling peer 35653e1a2b7d4e9cb9efe8f336dd8483 to start an election
I20260713 09:06:59.883548 17144 tablet_service.cc:2044] Received Run Leader Election RPC: tablet_id: "8f18c3e9d3d847529d0c2685340e847e"
dest_uuid: "35653e1a2b7d4e9cb9efe8f336dd8483"
 from {username='slave'} at 127.0.0.1:42906
I20260713 09:06:59.884151 17144 raft_consensus.cc:493] T 8f18c3e9d3d847529d0c2685340e847e P 35653e1a2b7d4e9cb9efe8f336dd8483 [term 1 FOLLOWER]: Starting forced leader election (received explicit request)
I20260713 09:06:59.884611 17144 raft_consensus.cc:3060] T 8f18c3e9d3d847529d0c2685340e847e P 35653e1a2b7d4e9cb9efe8f336dd8483 [term 1 FOLLOWER]: Advancing to term 2
I20260713 09:06:59.887301 17269 consensus_queue.cc:1048] T 8f18c3e9d3d847529d0c2685340e847e P be11b64cb56c4c03990547244a4f8170 [LEADER]: Connected to new peer: Peer: permanent_uuid: "0a4bc67b789248e6880e1a40ed20b8ae" member_type: VOTER last_known_addr { host: "127.16.14.129" port: 41921 }, Status: LMP_MISMATCH, Last received: 0.0, Next index: 1, Last known committed idx: 0, Time since last communication: 0.001s
I20260713 09:06:59.891877 17144 raft_consensus.cc:515] T 8f18c3e9d3d847529d0c2685340e847e P 35653e1a2b7d4e9cb9efe8f336dd8483 [term 2 FOLLOWER]: Starting forced leader election with config: opid_index: -1 OBSOLETE_local: false peers { permanent_uuid: "0a4bc67b789248e6880e1a40ed20b8ae" member_type: VOTER last_known_addr { host: "127.16.14.129" port: 41921 } } peers { permanent_uuid: "35653e1a2b7d4e9cb9efe8f336dd8483" member_type: VOTER last_known_addr { host: "127.16.14.130" port: 44297 } } peers { permanent_uuid: "be11b64cb56c4c03990547244a4f8170" member_type: VOTER last_known_addr { host: "127.16.14.131" port: 35965 } }
I20260713 09:06:59.893343 17145 raft_consensus.cc:1240] T 8f18c3e9d3d847529d0c2685340e847e P 35653e1a2b7d4e9cb9efe8f336dd8483 [term 2 FOLLOWER]: Rejecting Update request from peer be11b64cb56c4c03990547244a4f8170 for earlier term 1. Current term is 2. Ops: []
I20260713 09:06:59.894729 17144 leader_election.cc:290] T 8f18c3e9d3d847529d0c2685340e847e P 35653e1a2b7d4e9cb9efe8f336dd8483 [CANDIDATE]: Term 2 election: Requested vote from peers 0a4bc67b789248e6880e1a40ed20b8ae (127.16.14.129:41921), be11b64cb56c4c03990547244a4f8170 (127.16.14.131:35965)
I20260713 09:06:59.894949 17070 tablet_service.cc:1917] Received RequestConsensusVote() RPC: tablet_id: "8f18c3e9d3d847529d0c2685340e847e" candidate_uuid: "35653e1a2b7d4e9cb9efe8f336dd8483" candidate_term: 2 candidate_status { last_received { term: 1 index: 1 } } ignore_live_leader: true dest_uuid: "0a4bc67b789248e6880e1a40ed20b8ae"
I20260713 09:06:59.896780 17219 tablet_service.cc:1917] Received RequestConsensusVote() RPC: tablet_id: "8f18c3e9d3d847529d0c2685340e847e" candidate_uuid: "35653e1a2b7d4e9cb9efe8f336dd8483" candidate_term: 2 candidate_status { last_received { term: 1 index: 1 } } ignore_live_leader: true dest_uuid: "be11b64cb56c4c03990547244a4f8170"
I20260713 09:06:59.897150 17269 consensus_queue.cc:1059] T 8f18c3e9d3d847529d0c2685340e847e P be11b64cb56c4c03990547244a4f8170 [LEADER]: Peer responded invalid term: Peer: permanent_uuid: "35653e1a2b7d4e9cb9efe8f336dd8483" member_type: VOTER last_known_addr { host: "127.16.14.130" port: 44297 }, Status: INVALID_TERM, Last received: 1.1, Next index: 2, Last known committed idx: 0, Time since last communication: 0.000s
I20260713 09:06:59.899333 17219 raft_consensus.cc:3055] T 8f18c3e9d3d847529d0c2685340e847e P be11b64cb56c4c03990547244a4f8170 [term 1 LEADER]: Stepping down as leader of term 1
I20260713 09:06:59.899663 17219 raft_consensus.cc:740] T 8f18c3e9d3d847529d0c2685340e847e P be11b64cb56c4c03990547244a4f8170 [term 1 LEADER]: Becoming Follower/Learner. State: Replica: be11b64cb56c4c03990547244a4f8170, State: Running, Role: LEADER
I20260713 09:06:59.900431 17219 consensus_queue.cc:260] T 8f18c3e9d3d847529d0c2685340e847e P be11b64cb56c4c03990547244a4f8170 [NON_LEADER]: Queue going to NON_LEADER mode. State: All replicated index: 0, Majority replicated index: 1, Committed index: 1, Last appended: 1.1, Last appended by leader: 1, Current term: 1, Majority size: -1, State: 0, Mode: NON_LEADER, active raft config: opid_index: -1 OBSOLETE_local: false peers { permanent_uuid: "0a4bc67b789248e6880e1a40ed20b8ae" member_type: VOTER last_known_addr { host: "127.16.14.129" port: 41921 } } peers { permanent_uuid: "35653e1a2b7d4e9cb9efe8f336dd8483" member_type: VOTER last_known_addr { host: "127.16.14.130" port: 44297 } } peers { permanent_uuid: "be11b64cb56c4c03990547244a4f8170" member_type: VOTER last_known_addr { host: "127.16.14.131" port: 35965 } }
I20260713 09:06:59.901520 17219 raft_consensus.cc:3060] T 8f18c3e9d3d847529d0c2685340e847e P be11b64cb56c4c03990547244a4f8170 [term 1 FOLLOWER]: Advancing to term 2
I20260713 09:06:59.906783 17219 raft_consensus.cc:2468] T 8f18c3e9d3d847529d0c2685340e847e P be11b64cb56c4c03990547244a4f8170 [term 2 FOLLOWER]: Leader election vote request: Granting yes vote for candidate 35653e1a2b7d4e9cb9efe8f336dd8483 in term 2.
W20260713 09:06:59.907225 17304 raft_consensus.cc:936] Couldn't advance consensus term.: Illegal state: Can't advance term to: 2 current term: 2 is higher.
I20260713 09:06:59.907914 17112 leader_election.cc:304] T 8f18c3e9d3d847529d0c2685340e847e P 35653e1a2b7d4e9cb9efe8f336dd8483 [CANDIDATE]: Term 2 election: Election decided. Result: candidate won. Election summary: received 3 responses out of 3 voters: 2 yes votes; 1 no votes. yes voters: 35653e1a2b7d4e9cb9efe8f336dd8483, be11b64cb56c4c03990547244a4f8170; no voters: 0a4bc67b789248e6880e1a40ed20b8ae
I20260713 09:06:59.908878 17296 raft_consensus.cc:2804] T 8f18c3e9d3d847529d0c2685340e847e P 35653e1a2b7d4e9cb9efe8f336dd8483 [term 2 FOLLOWER]: Leader election won for term 2
I20260713 09:06:59.909358 17296 raft_consensus.cc:697] T 8f18c3e9d3d847529d0c2685340e847e P 35653e1a2b7d4e9cb9efe8f336dd8483 [term 2 LEADER]: Becoming Leader. State: Replica: 35653e1a2b7d4e9cb9efe8f336dd8483, State: Running, Role: LEADER
I20260713 09:06:59.910131 17296 consensus_queue.cc:237] T 8f18c3e9d3d847529d0c2685340e847e P 35653e1a2b7d4e9cb9efe8f336dd8483 [LEADER]: Queue going to LEADER mode. State: All replicated index: 0, Majority replicated index: 0, Committed index: 0, Last appended: 1.1, Last appended by leader: 1, Current term: 2, Majority size: 2, State: 0, Mode: LEADER, active raft config: opid_index: -1 OBSOLETE_local: false peers { permanent_uuid: "0a4bc67b789248e6880e1a40ed20b8ae" member_type: VOTER last_known_addr { host: "127.16.14.129" port: 41921 } } peers { permanent_uuid: "35653e1a2b7d4e9cb9efe8f336dd8483" member_type: VOTER last_known_addr { host: "127.16.14.130" port: 44297 } } peers { permanent_uuid: "be11b64cb56c4c03990547244a4f8170" member_type: VOTER last_known_addr { host: "127.16.14.131" port: 35965 } }
I20260713 09:06:59.916846 16964 catalog_manager.cc:5697] T 8f18c3e9d3d847529d0c2685340e847e P 35653e1a2b7d4e9cb9efe8f336dd8483 reported cstate change: term changed from 1 to 2, leader changed from be11b64cb56c4c03990547244a4f8170 (127.16.14.131) to 35653e1a2b7d4e9cb9efe8f336dd8483 (127.16.14.130). New cstate: current_term: 2 leader_uuid: "35653e1a2b7d4e9cb9efe8f336dd8483" committed_config { opid_index: -1 OBSOLETE_local: false peers { permanent_uuid: "0a4bc67b789248e6880e1a40ed20b8ae" member_type: VOTER last_known_addr { host: "127.16.14.129" port: 41921 } health_report { overall_health: UNKNOWN } } peers { permanent_uuid: "35653e1a2b7d4e9cb9efe8f336dd8483" member_type: VOTER last_known_addr { host: "127.16.14.130" port: 44297 } health_report { overall_health: HEALTHY } } peers { permanent_uuid: "be11b64cb56c4c03990547244a4f8170" member_type: VOTER last_known_addr { host: "127.16.14.131" port: 35965 } health_report { overall_health: UNKNOWN } } }
I20260713 09:07:00.019446 17304 raft_consensus.cc:993] T 6653246b5c794aac8d4b50c2b4f30be3 P be11b64cb56c4c03990547244a4f8170: : Instructing follower 0a4bc67b789248e6880e1a40ed20b8ae to start an election
I20260713 09:07:00.019881 17304 raft_consensus.cc:1081] T 6653246b5c794aac8d4b50c2b4f30be3 P be11b64cb56c4c03990547244a4f8170 [term 1 LEADER]: Signalling peer 0a4bc67b789248e6880e1a40ed20b8ae to start an election
I20260713 09:07:00.021494 17071 tablet_service.cc:2044] Received Run Leader Election RPC: tablet_id: "6653246b5c794aac8d4b50c2b4f30be3"
dest_uuid: "0a4bc67b789248e6880e1a40ed20b8ae"
 from {username='slave'} at 127.0.0.1:57416
I20260713 09:07:00.021991 17071 raft_consensus.cc:493] T 6653246b5c794aac8d4b50c2b4f30be3 P 0a4bc67b789248e6880e1a40ed20b8ae [term 1 FOLLOWER]: Starting forced leader election (received explicit request)
I20260713 09:07:00.022270 17071 raft_consensus.cc:3060] T 6653246b5c794aac8d4b50c2b4f30be3 P 0a4bc67b789248e6880e1a40ed20b8ae [term 1 FOLLOWER]: Advancing to term 2
I20260713 09:07:00.026849 17071 raft_consensus.cc:515] T 6653246b5c794aac8d4b50c2b4f30be3 P 0a4bc67b789248e6880e1a40ed20b8ae [term 2 FOLLOWER]: Starting forced leader election with config: opid_index: -1 OBSOLETE_local: false peers { permanent_uuid: "0a4bc67b789248e6880e1a40ed20b8ae" member_type: VOTER last_known_addr { host: "127.16.14.129" port: 41921 } } peers { permanent_uuid: "35653e1a2b7d4e9cb9efe8f336dd8483" member_type: VOTER last_known_addr { host: "127.16.14.130" port: 44297 } } peers { permanent_uuid: "be11b64cb56c4c03990547244a4f8170" member_type: VOTER last_known_addr { host: "127.16.14.131" port: 35965 } }
I20260713 09:07:00.028609 17071 leader_election.cc:290] T 6653246b5c794aac8d4b50c2b4f30be3 P 0a4bc67b789248e6880e1a40ed20b8ae [CANDIDATE]: Term 2 election: Requested vote from peers 35653e1a2b7d4e9cb9efe8f336dd8483 (127.16.14.130:44297), be11b64cb56c4c03990547244a4f8170 (127.16.14.131:35965)
I20260713 09:07:00.029564 17145 tablet_service.cc:1917] Received RequestConsensusVote() RPC: tablet_id: "6653246b5c794aac8d4b50c2b4f30be3" candidate_uuid: "0a4bc67b789248e6880e1a40ed20b8ae" candidate_term: 2 candidate_status { last_received { term: 1 index: 1 } } ignore_live_leader: true dest_uuid: "35653e1a2b7d4e9cb9efe8f336dd8483"
I20260713 09:07:00.029801 17220 tablet_service.cc:1917] Received RequestConsensusVote() RPC: tablet_id: "6653246b5c794aac8d4b50c2b4f30be3" candidate_uuid: "0a4bc67b789248e6880e1a40ed20b8ae" candidate_term: 2 candidate_status { last_received { term: 1 index: 1 } } ignore_live_leader: true dest_uuid: "be11b64cb56c4c03990547244a4f8170"
I20260713 09:07:00.030335 17220 raft_consensus.cc:3055] T 6653246b5c794aac8d4b50c2b4f30be3 P be11b64cb56c4c03990547244a4f8170 [term 1 LEADER]: Stepping down as leader of term 1
I20260713 09:07:00.030697 17220 raft_consensus.cc:740] T 6653246b5c794aac8d4b50c2b4f30be3 P be11b64cb56c4c03990547244a4f8170 [term 1 LEADER]: Becoming Follower/Learner. State: Replica: be11b64cb56c4c03990547244a4f8170, State: Running, Role: LEADER
I20260713 09:07:00.030335 17145 raft_consensus.cc:3060] T 6653246b5c794aac8d4b50c2b4f30be3 P 35653e1a2b7d4e9cb9efe8f336dd8483 [term 1 FOLLOWER]: Advancing to term 2
I20260713 09:07:00.031510 17220 consensus_queue.cc:260] T 6653246b5c794aac8d4b50c2b4f30be3 P be11b64cb56c4c03990547244a4f8170 [NON_LEADER]: Queue going to NON_LEADER mode. State: All replicated index: 0, Majority replicated index: 1, Committed index: 1, Last appended: 1.1, Last appended by leader: 1, Current term: 1, Majority size: -1, State: 0, Mode: NON_LEADER, active raft config: opid_index: -1 OBSOLETE_local: false peers { permanent_uuid: "0a4bc67b789248e6880e1a40ed20b8ae" member_type: VOTER last_known_addr { host: "127.16.14.129" port: 41921 } } peers { permanent_uuid: "35653e1a2b7d4e9cb9efe8f336dd8483" member_type: VOTER last_known_addr { host: "127.16.14.130" port: 44297 } } peers { permanent_uuid: "be11b64cb56c4c03990547244a4f8170" member_type: VOTER last_known_addr { host: "127.16.14.131" port: 35965 } }
I20260713 09:07:00.032801 17220 raft_consensus.cc:3060] T 6653246b5c794aac8d4b50c2b4f30be3 P be11b64cb56c4c03990547244a4f8170 [term 1 FOLLOWER]: Advancing to term 2
I20260713 09:07:00.037189 17145 raft_consensus.cc:2468] T 6653246b5c794aac8d4b50c2b4f30be3 P 35653e1a2b7d4e9cb9efe8f336dd8483 [term 2 FOLLOWER]: Leader election vote request: Granting yes vote for candidate 0a4bc67b789248e6880e1a40ed20b8ae in term 2.
I20260713 09:07:00.038527 17034 leader_election.cc:304] T 6653246b5c794aac8d4b50c2b4f30be3 P 0a4bc67b789248e6880e1a40ed20b8ae [CANDIDATE]: Term 2 election: Election decided. Result: candidate won. Election summary: received 2 responses out of 3 voters: 2 yes votes; 0 no votes. yes voters: 0a4bc67b789248e6880e1a40ed20b8ae, 35653e1a2b7d4e9cb9efe8f336dd8483; no voters: 
I20260713 09:07:00.039443 17280 raft_consensus.cc:2804] T 6653246b5c794aac8d4b50c2b4f30be3 P 0a4bc67b789248e6880e1a40ed20b8ae [term 2 FOLLOWER]: Leader election won for term 2
I20260713 09:07:00.039579 17220 raft_consensus.cc:2468] T 6653246b5c794aac8d4b50c2b4f30be3 P be11b64cb56c4c03990547244a4f8170 [term 2 FOLLOWER]: Leader election vote request: Granting yes vote for candidate 0a4bc67b789248e6880e1a40ed20b8ae in term 2.
I20260713 09:07:00.039927 17280 raft_consensus.cc:697] T 6653246b5c794aac8d4b50c2b4f30be3 P 0a4bc67b789248e6880e1a40ed20b8ae [term 2 LEADER]: Becoming Leader. State: Replica: 0a4bc67b789248e6880e1a40ed20b8ae, State: Running, Role: LEADER
I20260713 09:07:00.040846 17280 consensus_queue.cc:237] T 6653246b5c794aac8d4b50c2b4f30be3 P 0a4bc67b789248e6880e1a40ed20b8ae [LEADER]: Queue going to LEADER mode. State: All replicated index: 0, Majority replicated index: 1, Committed index: 1, Last appended: 1.1, Last appended by leader: 1, Current term: 2, Majority size: 2, State: 0, Mode: LEADER, active raft config: opid_index: -1 OBSOLETE_local: false peers { permanent_uuid: "0a4bc67b789248e6880e1a40ed20b8ae" member_type: VOTER last_known_addr { host: "127.16.14.129" port: 41921 } } peers { permanent_uuid: "35653e1a2b7d4e9cb9efe8f336dd8483" member_type: VOTER last_known_addr { host: "127.16.14.130" port: 44297 } } peers { permanent_uuid: "be11b64cb56c4c03990547244a4f8170" member_type: VOTER last_known_addr { host: "127.16.14.131" port: 35965 } }
I20260713 09:07:00.047998 16964 catalog_manager.cc:5697] T 6653246b5c794aac8d4b50c2b4f30be3 P 0a4bc67b789248e6880e1a40ed20b8ae reported cstate change: term changed from 1 to 2, leader changed from be11b64cb56c4c03990547244a4f8170 (127.16.14.131) to 0a4bc67b789248e6880e1a40ed20b8ae (127.16.14.129). New cstate: current_term: 2 leader_uuid: "0a4bc67b789248e6880e1a40ed20b8ae" committed_config { opid_index: -1 OBSOLETE_local: false peers { permanent_uuid: "0a4bc67b789248e6880e1a40ed20b8ae" member_type: VOTER last_known_addr { host: "127.16.14.129" port: 41921 } health_report { overall_health: HEALTHY } } peers { permanent_uuid: "35653e1a2b7d4e9cb9efe8f336dd8483" member_type: VOTER last_known_addr { host: "127.16.14.130" port: 44297 } health_report { overall_health: UNKNOWN } } peers { permanent_uuid: "be11b64cb56c4c03990547244a4f8170" member_type: VOTER last_known_addr { host: "127.16.14.131" port: 35965 } health_report { overall_health: UNKNOWN } } }
I20260713 09:07:00.091984 17296 consensus_queue.cc:1048] T 4c4cfc28659040d28992c5fbc323212f P 35653e1a2b7d4e9cb9efe8f336dd8483 [LEADER]: Connected to new peer: Peer: permanent_uuid: "0a4bc67b789248e6880e1a40ed20b8ae" member_type: VOTER last_known_addr { host: "127.16.14.129" port: 41921 }, Status: LMP_MISMATCH, Last received: 0.0, Next index: 1, Last known committed idx: 0, Time since last communication: 0.001s
I20260713 09:07:00.102617 17295 consensus_queue.cc:1048] T 4c4cfc28659040d28992c5fbc323212f P 35653e1a2b7d4e9cb9efe8f336dd8483 [LEADER]: Connected to new peer: Peer: permanent_uuid: "be11b64cb56c4c03990547244a4f8170" member_type: VOTER last_known_addr { host: "127.16.14.131" port: 35965 }, Status: LMP_MISMATCH, Last received: 0.0, Next index: 1, Last known committed idx: 0, Time since last communication: 0.000s
I20260713 09:07:00.211669 17283 raft_consensus.cc:993] T e1b1481643e74062b14ff019e332cd6b P 0a4bc67b789248e6880e1a40ed20b8ae: : Instructing follower be11b64cb56c4c03990547244a4f8170 to start an election
I20260713 09:07:00.212280 17283 raft_consensus.cc:1081] T e1b1481643e74062b14ff019e332cd6b P 0a4bc67b789248e6880e1a40ed20b8ae [term 1 LEADER]: Signalling peer be11b64cb56c4c03990547244a4f8170 to start an election
I20260713 09:07:00.214078 17220 tablet_service.cc:2044] Received Run Leader Election RPC: tablet_id: "e1b1481643e74062b14ff019e332cd6b"
dest_uuid: "be11b64cb56c4c03990547244a4f8170"
 from {username='slave'} at 127.0.0.1:43386
I20260713 09:07:00.214576 17220 raft_consensus.cc:493] T e1b1481643e74062b14ff019e332cd6b P be11b64cb56c4c03990547244a4f8170 [term 1 FOLLOWER]: Starting forced leader election (received explicit request)
I20260713 09:07:00.214885 17220 raft_consensus.cc:3060] T e1b1481643e74062b14ff019e332cd6b P be11b64cb56c4c03990547244a4f8170 [term 1 FOLLOWER]: Advancing to term 2
I20260713 09:07:00.219743 17220 raft_consensus.cc:515] T e1b1481643e74062b14ff019e332cd6b P be11b64cb56c4c03990547244a4f8170 [term 2 FOLLOWER]: Starting forced leader election with config: opid_index: -1 OBSOLETE_local: false peers { permanent_uuid: "0a4bc67b789248e6880e1a40ed20b8ae" member_type: VOTER last_known_addr { host: "127.16.14.129" port: 41921 } } peers { permanent_uuid: "35653e1a2b7d4e9cb9efe8f336dd8483" member_type: VOTER last_known_addr { host: "127.16.14.130" port: 44297 } } peers { permanent_uuid: "be11b64cb56c4c03990547244a4f8170" member_type: VOTER last_known_addr { host: "127.16.14.131" port: 35965 } }
I20260713 09:07:00.221829 17220 leader_election.cc:290] T e1b1481643e74062b14ff019e332cd6b P be11b64cb56c4c03990547244a4f8170 [CANDIDATE]: Term 2 election: Requested vote from peers 0a4bc67b789248e6880e1a40ed20b8ae (127.16.14.129:41921), 35653e1a2b7d4e9cb9efe8f336dd8483 (127.16.14.130:44297)
I20260713 09:07:00.222571 17071 tablet_service.cc:1917] Received RequestConsensusVote() RPC: tablet_id: "e1b1481643e74062b14ff019e332cd6b" candidate_uuid: "be11b64cb56c4c03990547244a4f8170" candidate_term: 2 candidate_status { last_received { term: 1 index: 1 } } ignore_live_leader: true dest_uuid: "0a4bc67b789248e6880e1a40ed20b8ae"
I20260713 09:07:00.222944 17145 tablet_service.cc:1917] Received RequestConsensusVote() RPC: tablet_id: "e1b1481643e74062b14ff019e332cd6b" candidate_uuid: "be11b64cb56c4c03990547244a4f8170" candidate_term: 2 candidate_status { last_received { term: 1 index: 1 } } ignore_live_leader: true dest_uuid: "35653e1a2b7d4e9cb9efe8f336dd8483"
I20260713 09:07:00.223256 17071 raft_consensus.cc:3055] T e1b1481643e74062b14ff019e332cd6b P 0a4bc67b789248e6880e1a40ed20b8ae [term 1 LEADER]: Stepping down as leader of term 1
I20260713 09:07:00.223531 17145 raft_consensus.cc:3060] T e1b1481643e74062b14ff019e332cd6b P 35653e1a2b7d4e9cb9efe8f336dd8483 [term 1 FOLLOWER]: Advancing to term 2
I20260713 09:07:00.223573 17071 raft_consensus.cc:740] T e1b1481643e74062b14ff019e332cd6b P 0a4bc67b789248e6880e1a40ed20b8ae [term 1 LEADER]: Becoming Follower/Learner. State: Replica: 0a4bc67b789248e6880e1a40ed20b8ae, State: Running, Role: LEADER
I20260713 09:07:00.224704 17071 consensus_queue.cc:260] T e1b1481643e74062b14ff019e332cd6b P 0a4bc67b789248e6880e1a40ed20b8ae [NON_LEADER]: Queue going to NON_LEADER mode. State: All replicated index: 0, Majority replicated index: 1, Committed index: 1, Last appended: 1.1, Last appended by leader: 1, Current term: 1, Majority size: -1, State: 0, Mode: NON_LEADER, active raft config: opid_index: -1 OBSOLETE_local: false peers { permanent_uuid: "0a4bc67b789248e6880e1a40ed20b8ae" member_type: VOTER last_known_addr { host: "127.16.14.129" port: 41921 } } peers { permanent_uuid: "35653e1a2b7d4e9cb9efe8f336dd8483" member_type: VOTER last_known_addr { host: "127.16.14.130" port: 44297 } } peers { permanent_uuid: "be11b64cb56c4c03990547244a4f8170" member_type: VOTER last_known_addr { host: "127.16.14.131" port: 35965 } }
I20260713 09:07:00.226125 17071 raft_consensus.cc:3060] T e1b1481643e74062b14ff019e332cd6b P 0a4bc67b789248e6880e1a40ed20b8ae [term 1 FOLLOWER]: Advancing to term 2
I20260713 09:07:00.230983 17145 raft_consensus.cc:2468] T e1b1481643e74062b14ff019e332cd6b P 35653e1a2b7d4e9cb9efe8f336dd8483 [term 2 FOLLOWER]: Leader election vote request: Granting yes vote for candidate be11b64cb56c4c03990547244a4f8170 in term 2.
I20260713 09:07:00.231925 17071 raft_consensus.cc:2468] T e1b1481643e74062b14ff019e332cd6b P 0a4bc67b789248e6880e1a40ed20b8ae [term 2 FOLLOWER]: Leader election vote request: Granting yes vote for candidate be11b64cb56c4c03990547244a4f8170 in term 2.
I20260713 09:07:00.232120 17183 leader_election.cc:304] T e1b1481643e74062b14ff019e332cd6b P be11b64cb56c4c03990547244a4f8170 [CANDIDATE]: Term 2 election: Election decided. Result: candidate won. Election summary: received 2 responses out of 3 voters: 2 yes votes; 0 no votes. yes voters: 35653e1a2b7d4e9cb9efe8f336dd8483, be11b64cb56c4c03990547244a4f8170; no voters: 
I20260713 09:07:00.232985 17304 raft_consensus.cc:2804] T e1b1481643e74062b14ff019e332cd6b P be11b64cb56c4c03990547244a4f8170 [term 2 FOLLOWER]: Leader election won for term 2
I20260713 09:07:00.233467 17304 raft_consensus.cc:697] T e1b1481643e74062b14ff019e332cd6b P be11b64cb56c4c03990547244a4f8170 [term 2 LEADER]: Becoming Leader. State: Replica: be11b64cb56c4c03990547244a4f8170, State: Running, Role: LEADER
I20260713 09:07:00.234112 17304 consensus_queue.cc:237] T e1b1481643e74062b14ff019e332cd6b P be11b64cb56c4c03990547244a4f8170 [LEADER]: Queue going to LEADER mode. State: All replicated index: 0, Majority replicated index: 1, Committed index: 1, Last appended: 1.1, Last appended by leader: 1, Current term: 2, Majority size: 2, State: 0, Mode: LEADER, active raft config: opid_index: -1 OBSOLETE_local: false peers { permanent_uuid: "0a4bc67b789248e6880e1a40ed20b8ae" member_type: VOTER last_known_addr { host: "127.16.14.129" port: 41921 } } peers { permanent_uuid: "35653e1a2b7d4e9cb9efe8f336dd8483" member_type: VOTER last_known_addr { host: "127.16.14.130" port: 44297 } } peers { permanent_uuid: "be11b64cb56c4c03990547244a4f8170" member_type: VOTER last_known_addr { host: "127.16.14.131" port: 35965 } }
I20260713 09:07:00.239313 17269 raft_consensus.cc:993] T 1b73edd8ac9d41fa8f64af4a20cf8aae P be11b64cb56c4c03990547244a4f8170: : Instructing follower 0a4bc67b789248e6880e1a40ed20b8ae to start an election
I20260713 09:07:00.239755 17304 raft_consensus.cc:1081] T 1b73edd8ac9d41fa8f64af4a20cf8aae P be11b64cb56c4c03990547244a4f8170 [term 1 LEADER]: Signalling peer 0a4bc67b789248e6880e1a40ed20b8ae to start an election
I20260713 09:07:00.241549 17071 tablet_service.cc:2044] Received Run Leader Election RPC: tablet_id: "1b73edd8ac9d41fa8f64af4a20cf8aae"
dest_uuid: "0a4bc67b789248e6880e1a40ed20b8ae"
 from {username='slave'} at 127.0.0.1:57416
I20260713 09:07:00.242255 17071 raft_consensus.cc:493] T 1b73edd8ac9d41fa8f64af4a20cf8aae P 0a4bc67b789248e6880e1a40ed20b8ae [term 1 FOLLOWER]: Starting forced leader election (received explicit request)
