W20260713 09:07:10.048508 17597 leader_election.cc:343] T 8fe02a3166ab480ba06110b581584a64 P 8047f39daccb45b0b4883e53200ce188 [CANDIDATE]: Term 1 pre-election: Tablet error from VoteRequest() call to peer e193413bdc314ebd81336521a03dd6d0 (127.16.14.131:40033): Illegal state: must be running to vote when last-logged opid is not known
I20260713 09:07:10.048985 17597 leader_election.cc:304] T 8fe02a3166ab480ba06110b581584a64 P 8047f39daccb45b0b4883e53200ce188 [CANDIDATE]: Term 1 pre-election: Election decided. Result: candidate lost. Election summary: received 3 responses out of 3 voters: 1 yes votes; 2 no votes. yes voters: 8047f39daccb45b0b4883e53200ce188; no voters: ce955204626845f9b6ae007ba5d49048, e193413bdc314ebd81336521a03dd6d0
I20260713 09:07:10.050345 17747 tablet_bootstrap.cc:654] T 20074d7e0df64354a0d7fb6df4f20d8b P 8047f39daccb45b0b4883e53200ce188: Neither blocks nor log segments found. Creating new log.
I20260713 09:07:10.054654 17746 tablet_bootstrap.cc:654] T 8fe02a3166ab480ba06110b581584a64 P ce955204626845f9b6ae007ba5d49048: Neither blocks nor log segments found. Creating new log.
I20260713 09:07:10.054922 17775 raft_consensus.cc:2749] T 8fe02a3166ab480ba06110b581584a64 P 8047f39daccb45b0b4883e53200ce188 [term 0 FOLLOWER]: Leader pre-election lost for term 1. Reason: could not achieve majority
I20260713 09:07:10.057878 17745 tablet_bootstrap.cc:492] T 84b582c205c14c60a0b253ac4e5eaaf1 P e193413bdc314ebd81336521a03dd6d0: No bootstrap required, opened a new log
I20260713 09:07:10.057940 17751 raft_consensus.cc:515] T 322f6f64c3e04ee7a897ed2364aaf60d P 8047f39daccb45b0b4883e53200ce188 [term 1 FOLLOWER]: Starting leader election with config: opid_index: -1 OBSOLETE_local: false peers { permanent_uuid: "ce955204626845f9b6ae007ba5d49048" member_type: VOTER last_known_addr { host: "127.16.14.129" port: 45015 } } peers { permanent_uuid: "8047f39daccb45b0b4883e53200ce188" member_type: VOTER last_known_addr { host: "127.16.14.130" port: 34045 } } peers { permanent_uuid: "e193413bdc314ebd81336521a03dd6d0" member_type: VOTER last_known_addr { host: "127.16.14.131" port: 40033 } }
I20260713 09:07:10.058655 17745 ts_tablet_manager.cc:1403] T 84b582c205c14c60a0b253ac4e5eaaf1 P e193413bdc314ebd81336521a03dd6d0: Time spent bootstrapping tablet: real 0.048s	user 0.013s	sys 0.020s
I20260713 09:07:10.061182 17555 tablet_service.cc:1917] Received RequestConsensusVote() RPC: tablet_id: "322f6f64c3e04ee7a897ed2364aaf60d" candidate_uuid: "8047f39daccb45b0b4883e53200ce188" candidate_term: 1 candidate_status { last_received { term: 0 index: 0 } } ignore_live_leader: false dest_uuid: "ce955204626845f9b6ae007ba5d49048"
I20260713 09:07:10.061967 17747 tablet_bootstrap.cc:492] T 20074d7e0df64354a0d7fb6df4f20d8b P 8047f39daccb45b0b4883e53200ce188: No bootstrap required, opened a new log
I20260713 09:07:10.062606 17747 ts_tablet_manager.cc:1403] T 20074d7e0df64354a0d7fb6df4f20d8b P 8047f39daccb45b0b4883e53200ce188: Time spent bootstrapping tablet: real 0.019s	user 0.012s	sys 0.003s
W20260713 09:07:10.062727 17595 leader_election.cc:343] T 322f6f64c3e04ee7a897ed2364aaf60d P 8047f39daccb45b0b4883e53200ce188 [CANDIDATE]: Term 1 election: Tablet error from VoteRequest() call to peer ce955204626845f9b6ae007ba5d49048 (127.16.14.129:45015): Illegal state: must be running to vote when last-logged opid is not known
I20260713 09:07:10.062057 17745 raft_consensus.cc:359] T 84b582c205c14c60a0b253ac4e5eaaf1 P e193413bdc314ebd81336521a03dd6d0 [term 0 FOLLOWER]: Replica starting. Triggering 0 pending ops. Active config: opid_index: -1 OBSOLETE_local: false peers { permanent_uuid: "ce955204626845f9b6ae007ba5d49048" member_type: VOTER last_known_addr { host: "127.16.14.129" port: 45015 } } peers { permanent_uuid: "8047f39daccb45b0b4883e53200ce188" member_type: VOTER last_known_addr { host: "127.16.14.130" port: 34045 } } peers { permanent_uuid: "e193413bdc314ebd81336521a03dd6d0" member_type: VOTER last_known_addr { host: "127.16.14.131" port: 40033 } }
I20260713 09:07:10.069344 17745 raft_consensus.cc:385] T 84b582c205c14c60a0b253ac4e5eaaf1 P e193413bdc314ebd81336521a03dd6d0 [term 0 FOLLOWER]: Consensus starting up: Expiring failure detector timer to make a prompt election more likely
I20260713 09:07:10.069773 17745 raft_consensus.cc:740] T 84b582c205c14c60a0b253ac4e5eaaf1 P e193413bdc314ebd81336521a03dd6d0 [term 0 FOLLOWER]: Becoming Follower/Learner. State: Replica: e193413bdc314ebd81336521a03dd6d0, State: Initialized, Role: FOLLOWER
I20260713 09:07:10.068142 17747 raft_consensus.cc:359] T 20074d7e0df64354a0d7fb6df4f20d8b P 8047f39daccb45b0b4883e53200ce188 [term 0 FOLLOWER]: Replica starting. Triggering 0 pending ops. Active config: opid_index: -1 OBSOLETE_local: false peers { permanent_uuid: "ce955204626845f9b6ae007ba5d49048" member_type: VOTER last_known_addr { host: "127.16.14.129" port: 45015 } } peers { permanent_uuid: "8047f39daccb45b0b4883e53200ce188" member_type: VOTER last_known_addr { host: "127.16.14.130" port: 34045 } } peers { permanent_uuid: "e193413bdc314ebd81336521a03dd6d0" member_type: VOTER last_known_addr { host: "127.16.14.131" port: 40033 } }
I20260713 09:07:10.070442 17747 raft_consensus.cc:385] T 20074d7e0df64354a0d7fb6df4f20d8b P 8047f39daccb45b0b4883e53200ce188 [term 0 FOLLOWER]: Consensus starting up: Expiring failure detector timer to make a prompt election more likely
I20260713 09:07:10.070765 17747 raft_consensus.cc:740] T 20074d7e0df64354a0d7fb6df4f20d8b P 8047f39daccb45b0b4883e53200ce188 [term 0 FOLLOWER]: Becoming Follower/Learner. State: Replica: 8047f39daccb45b0b4883e53200ce188, State: Initialized, Role: FOLLOWER
I20260713 09:07:10.071082 17704 tablet_service.cc:1917] Received RequestConsensusVote() RPC: tablet_id: "322f6f64c3e04ee7a897ed2364aaf60d" candidate_uuid: "8047f39daccb45b0b4883e53200ce188" candidate_term: 1 candidate_status { last_received { term: 0 index: 0 } } ignore_live_leader: false dest_uuid: "e193413bdc314ebd81336521a03dd6d0"
I20260713 09:07:10.070817 17745 consensus_queue.cc:260] T 84b582c205c14c60a0b253ac4e5eaaf1 P e193413bdc314ebd81336521a03dd6d0 [NON_LEADER]: Queue going to NON_LEADER mode. State: All replicated index: 0, Majority replicated index: 0, Committed index: 0, Last appended: 0.0, Last appended by leader: 0, Current term: 0, Majority size: -1, State: 0, Mode: NON_LEADER, active raft config: opid_index: -1 OBSOLETE_local: false peers { permanent_uuid: "ce955204626845f9b6ae007ba5d49048" member_type: VOTER last_known_addr { host: "127.16.14.129" port: 45015 } } peers { permanent_uuid: "8047f39daccb45b0b4883e53200ce188" member_type: VOTER last_known_addr { host: "127.16.14.130" port: 34045 } } peers { permanent_uuid: "e193413bdc314ebd81336521a03dd6d0" member_type: VOTER last_known_addr { host: "127.16.14.131" port: 40033 } }
I20260713 09:07:10.071652 17704 raft_consensus.cc:3060] T 322f6f64c3e04ee7a897ed2364aaf60d P e193413bdc314ebd81336521a03dd6d0 [term 0 FOLLOWER]: Advancing to term 1
I20260713 09:07:10.071563 17747 consensus_queue.cc:260] T 20074d7e0df64354a0d7fb6df4f20d8b P 8047f39daccb45b0b4883e53200ce188 [NON_LEADER]: Queue going to NON_LEADER mode. State: All replicated index: 0, Majority replicated index: 0, Committed index: 0, Last appended: 0.0, Last appended by leader: 0, Current term: 0, Majority size: -1, State: 0, Mode: NON_LEADER, active raft config: opid_index: -1 OBSOLETE_local: false peers { permanent_uuid: "ce955204626845f9b6ae007ba5d49048" member_type: VOTER last_known_addr { host: "127.16.14.129" port: 45015 } } peers { permanent_uuid: "8047f39daccb45b0b4883e53200ce188" member_type: VOTER last_known_addr { host: "127.16.14.130" port: 34045 } } peers { permanent_uuid: "e193413bdc314ebd81336521a03dd6d0" member_type: VOTER last_known_addr { host: "127.16.14.131" port: 40033 } }
I20260713 09:07:10.073786 17745 ts_tablet_manager.cc:1434] T 84b582c205c14c60a0b253ac4e5eaaf1 P e193413bdc314ebd81336521a03dd6d0: Time spent starting tablet: real 0.015s	user 0.007s	sys 0.000s
I20260713 09:07:10.074265 17747 ts_tablet_manager.cc:1434] T 20074d7e0df64354a0d7fb6df4f20d8b P 8047f39daccb45b0b4883e53200ce188: Time spent starting tablet: real 0.011s	user 0.007s	sys 0.000s
I20260713 09:07:10.075034 17745 tablet_bootstrap.cc:492] T 6d282b128fb24005be4a270d7de9e3e8 P e193413bdc314ebd81336521a03dd6d0: Bootstrap starting.
I20260713 09:07:10.068710 17746 tablet_bootstrap.cc:492] T 8fe02a3166ab480ba06110b581584a64 P ce955204626845f9b6ae007ba5d49048: No bootstrap required, opened a new log
I20260713 09:07:10.075407 17747 tablet_bootstrap.cc:492] T 47f7a60663234e0e832aa89f2db8cadb P 8047f39daccb45b0b4883e53200ce188: Bootstrap starting.
I20260713 09:07:10.075661 17746 ts_tablet_manager.cc:1403] T 8fe02a3166ab480ba06110b581584a64 P ce955204626845f9b6ae007ba5d49048: Time spent bootstrapping tablet: real 0.033s	user 0.012s	sys 0.006s
I20260713 09:07:10.078871 17746 raft_consensus.cc:359] T 8fe02a3166ab480ba06110b581584a64 P ce955204626845f9b6ae007ba5d49048 [term 0 FOLLOWER]: Replica starting. Triggering 0 pending ops. Active config: opid_index: -1 OBSOLETE_local: false peers { permanent_uuid: "ce955204626845f9b6ae007ba5d49048" member_type: VOTER last_known_addr { host: "127.16.14.129" port: 45015 } } peers { permanent_uuid: "8047f39daccb45b0b4883e53200ce188" member_type: VOTER last_known_addr { host: "127.16.14.130" port: 34045 } } peers { permanent_uuid: "e193413bdc314ebd81336521a03dd6d0" member_type: VOTER last_known_addr { host: "127.16.14.131" port: 40033 } }
I20260713 09:07:10.079795 17746 raft_consensus.cc:385] T 8fe02a3166ab480ba06110b581584a64 P ce955204626845f9b6ae007ba5d49048 [term 0 FOLLOWER]: Consensus starting up: Expiring failure detector timer to make a prompt election more likely
I20260713 09:07:10.080258 17746 raft_consensus.cc:740] T 8fe02a3166ab480ba06110b581584a64 P ce955204626845f9b6ae007ba5d49048 [term 0 FOLLOWER]: Becoming Follower/Learner. State: Replica: ce955204626845f9b6ae007ba5d49048, State: Initialized, Role: FOLLOWER
I20260713 09:07:10.081831 17753 raft_consensus.cc:493] T f860de4f26e542dbb7c60faa25848e0f P ce955204626845f9b6ae007ba5d49048 [term 0 FOLLOWER]: Starting pre-election (no leader contacted us within the election timeout)
I20260713 09:07:10.081507 17746 consensus_queue.cc:260] T 8fe02a3166ab480ba06110b581584a64 P ce955204626845f9b6ae007ba5d49048 [NON_LEADER]: Queue going to NON_LEADER mode. State: All replicated index: 0, Majority replicated index: 0, Committed index: 0, Last appended: 0.0, Last appended by leader: 0, Current term: 0, Majority size: -1, State: 0, Mode: NON_LEADER, active raft config: opid_index: -1 OBSOLETE_local: false peers { permanent_uuid: "ce955204626845f9b6ae007ba5d49048" member_type: VOTER last_known_addr { host: "127.16.14.129" port: 45015 } } peers { permanent_uuid: "8047f39daccb45b0b4883e53200ce188" member_type: VOTER last_known_addr { host: "127.16.14.130" port: 34045 } } peers { permanent_uuid: "e193413bdc314ebd81336521a03dd6d0" member_type: VOTER last_known_addr { host: "127.16.14.131" port: 40033 } }
I20260713 09:07:10.082520 17745 tablet_bootstrap.cc:654] T 6d282b128fb24005be4a270d7de9e3e8 P e193413bdc314ebd81336521a03dd6d0: Neither blocks nor log segments found. Creating new log.
I20260713 09:07:10.082286 17753 raft_consensus.cc:515] T f860de4f26e542dbb7c60faa25848e0f P ce955204626845f9b6ae007ba5d49048 [term 0 FOLLOWER]: Starting pre-election with config: opid_index: -1 OBSOLETE_local: false peers { permanent_uuid: "ce955204626845f9b6ae007ba5d49048" member_type: VOTER last_known_addr { host: "127.16.14.129" port: 45015 } } peers { permanent_uuid: "8047f39daccb45b0b4883e53200ce188" member_type: VOTER last_known_addr { host: "127.16.14.130" port: 34045 } } peers { permanent_uuid: "e193413bdc314ebd81336521a03dd6d0" member_type: VOTER last_known_addr { host: "127.16.14.131" port: 40033 } }
I20260713 09:07:10.082830 17751 leader_election.cc:290] T 322f6f64c3e04ee7a897ed2364aaf60d P 8047f39daccb45b0b4883e53200ce188 [CANDIDATE]: Term 1 election: Requested vote from peers ce955204626845f9b6ae007ba5d49048 (127.16.14.129:45015), e193413bdc314ebd81336521a03dd6d0 (127.16.14.131:40033)
I20260713 09:07:10.083575 17704 raft_consensus.cc:2468] T 322f6f64c3e04ee7a897ed2364aaf60d P e193413bdc314ebd81336521a03dd6d0 [term 1 FOLLOWER]: Leader election vote request: Granting yes vote for candidate 8047f39daccb45b0b4883e53200ce188 in term 1.
I20260713 09:07:10.084560 17753 leader_election.cc:290] T f860de4f26e542dbb7c60faa25848e0f P ce955204626845f9b6ae007ba5d49048 [CANDIDATE]: Term 1 pre-election: Requested pre-vote from peers 8047f39daccb45b0b4883e53200ce188 (127.16.14.130:34045), e193413bdc314ebd81336521a03dd6d0 (127.16.14.131:40033)
I20260713 09:07:10.085171 17597 leader_election.cc:304] T 322f6f64c3e04ee7a897ed2364aaf60d P 8047f39daccb45b0b4883e53200ce188 [CANDIDATE]: Term 1 election: Election decided. Result: candidate won. Election summary: received 3 responses out of 3 voters: 2 yes votes; 1 no votes. yes voters: 8047f39daccb45b0b4883e53200ce188, e193413bdc314ebd81336521a03dd6d0; no voters: ce955204626845f9b6ae007ba5d49048
I20260713 09:07:10.085292 17631 tablet_service.cc:1917] Received RequestConsensusVote() RPC: tablet_id: "f860de4f26e542dbb7c60faa25848e0f" candidate_uuid: "ce955204626845f9b6ae007ba5d49048" candidate_term: 1 candidate_status { last_received { term: 0 index: 0 } } ignore_live_leader: false dest_uuid: "8047f39daccb45b0b4883e53200ce188" is_pre_election: true
W20260713 09:07:10.087023 17521 leader_election.cc:343] T f860de4f26e542dbb7c60faa25848e0f P ce955204626845f9b6ae007ba5d49048 [CANDIDATE]: Term 1 pre-election: Tablet error from VoteRequest() call to peer 8047f39daccb45b0b4883e53200ce188 (127.16.14.130:34045): Illegal state: must be running to vote when last-logged opid is not known
I20260713 09:07:10.087105 17751 raft_consensus.cc:2804] T 322f6f64c3e04ee7a897ed2364aaf60d P 8047f39daccb45b0b4883e53200ce188 [term 1 FOLLOWER]: Leader election won for term 1
I20260713 09:07:10.087931 17705 tablet_service.cc:1917] Received RequestConsensusVote() RPC: tablet_id: "f860de4f26e542dbb7c60faa25848e0f" candidate_uuid: "ce955204626845f9b6ae007ba5d49048" candidate_term: 1 candidate_status { last_received { term: 0 index: 0 } } ignore_live_leader: false dest_uuid: "e193413bdc314ebd81336521a03dd6d0" is_pre_election: true
I20260713 09:07:10.088260 17751 raft_consensus.cc:697] T 322f6f64c3e04ee7a897ed2364aaf60d P 8047f39daccb45b0b4883e53200ce188 [term 1 LEADER]: Becoming Leader. State: Replica: 8047f39daccb45b0b4883e53200ce188, State: Running, Role: LEADER
I20260713 09:07:10.088598 17705 raft_consensus.cc:2468] T f860de4f26e542dbb7c60faa25848e0f P e193413bdc314ebd81336521a03dd6d0 [term 0 FOLLOWER]: Leader pre-election vote request: Granting yes vote for candidate ce955204626845f9b6ae007ba5d49048 in term 0.
I20260713 09:07:10.089970 17522 leader_election.cc:304] T f860de4f26e542dbb7c60faa25848e0f P ce955204626845f9b6ae007ba5d49048 [CANDIDATE]: Term 1 pre-election: Election decided. Result: candidate won. Election summary: received 3 responses out of 3 voters: 2 yes votes; 1 no votes. yes voters: ce955204626845f9b6ae007ba5d49048, e193413bdc314ebd81336521a03dd6d0; no voters: 8047f39daccb45b0b4883e53200ce188
I20260713 09:07:10.089547 17751 consensus_queue.cc:237] T 322f6f64c3e04ee7a897ed2364aaf60d P 8047f39daccb45b0b4883e53200ce188 [LEADER]: Queue going to LEADER mode. State: All replicated index: 0, Majority replicated index: 0, Committed index: 0, Last appended: 0.0, Last appended by leader: 0, Current term: 1, Majority size: 2, State: 0, Mode: LEADER, active raft config: opid_index: -1 OBSOLETE_local: false peers { permanent_uuid: "ce955204626845f9b6ae007ba5d49048" member_type: VOTER last_known_addr { host: "127.16.14.129" port: 45015 } } peers { permanent_uuid: "8047f39daccb45b0b4883e53200ce188" member_type: VOTER last_known_addr { host: "127.16.14.130" port: 34045 } } peers { permanent_uuid: "e193413bdc314ebd81336521a03dd6d0" member_type: VOTER last_known_addr { host: "127.16.14.131" port: 40033 } }
I20260713 09:07:10.091150 17753 raft_consensus.cc:2804] T f860de4f26e542dbb7c60faa25848e0f P ce955204626845f9b6ae007ba5d49048 [term 0 FOLLOWER]: Leader pre-election won for term 1
I20260713 09:07:10.091554 17753 raft_consensus.cc:493] T f860de4f26e542dbb7c60faa25848e0f P ce955204626845f9b6ae007ba5d49048 [term 0 FOLLOWER]: Starting leader election (no leader contacted us within the election timeout)
I20260713 09:07:10.091958 17753 raft_consensus.cc:3060] T f860de4f26e542dbb7c60faa25848e0f P ce955204626845f9b6ae007ba5d49048 [term 0 FOLLOWER]: Advancing to term 1
I20260713 09:07:10.083817 17746 ts_tablet_manager.cc:1434] T 8fe02a3166ab480ba06110b581584a64 P ce955204626845f9b6ae007ba5d49048: Time spent starting tablet: real 0.008s	user 0.006s	sys 0.000s
I20260713 09:07:10.101624 17746 tablet_bootstrap.cc:492] T 20074d7e0df64354a0d7fb6df4f20d8b P ce955204626845f9b6ae007ba5d49048: Bootstrap starting.
I20260713 09:07:10.104533 17753 raft_consensus.cc:515] T f860de4f26e542dbb7c60faa25848e0f P ce955204626845f9b6ae007ba5d49048 [term 1 FOLLOWER]: Starting leader election with config: opid_index: -1 OBSOLETE_local: false peers { permanent_uuid: "ce955204626845f9b6ae007ba5d49048" member_type: VOTER last_known_addr { host: "127.16.14.129" port: 45015 } } peers { permanent_uuid: "8047f39daccb45b0b4883e53200ce188" member_type: VOTER last_known_addr { host: "127.16.14.130" port: 34045 } } peers { permanent_uuid: "e193413bdc314ebd81336521a03dd6d0" member_type: VOTER last_known_addr { host: "127.16.14.131" port: 40033 } }
I20260713 09:07:10.108054 17631 tablet_service.cc:1917] Received RequestConsensusVote() RPC: tablet_id: "f860de4f26e542dbb7c60faa25848e0f" candidate_uuid: "ce955204626845f9b6ae007ba5d49048" candidate_term: 1 candidate_status { last_received { term: 0 index: 0 } } ignore_live_leader: false dest_uuid: "8047f39daccb45b0b4883e53200ce188"
I20260713 09:07:10.109506 17775 raft_consensus.cc:493] T 84b582c205c14c60a0b253ac4e5eaaf1 P 8047f39daccb45b0b4883e53200ce188 [term 0 FOLLOWER]: Starting pre-election (no leader contacted us within the election timeout)
W20260713 09:07:10.109604 17521 leader_election.cc:343] T f860de4f26e542dbb7c60faa25848e0f P ce955204626845f9b6ae007ba5d49048 [CANDIDATE]: Term 1 election: Tablet error from VoteRequest() call to peer 8047f39daccb45b0b4883e53200ce188 (127.16.14.130:34045): Illegal state: must be running to vote when last-logged opid is not known
I20260713 09:07:10.109915 17747 tablet_bootstrap.cc:654] T 47f7a60663234e0e832aa89f2db8cadb P 8047f39daccb45b0b4883e53200ce188: Neither blocks nor log segments found. Creating new log.
I20260713 09:07:10.110131 17775 raft_consensus.cc:515] T 84b582c205c14c60a0b253ac4e5eaaf1 P 8047f39daccb45b0b4883e53200ce188 [term 0 FOLLOWER]: Starting pre-election with config: opid_index: -1 OBSOLETE_local: false peers { permanent_uuid: "ce955204626845f9b6ae007ba5d49048" member_type: VOTER last_known_addr { host: "127.16.14.129" port: 45015 } } peers { permanent_uuid: "8047f39daccb45b0b4883e53200ce188" member_type: VOTER last_known_addr { host: "127.16.14.130" port: 34045 } } peers { permanent_uuid: "e193413bdc314ebd81336521a03dd6d0" member_type: VOTER last_known_addr { host: "127.16.14.131" port: 40033 } }
I20260713 09:07:10.114143 17775 leader_election.cc:290] T 84b582c205c14c60a0b253ac4e5eaaf1 P 8047f39daccb45b0b4883e53200ce188 [CANDIDATE]: Term 1 pre-election: Requested pre-vote from peers ce955204626845f9b6ae007ba5d49048 (127.16.14.129:45015), e193413bdc314ebd81336521a03dd6d0 (127.16.14.131:40033)
I20260713 09:07:10.114037 17705 tablet_service.cc:1917] Received RequestConsensusVote() RPC: tablet_id: "84b582c205c14c60a0b253ac4e5eaaf1" candidate_uuid: "8047f39daccb45b0b4883e53200ce188" candidate_term: 1 candidate_status { last_received { term: 0 index: 0 } } ignore_live_leader: false dest_uuid: "e193413bdc314ebd81336521a03dd6d0" is_pre_election: true
I20260713 09:07:10.115093 17705 raft_consensus.cc:2468] T 84b582c205c14c60a0b253ac4e5eaaf1 P e193413bdc314ebd81336521a03dd6d0 [term 0 FOLLOWER]: Leader pre-election vote request: Granting yes vote for candidate 8047f39daccb45b0b4883e53200ce188 in term 0.
I20260713 09:07:10.117481 17597 leader_election.cc:304] T 84b582c205c14c60a0b253ac4e5eaaf1 P 8047f39daccb45b0b4883e53200ce188 [CANDIDATE]: Term 1 pre-election: Election decided. Result: candidate won. Election summary: received 2 responses out of 3 voters: 2 yes votes; 0 no votes. yes voters: 8047f39daccb45b0b4883e53200ce188, e193413bdc314ebd81336521a03dd6d0; no voters: 
I20260713 09:07:10.119680 17555 tablet_service.cc:1917] Received RequestConsensusVote() RPC: tablet_id: "84b582c205c14c60a0b253ac4e5eaaf1" candidate_uuid: "8047f39daccb45b0b4883e53200ce188" candidate_term: 1 candidate_status { last_received { term: 0 index: 0 } } ignore_live_leader: false dest_uuid: "ce955204626845f9b6ae007ba5d49048" is_pre_election: true
I20260713 09:07:10.121613 17775 raft_consensus.cc:2804] T 84b582c205c14c60a0b253ac4e5eaaf1 P 8047f39daccb45b0b4883e53200ce188 [term 0 FOLLOWER]: Leader pre-election won for term 1
I20260713 09:07:10.122421 17775 raft_consensus.cc:493] T 84b582c205c14c60a0b253ac4e5eaaf1 P 8047f39daccb45b0b4883e53200ce188 [term 0 FOLLOWER]: Starting leader election (no leader contacted us within the election timeout)
I20260713 09:07:10.122932 17775 raft_consensus.cc:3060] T 84b582c205c14c60a0b253ac4e5eaaf1 P 8047f39daccb45b0b4883e53200ce188 [term 0 FOLLOWER]: Advancing to term 1
I20260713 09:07:10.126222 17453 catalog_manager.cc:5697] T 322f6f64c3e04ee7a897ed2364aaf60d P 8047f39daccb45b0b4883e53200ce188 reported cstate change: term changed from 0 to 1, leader changed from <none> to 8047f39daccb45b0b4883e53200ce188 (127.16.14.130). New cstate: current_term: 1 leader_uuid: "8047f39daccb45b0b4883e53200ce188" committed_config { opid_index: -1 OBSOLETE_local: false peers { permanent_uuid: "ce955204626845f9b6ae007ba5d49048" member_type: VOTER last_known_addr { host: "127.16.14.129" port: 45015 } health_report { overall_health: UNKNOWN } } peers { permanent_uuid: "8047f39daccb45b0b4883e53200ce188" member_type: VOTER last_known_addr { host: "127.16.14.130" port: 34045 } health_report { overall_health: HEALTHY } } peers { permanent_uuid: "e193413bdc314ebd81336521a03dd6d0" member_type: VOTER last_known_addr { host: "127.16.14.131" port: 40033 } health_report { overall_health: UNKNOWN } } }
W20260713 09:07:10.122190 17595 leader_election.cc:343] T 84b582c205c14c60a0b253ac4e5eaaf1 P 8047f39daccb45b0b4883e53200ce188 [CANDIDATE]: Term 1 pre-election: Tablet error from VoteRequest() call to peer ce955204626845f9b6ae007ba5d49048 (127.16.14.129:45015): Illegal state: must be running to vote when last-logged opid is not known
I20260713 09:07:10.129235 17753 leader_election.cc:290] T f860de4f26e542dbb7c60faa25848e0f P ce955204626845f9b6ae007ba5d49048 [CANDIDATE]: Term 1 election: Requested vote from peers 8047f39daccb45b0b4883e53200ce188 (127.16.14.130:34045), e193413bdc314ebd81336521a03dd6d0 (127.16.14.131:40033)
I20260713 09:07:10.130475 17705 tablet_service.cc:1917] Received RequestConsensusVote() RPC: tablet_id: "f860de4f26e542dbb7c60faa25848e0f" candidate_uuid: "ce955204626845f9b6ae007ba5d49048" candidate_term: 1 candidate_status { last_received { term: 0 index: 0 } } ignore_live_leader: false dest_uuid: "e193413bdc314ebd81336521a03dd6d0"
I20260713 09:07:10.131111 17705 raft_consensus.cc:3060] T f860de4f26e542dbb7c60faa25848e0f P e193413bdc314ebd81336521a03dd6d0 [term 0 FOLLOWER]: Advancing to term 1
I20260713 09:07:10.133911 17746 tablet_bootstrap.cc:654] T 20074d7e0df64354a0d7fb6df4f20d8b P ce955204626845f9b6ae007ba5d49048: Neither blocks nor log segments found. Creating new log.
I20260713 09:07:10.144927 17753 raft_consensus.cc:493] T bb4f34ee09dc4c4d97f0e62966557c44 P ce955204626845f9b6ae007ba5d49048 [term 0 FOLLOWER]: Starting pre-election (no leader contacted us within the election timeout)
I20260713 09:07:10.145668 17753 raft_consensus.cc:515] T bb4f34ee09dc4c4d97f0e62966557c44 P ce955204626845f9b6ae007ba5d49048 [term 0 FOLLOWER]: Starting pre-election with config: opid_index: -1 OBSOLETE_local: false peers { permanent_uuid: "ce955204626845f9b6ae007ba5d49048" member_type: VOTER last_known_addr { host: "127.16.14.129" port: 45015 } } peers { permanent_uuid: "8047f39daccb45b0b4883e53200ce188" member_type: VOTER last_known_addr { host: "127.16.14.130" port: 34045 } } peers { permanent_uuid: "e193413bdc314ebd81336521a03dd6d0" member_type: VOTER last_known_addr { host: "127.16.14.131" port: 40033 } }
I20260713 09:07:10.150974 17753 leader_election.cc:290] T bb4f34ee09dc4c4d97f0e62966557c44 P ce955204626845f9b6ae007ba5d49048 [CANDIDATE]: Term 1 pre-election: Requested pre-vote from peers 8047f39daccb45b0b4883e53200ce188 (127.16.14.130:34045), e193413bdc314ebd81336521a03dd6d0 (127.16.14.131:40033)
I20260713 09:07:10.150827 17631 tablet_service.cc:1917] Received RequestConsensusVote() RPC: tablet_id: "bb4f34ee09dc4c4d97f0e62966557c44" candidate_uuid: "ce955204626845f9b6ae007ba5d49048" candidate_term: 1 candidate_status { last_received { term: 0 index: 0 } } ignore_live_leader: false dest_uuid: "8047f39daccb45b0b4883e53200ce188" is_pre_election: true
I20260713 09:07:10.151598 17704 tablet_service.cc:1917] Received RequestConsensusVote() RPC: tablet_id: "bb4f34ee09dc4c4d97f0e62966557c44" candidate_uuid: "ce955204626845f9b6ae007ba5d49048" candidate_term: 1 candidate_status { last_received { term: 0 index: 0 } } ignore_live_leader: false dest_uuid: "e193413bdc314ebd81336521a03dd6d0" is_pre_election: true
I20260713 09:07:10.151536 17705 raft_consensus.cc:2468] T f860de4f26e542dbb7c60faa25848e0f P e193413bdc314ebd81336521a03dd6d0 [term 1 FOLLOWER]: Leader election vote request: Granting yes vote for candidate ce955204626845f9b6ae007ba5d49048 in term 1.
I20260713 09:07:10.149065 17775 raft_consensus.cc:515] T 84b582c205c14c60a0b253ac4e5eaaf1 P 8047f39daccb45b0b4883e53200ce188 [term 1 FOLLOWER]: Starting leader election with config: opid_index: -1 OBSOLETE_local: false peers { permanent_uuid: "ce955204626845f9b6ae007ba5d49048" member_type: VOTER last_known_addr { host: "127.16.14.129" port: 45015 } } peers { permanent_uuid: "8047f39daccb45b0b4883e53200ce188" member_type: VOTER last_known_addr { host: "127.16.14.130" port: 34045 } } peers { permanent_uuid: "e193413bdc314ebd81336521a03dd6d0" member_type: VOTER last_known_addr { host: "127.16.14.131" port: 40033 } }
W20260713 09:07:10.153395 17522 leader_election.cc:343] T bb4f34ee09dc4c4d97f0e62966557c44 P ce955204626845f9b6ae007ba5d49048 [CANDIDATE]: Term 1 pre-election: Tablet error from VoteRequest() call to peer e193413bdc314ebd81336521a03dd6d0 (127.16.14.131:40033): Illegal state: must be running to vote when last-logged opid is not known
I20260713 09:07:10.151613 17631 raft_consensus.cc:2468] T bb4f34ee09dc4c4d97f0e62966557c44 P 8047f39daccb45b0b4883e53200ce188 [term 0 FOLLOWER]: Leader pre-election vote request: Granting yes vote for candidate ce955204626845f9b6ae007ba5d49048 in term 0.
I20260713 09:07:10.154229 17775 leader_election.cc:290] T 84b582c205c14c60a0b253ac4e5eaaf1 P 8047f39daccb45b0b4883e53200ce188 [CANDIDATE]: Term 1 election: Requested vote from peers ce955204626845f9b6ae007ba5d49048 (127.16.14.129:45015), e193413bdc314ebd81336521a03dd6d0 (127.16.14.131:40033)
I20260713 09:07:10.155088 17745 tablet_bootstrap.cc:492] T 6d282b128fb24005be4a270d7de9e3e8 P e193413bdc314ebd81336521a03dd6d0: No bootstrap required, opened a new log
I20260713 09:07:10.155423 17705 tablet_service.cc:1917] Received RequestConsensusVote() RPC: tablet_id: "84b582c205c14c60a0b253ac4e5eaaf1" candidate_uuid: "8047f39daccb45b0b4883e53200ce188" candidate_term: 1 candidate_status { last_received { term: 0 index: 0 } } ignore_live_leader: false dest_uuid: "e193413bdc314ebd81336521a03dd6d0"
I20260713 09:07:10.155575 17745 ts_tablet_manager.cc:1403] T 6d282b128fb24005be4a270d7de9e3e8 P e193413bdc314ebd81336521a03dd6d0: Time spent bootstrapping tablet: real 0.081s	user 0.026s	sys 0.031s
I20260713 09:07:10.155908 17705 raft_consensus.cc:3060] T 84b582c205c14c60a0b253ac4e5eaaf1 P e193413bdc314ebd81336521a03dd6d0 [term 0 FOLLOWER]: Advancing to term 1
I20260713 09:07:10.152102 17747 tablet_bootstrap.cc:492] T 47f7a60663234e0e832aa89f2db8cadb P 8047f39daccb45b0b4883e53200ce188: No bootstrap required, opened a new log
I20260713 09:07:10.156024 17555 tablet_service.cc:1917] Received RequestConsensusVote() RPC: tablet_id: "84b582c205c14c60a0b253ac4e5eaaf1" candidate_uuid: "8047f39daccb45b0b4883e53200ce188" candidate_term: 1 candidate_status { last_received { term: 0 index: 0 } } ignore_live_leader: false dest_uuid: "ce955204626845f9b6ae007ba5d49048"
I20260713 09:07:10.154165 17522 leader_election.cc:304] T f860de4f26e542dbb7c60faa25848e0f P ce955204626845f9b6ae007ba5d49048 [CANDIDATE]: Term 1 election: Election decided. Result: candidate won. Election summary: received 3 responses out of 3 voters: 2 yes votes; 1 no votes. yes voters: ce955204626845f9b6ae007ba5d49048, e193413bdc314ebd81336521a03dd6d0; no voters: 8047f39daccb45b0b4883e53200ce188
I20260713 09:07:10.156714 17747 ts_tablet_manager.cc:1403] T 47f7a60663234e0e832aa89f2db8cadb P 8047f39daccb45b0b4883e53200ce188: Time spent bootstrapping tablet: real 0.082s	user 0.028s	sys 0.014s
I20260713 09:07:10.155982 17521 leader_election.cc:304] T bb4f34ee09dc4c4d97f0e62966557c44 P ce955204626845f9b6ae007ba5d49048 [CANDIDATE]: Term 1 pre-election: Election decided. Result: candidate won. Election summary: received 3 responses out of 3 voters: 2 yes votes; 1 no votes. yes voters: 8047f39daccb45b0b4883e53200ce188, ce955204626845f9b6ae007ba5d49048; no voters: e193413bdc314ebd81336521a03dd6d0
I20260713 09:07:10.157446 17753 raft_consensus.cc:2804] T f860de4f26e542dbb7c60faa25848e0f P ce955204626845f9b6ae007ba5d49048 [term 1 FOLLOWER]: Leader election won for term 1
I20260713 09:07:10.158306 17766 raft_consensus.cc:2804] T bb4f34ee09dc4c4d97f0e62966557c44 P ce955204626845f9b6ae007ba5d49048 [term 0 FOLLOWER]: Leader pre-election won for term 1
I20260713 09:07:10.158665 17766 raft_consensus.cc:493] T bb4f34ee09dc4c4d97f0e62966557c44 P ce955204626845f9b6ae007ba5d49048 [term 0 FOLLOWER]: Starting leader election (no leader contacted us within the election timeout)
I20260713 09:07:10.158969 17766 raft_consensus.cc:3060] T bb4f34ee09dc4c4d97f0e62966557c44 P ce955204626845f9b6ae007ba5d49048 [term 0 FOLLOWER]: Advancing to term 1
I20260713 09:07:10.160231 17747 raft_consensus.cc:359] T 47f7a60663234e0e832aa89f2db8cadb P 8047f39daccb45b0b4883e53200ce188 [term 0 FOLLOWER]: Replica starting. Triggering 0 pending ops. Active config: opid_index: -1 OBSOLETE_local: false peers { permanent_uuid: "ce955204626845f9b6ae007ba5d49048" member_type: VOTER last_known_addr { host: "127.16.14.129" port: 45015 } } peers { permanent_uuid: "8047f39daccb45b0b4883e53200ce188" member_type: VOTER last_known_addr { host: "127.16.14.130" port: 34045 } } peers { permanent_uuid: "e193413bdc314ebd81336521a03dd6d0" member_type: VOTER last_known_addr { host: "127.16.14.131" port: 40033 } }
I20260713 09:07:10.161306 17747 raft_consensus.cc:385] T 47f7a60663234e0e832aa89f2db8cadb P 8047f39daccb45b0b4883e53200ce188 [term 0 FOLLOWER]: Consensus starting up: Expiring failure detector timer to make a prompt election more likely
I20260713 09:07:10.161697 17747 raft_consensus.cc:740] T 47f7a60663234e0e832aa89f2db8cadb P 8047f39daccb45b0b4883e53200ce188 [term 0 FOLLOWER]: Becoming Follower/Learner. State: Replica: 8047f39daccb45b0b4883e53200ce188, State: Initialized, Role: FOLLOWER
I20260713 09:07:10.162714 17747 consensus_queue.cc:260] T 47f7a60663234e0e832aa89f2db8cadb P 8047f39daccb45b0b4883e53200ce188 [NON_LEADER]: Queue going to NON_LEADER mode. State: All replicated index: 0, Majority replicated index: 0, Committed index: 0, Last appended: 0.0, Last appended by leader: 0, Current term: 0, Majority size: -1, State: 0, Mode: NON_LEADER, active raft config: opid_index: -1 OBSOLETE_local: false peers { permanent_uuid: "ce955204626845f9b6ae007ba5d49048" member_type: VOTER last_known_addr { host: "127.16.14.129" port: 45015 } } peers { permanent_uuid: "8047f39daccb45b0b4883e53200ce188" member_type: VOTER last_known_addr { host: "127.16.14.130" port: 34045 } } peers { permanent_uuid: "e193413bdc314ebd81336521a03dd6d0" member_type: VOTER last_known_addr { host: "127.16.14.131" port: 40033 } }
I20260713 09:07:10.163520 17705 raft_consensus.cc:2468] T 84b582c205c14c60a0b253ac4e5eaaf1 P e193413bdc314ebd81336521a03dd6d0 [term 1 FOLLOWER]: Leader election vote request: Granting yes vote for candidate 8047f39daccb45b0b4883e53200ce188 in term 1.
W20260713 09:07:10.164793 17595 leader_election.cc:343] T 84b582c205c14c60a0b253ac4e5eaaf1 P 8047f39daccb45b0b4883e53200ce188 [CANDIDATE]: Term 1 election: Tablet error from VoteRequest() call to peer ce955204626845f9b6ae007ba5d49048 (127.16.14.129:45015): Illegal state: must be running to vote when last-logged opid is not known
I20260713 09:07:10.168076 17746 tablet_bootstrap.cc:492] T 20074d7e0df64354a0d7fb6df4f20d8b P ce955204626845f9b6ae007ba5d49048: No bootstrap required, opened a new log
I20260713 09:07:10.168807 17746 ts_tablet_manager.cc:1403] T 20074d7e0df64354a0d7fb6df4f20d8b P ce955204626845f9b6ae007ba5d49048: Time spent bootstrapping tablet: real 0.067s	user 0.007s	sys 0.015s
I20260713 09:07:10.170840 17597 leader_election.cc:304] T 84b582c205c14c60a0b253ac4e5eaaf1 P 8047f39daccb45b0b4883e53200ce188 [CANDIDATE]: Term 1 election: Election decided. Result: candidate won. Election summary: received 3 responses out of 3 voters: 2 yes votes; 1 no votes. yes voters: 8047f39daccb45b0b4883e53200ce188, e193413bdc314ebd81336521a03dd6d0; no voters: ce955204626845f9b6ae007ba5d49048
I20260713 09:07:10.172802 17775 raft_consensus.cc:2804] T 84b582c205c14c60a0b253ac4e5eaaf1 P 8047f39daccb45b0b4883e53200ce188 [term 1 FOLLOWER]: Leader election won for term 1
I20260713 09:07:10.173372 17775 raft_consensus.cc:697] T 84b582c205c14c60a0b253ac4e5eaaf1 P 8047f39daccb45b0b4883e53200ce188 [term 1 LEADER]: Becoming Leader. State: Replica: 8047f39daccb45b0b4883e53200ce188, State: Running, Role: LEADER
I20260713 09:07:10.174189 17775 consensus_queue.cc:237] T 84b582c205c14c60a0b253ac4e5eaaf1 P 8047f39daccb45b0b4883e53200ce188 [LEADER]: Queue going to LEADER mode. State: All replicated index: 0, Majority replicated index: 0, Committed index: 0, Last appended: 0.0, Last appended by leader: 0, Current term: 1, Majority size: 2, State: 0, Mode: LEADER, active raft config: opid_index: -1 OBSOLETE_local: false peers { permanent_uuid: "ce955204626845f9b6ae007ba5d49048" member_type: VOTER last_known_addr { host: "127.16.14.129" port: 45015 } } peers { permanent_uuid: "8047f39daccb45b0b4883e53200ce188" member_type: VOTER last_known_addr { host: "127.16.14.130" port: 34045 } } peers { permanent_uuid: "e193413bdc314ebd81336521a03dd6d0" member_type: VOTER last_known_addr { host: "127.16.14.131" port: 40033 } }
I20260713 09:07:10.175449 17745 raft_consensus.cc:359] T 6d282b128fb24005be4a270d7de9e3e8 P e193413bdc314ebd81336521a03dd6d0 [term 0 FOLLOWER]: Replica starting. Triggering 0 pending ops. Active config: opid_index: -1 OBSOLETE_local: false peers { permanent_uuid: "ce955204626845f9b6ae007ba5d49048" member_type: VOTER last_known_addr { host: "127.16.14.129" port: 45015 } } peers { permanent_uuid: "8047f39daccb45b0b4883e53200ce188" member_type: VOTER last_known_addr { host: "127.16.14.130" port: 34045 } } peers { permanent_uuid: "e193413bdc314ebd81336521a03dd6d0" member_type: VOTER last_known_addr { host: "127.16.14.131" port: 40033 } }
I20260713 09:07:10.176501 17745 raft_consensus.cc:385] T 6d282b128fb24005be4a270d7de9e3e8 P e193413bdc314ebd81336521a03dd6d0 [term 0 FOLLOWER]: Consensus starting up: Expiring failure detector timer to make a prompt election more likely
I20260713 09:07:10.177244 17745 raft_consensus.cc:740] T 6d282b128fb24005be4a270d7de9e3e8 P e193413bdc314ebd81336521a03dd6d0 [term 0 FOLLOWER]: Becoming Follower/Learner. State: Replica: e193413bdc314ebd81336521a03dd6d0, State: Initialized, Role: FOLLOWER
I20260713 09:07:10.178673 17746 raft_consensus.cc:359] T 20074d7e0df64354a0d7fb6df4f20d8b P ce955204626845f9b6ae007ba5d49048 [term 0 FOLLOWER]: Replica starting. Triggering 0 pending ops. Active config: opid_index: -1 OBSOLETE_local: false peers { permanent_uuid: "ce955204626845f9b6ae007ba5d49048" member_type: VOTER last_known_addr { host: "127.16.14.129" port: 45015 } } peers { permanent_uuid: "8047f39daccb45b0b4883e53200ce188" member_type: VOTER last_known_addr { host: "127.16.14.130" port: 34045 } } peers { permanent_uuid: "e193413bdc314ebd81336521a03dd6d0" member_type: VOTER last_known_addr { host: "127.16.14.131" port: 40033 } }
I20260713 09:07:10.179723 17746 raft_consensus.cc:385] T 20074d7e0df64354a0d7fb6df4f20d8b P ce955204626845f9b6ae007ba5d49048 [term 0 FOLLOWER]: Consensus starting up: Expiring failure detector timer to make a prompt election more likely
I20260713 09:07:10.180119 17746 raft_consensus.cc:740] T 20074d7e0df64354a0d7fb6df4f20d8b P ce955204626845f9b6ae007ba5d49048 [term 0 FOLLOWER]: Becoming Follower/Learner. State: Replica: ce955204626845f9b6ae007ba5d49048, State: Initialized, Role: FOLLOWER
I20260713 09:07:10.180974 17747 ts_tablet_manager.cc:1434] T 47f7a60663234e0e832aa89f2db8cadb P 8047f39daccb45b0b4883e53200ce188: Time spent starting tablet: real 0.024s	user 0.007s	sys 0.002s
I20260713 09:07:10.181118 17745 consensus_queue.cc:260] T 6d282b128fb24005be4a270d7de9e3e8 P e193413bdc314ebd81336521a03dd6d0 [NON_LEADER]: Queue going to NON_LEADER mode. State: All replicated index: 0, Majority replicated index: 0, Committed index: 0, Last appended: 0.0, Last appended by leader: 0, Current term: 0, Majority size: -1, State: 0, Mode: NON_LEADER, active raft config: opid_index: -1 OBSOLETE_local: false peers { permanent_uuid: "ce955204626845f9b6ae007ba5d49048" member_type: VOTER last_known_addr { host: "127.16.14.129" port: 45015 } } peers { permanent_uuid: "8047f39daccb45b0b4883e53200ce188" member_type: VOTER last_known_addr { host: "127.16.14.130" port: 34045 } } peers { permanent_uuid: "e193413bdc314ebd81336521a03dd6d0" member_type: VOTER last_known_addr { host: "127.16.14.131" port: 40033 } }
I20260713 09:07:10.182574 17747 tablet_bootstrap.cc:492] T 95383daa909648e9b36c4bdb66a5999f P 8047f39daccb45b0b4883e53200ce188: Bootstrap starting.
I20260713 09:07:10.183925 17745 ts_tablet_manager.cc:1434] T 6d282b128fb24005be4a270d7de9e3e8 P e193413bdc314ebd81336521a03dd6d0: Time spent starting tablet: real 0.028s	user 0.005s	sys 0.003s
I20260713 09:07:10.185141 17745 tablet_bootstrap.cc:492] T 8fe02a3166ab480ba06110b581584a64 P e193413bdc314ebd81336521a03dd6d0: Bootstrap starting.
I20260713 09:07:10.189440 17747 tablet_bootstrap.cc:654] T 95383daa909648e9b36c4bdb66a5999f P 8047f39daccb45b0b4883e53200ce188: Neither blocks nor log segments found. Creating new log.
I20260713 09:07:10.192497 17746 consensus_queue.cc:260] T 20074d7e0df64354a0d7fb6df4f20d8b P ce955204626845f9b6ae007ba5d49048 [NON_LEADER]: Queue going to NON_LEADER mode. State: All replicated index: 0, Majority replicated index: 0, Committed index: 0, Last appended: 0.0, Last appended by leader: 0, Current term: 0, Majority size: -1, State: 0, Mode: NON_LEADER, active raft config: opid_index: -1 OBSOLETE_local: false peers { permanent_uuid: "ce955204626845f9b6ae007ba5d49048" member_type: VOTER last_known_addr { host: "127.16.14.129" port: 45015 } } peers { permanent_uuid: "8047f39daccb45b0b4883e53200ce188" member_type: VOTER last_known_addr { host: "127.16.14.130" port: 34045 } } peers { permanent_uuid: "e193413bdc314ebd81336521a03dd6d0" member_type: VOTER last_known_addr { host: "127.16.14.131" port: 40033 } }
I20260713 09:07:10.200135 17746 ts_tablet_manager.cc:1434] T 20074d7e0df64354a0d7fb6df4f20d8b P ce955204626845f9b6ae007ba5d49048: Time spent starting tablet: real 0.031s	user 0.010s	sys 0.002s
I20260713 09:07:10.201013 17747 tablet_bootstrap.cc:492] T 95383daa909648e9b36c4bdb66a5999f P 8047f39daccb45b0b4883e53200ce188: No bootstrap required, opened a new log
I20260713 09:07:10.201537 17747 ts_tablet_manager.cc:1403] T 95383daa909648e9b36c4bdb66a5999f P 8047f39daccb45b0b4883e53200ce188: Time spent bootstrapping tablet: real 0.019s	user 0.010s	sys 0.008s
I20260713 09:07:10.200883 17453 catalog_manager.cc:5697] T 84b582c205c14c60a0b253ac4e5eaaf1 P 8047f39daccb45b0b4883e53200ce188 reported cstate change: term changed from 0 to 1, leader changed from <none> to 8047f39daccb45b0b4883e53200ce188 (127.16.14.130). New cstate: current_term: 1 leader_uuid: "8047f39daccb45b0b4883e53200ce188" committed_config { opid_index: -1 OBSOLETE_local: false peers { permanent_uuid: "ce955204626845f9b6ae007ba5d49048" member_type: VOTER last_known_addr { host: "127.16.14.129" port: 45015 } health_report { overall_health: UNKNOWN } } peers { permanent_uuid: "8047f39daccb45b0b4883e53200ce188" member_type: VOTER last_known_addr { host: "127.16.14.130" port: 34045 } health_report { overall_health: HEALTHY } } peers { permanent_uuid: "e193413bdc314ebd81336521a03dd6d0" member_type: VOTER last_known_addr { host: "127.16.14.131" port: 40033 } health_report { overall_health: UNKNOWN } } }
I20260713 09:07:10.202527 17745 tablet_bootstrap.cc:654] T 8fe02a3166ab480ba06110b581584a64 P e193413bdc314ebd81336521a03dd6d0: Neither blocks nor log segments found. Creating new log.
I20260713 09:07:10.181193 17766 raft_consensus.cc:515] T bb4f34ee09dc4c4d97f0e62966557c44 P ce955204626845f9b6ae007ba5d49048 [term 1 FOLLOWER]: Starting leader election with config: opid_index: -1 OBSOLETE_local: false peers { permanent_uuid: "ce955204626845f9b6ae007ba5d49048" member_type: VOTER last_known_addr { host: "127.16.14.129" port: 45015 } } peers { permanent_uuid: "8047f39daccb45b0b4883e53200ce188" member_type: VOTER last_known_addr { host: "127.16.14.130" port: 34045 } } peers { permanent_uuid: "e193413bdc314ebd81336521a03dd6d0" member_type: VOTER last_known_addr { host: "127.16.14.131" port: 40033 } }
I20260713 09:07:10.206228 17747 raft_consensus.cc:359] T 95383daa909648e9b36c4bdb66a5999f P 8047f39daccb45b0b4883e53200ce188 [term 0 FOLLOWER]: Replica starting. Triggering 0 pending ops. Active config: opid_index: -1 OBSOLETE_local: false peers { permanent_uuid: "ce955204626845f9b6ae007ba5d49048" member_type: VOTER last_known_addr { host: "127.16.14.129" port: 45015 } } peers { permanent_uuid: "8047f39daccb45b0b4883e53200ce188" member_type: VOTER last_known_addr { host: "127.16.14.130" port: 34045 } } peers { permanent_uuid: "e193413bdc314ebd81336521a03dd6d0" member_type: VOTER last_known_addr { host: "127.16.14.131" port: 40033 } }
I20260713 09:07:10.206986 17747 raft_consensus.cc:385] T 95383daa909648e9b36c4bdb66a5999f P 8047f39daccb45b0b4883e53200ce188 [term 0 FOLLOWER]: Consensus starting up: Expiring failure detector timer to make a prompt election more likely
I20260713 09:07:10.207319 17747 raft_consensus.cc:740] T 95383daa909648e9b36c4bdb66a5999f P 8047f39daccb45b0b4883e53200ce188 [term 0 FOLLOWER]: Becoming Follower/Learner. State: Replica: 8047f39daccb45b0b4883e53200ce188, State: Initialized, Role: FOLLOWER
I20260713 09:07:10.207417 17631 tablet_service.cc:1917] Received RequestConsensusVote() RPC: tablet_id: "bb4f34ee09dc4c4d97f0e62966557c44" candidate_uuid: "ce955204626845f9b6ae007ba5d49048" candidate_term: 1 candidate_status { last_received { term: 0 index: 0 } } ignore_live_leader: false dest_uuid: "8047f39daccb45b0b4883e53200ce188"
I20260713 09:07:10.208074 17631 raft_consensus.cc:3060] T bb4f34ee09dc4c4d97f0e62966557c44 P 8047f39daccb45b0b4883e53200ce188 [term 0 FOLLOWER]: Advancing to term 1
I20260713 09:07:10.208148 17746 tablet_bootstrap.cc:492] T 95383daa909648e9b36c4bdb66a5999f P ce955204626845f9b6ae007ba5d49048: Bootstrap starting.
I20260713 09:07:10.208420 17747 consensus_queue.cc:260] T 95383daa909648e9b36c4bdb66a5999f P 8047f39daccb45b0b4883e53200ce188 [NON_LEADER]: Queue going to NON_LEADER mode. State: All replicated index: 0, Majority replicated index: 0, Committed index: 0, Last appended: 0.0, Last appended by leader: 0, Current term: 0, Majority size: -1, State: 0, Mode: NON_LEADER, active raft config: opid_index: -1 OBSOLETE_local: false peers { permanent_uuid: "ce955204626845f9b6ae007ba5d49048" member_type: VOTER last_known_addr { host: "127.16.14.129" port: 45015 } } peers { permanent_uuid: "8047f39daccb45b0b4883e53200ce188" member_type: VOTER last_known_addr { host: "127.16.14.130" port: 34045 } } peers { permanent_uuid: "e193413bdc314ebd81336521a03dd6d0" member_type: VOTER last_known_addr { host: "127.16.14.131" port: 40033 } }
I20260713 09:07:10.211325 17747 ts_tablet_manager.cc:1434] T 95383daa909648e9b36c4bdb66a5999f P 8047f39daccb45b0b4883e53200ce188: Time spent starting tablet: real 0.009s	user 0.006s	sys 0.000s
I20260713 09:07:10.212698 17747 tablet_bootstrap.cc:492] T f860de4f26e542dbb7c60faa25848e0f P 8047f39daccb45b0b4883e53200ce188: Bootstrap starting.
I20260713 09:07:10.216396 17631 raft_consensus.cc:2468] T bb4f34ee09dc4c4d97f0e62966557c44 P 8047f39daccb45b0b4883e53200ce188 [term 1 FOLLOWER]: Leader election vote request: Granting yes vote for candidate ce955204626845f9b6ae007ba5d49048 in term 1.
I20260713 09:07:10.216687 17787 raft_consensus.cc:493] T 6d282b128fb24005be4a270d7de9e3e8 P ce955204626845f9b6ae007ba5d49048 [term 0 FOLLOWER]: Starting pre-election (no leader contacted us within the election timeout)
I20260713 09:07:10.217794 17521 leader_election.cc:304] T bb4f34ee09dc4c4d97f0e62966557c44 P ce955204626845f9b6ae007ba5d49048 [CANDIDATE]: Term 1 election: Election decided. Result: candidate won. Election summary: received 2 responses out of 3 voters: 2 yes votes; 0 no votes. yes voters: 8047f39daccb45b0b4883e53200ce188, ce955204626845f9b6ae007ba5d49048; no voters: 
I20260713 09:07:10.218523 17747 tablet_bootstrap.cc:654] T f860de4f26e542dbb7c60faa25848e0f P 8047f39daccb45b0b4883e53200ce188: Neither blocks nor log segments found. Creating new log.
I20260713 09:07:10.217446 17787 raft_consensus.cc:515] T 6d282b128fb24005be4a270d7de9e3e8 P ce955204626845f9b6ae007ba5d49048 [term 0 FOLLOWER]: Starting pre-election with config: opid_index: -1 OBSOLETE_local: false peers { permanent_uuid: "ce955204626845f9b6ae007ba5d49048" member_type: VOTER last_known_addr { host: "127.16.14.129" port: 45015 } } peers { permanent_uuid: "8047f39daccb45b0b4883e53200ce188" member_type: VOTER last_known_addr { host: "127.16.14.130" port: 34045 } } peers { permanent_uuid: "e193413bdc314ebd81336521a03dd6d0" member_type: VOTER last_known_addr { host: "127.16.14.131" port: 40033 } }
I20260713 09:07:10.222618 17705 tablet_service.cc:1917] Received RequestConsensusVote() RPC: tablet_id: "6d282b128fb24005be4a270d7de9e3e8" candidate_uuid: "ce955204626845f9b6ae007ba5d49048" candidate_term: 1 candidate_status { last_received { term: 0 index: 0 } } ignore_live_leader: false dest_uuid: "e193413bdc314ebd81336521a03dd6d0" is_pre_election: true
I20260713 09:07:10.223527 17705 raft_consensus.cc:2468] T 6d282b128fb24005be4a270d7de9e3e8 P e193413bdc314ebd81336521a03dd6d0 [term 0 FOLLOWER]: Leader pre-election vote request: Granting yes vote for candidate ce955204626845f9b6ae007ba5d49048 in term 0.
I20260713 09:07:10.224952 17630 tablet_service.cc:1917] Received RequestConsensusVote() RPC: tablet_id: "6d282b128fb24005be4a270d7de9e3e8" candidate_uuid: "ce955204626845f9b6ae007ba5d49048" candidate_term: 1 candidate_status { last_received { term: 0 index: 0 } } ignore_live_leader: false dest_uuid: "8047f39daccb45b0b4883e53200ce188" is_pre_election: true
I20260713 09:07:10.225320 17522 leader_election.cc:304] T 6d282b128fb24005be4a270d7de9e3e8 P ce955204626845f9b6ae007ba5d49048 [CANDIDATE]: Term 1 pre-election: Election decided. Result: candidate won. Election summary: received 2 responses out of 3 voters: 2 yes votes; 0 no votes. yes voters: ce955204626845f9b6ae007ba5d49048, e193413bdc314ebd81336521a03dd6d0; no voters: 
I20260713 09:07:10.225729 17630 raft_consensus.cc:2468] T 6d282b128fb24005be4a270d7de9e3e8 P 8047f39daccb45b0b4883e53200ce188 [term 0 FOLLOWER]: Leader pre-election vote request: Granting yes vote for candidate ce955204626845f9b6ae007ba5d49048 in term 0.
I20260713 09:07:10.227347 17787 leader_election.cc:290] T 6d282b128fb24005be4a270d7de9e3e8 P ce955204626845f9b6ae007ba5d49048 [CANDIDATE]: Term 1 pre-election: Requested pre-vote from peers 8047f39daccb45b0b4883e53200ce188 (127.16.14.130:34045), e193413bdc314ebd81336521a03dd6d0 (127.16.14.131:40033)
I20260713 09:07:10.227638 17790 raft_consensus.cc:2804] T bb4f34ee09dc4c4d97f0e62966557c44 P ce955204626845f9b6ae007ba5d49048 [term 1 FOLLOWER]: Leader election won for term 1
I20260713 09:07:10.227809 17775 raft_consensus.cc:493] T 95383daa909648e9b36c4bdb66a5999f P 8047f39daccb45b0b4883e53200ce188 [term 0 FOLLOWER]: Starting pre-election (no leader contacted us within the election timeout)
I20260713 09:07:10.228178 17787 raft_consensus.cc:2804] T 6d282b128fb24005be4a270d7de9e3e8 P ce955204626845f9b6ae007ba5d49048 [term 0 FOLLOWER]: Leader pre-election won for term 1
I20260713 09:07:10.228674 17787 raft_consensus.cc:493] T 6d282b128fb24005be4a270d7de9e3e8 P ce955204626845f9b6ae007ba5d49048 [term 0 FOLLOWER]: Starting leader election (no leader contacted us within the election timeout)
I20260713 09:07:10.229187 17787 raft_consensus.cc:3060] T 6d282b128fb24005be4a270d7de9e3e8 P ce955204626845f9b6ae007ba5d49048 [term 0 FOLLOWER]: Advancing to term 1
