I20260713 09:06:43.380743 16828 raft_consensus.cc:385] T 4898067c3bdb4b60988e572dc15a1c67 P 4502a87ae779436986dc4dd6ba6d09d0 [term 0 FOLLOWER]: Consensus starting up: Expiring failure detector timer to make a prompt election more likely
I20260713 09:06:43.381042 16828 raft_consensus.cc:740] T 4898067c3bdb4b60988e572dc15a1c67 P 4502a87ae779436986dc4dd6ba6d09d0 [term 0 FOLLOWER]: Becoming Follower/Learner. State: Replica: 4502a87ae779436986dc4dd6ba6d09d0, State: Initialized, Role: FOLLOWER
I20260713 09:06:43.388821 16828 consensus_queue.cc:260] T 4898067c3bdb4b60988e572dc15a1c67 P 4502a87ae779436986dc4dd6ba6d09d0 [NON_LEADER]: Queue going to NON_LEADER mode. State: All replicated index: 0, Majority replicated index: 0, Committed index: 0, Last appended: 0.0, Last appended by leader: 0, Current term: 0, Majority size: -1, State: 0, Mode: NON_LEADER, active raft config: opid_index: -1 OBSOLETE_local: false peers { permanent_uuid: "d4e64ad7e1464b09b807a842fa94b950" member_type: VOTER last_known_addr { host: "127.16.29.65" port: 42467 } } peers { permanent_uuid: "664d044d1ccb4ab48bde05ca497bd14e" member_type: VOTER last_known_addr { host: "127.16.29.66" port: 34817 } } peers { permanent_uuid: "4502a87ae779436986dc4dd6ba6d09d0" member_type: VOTER last_known_addr { host: "127.16.29.67" port: 33551 } }
I20260713 09:06:43.396668 16828 ts_tablet_manager.cc:1434] T 4898067c3bdb4b60988e572dc15a1c67 P 4502a87ae779436986dc4dd6ba6d09d0: Time spent starting tablet: real 0.020s	user 0.006s	sys 0.001s
I20260713 09:06:43.405772 16810 heartbeater.cc:499] Master 127.16.29.126:39597 was elected leader, sending a full tablet report...
I20260713 09:06:43.420500 16828 tablet_bootstrap.cc:492] T d5b097e34402454aaf20f3ab4b4f6467 P 4502a87ae779436986dc4dd6ba6d09d0: Bootstrap starting.
I20260713 09:06:43.422545 16661 heartbeater.cc:499] Master 127.16.29.126:39597 was elected leader, sending a full tablet report...
I20260713 09:06:43.423628 16829 tablet_bootstrap.cc:492] T 387d63a78d5e4acf9da24f5efad7506f P 664d044d1ccb4ab48bde05ca497bd14e: No bootstrap required, opened a new log
I20260713 09:06:43.424204 16829 ts_tablet_manager.cc:1403] T 387d63a78d5e4acf9da24f5efad7506f P 664d044d1ccb4ab48bde05ca497bd14e: Time spent bootstrapping tablet: real 0.056s	user 0.022s	sys 0.016s
I20260713 09:06:43.426996 16835 raft_consensus.cc:493] T 387d63a78d5e4acf9da24f5efad7506f P d4e64ad7e1464b09b807a842fa94b950 [term 0 FOLLOWER]: Starting pre-election (no leader contacted us within the election timeout)
I20260713 09:06:43.427608 16835 raft_consensus.cc:515] T 387d63a78d5e4acf9da24f5efad7506f P d4e64ad7e1464b09b807a842fa94b950 [term 0 FOLLOWER]: Starting pre-election with config: opid_index: -1 OBSOLETE_local: false peers { permanent_uuid: "d4e64ad7e1464b09b807a842fa94b950" member_type: VOTER last_known_addr { host: "127.16.29.65" port: 42467 } } peers { permanent_uuid: "664d044d1ccb4ab48bde05ca497bd14e" member_type: VOTER last_known_addr { host: "127.16.29.66" port: 34817 } } peers { permanent_uuid: "4502a87ae779436986dc4dd6ba6d09d0" member_type: VOTER last_known_addr { host: "127.16.29.67" port: 33551 } }
I20260713 09:06:43.428887 16828 tablet_bootstrap.cc:654] T d5b097e34402454aaf20f3ab4b4f6467 P 4502a87ae779436986dc4dd6ba6d09d0: Neither blocks nor log segments found. Creating new log.
I20260713 09:06:43.431883 16830 ts_tablet_manager.cc:1434] T 387d63a78d5e4acf9da24f5efad7506f P d4e64ad7e1464b09b807a842fa94b950: Time spent starting tablet: real 0.066s	user 0.022s	sys 0.034s
I20260713 09:06:43.433810 16830 tablet_bootstrap.cc:492] T 4898067c3bdb4b60988e572dc15a1c67 P d4e64ad7e1464b09b807a842fa94b950: Bootstrap starting.
I20260713 09:06:43.434525 16835 leader_election.cc:290] T 387d63a78d5e4acf9da24f5efad7506f P d4e64ad7e1464b09b807a842fa94b950 [CANDIDATE]: Term 1 pre-election: Requested pre-vote from peers 664d044d1ccb4ab48bde05ca497bd14e (127.16.29.66:34817), 4502a87ae779436986dc4dd6ba6d09d0 (127.16.29.67:33551)
I20260713 09:06:43.434067 16829 raft_consensus.cc:359] T 387d63a78d5e4acf9da24f5efad7506f P 664d044d1ccb4ab48bde05ca497bd14e [term 0 FOLLOWER]: Replica starting. Triggering 0 pending ops. Active config: opid_index: -1 OBSOLETE_local: false peers { permanent_uuid: "d4e64ad7e1464b09b807a842fa94b950" member_type: VOTER last_known_addr { host: "127.16.29.65" port: 42467 } } peers { permanent_uuid: "664d044d1ccb4ab48bde05ca497bd14e" member_type: VOTER last_known_addr { host: "127.16.29.66" port: 34817 } } peers { permanent_uuid: "4502a87ae779436986dc4dd6ba6d09d0" member_type: VOTER last_known_addr { host: "127.16.29.67" port: 33551 } }
I20260713 09:06:43.444175 16829 raft_consensus.cc:385] T 387d63a78d5e4acf9da24f5efad7506f P 664d044d1ccb4ab48bde05ca497bd14e [term 0 FOLLOWER]: Consensus starting up: Expiring failure detector timer to make a prompt election more likely
W20260713 09:06:43.450066 16737 tablet.cc:2406] T c6a10380f765458f824c16e47fa00222 P 664d044d1ccb4ab48bde05ca497bd14e: Can't schedule compaction. Clean time has not been advanced past its initial value.
I20260713 09:06:43.447932 16829 raft_consensus.cc:740] T 387d63a78d5e4acf9da24f5efad7506f P 664d044d1ccb4ab48bde05ca497bd14e [term 0 FOLLOWER]: Becoming Follower/Learner. State: Replica: 664d044d1ccb4ab48bde05ca497bd14e, State: Initialized, Role: FOLLOWER
I20260713 09:06:43.454696 16829 consensus_queue.cc:260] T 387d63a78d5e4acf9da24f5efad7506f P 664d044d1ccb4ab48bde05ca497bd14e [NON_LEADER]: Queue going to NON_LEADER mode. State: All replicated index: 0, Majority replicated index: 0, Committed index: 0, Last appended: 0.0, Last appended by leader: 0, Current term: 0, Majority size: -1, State: 0, Mode: NON_LEADER, active raft config: opid_index: -1 OBSOLETE_local: false peers { permanent_uuid: "d4e64ad7e1464b09b807a842fa94b950" member_type: VOTER last_known_addr { host: "127.16.29.65" port: 42467 } } peers { permanent_uuid: "664d044d1ccb4ab48bde05ca497bd14e" member_type: VOTER last_known_addr { host: "127.16.29.66" port: 34817 } } peers { permanent_uuid: "4502a87ae779436986dc4dd6ba6d09d0" member_type: VOTER last_known_addr { host: "127.16.29.67" port: 33551 } }
I20260713 09:06:43.459465 16829 ts_tablet_manager.cc:1434] T 387d63a78d5e4acf9da24f5efad7506f P 664d044d1ccb4ab48bde05ca497bd14e: Time spent starting tablet: real 0.035s	user 0.006s	sys 0.003s
I20260713 09:06:43.460376 16829 tablet_bootstrap.cc:492] T 4898067c3bdb4b60988e572dc15a1c67 P 664d044d1ccb4ab48bde05ca497bd14e: Bootstrap starting.
I20260713 09:06:43.463097 16834 raft_consensus.cc:493] T 387d63a78d5e4acf9da24f5efad7506f P 664d044d1ccb4ab48bde05ca497bd14e [term 0 FOLLOWER]: Starting pre-election (no leader contacted us within the election timeout)
I20260713 09:06:43.463172 16837 raft_consensus.cc:493] T 4898067c3bdb4b60988e572dc15a1c67 P 4502a87ae779436986dc4dd6ba6d09d0 [term 0 FOLLOWER]: Starting pre-election (no leader contacted us within the election timeout)
I20260713 09:06:43.463833 16834 raft_consensus.cc:515] T 387d63a78d5e4acf9da24f5efad7506f P 664d044d1ccb4ab48bde05ca497bd14e [term 0 FOLLOWER]: Starting pre-election with config: opid_index: -1 OBSOLETE_local: false peers { permanent_uuid: "d4e64ad7e1464b09b807a842fa94b950" member_type: VOTER last_known_addr { host: "127.16.29.65" port: 42467 } } peers { permanent_uuid: "664d044d1ccb4ab48bde05ca497bd14e" member_type: VOTER last_known_addr { host: "127.16.29.66" port: 34817 } } peers { permanent_uuid: "4502a87ae779436986dc4dd6ba6d09d0" member_type: VOTER last_known_addr { host: "127.16.29.67" port: 33551 } }
I20260713 09:06:43.466214 16828 tablet_bootstrap.cc:492] T d5b097e34402454aaf20f3ab4b4f6467 P 4502a87ae779436986dc4dd6ba6d09d0: No bootstrap required, opened a new log
I20260713 09:06:43.466805 16828 ts_tablet_manager.cc:1403] T d5b097e34402454aaf20f3ab4b4f6467 P 4502a87ae779436986dc4dd6ba6d09d0: Time spent bootstrapping tablet: real 0.048s	user 0.012s	sys 0.002s
I20260713 09:06:43.463934 16837 raft_consensus.cc:515] T 4898067c3bdb4b60988e572dc15a1c67 P 4502a87ae779436986dc4dd6ba6d09d0 [term 0 FOLLOWER]: Starting pre-election with config: opid_index: -1 OBSOLETE_local: false peers { permanent_uuid: "d4e64ad7e1464b09b807a842fa94b950" member_type: VOTER last_known_addr { host: "127.16.29.65" port: 42467 } } peers { permanent_uuid: "664d044d1ccb4ab48bde05ca497bd14e" member_type: VOTER last_known_addr { host: "127.16.29.66" port: 34817 } } peers { permanent_uuid: "4502a87ae779436986dc4dd6ba6d09d0" member_type: VOTER last_known_addr { host: "127.16.29.67" port: 33551 } }
I20260713 09:06:43.467613 16834 leader_election.cc:290] T 387d63a78d5e4acf9da24f5efad7506f P 664d044d1ccb4ab48bde05ca497bd14e [CANDIDATE]: Term 1 pre-election: Requested pre-vote from peers d4e64ad7e1464b09b807a842fa94b950 (127.16.29.65:42467), 4502a87ae779436986dc4dd6ba6d09d0 (127.16.29.67:33551)
I20260713 09:06:43.485529 16837 leader_election.cc:290] T 4898067c3bdb4b60988e572dc15a1c67 P 4502a87ae779436986dc4dd6ba6d09d0 [CANDIDATE]: Term 1 pre-election: Requested pre-vote from peers d4e64ad7e1464b09b807a842fa94b950 (127.16.29.65:42467), 664d044d1ccb4ab48bde05ca497bd14e (127.16.29.66:34817)
I20260713 09:06:43.516929 16711 tablet_service.cc:1917] Received RequestConsensusVote() RPC: tablet_id: "387d63a78d5e4acf9da24f5efad7506f" candidate_uuid: "d4e64ad7e1464b09b807a842fa94b950" candidate_term: 1 candidate_status { last_received { term: 0 index: 0 } } ignore_live_leader: false dest_uuid: "664d044d1ccb4ab48bde05ca497bd14e" is_pre_election: true
I20260713 09:06:43.518010 16711 raft_consensus.cc:2468] T 387d63a78d5e4acf9da24f5efad7506f P 664d044d1ccb4ab48bde05ca497bd14e [term 0 FOLLOWER]: Leader pre-election vote request: Granting yes vote for candidate d4e64ad7e1464b09b807a842fa94b950 in term 0.
I20260713 09:06:43.523622 16601 leader_election.cc:304] T 387d63a78d5e4acf9da24f5efad7506f P d4e64ad7e1464b09b807a842fa94b950 [CANDIDATE]: Term 1 pre-election: Election decided. Result: candidate won. Election summary: received 2 responses out of 3 voters: 2 yes votes; 0 no votes. yes voters: 664d044d1ccb4ab48bde05ca497bd14e, d4e64ad7e1464b09b807a842fa94b950; no voters: 
I20260713 09:06:43.524753 16835 raft_consensus.cc:2804] T 387d63a78d5e4acf9da24f5efad7506f P d4e64ad7e1464b09b807a842fa94b950 [term 0 FOLLOWER]: Leader pre-election won for term 1
I20260713 09:06:43.530910 16835 raft_consensus.cc:493] T 387d63a78d5e4acf9da24f5efad7506f P d4e64ad7e1464b09b807a842fa94b950 [term 0 FOLLOWER]: Starting leader election (no leader contacted us within the election timeout)
I20260713 09:06:43.531384 16835 raft_consensus.cc:3060] T 387d63a78d5e4acf9da24f5efad7506f P d4e64ad7e1464b09b807a842fa94b950 [term 0 FOLLOWER]: Advancing to term 1
I20260713 09:06:43.537051 16834 raft_consensus.cc:493] T c6a10380f765458f824c16e47fa00222 P 664d044d1ccb4ab48bde05ca497bd14e [term 0 FOLLOWER]: Starting pre-election (no leader contacted us within the election timeout)
I20260713 09:06:43.536180 16830 tablet_bootstrap.cc:654] T 4898067c3bdb4b60988e572dc15a1c67 P d4e64ad7e1464b09b807a842fa94b950: Neither blocks nor log segments found. Creating new log.
I20260713 09:06:43.543285 16828 raft_consensus.cc:359] T d5b097e34402454aaf20f3ab4b4f6467 P 4502a87ae779436986dc4dd6ba6d09d0 [term 0 FOLLOWER]: Replica starting. Triggering 0 pending ops. Active config: opid_index: -1 OBSOLETE_local: false peers { permanent_uuid: "d4e64ad7e1464b09b807a842fa94b950" member_type: VOTER last_known_addr { host: "127.16.29.65" port: 42467 } } peers { permanent_uuid: "664d044d1ccb4ab48bde05ca497bd14e" member_type: VOTER last_known_addr { host: "127.16.29.66" port: 34817 } } peers { permanent_uuid: "4502a87ae779436986dc4dd6ba6d09d0" member_type: VOTER last_known_addr { host: "127.16.29.67" port: 33551 } }
I20260713 09:06:43.544093 16834 raft_consensus.cc:515] T c6a10380f765458f824c16e47fa00222 P 664d044d1ccb4ab48bde05ca497bd14e [term 0 FOLLOWER]: Starting pre-election with config: opid_index: -1 OBSOLETE_local: false peers { permanent_uuid: "d4e64ad7e1464b09b807a842fa94b950" member_type: VOTER last_known_addr { host: "127.16.29.65" port: 42467 } } peers { permanent_uuid: "664d044d1ccb4ab48bde05ca497bd14e" member_type: VOTER last_known_addr { host: "127.16.29.66" port: 34817 } } peers { permanent_uuid: "4502a87ae779436986dc4dd6ba6d09d0" member_type: VOTER last_known_addr { host: "127.16.29.67" port: 33551 } }
I20260713 09:06:43.552891 16834 leader_election.cc:290] T c6a10380f765458f824c16e47fa00222 P 664d044d1ccb4ab48bde05ca497bd14e [CANDIDATE]: Term 1 pre-election: Requested pre-vote from peers d4e64ad7e1464b09b807a842fa94b950 (127.16.29.65:42467), 4502a87ae779436986dc4dd6ba6d09d0 (127.16.29.67:33551)
I20260713 09:06:43.548667 16828 raft_consensus.cc:385] T d5b097e34402454aaf20f3ab4b4f6467 P 4502a87ae779436986dc4dd6ba6d09d0 [term 0 FOLLOWER]: Consensus starting up: Expiring failure detector timer to make a prompt election more likely
I20260713 09:06:43.553475 16828 raft_consensus.cc:740] T d5b097e34402454aaf20f3ab4b4f6467 P 4502a87ae779436986dc4dd6ba6d09d0 [term 0 FOLLOWER]: Becoming Follower/Learner. State: Replica: 4502a87ae779436986dc4dd6ba6d09d0, State: Initialized, Role: FOLLOWER
I20260713 09:06:43.554265 16828 consensus_queue.cc:260] T d5b097e34402454aaf20f3ab4b4f6467 P 4502a87ae779436986dc4dd6ba6d09d0 [NON_LEADER]: Queue going to NON_LEADER mode. State: All replicated index: 0, Majority replicated index: 0, Committed index: 0, Last appended: 0.0, Last appended by leader: 0, Current term: 0, Majority size: -1, State: 0, Mode: NON_LEADER, active raft config: opid_index: -1 OBSOLETE_local: false peers { permanent_uuid: "d4e64ad7e1464b09b807a842fa94b950" member_type: VOTER last_known_addr { host: "127.16.29.65" port: 42467 } } peers { permanent_uuid: "664d044d1ccb4ab48bde05ca497bd14e" member_type: VOTER last_known_addr { host: "127.16.29.66" port: 34817 } } peers { permanent_uuid: "4502a87ae779436986dc4dd6ba6d09d0" member_type: VOTER last_known_addr { host: "127.16.29.67" port: 33551 } }
I20260713 09:06:43.561398 16828 ts_tablet_manager.cc:1434] T d5b097e34402454aaf20f3ab4b4f6467 P 4502a87ae779436986dc4dd6ba6d09d0: Time spent starting tablet: real 0.094s	user 0.013s	sys 0.000s
I20260713 09:06:43.564273 16785 tablet_service.cc:1917] Received RequestConsensusVote() RPC: tablet_id: "387d63a78d5e4acf9da24f5efad7506f" candidate_uuid: "d4e64ad7e1464b09b807a842fa94b950" candidate_term: 1 candidate_status { last_received { term: 0 index: 0 } } ignore_live_leader: false dest_uuid: "4502a87ae779436986dc4dd6ba6d09d0" is_pre_election: true
I20260713 09:06:43.566303 16829 tablet_bootstrap.cc:654] T 4898067c3bdb4b60988e572dc15a1c67 P 664d044d1ccb4ab48bde05ca497bd14e: Neither blocks nor log segments found. Creating new log.
I20260713 09:06:43.566401 16828 tablet_bootstrap.cc:492] T 387d63a78d5e4acf9da24f5efad7506f P 4502a87ae779436986dc4dd6ba6d09d0: Bootstrap starting.
W20260713 09:06:43.572986 16600 leader_election.cc:343] T 387d63a78d5e4acf9da24f5efad7506f P d4e64ad7e1464b09b807a842fa94b950 [CANDIDATE]: Term 1 pre-election: Tablet error from VoteRequest() call to peer 4502a87ae779436986dc4dd6ba6d09d0 (127.16.29.67:33551): Illegal state: must be running to vote when last-logged opid is not known
I20260713 09:06:43.565707 16835 raft_consensus.cc:515] T 387d63a78d5e4acf9da24f5efad7506f P d4e64ad7e1464b09b807a842fa94b950 [term 1 FOLLOWER]: Starting leader election with config: opid_index: -1 OBSOLETE_local: false peers { permanent_uuid: "d4e64ad7e1464b09b807a842fa94b950" member_type: VOTER last_known_addr { host: "127.16.29.65" port: 42467 } } peers { permanent_uuid: "664d044d1ccb4ab48bde05ca497bd14e" member_type: VOTER last_known_addr { host: "127.16.29.66" port: 34817 } } peers { permanent_uuid: "4502a87ae779436986dc4dd6ba6d09d0" member_type: VOTER last_known_addr { host: "127.16.29.67" port: 33551 } }
I20260713 09:06:43.575663 16835 leader_election.cc:290] T 387d63a78d5e4acf9da24f5efad7506f P d4e64ad7e1464b09b807a842fa94b950 [CANDIDATE]: Term 1 election: Requested vote from peers 664d044d1ccb4ab48bde05ca497bd14e (127.16.29.66:34817), 4502a87ae779436986dc4dd6ba6d09d0 (127.16.29.67:33551)
I20260713 09:06:43.576293 16711 tablet_service.cc:1917] Received RequestConsensusVote() RPC: tablet_id: "387d63a78d5e4acf9da24f5efad7506f" candidate_uuid: "d4e64ad7e1464b09b807a842fa94b950" candidate_term: 1 candidate_status { last_received { term: 0 index: 0 } } ignore_live_leader: false dest_uuid: "664d044d1ccb4ab48bde05ca497bd14e"
I20260713 09:06:43.576916 16711 raft_consensus.cc:3060] T 387d63a78d5e4acf9da24f5efad7506f P 664d044d1ccb4ab48bde05ca497bd14e [term 0 FOLLOWER]: Advancing to term 1
I20260713 09:06:43.582135 16785 tablet_service.cc:1917] Received RequestConsensusVote() RPC: tablet_id: "387d63a78d5e4acf9da24f5efad7506f" candidate_uuid: "d4e64ad7e1464b09b807a842fa94b950" candidate_term: 1 candidate_status { last_received { term: 0 index: 0 } } ignore_live_leader: false dest_uuid: "4502a87ae779436986dc4dd6ba6d09d0"
W20260713 09:06:43.583843 16600 leader_election.cc:343] T 387d63a78d5e4acf9da24f5efad7506f P d4e64ad7e1464b09b807a842fa94b950 [CANDIDATE]: Term 1 election: Tablet error from VoteRequest() call to peer 4502a87ae779436986dc4dd6ba6d09d0 (127.16.29.67:33551): Illegal state: must be running to vote when last-logged opid is not known
I20260713 09:06:43.590516 16636 tablet_service.cc:1917] Received RequestConsensusVote() RPC: tablet_id: "387d63a78d5e4acf9da24f5efad7506f" candidate_uuid: "664d044d1ccb4ab48bde05ca497bd14e" candidate_term: 1 candidate_status { last_received { term: 0 index: 0 } } ignore_live_leader: false dest_uuid: "d4e64ad7e1464b09b807a842fa94b950" is_pre_election: true
I20260713 09:06:43.592650 16635 tablet_service.cc:1917] Received RequestConsensusVote() RPC: tablet_id: "c6a10380f765458f824c16e47fa00222" candidate_uuid: "664d044d1ccb4ab48bde05ca497bd14e" candidate_term: 1 candidate_status { last_received { term: 0 index: 0 } } ignore_live_leader: false dest_uuid: "d4e64ad7e1464b09b807a842fa94b950" is_pre_election: true
I20260713 09:06:43.593905 16636 raft_consensus.cc:2393] T 387d63a78d5e4acf9da24f5efad7506f P d4e64ad7e1464b09b807a842fa94b950 [term 1 FOLLOWER]: Leader pre-election vote request: Denying vote to candidate 664d044d1ccb4ab48bde05ca497bd14e in current term 1: Already voted for candidate d4e64ad7e1464b09b807a842fa94b950 in this term.
I20260713 09:06:43.595613 16830 tablet_bootstrap.cc:492] T 4898067c3bdb4b60988e572dc15a1c67 P d4e64ad7e1464b09b807a842fa94b950: No bootstrap required, opened a new log
I20260713 09:06:43.596076 16830 ts_tablet_manager.cc:1403] T 4898067c3bdb4b60988e572dc15a1c67 P d4e64ad7e1464b09b807a842fa94b950: Time spent bootstrapping tablet: real 0.162s	user 0.013s	sys 0.009s
I20260713 09:06:43.600880 16830 raft_consensus.cc:359] T 4898067c3bdb4b60988e572dc15a1c67 P d4e64ad7e1464b09b807a842fa94b950 [term 0 FOLLOWER]: Replica starting. Triggering 0 pending ops. Active config: opid_index: -1 OBSOLETE_local: false peers { permanent_uuid: "d4e64ad7e1464b09b807a842fa94b950" member_type: VOTER last_known_addr { host: "127.16.29.65" port: 42467 } } peers { permanent_uuid: "664d044d1ccb4ab48bde05ca497bd14e" member_type: VOTER last_known_addr { host: "127.16.29.66" port: 34817 } } peers { permanent_uuid: "4502a87ae779436986dc4dd6ba6d09d0" member_type: VOTER last_known_addr { host: "127.16.29.67" port: 33551 } }
I20260713 09:06:43.601217 16711 raft_consensus.cc:2468] T 387d63a78d5e4acf9da24f5efad7506f P 664d044d1ccb4ab48bde05ca497bd14e [term 1 FOLLOWER]: Leader election vote request: Granting yes vote for candidate d4e64ad7e1464b09b807a842fa94b950 in term 1.
I20260713 09:06:43.601588 16830 raft_consensus.cc:385] T 4898067c3bdb4b60988e572dc15a1c67 P d4e64ad7e1464b09b807a842fa94b950 [term 0 FOLLOWER]: Consensus starting up: Expiring failure detector timer to make a prompt election more likely
I20260713 09:06:43.602738 16828 tablet_bootstrap.cc:654] T 387d63a78d5e4acf9da24f5efad7506f P 4502a87ae779436986dc4dd6ba6d09d0: Neither blocks nor log segments found. Creating new log.
I20260713 09:06:43.601929 16830 raft_consensus.cc:740] T 4898067c3bdb4b60988e572dc15a1c67 P d4e64ad7e1464b09b807a842fa94b950 [term 0 FOLLOWER]: Becoming Follower/Learner. State: Replica: d4e64ad7e1464b09b807a842fa94b950, State: Initialized, Role: FOLLOWER
I20260713 09:06:43.602794 16601 leader_election.cc:304] T 387d63a78d5e4acf9da24f5efad7506f P d4e64ad7e1464b09b807a842fa94b950 [CANDIDATE]: Term 1 election: Election decided. Result: candidate won. Election summary: received 3 responses out of 3 voters: 2 yes votes; 1 no votes. yes voters: 664d044d1ccb4ab48bde05ca497bd14e, d4e64ad7e1464b09b807a842fa94b950; no voters: 4502a87ae779436986dc4dd6ba6d09d0
I20260713 09:06:43.604429 16835 raft_consensus.cc:2804] T 387d63a78d5e4acf9da24f5efad7506f P d4e64ad7e1464b09b807a842fa94b950 [term 1 FOLLOWER]: Leader election won for term 1
I20260713 09:06:43.604897 16835 raft_consensus.cc:697] T 387d63a78d5e4acf9da24f5efad7506f P d4e64ad7e1464b09b807a842fa94b950 [term 1 LEADER]: Becoming Leader. State: Replica: d4e64ad7e1464b09b807a842fa94b950, State: Running, Role: LEADER
W20260713 09:06:43.605244 16676 leader_election.cc:343] T c6a10380f765458f824c16e47fa00222 P 664d044d1ccb4ab48bde05ca497bd14e [CANDIDATE]: Term 1 pre-election: Tablet error from VoteRequest() call to peer d4e64ad7e1464b09b807a842fa94b950 (127.16.29.65:42467): Illegal state: must be running to vote when last-logged opid is not known
I20260713 09:06:43.605659 16835 consensus_queue.cc:237] T 387d63a78d5e4acf9da24f5efad7506f P d4e64ad7e1464b09b807a842fa94b950 [LEADER]: Queue going to LEADER mode. State: All replicated index: 0, Majority replicated index: 0, Committed index: 0, Last appended: 0.0, Last appended by leader: 0, Current term: 1, Majority size: 2, State: 0, Mode: LEADER, active raft config: opid_index: -1 OBSOLETE_local: false peers { permanent_uuid: "d4e64ad7e1464b09b807a842fa94b950" member_type: VOTER last_known_addr { host: "127.16.29.65" port: 42467 } } peers { permanent_uuid: "664d044d1ccb4ab48bde05ca497bd14e" member_type: VOTER last_known_addr { host: "127.16.29.66" port: 34817 } } peers { permanent_uuid: "4502a87ae779436986dc4dd6ba6d09d0" member_type: VOTER last_known_addr { host: "127.16.29.67" port: 33551 } }
I20260713 09:06:43.608105 16784 tablet_service.cc:1917] Received RequestConsensusVote() RPC: tablet_id: "c6a10380f765458f824c16e47fa00222" candidate_uuid: "664d044d1ccb4ab48bde05ca497bd14e" candidate_term: 1 candidate_status { last_received { term: 0 index: 0 } } ignore_live_leader: false dest_uuid: "4502a87ae779436986dc4dd6ba6d09d0" is_pre_election: true
I20260713 09:06:43.609942 16785 tablet_service.cc:1917] Received RequestConsensusVote() RPC: tablet_id: "387d63a78d5e4acf9da24f5efad7506f" candidate_uuid: "664d044d1ccb4ab48bde05ca497bd14e" candidate_term: 1 candidate_status { last_received { term: 0 index: 0 } } ignore_live_leader: false dest_uuid: "4502a87ae779436986dc4dd6ba6d09d0" is_pre_election: true
W20260713 09:06:43.615957 16675 leader_election.cc:343] T c6a10380f765458f824c16e47fa00222 P 664d044d1ccb4ab48bde05ca497bd14e [CANDIDATE]: Term 1 pre-election: Tablet error from VoteRequest() call to peer 4502a87ae779436986dc4dd6ba6d09d0 (127.16.29.67:33551): Illegal state: must be running to vote when last-logged opid is not known
I20260713 09:06:43.606909 16830 consensus_queue.cc:260] T 4898067c3bdb4b60988e572dc15a1c67 P d4e64ad7e1464b09b807a842fa94b950 [NON_LEADER]: Queue going to NON_LEADER mode. State: All replicated index: 0, Majority replicated index: 0, Committed index: 0, Last appended: 0.0, Last appended by leader: 0, Current term: 0, Majority size: -1, State: 0, Mode: NON_LEADER, active raft config: opid_index: -1 OBSOLETE_local: false peers { permanent_uuid: "d4e64ad7e1464b09b807a842fa94b950" member_type: VOTER last_known_addr { host: "127.16.29.65" port: 42467 } } peers { permanent_uuid: "664d044d1ccb4ab48bde05ca497bd14e" member_type: VOTER last_known_addr { host: "127.16.29.66" port: 34817 } } peers { permanent_uuid: "4502a87ae779436986dc4dd6ba6d09d0" member_type: VOTER last_known_addr { host: "127.16.29.67" port: 33551 } }
I20260713 09:06:43.616371 16675 leader_election.cc:304] T c6a10380f765458f824c16e47fa00222 P 664d044d1ccb4ab48bde05ca497bd14e [CANDIDATE]: Term 1 pre-election: Election decided. Result: candidate lost. Election summary: received 3 responses out of 3 voters: 1 yes votes; 2 no votes. yes voters: 664d044d1ccb4ab48bde05ca497bd14e; no voters: 4502a87ae779436986dc4dd6ba6d09d0, d4e64ad7e1464b09b807a842fa94b950
I20260713 09:06:43.617604 16834 raft_consensus.cc:2749] T c6a10380f765458f824c16e47fa00222 P 664d044d1ccb4ab48bde05ca497bd14e [term 0 FOLLOWER]: Leader pre-election lost for term 1. Reason: could not achieve majority
W20260713 09:06:43.618005 16675 leader_election.cc:343] T 387d63a78d5e4acf9da24f5efad7506f P 664d044d1ccb4ab48bde05ca497bd14e [CANDIDATE]: Term 1 pre-election: Tablet error from VoteRequest() call to peer 4502a87ae779436986dc4dd6ba6d09d0 (127.16.29.67:33551): Illegal state: must be running to vote when last-logged opid is not known
I20260713 09:06:43.618505 16675 leader_election.cc:304] T 387d63a78d5e4acf9da24f5efad7506f P 664d044d1ccb4ab48bde05ca497bd14e [CANDIDATE]: Term 1 pre-election: Election decided. Result: candidate lost. Election summary: received 3 responses out of 3 voters: 1 yes votes; 2 no votes. yes voters: 664d044d1ccb4ab48bde05ca497bd14e; no voters: 4502a87ae779436986dc4dd6ba6d09d0, d4e64ad7e1464b09b807a842fa94b950
I20260713 09:06:43.619335 16834 raft_consensus.cc:2749] T 387d63a78d5e4acf9da24f5efad7506f P 664d044d1ccb4ab48bde05ca497bd14e [term 1 FOLLOWER]: Leader pre-election lost for term 1. Reason: could not achieve majority
I20260713 09:06:43.637456 16636 tablet_service.cc:1917] Received RequestConsensusVote() RPC: tablet_id: "4898067c3bdb4b60988e572dc15a1c67" candidate_uuid: "4502a87ae779436986dc4dd6ba6d09d0" candidate_term: 1 candidate_status { last_received { term: 0 index: 0 } } ignore_live_leader: false dest_uuid: "d4e64ad7e1464b09b807a842fa94b950" is_pre_election: true
I20260713 09:06:43.638471 16636 raft_consensus.cc:2468] T 4898067c3bdb4b60988e572dc15a1c67 P d4e64ad7e1464b09b807a842fa94b950 [term 0 FOLLOWER]: Leader pre-election vote request: Granting yes vote for candidate 4502a87ae779436986dc4dd6ba6d09d0 in term 0.
I20260713 09:06:43.640636 16750 leader_election.cc:304] T 4898067c3bdb4b60988e572dc15a1c67 P 4502a87ae779436986dc4dd6ba6d09d0 [CANDIDATE]: Term 1 pre-election: Election decided. Result: candidate won. Election summary: received 2 responses out of 3 voters: 2 yes votes; 0 no votes. yes voters: 4502a87ae779436986dc4dd6ba6d09d0, d4e64ad7e1464b09b807a842fa94b950; no voters: 
I20260713 09:06:43.641258 16829 tablet_bootstrap.cc:492] T 4898067c3bdb4b60988e572dc15a1c67 P 664d044d1ccb4ab48bde05ca497bd14e: No bootstrap required, opened a new log
I20260713 09:06:43.641436 16837 raft_consensus.cc:2804] T 4898067c3bdb4b60988e572dc15a1c67 P 4502a87ae779436986dc4dd6ba6d09d0 [term 0 FOLLOWER]: Leader pre-election won for term 1
I20260713 09:06:43.641789 16829 ts_tablet_manager.cc:1403] T 4898067c3bdb4b60988e572dc15a1c67 P 664d044d1ccb4ab48bde05ca497bd14e: Time spent bootstrapping tablet: real 0.182s	user 0.006s	sys 0.009s
I20260713 09:06:43.641827 16837 raft_consensus.cc:493] T 4898067c3bdb4b60988e572dc15a1c67 P 4502a87ae779436986dc4dd6ba6d09d0 [term 0 FOLLOWER]: Starting leader election (no leader contacted us within the election timeout)
I20260713 09:06:43.646311 16837 raft_consensus.cc:3060] T 4898067c3bdb4b60988e572dc15a1c67 P 4502a87ae779436986dc4dd6ba6d09d0 [term 0 FOLLOWER]: Advancing to term 1
I20260713 09:06:43.646018 16829 raft_consensus.cc:359] T 4898067c3bdb4b60988e572dc15a1c67 P 664d044d1ccb4ab48bde05ca497bd14e [term 0 FOLLOWER]: Replica starting. Triggering 0 pending ops. Active config: opid_index: -1 OBSOLETE_local: false peers { permanent_uuid: "d4e64ad7e1464b09b807a842fa94b950" member_type: VOTER last_known_addr { host: "127.16.29.65" port: 42467 } } peers { permanent_uuid: "664d044d1ccb4ab48bde05ca497bd14e" member_type: VOTER last_known_addr { host: "127.16.29.66" port: 34817 } } peers { permanent_uuid: "4502a87ae779436986dc4dd6ba6d09d0" member_type: VOTER last_known_addr { host: "127.16.29.67" port: 33551 } }
I20260713 09:06:43.654887 16829 raft_consensus.cc:385] T 4898067c3bdb4b60988e572dc15a1c67 P 664d044d1ccb4ab48bde05ca497bd14e [term 0 FOLLOWER]: Consensus starting up: Expiring failure detector timer to make a prompt election more likely
I20260713 09:06:43.655169 16829 raft_consensus.cc:740] T 4898067c3bdb4b60988e572dc15a1c67 P 664d044d1ccb4ab48bde05ca497bd14e [term 0 FOLLOWER]: Becoming Follower/Learner. State: Replica: 664d044d1ccb4ab48bde05ca497bd14e, State: Initialized, Role: FOLLOWER
I20260713 09:06:43.655920 16829 consensus_queue.cc:260] T 4898067c3bdb4b60988e572dc15a1c67 P 664d044d1ccb4ab48bde05ca497bd14e [NON_LEADER]: Queue going to NON_LEADER mode. State: All replicated index: 0, Majority replicated index: 0, Committed index: 0, Last appended: 0.0, Last appended by leader: 0, Current term: 0, Majority size: -1, State: 0, Mode: NON_LEADER, active raft config: opid_index: -1 OBSOLETE_local: false peers { permanent_uuid: "d4e64ad7e1464b09b807a842fa94b950" member_type: VOTER last_known_addr { host: "127.16.29.65" port: 42467 } } peers { permanent_uuid: "664d044d1ccb4ab48bde05ca497bd14e" member_type: VOTER last_known_addr { host: "127.16.29.66" port: 34817 } } peers { permanent_uuid: "4502a87ae779436986dc4dd6ba6d09d0" member_type: VOTER last_known_addr { host: "127.16.29.67" port: 33551 } }
I20260713 09:06:43.659201 16829 ts_tablet_manager.cc:1434] T 4898067c3bdb4b60988e572dc15a1c67 P 664d044d1ccb4ab48bde05ca497bd14e: Time spent starting tablet: real 0.017s	user 0.006s	sys 0.000s
I20260713 09:06:43.660136 16829 tablet_bootstrap.cc:492] T d5b097e34402454aaf20f3ab4b4f6467 P 664d044d1ccb4ab48bde05ca497bd14e: Bootstrap starting.
I20260713 09:06:43.664585 16828 tablet_bootstrap.cc:492] T 387d63a78d5e4acf9da24f5efad7506f P 4502a87ae779436986dc4dd6ba6d09d0: No bootstrap required, opened a new log
I20260713 09:06:43.664729 16830 ts_tablet_manager.cc:1434] T 4898067c3bdb4b60988e572dc15a1c67 P d4e64ad7e1464b09b807a842fa94b950: Time spent starting tablet: real 0.068s	user 0.004s	sys 0.004s
I20260713 09:06:43.665659 16830 tablet_bootstrap.cc:492] T c6a10380f765458f824c16e47fa00222 P d4e64ad7e1464b09b807a842fa94b950: Bootstrap starting.
I20260713 09:06:43.661893 16533 catalog_manager.cc:5697] T 387d63a78d5e4acf9da24f5efad7506f P d4e64ad7e1464b09b807a842fa94b950 reported cstate change: term changed from 0 to 1, leader changed from <none> to d4e64ad7e1464b09b807a842fa94b950 (127.16.29.65). New cstate: current_term: 1 leader_uuid: "d4e64ad7e1464b09b807a842fa94b950" committed_config { opid_index: -1 OBSOLETE_local: false peers { permanent_uuid: "d4e64ad7e1464b09b807a842fa94b950" member_type: VOTER last_known_addr { host: "127.16.29.65" port: 42467 } health_report { overall_health: HEALTHY } } peers { permanent_uuid: "664d044d1ccb4ab48bde05ca497bd14e" member_type: VOTER last_known_addr { host: "127.16.29.66" port: 34817 } health_report { overall_health: UNKNOWN } } peers { permanent_uuid: "4502a87ae779436986dc4dd6ba6d09d0" member_type: VOTER last_known_addr { host: "127.16.29.67" port: 33551 } health_report { overall_health: UNKNOWN } } }
I20260713 09:06:43.665091 16828 ts_tablet_manager.cc:1403] T 387d63a78d5e4acf9da24f5efad7506f P 4502a87ae779436986dc4dd6ba6d09d0: Time spent bootstrapping tablet: real 0.099s	user 0.035s	sys 0.021s
I20260713 09:06:43.670409 16828 raft_consensus.cc:359] T 387d63a78d5e4acf9da24f5efad7506f P 4502a87ae779436986dc4dd6ba6d09d0 [term 0 FOLLOWER]: Replica starting. Triggering 0 pending ops. Active config: opid_index: -1 OBSOLETE_local: false peers { permanent_uuid: "d4e64ad7e1464b09b807a842fa94b950" member_type: VOTER last_known_addr { host: "127.16.29.65" port: 42467 } } peers { permanent_uuid: "664d044d1ccb4ab48bde05ca497bd14e" member_type: VOTER last_known_addr { host: "127.16.29.66" port: 34817 } } peers { permanent_uuid: "4502a87ae779436986dc4dd6ba6d09d0" member_type: VOTER last_known_addr { host: "127.16.29.67" port: 33551 } }
I20260713 09:06:43.671111 16828 raft_consensus.cc:385] T 387d63a78d5e4acf9da24f5efad7506f P 4502a87ae779436986dc4dd6ba6d09d0 [term 0 FOLLOWER]: Consensus starting up: Expiring failure detector timer to make a prompt election more likely
I20260713 09:06:43.671406 16828 raft_consensus.cc:740] T 387d63a78d5e4acf9da24f5efad7506f P 4502a87ae779436986dc4dd6ba6d09d0 [term 0 FOLLOWER]: Becoming Follower/Learner. State: Replica: 4502a87ae779436986dc4dd6ba6d09d0, State: Initialized, Role: FOLLOWER
I20260713 09:06:43.672492 16828 consensus_queue.cc:260] T 387d63a78d5e4acf9da24f5efad7506f P 4502a87ae779436986dc4dd6ba6d09d0 [NON_LEADER]: Queue going to NON_LEADER mode. State: All replicated index: 0, Majority replicated index: 0, Committed index: 0, Last appended: 0.0, Last appended by leader: 0, Current term: 0, Majority size: -1, State: 0, Mode: NON_LEADER, active raft config: opid_index: -1 OBSOLETE_local: false peers { permanent_uuid: "d4e64ad7e1464b09b807a842fa94b950" member_type: VOTER last_known_addr { host: "127.16.29.65" port: 42467 } } peers { permanent_uuid: "664d044d1ccb4ab48bde05ca497bd14e" member_type: VOTER last_known_addr { host: "127.16.29.66" port: 34817 } } peers { permanent_uuid: "4502a87ae779436986dc4dd6ba6d09d0" member_type: VOTER last_known_addr { host: "127.16.29.67" port: 33551 } }
I20260713 09:06:43.669710 16837 raft_consensus.cc:515] T 4898067c3bdb4b60988e572dc15a1c67 P 4502a87ae779436986dc4dd6ba6d09d0 [term 1 FOLLOWER]: Starting leader election with config: opid_index: -1 OBSOLETE_local: false peers { permanent_uuid: "d4e64ad7e1464b09b807a842fa94b950" member_type: VOTER last_known_addr { host: "127.16.29.65" port: 42467 } } peers { permanent_uuid: "664d044d1ccb4ab48bde05ca497bd14e" member_type: VOTER last_known_addr { host: "127.16.29.66" port: 34817 } } peers { permanent_uuid: "4502a87ae779436986dc4dd6ba6d09d0" member_type: VOTER last_known_addr { host: "127.16.29.67" port: 33551 } }
I20260713 09:06:43.675570 16837 leader_election.cc:290] T 4898067c3bdb4b60988e572dc15a1c67 P 4502a87ae779436986dc4dd6ba6d09d0 [CANDIDATE]: Term 1 election: Requested vote from peers d4e64ad7e1464b09b807a842fa94b950 (127.16.29.65:42467), 664d044d1ccb4ab48bde05ca497bd14e (127.16.29.66:34817)
I20260713 09:06:43.677651 16636 tablet_service.cc:1917] Received RequestConsensusVote() RPC: tablet_id: "4898067c3bdb4b60988e572dc15a1c67" candidate_uuid: "4502a87ae779436986dc4dd6ba6d09d0" candidate_term: 1 candidate_status { last_received { term: 0 index: 0 } } ignore_live_leader: false dest_uuid: "d4e64ad7e1464b09b807a842fa94b950"
I20260713 09:06:43.678427 16636 raft_consensus.cc:3060] T 4898067c3bdb4b60988e572dc15a1c67 P d4e64ad7e1464b09b807a842fa94b950 [term 0 FOLLOWER]: Advancing to term 1
I20260713 09:06:43.679059 16830 tablet_bootstrap.cc:654] T c6a10380f765458f824c16e47fa00222 P d4e64ad7e1464b09b807a842fa94b950: Neither blocks nor log segments found. Creating new log.
I20260713 09:06:43.683522 16829 tablet_bootstrap.cc:654] T d5b097e34402454aaf20f3ab4b4f6467 P 664d044d1ccb4ab48bde05ca497bd14e: Neither blocks nor log segments found. Creating new log.
I20260713 09:06:43.685914 16636 raft_consensus.cc:2468] T 4898067c3bdb4b60988e572dc15a1c67 P d4e64ad7e1464b09b807a842fa94b950 [term 1 FOLLOWER]: Leader election vote request: Granting yes vote for candidate 4502a87ae779436986dc4dd6ba6d09d0 in term 1.
I20260713 09:06:43.688551 16828 ts_tablet_manager.cc:1434] T 387d63a78d5e4acf9da24f5efad7506f P 4502a87ae779436986dc4dd6ba6d09d0: Time spent starting tablet: real 0.021s	user 0.003s	sys 0.006s
I20260713 09:06:43.690701 16710 tablet_service.cc:1917] Received RequestConsensusVote() RPC: tablet_id: "4898067c3bdb4b60988e572dc15a1c67" candidate_uuid: "4502a87ae779436986dc4dd6ba6d09d0" candidate_term: 1 candidate_status { last_received { term: 0 index: 0 } } ignore_live_leader: false dest_uuid: "664d044d1ccb4ab48bde05ca497bd14e"
I20260713 09:06:43.692533 16710 raft_consensus.cc:3060] T 4898067c3bdb4b60988e572dc15a1c67 P 664d044d1ccb4ab48bde05ca497bd14e [term 0 FOLLOWER]: Advancing to term 1
I20260713 09:06:43.692943 16828 tablet_bootstrap.cc:492] T aec4bdbb721143319af63897ef532588 P 4502a87ae779436986dc4dd6ba6d09d0: Bootstrap starting.
I20260713 09:06:43.689760 16711 tablet_service.cc:1917] Received RequestConsensusVote() RPC: tablet_id: "4898067c3bdb4b60988e572dc15a1c67" candidate_uuid: "4502a87ae779436986dc4dd6ba6d09d0" candidate_term: 1 candidate_status { last_received { term: 0 index: 0 } } ignore_live_leader: false dest_uuid: "664d044d1ccb4ab48bde05ca497bd14e" is_pre_election: true
I20260713 09:06:43.699533 16828 tablet_bootstrap.cc:654] T aec4bdbb721143319af63897ef532588 P 4502a87ae779436986dc4dd6ba6d09d0: Neither blocks nor log segments found. Creating new log.
I20260713 09:06:43.703419 16710 raft_consensus.cc:2468] T 4898067c3bdb4b60988e572dc15a1c67 P 664d044d1ccb4ab48bde05ca497bd14e [term 1 FOLLOWER]: Leader election vote request: Granting yes vote for candidate 4502a87ae779436986dc4dd6ba6d09d0 in term 1.
I20260713 09:06:43.704639 16750 leader_election.cc:304] T 4898067c3bdb4b60988e572dc15a1c67 P 4502a87ae779436986dc4dd6ba6d09d0 [CANDIDATE]: Term 1 election: Election decided. Result: candidate won. Election summary: received 2 responses out of 3 voters: 2 yes votes; 0 no votes. yes voters: 4502a87ae779436986dc4dd6ba6d09d0, d4e64ad7e1464b09b807a842fa94b950; no voters: 
I20260713 09:06:43.705672 16853 raft_consensus.cc:2804] T 4898067c3bdb4b60988e572dc15a1c67 P 4502a87ae779436986dc4dd6ba6d09d0 [term 1 FOLLOWER]: Leader election won for term 1
I20260713 09:06:43.706348 16853 raft_consensus.cc:697] T 4898067c3bdb4b60988e572dc15a1c67 P 4502a87ae779436986dc4dd6ba6d09d0 [term 1 LEADER]: Becoming Leader. State: Replica: 4502a87ae779436986dc4dd6ba6d09d0, State: Running, Role: LEADER
I20260713 09:06:43.707412 16853 consensus_queue.cc:237] T 4898067c3bdb4b60988e572dc15a1c67 P 4502a87ae779436986dc4dd6ba6d09d0 [LEADER]: Queue going to LEADER mode. State: All replicated index: 0, Majority replicated index: 0, Committed index: 0, Last appended: 0.0, Last appended by leader: 0, Current term: 1, Majority size: 2, State: 0, Mode: LEADER, active raft config: opid_index: -1 OBSOLETE_local: false peers { permanent_uuid: "d4e64ad7e1464b09b807a842fa94b950" member_type: VOTER last_known_addr { host: "127.16.29.65" port: 42467 } } peers { permanent_uuid: "664d044d1ccb4ab48bde05ca497bd14e" member_type: VOTER last_known_addr { host: "127.16.29.66" port: 34817 } } peers { permanent_uuid: "4502a87ae779436986dc4dd6ba6d09d0" member_type: VOTER last_known_addr { host: "127.16.29.67" port: 33551 } }
I20260713 09:06:43.708567 16830 tablet_bootstrap.cc:492] T c6a10380f765458f824c16e47fa00222 P d4e64ad7e1464b09b807a842fa94b950: No bootstrap required, opened a new log
I20260713 09:06:43.708958 16830 ts_tablet_manager.cc:1403] T c6a10380f765458f824c16e47fa00222 P d4e64ad7e1464b09b807a842fa94b950: Time spent bootstrapping tablet: real 0.043s	user 0.004s	sys 0.012s
I20260713 09:06:43.709354 16829 tablet_bootstrap.cc:492] T d5b097e34402454aaf20f3ab4b4f6467 P 664d044d1ccb4ab48bde05ca497bd14e: No bootstrap required, opened a new log
I20260713 09:06:43.709815 16829 ts_tablet_manager.cc:1403] T d5b097e34402454aaf20f3ab4b4f6467 P 664d044d1ccb4ab48bde05ca497bd14e: Time spent bootstrapping tablet: real 0.050s	user 0.010s	sys 0.006s
I20260713 09:06:43.711247 16830 raft_consensus.cc:359] T c6a10380f765458f824c16e47fa00222 P d4e64ad7e1464b09b807a842fa94b950 [term 0 FOLLOWER]: Replica starting. Triggering 0 pending ops. Active config: opid_index: -1 OBSOLETE_local: false peers { permanent_uuid: "d4e64ad7e1464b09b807a842fa94b950" member_type: VOTER last_known_addr { host: "127.16.29.65" port: 42467 } } peers { permanent_uuid: "664d044d1ccb4ab48bde05ca497bd14e" member_type: VOTER last_known_addr { host: "127.16.29.66" port: 34817 } } peers { permanent_uuid: "4502a87ae779436986dc4dd6ba6d09d0" member_type: VOTER last_known_addr { host: "127.16.29.67" port: 33551 } }
I20260713 09:06:43.711908 16830 raft_consensus.cc:385] T c6a10380f765458f824c16e47fa00222 P d4e64ad7e1464b09b807a842fa94b950 [term 0 FOLLOWER]: Consensus starting up: Expiring failure detector timer to make a prompt election more likely
I20260713 09:06:43.712263 16830 raft_consensus.cc:740] T c6a10380f765458f824c16e47fa00222 P d4e64ad7e1464b09b807a842fa94b950 [term 0 FOLLOWER]: Becoming Follower/Learner. State: Replica: d4e64ad7e1464b09b807a842fa94b950, State: Initialized, Role: FOLLOWER
I20260713 09:06:43.712786 16829 raft_consensus.cc:359] T d5b097e34402454aaf20f3ab4b4f6467 P 664d044d1ccb4ab48bde05ca497bd14e [term 0 FOLLOWER]: Replica starting. Triggering 0 pending ops. Active config: opid_index: -1 OBSOLETE_local: false peers { permanent_uuid: "d4e64ad7e1464b09b807a842fa94b950" member_type: VOTER last_known_addr { host: "127.16.29.65" port: 42467 } } peers { permanent_uuid: "664d044d1ccb4ab48bde05ca497bd14e" member_type: VOTER last_known_addr { host: "127.16.29.66" port: 34817 } } peers { permanent_uuid: "4502a87ae779436986dc4dd6ba6d09d0" member_type: VOTER last_known_addr { host: "127.16.29.67" port: 33551 } }
I20260713 09:06:43.713502 16829 raft_consensus.cc:385] T d5b097e34402454aaf20f3ab4b4f6467 P 664d044d1ccb4ab48bde05ca497bd14e [term 0 FOLLOWER]: Consensus starting up: Expiring failure detector timer to make a prompt election more likely
I20260713 09:06:43.713073 16830 consensus_queue.cc:260] T c6a10380f765458f824c16e47fa00222 P d4e64ad7e1464b09b807a842fa94b950 [NON_LEADER]: Queue going to NON_LEADER mode. State: All replicated index: 0, Majority replicated index: 0, Committed index: 0, Last appended: 0.0, Last appended by leader: 0, Current term: 0, Majority size: -1, State: 0, Mode: NON_LEADER, active raft config: opid_index: -1 OBSOLETE_local: false peers { permanent_uuid: "d4e64ad7e1464b09b807a842fa94b950" member_type: VOTER last_known_addr { host: "127.16.29.65" port: 42467 } } peers { permanent_uuid: "664d044d1ccb4ab48bde05ca497bd14e" member_type: VOTER last_known_addr { host: "127.16.29.66" port: 34817 } } peers { permanent_uuid: "4502a87ae779436986dc4dd6ba6d09d0" member_type: VOTER last_known_addr { host: "127.16.29.67" port: 33551 } }
I20260713 09:06:43.713814 16829 raft_consensus.cc:740] T d5b097e34402454aaf20f3ab4b4f6467 P 664d044d1ccb4ab48bde05ca497bd14e [term 0 FOLLOWER]: Becoming Follower/Learner. State: Replica: 664d044d1ccb4ab48bde05ca497bd14e, State: Initialized, Role: FOLLOWER
I20260713 09:06:43.714618 16829 consensus_queue.cc:260] T d5b097e34402454aaf20f3ab4b4f6467 P 664d044d1ccb4ab48bde05ca497bd14e [NON_LEADER]: Queue going to NON_LEADER mode. State: All replicated index: 0, Majority replicated index: 0, Committed index: 0, Last appended: 0.0, Last appended by leader: 0, Current term: 0, Majority size: -1, State: 0, Mode: NON_LEADER, active raft config: opid_index: -1 OBSOLETE_local: false peers { permanent_uuid: "d4e64ad7e1464b09b807a842fa94b950" member_type: VOTER last_known_addr { host: "127.16.29.65" port: 42467 } } peers { permanent_uuid: "664d044d1ccb4ab48bde05ca497bd14e" member_type: VOTER last_known_addr { host: "127.16.29.66" port: 34817 } } peers { permanent_uuid: "4502a87ae779436986dc4dd6ba6d09d0" member_type: VOTER last_known_addr { host: "127.16.29.67" port: 33551 } }
I20260713 09:06:43.716437 16830 ts_tablet_manager.cc:1434] T c6a10380f765458f824c16e47fa00222 P d4e64ad7e1464b09b807a842fa94b950: Time spent starting tablet: real 0.007s	user 0.007s	sys 0.000s
I20260713 09:06:43.717327 16830 tablet_bootstrap.cc:492] T d5b097e34402454aaf20f3ab4b4f6467 P d4e64ad7e1464b09b807a842fa94b950: Bootstrap starting.
I20260713 09:06:43.723997 16830 tablet_bootstrap.cc:654] T d5b097e34402454aaf20f3ab4b4f6467 P d4e64ad7e1464b09b807a842fa94b950: Neither blocks nor log segments found. Creating new log.
I20260713 09:06:43.725570 16829 ts_tablet_manager.cc:1434] T d5b097e34402454aaf20f3ab4b4f6467 P 664d044d1ccb4ab48bde05ca497bd14e: Time spent starting tablet: real 0.015s	user 0.006s	sys 0.000s
I20260713 09:06:43.725260 16531 catalog_manager.cc:5697] T 4898067c3bdb4b60988e572dc15a1c67 P 4502a87ae779436986dc4dd6ba6d09d0 reported cstate change: term changed from 0 to 1, leader changed from <none> to 4502a87ae779436986dc4dd6ba6d09d0 (127.16.29.67). New cstate: current_term: 1 leader_uuid: "4502a87ae779436986dc4dd6ba6d09d0" committed_config { opid_index: -1 OBSOLETE_local: false peers { permanent_uuid: "d4e64ad7e1464b09b807a842fa94b950" member_type: VOTER last_known_addr { host: "127.16.29.65" port: 42467 } health_report { overall_health: UNKNOWN } } peers { permanent_uuid: "664d044d1ccb4ab48bde05ca497bd14e" member_type: VOTER last_known_addr { host: "127.16.29.66" port: 34817 } health_report { overall_health: UNKNOWN } } peers { permanent_uuid: "4502a87ae779436986dc4dd6ba6d09d0" member_type: VOTER last_known_addr { host: "127.16.29.67" port: 33551 } health_report { overall_health: HEALTHY } } }
I20260713 09:06:43.728824 16829 tablet_bootstrap.cc:492] T 71a91403561c4284aaaf8e07085a3beb P 664d044d1ccb4ab48bde05ca497bd14e: Bootstrap starting.
I20260713 09:06:43.730867 16853 raft_consensus.cc:493] T d5b097e34402454aaf20f3ab4b4f6467 P 4502a87ae779436986dc4dd6ba6d09d0 [term 0 FOLLOWER]: Starting pre-election (no leader contacted us within the election timeout)
I20260713 09:06:43.731523 16853 raft_consensus.cc:515] T d5b097e34402454aaf20f3ab4b4f6467 P 4502a87ae779436986dc4dd6ba6d09d0 [term 0 FOLLOWER]: Starting pre-election with config: opid_index: -1 OBSOLETE_local: false peers { permanent_uuid: "d4e64ad7e1464b09b807a842fa94b950" member_type: VOTER last_known_addr { host: "127.16.29.65" port: 42467 } } peers { permanent_uuid: "664d044d1ccb4ab48bde05ca497bd14e" member_type: VOTER last_known_addr { host: "127.16.29.66" port: 34817 } } peers { permanent_uuid: "4502a87ae779436986dc4dd6ba6d09d0" member_type: VOTER last_known_addr { host: "127.16.29.67" port: 33551 } }
I20260713 09:06:43.736013 16853 leader_election.cc:290] T d5b097e34402454aaf20f3ab4b4f6467 P 4502a87ae779436986dc4dd6ba6d09d0 [CANDIDATE]: Term 1 pre-election: Requested pre-vote from peers d4e64ad7e1464b09b807a842fa94b950 (127.16.29.65:42467), 664d044d1ccb4ab48bde05ca497bd14e (127.16.29.66:34817)
I20260713 09:06:43.736778 16636 tablet_service.cc:1917] Received RequestConsensusVote() RPC: tablet_id: "d5b097e34402454aaf20f3ab4b4f6467" candidate_uuid: "4502a87ae779436986dc4dd6ba6d09d0" candidate_term: 1 candidate_status { last_received { term: 0 index: 0 } } ignore_live_leader: false dest_uuid: "d4e64ad7e1464b09b807a842fa94b950" is_pre_election: true
I20260713 09:06:43.737762 16710 tablet_service.cc:1917] Received RequestConsensusVote() RPC: tablet_id: "d5b097e34402454aaf20f3ab4b4f6467" candidate_uuid: "4502a87ae779436986dc4dd6ba6d09d0" candidate_term: 1 candidate_status { last_received { term: 0 index: 0 } } ignore_live_leader: false dest_uuid: "664d044d1ccb4ab48bde05ca497bd14e" is_pre_election: true
W20260713 09:06:43.738386 16750 leader_election.cc:343] T d5b097e34402454aaf20f3ab4b4f6467 P 4502a87ae779436986dc4dd6ba6d09d0 [CANDIDATE]: Term 1 pre-election: Tablet error from VoteRequest() call to peer d4e64ad7e1464b09b807a842fa94b950 (127.16.29.65:42467): Illegal state: must be running to vote when last-logged opid is not known
I20260713 09:06:43.738440 16710 raft_consensus.cc:2468] T d5b097e34402454aaf20f3ab4b4f6467 P 664d044d1ccb4ab48bde05ca497bd14e [term 0 FOLLOWER]: Leader pre-election vote request: Granting yes vote for candidate 4502a87ae779436986dc4dd6ba6d09d0 in term 0.
I20260713 09:06:43.739583 16750 leader_election.cc:304] T d5b097e34402454aaf20f3ab4b4f6467 P 4502a87ae779436986dc4dd6ba6d09d0 [CANDIDATE]: Term 1 pre-election: Election decided. Result: candidate won. Election summary: received 3 responses out of 3 voters: 2 yes votes; 1 no votes. yes voters: 4502a87ae779436986dc4dd6ba6d09d0, 664d044d1ccb4ab48bde05ca497bd14e; no voters: d4e64ad7e1464b09b807a842fa94b950
I20260713 09:06:43.742177 16853 raft_consensus.cc:2804] T d5b097e34402454aaf20f3ab4b4f6467 P 4502a87ae779436986dc4dd6ba6d09d0 [term 0 FOLLOWER]: Leader pre-election won for term 1
I20260713 09:06:43.742549 16853 raft_consensus.cc:493] T d5b097e34402454aaf20f3ab4b4f6467 P 4502a87ae779436986dc4dd6ba6d09d0 [term 0 FOLLOWER]: Starting leader election (no leader contacted us within the election timeout)
I20260713 09:06:43.742865 16853 raft_consensus.cc:3060] T d5b097e34402454aaf20f3ab4b4f6467 P 4502a87ae779436986dc4dd6ba6d09d0 [term 0 FOLLOWER]: Advancing to term 1
I20260713 09:06:43.743362 16828 tablet_bootstrap.cc:492] T aec4bdbb721143319af63897ef532588 P 4502a87ae779436986dc4dd6ba6d09d0: No bootstrap required, opened a new log
I20260713 09:06:43.743741 16828 ts_tablet_manager.cc:1403] T aec4bdbb721143319af63897ef532588 P 4502a87ae779436986dc4dd6ba6d09d0: Time spent bootstrapping tablet: real 0.051s	user 0.013s	sys 0.007s
I20260713 09:06:43.746608 16830 tablet_bootstrap.cc:492] T d5b097e34402454aaf20f3ab4b4f6467 P d4e64ad7e1464b09b807a842fa94b950: No bootstrap required, opened a new log
I20260713 09:06:43.747180 16830 ts_tablet_manager.cc:1403] T d5b097e34402454aaf20f3ab4b4f6467 P d4e64ad7e1464b09b807a842fa94b950: Time spent bootstrapping tablet: real 0.030s	user 0.017s	sys 0.000s
I20260713 09:06:43.747725 16828 raft_consensus.cc:359] T aec4bdbb721143319af63897ef532588 P 4502a87ae779436986dc4dd6ba6d09d0 [term 0 FOLLOWER]: Replica starting. Triggering 0 pending ops. Active config: opid_index: -1 OBSOLETE_local: false peers { permanent_uuid: "d4e64ad7e1464b09b807a842fa94b950" member_type: VOTER last_known_addr { host: "127.16.29.65" port: 42467 } } peers { permanent_uuid: "664d044d1ccb4ab48bde05ca497bd14e" member_type: VOTER last_known_addr { host: "127.16.29.66" port: 34817 } } peers { permanent_uuid: "4502a87ae779436986dc4dd6ba6d09d0" member_type: VOTER last_known_addr { host: "127.16.29.67" port: 33551 } }
