I20260713 09:06:51.442040 17002 raft_consensus.cc:2468] T 6b289f2c9d7947e78147082baf23fce9 P 9a3c58c9de194abeb72b805b3296e761 [term 4 FOLLOWER]: Leader election vote request: Granting yes vote for candidate d3493779cd3943609a5b030d6c5ac0b1 in term 4.
I20260713 09:06:51.442848 17266 raft_consensus.cc:2804] T 6b289f2c9d7947e78147082baf23fce9 P d3493779cd3943609a5b030d6c5ac0b1 [term 4 FOLLOWER]: Leader election won for term 4
I20260713 09:06:51.443387 17266 raft_consensus.cc:697] T 6b289f2c9d7947e78147082baf23fce9 P d3493779cd3943609a5b030d6c5ac0b1 [term 4 LEADER]: Becoming Leader. State: Replica: d3493779cd3943609a5b030d6c5ac0b1, State: Running, Role: LEADER
I20260713 09:06:51.444254 17266 consensus_queue.cc:237] T 6b289f2c9d7947e78147082baf23fce9 P d3493779cd3943609a5b030d6c5ac0b1 [LEADER]: Queue going to LEADER mode. State: All replicated index: 0, Majority replicated index: 3, Committed index: 3, Last appended: 3.3, Last appended by leader: 3, Current term: 4, Majority size: 2, State: 0, Mode: LEADER, active raft config: opid_index: -1 OBSOLETE_local: false peers { permanent_uuid: "9a3c58c9de194abeb72b805b3296e761" member_type: VOTER last_known_addr { host: "127.16.102.2" port: 41703 } } peers { permanent_uuid: "d3493779cd3943609a5b030d6c5ac0b1" member_type: VOTER last_known_addr { host: "127.16.102.1" port: 43149 } } peers { permanent_uuid: "2741210a0e2d49c999d404117e9f106b" member_type: VOTER last_known_addr { host: "127.16.102.3" port: 38197 } }
I20260713 09:06:51.452950 16824 catalog_manager.cc:5697] T 6b289f2c9d7947e78147082baf23fce9 P d3493779cd3943609a5b030d6c5ac0b1 reported cstate change: term changed from 3 to 4, leader changed from 9a3c58c9de194abeb72b805b3296e761 (127.16.102.2) to d3493779cd3943609a5b030d6c5ac0b1 (127.16.102.1). New cstate: current_term: 4 leader_uuid: "d3493779cd3943609a5b030d6c5ac0b1" committed_config { opid_index: -1 OBSOLETE_local: false peers { permanent_uuid: "9a3c58c9de194abeb72b805b3296e761" member_type: VOTER last_known_addr { host: "127.16.102.2" port: 41703 } health_report { overall_health: UNKNOWN } } peers { permanent_uuid: "d3493779cd3943609a5b030d6c5ac0b1" member_type: VOTER last_known_addr { host: "127.16.102.1" port: 43149 } health_report { overall_health: HEALTHY } } peers { permanent_uuid: "2741210a0e2d49c999d404117e9f106b" member_type: VOTER last_known_addr { host: "127.16.102.3" port: 38197 } health_report { overall_health: UNKNOWN } } }
I20260713 09:06:51.509347 17265 raft_consensus.cc:993] T 733fd5004867458895875eb33e91e55f P 9a3c58c9de194abeb72b805b3296e761: : Instructing follower 2741210a0e2d49c999d404117e9f106b to start an election
I20260713 09:06:51.509899 17264 raft_consensus.cc:1081] T 733fd5004867458895875eb33e91e55f P 9a3c58c9de194abeb72b805b3296e761 [term 3 LEADER]: Signalling peer 2741210a0e2d49c999d404117e9f106b to start an election
I20260713 09:06:51.511909 17074 tablet_service.cc:2044] Received Run Leader Election RPC: tablet_id: "733fd5004867458895875eb33e91e55f"
dest_uuid: "2741210a0e2d49c999d404117e9f106b"
 from {username='slave'} at 127.0.0.1:51354
I20260713 09:06:51.512435 17074 raft_consensus.cc:493] T 733fd5004867458895875eb33e91e55f P 2741210a0e2d49c999d404117e9f106b [term 3 FOLLOWER]: Starting forced leader election (received explicit request)
I20260713 09:06:51.512725 17074 raft_consensus.cc:3060] T 733fd5004867458895875eb33e91e55f P 2741210a0e2d49c999d404117e9f106b [term 3 FOLLOWER]: Advancing to term 4
I20260713 09:06:51.517992 17074 raft_consensus.cc:515] T 733fd5004867458895875eb33e91e55f P 2741210a0e2d49c999d404117e9f106b [term 4 FOLLOWER]: Starting forced leader election with config: opid_index: -1 OBSOLETE_local: false peers { permanent_uuid: "d3493779cd3943609a5b030d6c5ac0b1" member_type: VOTER last_known_addr { host: "127.16.102.1" port: 43149 } } peers { permanent_uuid: "9a3c58c9de194abeb72b805b3296e761" member_type: VOTER last_known_addr { host: "127.16.102.2" port: 41703 } } peers { permanent_uuid: "2741210a0e2d49c999d404117e9f106b" member_type: VOTER last_known_addr { host: "127.16.102.3" port: 38197 } }
I20260713 09:06:51.520110 17074 leader_election.cc:290] T 733fd5004867458895875eb33e91e55f P 2741210a0e2d49c999d404117e9f106b [CANDIDATE]: Term 4 election: Requested vote from peers d3493779cd3943609a5b030d6c5ac0b1 (127.16.102.1:43149), 9a3c58c9de194abeb72b805b3296e761 (127.16.102.2:41703)
I20260713 09:06:51.520947 16925 tablet_service.cc:1917] Received RequestConsensusVote() RPC: tablet_id: "733fd5004867458895875eb33e91e55f" candidate_uuid: "2741210a0e2d49c999d404117e9f106b" candidate_term: 4 candidate_status { last_received { term: 3 index: 3 } } ignore_live_leader: true dest_uuid: "d3493779cd3943609a5b030d6c5ac0b1"
I20260713 09:06:51.521472 17002 tablet_service.cc:1917] Received RequestConsensusVote() RPC: tablet_id: "733fd5004867458895875eb33e91e55f" candidate_uuid: "2741210a0e2d49c999d404117e9f106b" candidate_term: 4 candidate_status { last_received { term: 3 index: 3 } } ignore_live_leader: true dest_uuid: "9a3c58c9de194abeb72b805b3296e761"
I20260713 09:06:51.521631 16925 raft_consensus.cc:3060] T 733fd5004867458895875eb33e91e55f P d3493779cd3943609a5b030d6c5ac0b1 [term 3 FOLLOWER]: Advancing to term 4
I20260713 09:06:51.522048 17002 raft_consensus.cc:3055] T 733fd5004867458895875eb33e91e55f P 9a3c58c9de194abeb72b805b3296e761 [term 3 LEADER]: Stepping down as leader of term 3
I20260713 09:06:51.522326 17002 raft_consensus.cc:740] T 733fd5004867458895875eb33e91e55f P 9a3c58c9de194abeb72b805b3296e761 [term 3 LEADER]: Becoming Follower/Learner. State: Replica: 9a3c58c9de194abeb72b805b3296e761, State: Running, Role: LEADER
I20260713 09:06:51.523058 17002 consensus_queue.cc:260] T 733fd5004867458895875eb33e91e55f P 9a3c58c9de194abeb72b805b3296e761 [NON_LEADER]: Queue going to NON_LEADER mode. State: All replicated index: 0, Majority replicated index: 3, Committed index: 3, Last appended: 3.3, Last appended by leader: 3, Current term: 3, Majority size: -1, State: 0, Mode: NON_LEADER, active raft config: opid_index: -1 OBSOLETE_local: false peers { permanent_uuid: "d3493779cd3943609a5b030d6c5ac0b1" member_type: VOTER last_known_addr { host: "127.16.102.1" port: 43149 } } peers { permanent_uuid: "9a3c58c9de194abeb72b805b3296e761" member_type: VOTER last_known_addr { host: "127.16.102.2" port: 41703 } } peers { permanent_uuid: "2741210a0e2d49c999d404117e9f106b" member_type: VOTER last_known_addr { host: "127.16.102.3" port: 38197 } }
I20260713 09:06:51.524113 17002 raft_consensus.cc:3060] T 733fd5004867458895875eb33e91e55f P 9a3c58c9de194abeb72b805b3296e761 [term 3 FOLLOWER]: Advancing to term 4
I20260713 09:06:51.526813 16925 raft_consensus.cc:2468] T 733fd5004867458895875eb33e91e55f P d3493779cd3943609a5b030d6c5ac0b1 [term 4 FOLLOWER]: Leader election vote request: Granting yes vote for candidate 2741210a0e2d49c999d404117e9f106b in term 4.
I20260713 09:06:51.528451 17041 leader_election.cc:304] T 733fd5004867458895875eb33e91e55f P 2741210a0e2d49c999d404117e9f106b [CANDIDATE]: Term 4 election: Election decided. Result: candidate won. Election summary: received 2 responses out of 3 voters: 2 yes votes; 0 no votes. yes voters: 2741210a0e2d49c999d404117e9f106b, d3493779cd3943609a5b030d6c5ac0b1; no voters: 
I20260713 09:06:51.529572 17263 raft_consensus.cc:2804] T 733fd5004867458895875eb33e91e55f P 2741210a0e2d49c999d404117e9f106b [term 4 FOLLOWER]: Leader election won for term 4
I20260713 09:06:51.529932 17002 raft_consensus.cc:2468] T 733fd5004867458895875eb33e91e55f P 9a3c58c9de194abeb72b805b3296e761 [term 4 FOLLOWER]: Leader election vote request: Granting yes vote for candidate 2741210a0e2d49c999d404117e9f106b in term 4.
I20260713 09:06:51.531385 17263 raft_consensus.cc:697] T 733fd5004867458895875eb33e91e55f P 2741210a0e2d49c999d404117e9f106b [term 4 LEADER]: Becoming Leader. State: Replica: 2741210a0e2d49c999d404117e9f106b, State: Running, Role: LEADER
I20260713 09:06:51.532511 17263 consensus_queue.cc:237] T 733fd5004867458895875eb33e91e55f P 2741210a0e2d49c999d404117e9f106b [LEADER]: Queue going to LEADER mode. State: All replicated index: 0, Majority replicated index: 3, Committed index: 3, Last appended: 3.3, Last appended by leader: 3, Current term: 4, Majority size: 2, State: 0, Mode: LEADER, active raft config: opid_index: -1 OBSOLETE_local: false peers { permanent_uuid: "d3493779cd3943609a5b030d6c5ac0b1" member_type: VOTER last_known_addr { host: "127.16.102.1" port: 43149 } } peers { permanent_uuid: "9a3c58c9de194abeb72b805b3296e761" member_type: VOTER last_known_addr { host: "127.16.102.2" port: 41703 } } peers { permanent_uuid: "2741210a0e2d49c999d404117e9f106b" member_type: VOTER last_known_addr { host: "127.16.102.3" port: 38197 } }
I20260713 09:06:51.540673 16824 catalog_manager.cc:5697] T 733fd5004867458895875eb33e91e55f P 2741210a0e2d49c999d404117e9f106b reported cstate change: term changed from 3 to 4, leader changed from 9a3c58c9de194abeb72b805b3296e761 (127.16.102.2) to 2741210a0e2d49c999d404117e9f106b (127.16.102.3). New cstate: current_term: 4 leader_uuid: "2741210a0e2d49c999d404117e9f106b" committed_config { opid_index: -1 OBSOLETE_local: false peers { permanent_uuid: "d3493779cd3943609a5b030d6c5ac0b1" member_type: VOTER last_known_addr { host: "127.16.102.1" port: 43149 } health_report { overall_health: UNKNOWN } } peers { permanent_uuid: "9a3c58c9de194abeb72b805b3296e761" member_type: VOTER last_known_addr { host: "127.16.102.2" port: 41703 } health_report { overall_health: UNKNOWN } } peers { permanent_uuid: "2741210a0e2d49c999d404117e9f106b" member_type: VOTER last_known_addr { host: "127.16.102.3" port: 38197 } health_report { overall_health: HEALTHY } } }
I20260713 09:06:51.640483 17265 raft_consensus.cc:993] T a899fe174573487980c58ea3a43b7988 P 9a3c58c9de194abeb72b805b3296e761: : Instructing follower 2741210a0e2d49c999d404117e9f106b to start an election
I20260713 09:06:51.641026 17265 raft_consensus.cc:1081] T a899fe174573487980c58ea3a43b7988 P 9a3c58c9de194abeb72b805b3296e761 [term 3 LEADER]: Signalling peer 2741210a0e2d49c999d404117e9f106b to start an election
I20260713 09:06:51.642715 17074 tablet_service.cc:2044] Received Run Leader Election RPC: tablet_id: "a899fe174573487980c58ea3a43b7988"
dest_uuid: "2741210a0e2d49c999d404117e9f106b"
 from {username='slave'} at 127.0.0.1:51354
I20260713 09:06:51.643347 17074 raft_consensus.cc:493] T a899fe174573487980c58ea3a43b7988 P 2741210a0e2d49c999d404117e9f106b [term 3 FOLLOWER]: Starting forced leader election (received explicit request)
I20260713 09:06:51.643697 17074 raft_consensus.cc:3060] T a899fe174573487980c58ea3a43b7988 P 2741210a0e2d49c999d404117e9f106b [term 3 FOLLOWER]: Advancing to term 4
I20260713 09:06:51.648933 17074 raft_consensus.cc:515] T a899fe174573487980c58ea3a43b7988 P 2741210a0e2d49c999d404117e9f106b [term 4 FOLLOWER]: Starting forced leader election with config: opid_index: -1 OBSOLETE_local: false peers { permanent_uuid: "d3493779cd3943609a5b030d6c5ac0b1" member_type: VOTER last_known_addr { host: "127.16.102.1" port: 43149 } } peers { permanent_uuid: "9a3c58c9de194abeb72b805b3296e761" member_type: VOTER last_known_addr { host: "127.16.102.2" port: 41703 } } peers { permanent_uuid: "2741210a0e2d49c999d404117e9f106b" member_type: VOTER last_known_addr { host: "127.16.102.3" port: 38197 } }
I20260713 09:06:51.650697 17074 leader_election.cc:290] T a899fe174573487980c58ea3a43b7988 P 2741210a0e2d49c999d404117e9f106b [CANDIDATE]: Term 4 election: Requested vote from peers d3493779cd3943609a5b030d6c5ac0b1 (127.16.102.1:43149), 9a3c58c9de194abeb72b805b3296e761 (127.16.102.2:41703)
I20260713 09:06:51.651877 17002 tablet_service.cc:1917] Received RequestConsensusVote() RPC: tablet_id: "a899fe174573487980c58ea3a43b7988" candidate_uuid: "2741210a0e2d49c999d404117e9f106b" candidate_term: 4 candidate_status { last_received { term: 3 index: 3 } } ignore_live_leader: true dest_uuid: "9a3c58c9de194abeb72b805b3296e761"
I20260713 09:06:51.651890 16925 tablet_service.cc:1917] Received RequestConsensusVote() RPC: tablet_id: "a899fe174573487980c58ea3a43b7988" candidate_uuid: "2741210a0e2d49c999d404117e9f106b" candidate_term: 4 candidate_status { last_received { term: 3 index: 3 } } ignore_live_leader: true dest_uuid: "d3493779cd3943609a5b030d6c5ac0b1"
I20260713 09:06:51.652792 17002 raft_consensus.cc:3055] T a899fe174573487980c58ea3a43b7988 P 9a3c58c9de194abeb72b805b3296e761 [term 3 LEADER]: Stepping down as leader of term 3
I20260713 09:06:51.652854 16925 raft_consensus.cc:3060] T a899fe174573487980c58ea3a43b7988 P d3493779cd3943609a5b030d6c5ac0b1 [term 3 FOLLOWER]: Advancing to term 4
I20260713 09:06:51.653297 17002 raft_consensus.cc:740] T a899fe174573487980c58ea3a43b7988 P 9a3c58c9de194abeb72b805b3296e761 [term 3 LEADER]: Becoming Follower/Learner. State: Replica: 9a3c58c9de194abeb72b805b3296e761, State: Running, Role: LEADER
I20260713 09:06:51.654181 17002 consensus_queue.cc:260] T a899fe174573487980c58ea3a43b7988 P 9a3c58c9de194abeb72b805b3296e761 [NON_LEADER]: Queue going to NON_LEADER mode. State: All replicated index: 0, Majority replicated index: 3, Committed index: 3, Last appended: 3.3, Last appended by leader: 3, Current term: 3, Majority size: -1, State: 0, Mode: NON_LEADER, active raft config: opid_index: -1 OBSOLETE_local: false peers { permanent_uuid: "d3493779cd3943609a5b030d6c5ac0b1" member_type: VOTER last_known_addr { host: "127.16.102.1" port: 43149 } } peers { permanent_uuid: "9a3c58c9de194abeb72b805b3296e761" member_type: VOTER last_known_addr { host: "127.16.102.2" port: 41703 } } peers { permanent_uuid: "2741210a0e2d49c999d404117e9f106b" member_type: VOTER last_known_addr { host: "127.16.102.3" port: 38197 } }
I20260713 09:06:51.655479 17002 raft_consensus.cc:3060] T a899fe174573487980c58ea3a43b7988 P 9a3c58c9de194abeb72b805b3296e761 [term 3 FOLLOWER]: Advancing to term 4
I20260713 09:06:51.661077 16925 raft_consensus.cc:2468] T a899fe174573487980c58ea3a43b7988 P d3493779cd3943609a5b030d6c5ac0b1 [term 4 FOLLOWER]: Leader election vote request: Granting yes vote for candidate 2741210a0e2d49c999d404117e9f106b in term 4.
I20260713 09:06:51.662772 17002 raft_consensus.cc:2468] T a899fe174573487980c58ea3a43b7988 P 9a3c58c9de194abeb72b805b3296e761 [term 4 FOLLOWER]: Leader election vote request: Granting yes vote for candidate 2741210a0e2d49c999d404117e9f106b in term 4.
I20260713 09:06:51.662942 17041 leader_election.cc:304] T a899fe174573487980c58ea3a43b7988 P 2741210a0e2d49c999d404117e9f106b [CANDIDATE]: Term 4 election: Election decided. Result: candidate won. Election summary: received 2 responses out of 3 voters: 2 yes votes; 0 no votes. yes voters: 2741210a0e2d49c999d404117e9f106b, d3493779cd3943609a5b030d6c5ac0b1; no voters: 
I20260713 09:06:51.663962 17263 raft_consensus.cc:2804] T a899fe174573487980c58ea3a43b7988 P 2741210a0e2d49c999d404117e9f106b [term 4 FOLLOWER]: Leader election won for term 4
I20260713 09:06:51.664381 17263 raft_consensus.cc:697] T a899fe174573487980c58ea3a43b7988 P 2741210a0e2d49c999d404117e9f106b [term 4 LEADER]: Becoming Leader. State: Replica: 2741210a0e2d49c999d404117e9f106b, State: Running, Role: LEADER
I20260713 09:06:51.665184 17263 consensus_queue.cc:237] T a899fe174573487980c58ea3a43b7988 P 2741210a0e2d49c999d404117e9f106b [LEADER]: Queue going to LEADER mode. State: All replicated index: 0, Majority replicated index: 3, Committed index: 3, Last appended: 3.3, Last appended by leader: 3, Current term: 4, Majority size: 2, State: 0, Mode: LEADER, active raft config: opid_index: -1 OBSOLETE_local: false peers { permanent_uuid: "d3493779cd3943609a5b030d6c5ac0b1" member_type: VOTER last_known_addr { host: "127.16.102.1" port: 43149 } } peers { permanent_uuid: "9a3c58c9de194abeb72b805b3296e761" member_type: VOTER last_known_addr { host: "127.16.102.2" port: 41703 } } peers { permanent_uuid: "2741210a0e2d49c999d404117e9f106b" member_type: VOTER last_known_addr { host: "127.16.102.3" port: 38197 } }
I20260713 09:06:51.673692 16824 catalog_manager.cc:5697] T a899fe174573487980c58ea3a43b7988 P 2741210a0e2d49c999d404117e9f106b reported cstate change: term changed from 3 to 4, leader changed from 9a3c58c9de194abeb72b805b3296e761 (127.16.102.2) to 2741210a0e2d49c999d404117e9f106b (127.16.102.3). New cstate: current_term: 4 leader_uuid: "2741210a0e2d49c999d404117e9f106b" committed_config { opid_index: -1 OBSOLETE_local: false peers { permanent_uuid: "d3493779cd3943609a5b030d6c5ac0b1" member_type: VOTER last_known_addr { host: "127.16.102.1" port: 43149 } health_report { overall_health: UNKNOWN } } peers { permanent_uuid: "9a3c58c9de194abeb72b805b3296e761" member_type: VOTER last_known_addr { host: "127.16.102.2" port: 41703 } health_report { overall_health: UNKNOWN } } peers { permanent_uuid: "2741210a0e2d49c999d404117e9f106b" member_type: VOTER last_known_addr { host: "127.16.102.3" port: 38197 } health_report { overall_health: HEALTHY } } }
I20260713 09:06:51.698632 17002 raft_consensus.cc:1275] T 204bedbf9fe84b6191746036bba85053 P 9a3c58c9de194abeb72b805b3296e761 [term 5 FOLLOWER]: Refusing update from remote peer d3493779cd3943609a5b030d6c5ac0b1: Log matching property violated. Preceding OpId in replica: term: 4 index: 4. Preceding OpId from leader: term: 5 index: 5. (index mismatch)
I20260713 09:06:51.700402 17266 consensus_queue.cc:1048] T 204bedbf9fe84b6191746036bba85053 P d3493779cd3943609a5b030d6c5ac0b1 [LEADER]: Connected to new peer: Peer: permanent_uuid: "9a3c58c9de194abeb72b805b3296e761" member_type: VOTER last_known_addr { host: "127.16.102.2" port: 41703 }, Status: LMP_MISMATCH, Last received: 0.0, Next index: 5, Last known committed idx: 4, Time since last communication: 0.000s
I20260713 09:06:51.713784 17074 raft_consensus.cc:1275] T 204bedbf9fe84b6191746036bba85053 P 2741210a0e2d49c999d404117e9f106b [term 5 FOLLOWER]: Refusing update from remote peer d3493779cd3943609a5b030d6c5ac0b1: Log matching property violated. Preceding OpId in replica: term: 4 index: 4. Preceding OpId from leader: term: 5 index: 5. (index mismatch)
I20260713 09:06:51.715742 17267 consensus_queue.cc:1048] T 204bedbf9fe84b6191746036bba85053 P d3493779cd3943609a5b030d6c5ac0b1 [LEADER]: Connected to new peer: Peer: permanent_uuid: "2741210a0e2d49c999d404117e9f106b" member_type: VOTER last_known_addr { host: "127.16.102.3" port: 38197 }, Status: LMP_MISMATCH, Last received: 0.0, Next index: 5, Last known committed idx: 4, Time since last communication: 0.001s
I20260713 09:06:52.308907 16792 auto_leader_rebalancer.cc:141] leader rebalance for table test-workload
I20260713 09:06:52.347857 16792 tablet_server.cc:179] TabletServer@127.16.102.1:0 shutting down...
W20260713 09:06:52.363430 17041 proxy.cc:239] Call had error, refreshing address and retrying: Remote error: Service unavailable: service kudu.consensus.ConsensusService not registered on TabletServer
W20260713 09:06:52.379035 17041 consensus_peers.cc:597] T 05a42edaed6545a08d0a94175b775e39 P 2741210a0e2d49c999d404117e9f106b -> Peer d3493779cd3943609a5b030d6c5ac0b1 (127.16.102.1:43149): Couldn't send request to peer d3493779cd3943609a5b030d6c5ac0b1. Status: Remote error: Service unavailable: service kudu.consensus.ConsensusService not registered on TabletServer. This is attempt 1: this message will repeat every 5th retry.
W20260713 09:06:52.383073 17041 consensus_peers.cc:597] T 733fd5004867458895875eb33e91e55f P 2741210a0e2d49c999d404117e9f106b -> Peer d3493779cd3943609a5b030d6c5ac0b1 (127.16.102.1:43149): Couldn't send request to peer d3493779cd3943609a5b030d6c5ac0b1. Status: Remote error: Service unavailable: service kudu.consensus.ConsensusService not registered on TabletServer. This is attempt 1: this message will repeat every 5th retry.
I20260713 09:06:52.397071 17076 raft_consensus.cc:1275] T 6b289f2c9d7947e78147082baf23fce9 P 2741210a0e2d49c999d404117e9f106b [term 4 FOLLOWER]: Refusing update from remote peer d3493779cd3943609a5b030d6c5ac0b1: Log matching property violated. Preceding OpId in replica: term: 3 index: 3. Preceding OpId from leader: term: 4 index: 4. (index mismatch)
I20260713 09:06:52.398818 17283 consensus_queue.cc:1048] T 6b289f2c9d7947e78147082baf23fce9 P d3493779cd3943609a5b030d6c5ac0b1 [LEADER]: Connected to new peer: Peer: permanent_uuid: "2741210a0e2d49c999d404117e9f106b" member_type: VOTER last_known_addr { host: "127.16.102.3" port: 38197 }, Status: LMP_MISMATCH, Last received: 0.0, Next index: 4, Last known committed idx: 3, Time since last communication: 0.001s
W20260713 09:06:52.424753 16967 consensus_peers.cc:597] T df7aec7e8af246c99391827a545c25be P 9a3c58c9de194abeb72b805b3296e761 -> Peer d3493779cd3943609a5b030d6c5ac0b1 (127.16.102.1:43149): Couldn't send request to peer d3493779cd3943609a5b030d6c5ac0b1. Status: Remote error: Service unavailable: service kudu.consensus.ConsensusService not registered on TabletServer. This is attempt 1: this message will repeat every 5th retry.
I20260713 09:06:52.433988 17074 raft_consensus.cc:1275] T 6ef9ba2191fb406c84701312a16e3760 P 2741210a0e2d49c999d404117e9f106b [term 3 FOLLOWER]: Refusing update from remote peer d3493779cd3943609a5b030d6c5ac0b1: Log matching property violated. Preceding OpId in replica: term: 2 index: 2. Preceding OpId from leader: term: 3 index: 3. (index mismatch)
I20260713 09:06:52.437582 17267 consensus_queue.cc:1048] T 6ef9ba2191fb406c84701312a16e3760 P d3493779cd3943609a5b030d6c5ac0b1 [LEADER]: Connected to new peer: Peer: permanent_uuid: "2741210a0e2d49c999d404117e9f106b" member_type: VOTER last_known_addr { host: "127.16.102.3" port: 38197 }, Status: LMP_MISMATCH, Last received: 0.0, Next index: 3, Last known committed idx: 2, Time since last communication: 0.001s
I20260713 09:06:52.451133 17002 raft_consensus.cc:1275] T 6b289f2c9d7947e78147082baf23fce9 P 9a3c58c9de194abeb72b805b3296e761 [term 4 FOLLOWER]: Refusing update from remote peer d3493779cd3943609a5b030d6c5ac0b1: Log matching property violated. Preceding OpId in replica: term: 3 index: 3. Preceding OpId from leader: term: 4 index: 4. (index mismatch)
I20260713 09:06:52.453238 17001 raft_consensus.cc:1275] T 6ef9ba2191fb406c84701312a16e3760 P 9a3c58c9de194abeb72b805b3296e761 [term 3 FOLLOWER]: Refusing update from remote peer d3493779cd3943609a5b030d6c5ac0b1: Log matching property violated. Preceding OpId in replica: term: 2 index: 2. Preceding OpId from leader: term: 3 index: 3. (index mismatch)
I20260713 09:06:52.454947 17266 consensus_queue.cc:1048] T 6b289f2c9d7947e78147082baf23fce9 P d3493779cd3943609a5b030d6c5ac0b1 [LEADER]: Connected to new peer: Peer: permanent_uuid: "9a3c58c9de194abeb72b805b3296e761" member_type: VOTER last_known_addr { host: "127.16.102.2" port: 41703 }, Status: LMP_MISMATCH, Last received: 0.0, Next index: 4, Last known committed idx: 3, Time since last communication: 0.000s
I20260713 09:06:52.457206 17266 consensus_queue.cc:1048] T 6ef9ba2191fb406c84701312a16e3760 P d3493779cd3943609a5b030d6c5ac0b1 [LEADER]: Connected to new peer: Peer: permanent_uuid: "9a3c58c9de194abeb72b805b3296e761" member_type: VOTER last_known_addr { host: "127.16.102.2" port: 41703 }, Status: LMP_MISMATCH, Last received: 0.0, Next index: 3, Last known committed idx: 2, Time since last communication: 0.000s
W20260713 09:06:52.461215 16967 consensus_peers.cc:597] T ef77a0f187e749169f91fea5606d12fb P 9a3c58c9de194abeb72b805b3296e761 -> Peer d3493779cd3943609a5b030d6c5ac0b1 (127.16.102.1:43149): Couldn't send request to peer d3493779cd3943609a5b030d6c5ac0b1. Status: Remote error: Service unavailable: service kudu.consensus.ConsensusService not registered on TabletServer. This is attempt 1: this message will repeat every 5th retry.
W20260713 09:06:52.463140 16967 consensus_peers.cc:597] T 2bc28d20188c4ae1a42eaa08f55ad11b P 9a3c58c9de194abeb72b805b3296e761 -> Peer d3493779cd3943609a5b030d6c5ac0b1 (127.16.102.1:43149): Couldn't send request to peer d3493779cd3943609a5b030d6c5ac0b1. Status: Remote error: Service unavailable: service kudu.consensus.ConsensusService not registered on TabletServer. This is attempt 1: this message will repeat every 5th retry.
W20260713 09:06:52.476223 17041 consensus_peers.cc:597] T a899fe174573487980c58ea3a43b7988 P 2741210a0e2d49c999d404117e9f106b -> Peer d3493779cd3943609a5b030d6c5ac0b1 (127.16.102.1:43149): Couldn't send request to peer d3493779cd3943609a5b030d6c5ac0b1. Status: Remote error: Service unavailable: service kudu.consensus.ConsensusService not registered on TabletServer. This is attempt 1: this message will repeat every 5th retry.
I20260713 09:06:52.481035 16999 raft_consensus.cc:1275] T 733fd5004867458895875eb33e91e55f P 9a3c58c9de194abeb72b805b3296e761 [term 4 FOLLOWER]: Refusing update from remote peer 2741210a0e2d49c999d404117e9f106b: Log matching property violated. Preceding OpId in replica: term: 3 index: 3. Preceding OpId from leader: term: 4 index: 4. (index mismatch)
I20260713 09:06:52.487619 17275 consensus_queue.cc:1048] T 733fd5004867458895875eb33e91e55f P 2741210a0e2d49c999d404117e9f106b [LEADER]: Connected to new peer: Peer: permanent_uuid: "9a3c58c9de194abeb72b805b3296e761" member_type: VOTER last_known_addr { host: "127.16.102.2" port: 41703 }, Status: LMP_MISMATCH, Last received: 0.0, Next index: 4, Last known committed idx: 3, Time since last communication: 0.001s
I20260713 09:06:52.542160 16999 raft_consensus.cc:1275] T a899fe174573487980c58ea3a43b7988 P 9a3c58c9de194abeb72b805b3296e761 [term 4 FOLLOWER]: Refusing update from remote peer 2741210a0e2d49c999d404117e9f106b: Log matching property violated. Preceding OpId in replica: term: 3 index: 3. Preceding OpId from leader: term: 4 index: 4. (index mismatch)
I20260713 09:06:52.551708 17263 consensus_queue.cc:1048] T a899fe174573487980c58ea3a43b7988 P 2741210a0e2d49c999d404117e9f106b [LEADER]: Connected to new peer: Peer: permanent_uuid: "9a3c58c9de194abeb72b805b3296e761" member_type: VOTER last_known_addr { host: "127.16.102.2" port: 41703 }, Status: LMP_MISMATCH, Last received: 0.0, Next index: 4, Last known committed idx: 3, Time since last communication: 0.001s
I20260713 09:06:52.595165 16792 ts_tablet_manager.cc:1507] Shutting down tablet manager...
I20260713 09:06:52.598635 16792 tablet_replica.cc:333] T 6ef9ba2191fb406c84701312a16e3760 P d3493779cd3943609a5b030d6c5ac0b1: stopping tablet replica
I20260713 09:06:52.600746 16792 raft_consensus.cc:2243] T 6ef9ba2191fb406c84701312a16e3760 P d3493779cd3943609a5b030d6c5ac0b1 [term 3 LEADER]: Raft consensus shutting down.
I20260713 09:06:52.602329 16792 raft_consensus.cc:2272] T 6ef9ba2191fb406c84701312a16e3760 P d3493779cd3943609a5b030d6c5ac0b1 [term 3 FOLLOWER]: Raft consensus is shut down!
I20260713 09:06:52.605818 16792 tablet_replica.cc:333] T a899fe174573487980c58ea3a43b7988 P d3493779cd3943609a5b030d6c5ac0b1: stopping tablet replica
I20260713 09:06:52.606434 16792 raft_consensus.cc:2243] T a899fe174573487980c58ea3a43b7988 P d3493779cd3943609a5b030d6c5ac0b1 [term 4 FOLLOWER]: Raft consensus shutting down.
I20260713 09:06:52.606916 16792 raft_consensus.cc:2272] T a899fe174573487980c58ea3a43b7988 P d3493779cd3943609a5b030d6c5ac0b1 [term 4 FOLLOWER]: Raft consensus is shut down!
I20260713 09:06:52.608844 16792 tablet_replica.cc:333] T 05a42edaed6545a08d0a94175b775e39 P d3493779cd3943609a5b030d6c5ac0b1: stopping tablet replica
I20260713 09:06:52.609445 16792 raft_consensus.cc:2243] T 05a42edaed6545a08d0a94175b775e39 P d3493779cd3943609a5b030d6c5ac0b1 [term 2 FOLLOWER]: Raft consensus shutting down.
I20260713 09:06:52.609880 16792 raft_consensus.cc:2272] T 05a42edaed6545a08d0a94175b775e39 P d3493779cd3943609a5b030d6c5ac0b1 [term 2 FOLLOWER]: Raft consensus is shut down!
I20260713 09:06:52.611563 16792 tablet_replica.cc:333] T df7aec7e8af246c99391827a545c25be P d3493779cd3943609a5b030d6c5ac0b1: stopping tablet replica
I20260713 09:06:52.612138 16792 raft_consensus.cc:2243] T df7aec7e8af246c99391827a545c25be P d3493779cd3943609a5b030d6c5ac0b1 [term 3 FOLLOWER]: Raft consensus shutting down.
I20260713 09:06:52.612614 16792 raft_consensus.cc:2272] T df7aec7e8af246c99391827a545c25be P d3493779cd3943609a5b030d6c5ac0b1 [term 3 FOLLOWER]: Raft consensus is shut down!
I20260713 09:06:52.614418 16792 tablet_replica.cc:333] T 6b289f2c9d7947e78147082baf23fce9 P d3493779cd3943609a5b030d6c5ac0b1: stopping tablet replica
I20260713 09:06:52.615012 16792 raft_consensus.cc:2243] T 6b289f2c9d7947e78147082baf23fce9 P d3493779cd3943609a5b030d6c5ac0b1 [term 4 LEADER]: Raft consensus shutting down.
I20260713 09:06:52.615880 16792 raft_consensus.cc:2272] T 6b289f2c9d7947e78147082baf23fce9 P d3493779cd3943609a5b030d6c5ac0b1 [term 4 FOLLOWER]: Raft consensus is shut down!
I20260713 09:06:52.618080 16792 tablet_replica.cc:333] T 2bc28d20188c4ae1a42eaa08f55ad11b P d3493779cd3943609a5b030d6c5ac0b1: stopping tablet replica
I20260713 09:06:52.618637 16792 raft_consensus.cc:2243] T 2bc28d20188c4ae1a42eaa08f55ad11b P d3493779cd3943609a5b030d6c5ac0b1 [term 2 FOLLOWER]: Raft consensus shutting down.
I20260713 09:06:52.619115 16792 raft_consensus.cc:2272] T 2bc28d20188c4ae1a42eaa08f55ad11b P d3493779cd3943609a5b030d6c5ac0b1 [term 2 FOLLOWER]: Raft consensus is shut down!
I20260713 09:06:52.620985 16792 tablet_replica.cc:333] T 733fd5004867458895875eb33e91e55f P d3493779cd3943609a5b030d6c5ac0b1: stopping tablet replica
I20260713 09:06:52.621486 16792 raft_consensus.cc:2243] T 733fd5004867458895875eb33e91e55f P d3493779cd3943609a5b030d6c5ac0b1 [term 4 FOLLOWER]: Raft consensus shutting down.
I20260713 09:06:52.621906 16792 raft_consensus.cc:2272] T 733fd5004867458895875eb33e91e55f P d3493779cd3943609a5b030d6c5ac0b1 [term 4 FOLLOWER]: Raft consensus is shut down!
I20260713 09:06:52.623521 16792 tablet_replica.cc:333] T ef77a0f187e749169f91fea5606d12fb P d3493779cd3943609a5b030d6c5ac0b1: stopping tablet replica
I20260713 09:06:52.624055 16792 raft_consensus.cc:2243] T ef77a0f187e749169f91fea5606d12fb P d3493779cd3943609a5b030d6c5ac0b1 [term 3 FOLLOWER]: Raft consensus shutting down.
I20260713 09:06:52.624468 16792 raft_consensus.cc:2272] T ef77a0f187e749169f91fea5606d12fb P d3493779cd3943609a5b030d6c5ac0b1 [term 3 FOLLOWER]: Raft consensus is shut down!
I20260713 09:06:52.626093 16792 tablet_replica.cc:333] T 204bedbf9fe84b6191746036bba85053 P d3493779cd3943609a5b030d6c5ac0b1: stopping tablet replica
I20260713 09:06:52.626545 16792 raft_consensus.cc:2243] T 204bedbf9fe84b6191746036bba85053 P d3493779cd3943609a5b030d6c5ac0b1 [term 5 LEADER]: Raft consensus shutting down.
I20260713 09:06:52.627319 16792 raft_consensus.cc:2272] T 204bedbf9fe84b6191746036bba85053 P d3493779cd3943609a5b030d6c5ac0b1 [term 5 FOLLOWER]: Raft consensus is shut down!
W20260713 09:06:52.907132 16948 debug-util.cc:398] Leaking SignalData structure 0x7b08000e5060 after lost signal to thread 16795
W20260713 09:06:52.908138 16948 debug-util.cc:398] Leaking SignalData structure 0x7b08000e5740 after lost signal to thread 16858
W20260713 09:06:52.909723 16948 debug-util.cc:398] Leaking SignalData structure 0x7b08001baae0 after lost signal to thread 17026
W20260713 09:06:52.910548 16948 debug-util.cc:398] Leaking SignalData structure 0x7b08000d0560 after lost signal to thread 17100
W20260713 09:06:53.733747 16792 thread.cc:527] Waited for 1000ms trying to join with diag-logger (tid 16948)
I20260713 09:06:53.892535 17263 raft_consensus.cc:493] T 204bedbf9fe84b6191746036bba85053 P 2741210a0e2d49c999d404117e9f106b [term 5 FOLLOWER]: Starting pre-election (detected failure of leader d3493779cd3943609a5b030d6c5ac0b1)
I20260713 09:06:53.893275 17263 raft_consensus.cc:515] T 204bedbf9fe84b6191746036bba85053 P 2741210a0e2d49c999d404117e9f106b [term 5 FOLLOWER]: Starting pre-election with config: opid_index: -1 OBSOLETE_local: false peers { permanent_uuid: "d3493779cd3943609a5b030d6c5ac0b1" member_type: VOTER last_known_addr { host: "127.16.102.1" port: 43149 } } peers { permanent_uuid: "9a3c58c9de194abeb72b805b3296e761" member_type: VOTER last_known_addr { host: "127.16.102.2" port: 41703 } } peers { permanent_uuid: "2741210a0e2d49c999d404117e9f106b" member_type: VOTER last_known_addr { host: "127.16.102.3" port: 38197 } }
I20260713 09:06:53.895668 17263 leader_election.cc:290] T 204bedbf9fe84b6191746036bba85053 P 2741210a0e2d49c999d404117e9f106b [CANDIDATE]: Term 6 pre-election: Requested pre-vote from peers d3493779cd3943609a5b030d6c5ac0b1 (127.16.102.1:43149), 9a3c58c9de194abeb72b805b3296e761 (127.16.102.2:41703)
I20260713 09:06:53.899418 16999 tablet_service.cc:1917] Received RequestConsensusVote() RPC: tablet_id: "204bedbf9fe84b6191746036bba85053" candidate_uuid: "2741210a0e2d49c999d404117e9f106b" candidate_term: 6 candidate_status { last_received { term: 5 index: 5 } } ignore_live_leader: false dest_uuid: "9a3c58c9de194abeb72b805b3296e761" is_pre_election: true
W20260713 09:06:53.900909 17041 leader_election.cc:336] T 204bedbf9fe84b6191746036bba85053 P 2741210a0e2d49c999d404117e9f106b [CANDIDATE]: Term 6 pre-election: RPC error from VoteRequest() call to peer d3493779cd3943609a5b030d6c5ac0b1 (127.16.102.1:43149): Network error: Client connection negotiation failed: client connection to 127.16.102.1:43149: connect: Connection refused (error 111)
I20260713 09:06:53.902344 17040 leader_election.cc:304] T 204bedbf9fe84b6191746036bba85053 P 2741210a0e2d49c999d404117e9f106b [CANDIDATE]: Term 6 pre-election: Election decided. Result: candidate lost. Election summary: received 3 responses out of 3 voters: 1 yes votes; 2 no votes. yes voters: 2741210a0e2d49c999d404117e9f106b; no voters: 9a3c58c9de194abeb72b805b3296e761, d3493779cd3943609a5b030d6c5ac0b1
I20260713 09:06:53.903182 17263 raft_consensus.cc:2749] T 204bedbf9fe84b6191746036bba85053 P 2741210a0e2d49c999d404117e9f106b [term 5 FOLLOWER]: Leader pre-election lost for term 6. Reason: could not achieve majority
I20260713 09:06:53.918501 17263 raft_consensus.cc:493] T 6b289f2c9d7947e78147082baf23fce9 P 2741210a0e2d49c999d404117e9f106b [term 4 FOLLOWER]: Starting pre-election (detected failure of leader d3493779cd3943609a5b030d6c5ac0b1)
I20260713 09:06:53.919184 17263 raft_consensus.cc:515] T 6b289f2c9d7947e78147082baf23fce9 P 2741210a0e2d49c999d404117e9f106b [term 4 FOLLOWER]: Starting pre-election with config: opid_index: -1 OBSOLETE_local: false peers { permanent_uuid: "9a3c58c9de194abeb72b805b3296e761" member_type: VOTER last_known_addr { host: "127.16.102.2" port: 41703 } } peers { permanent_uuid: "d3493779cd3943609a5b030d6c5ac0b1" member_type: VOTER last_known_addr { host: "127.16.102.1" port: 43149 } } peers { permanent_uuid: "2741210a0e2d49c999d404117e9f106b" member_type: VOTER last_known_addr { host: "127.16.102.3" port: 38197 } }
I20260713 09:06:53.921674 17263 leader_election.cc:290] T 6b289f2c9d7947e78147082baf23fce9 P 2741210a0e2d49c999d404117e9f106b [CANDIDATE]: Term 5 pre-election: Requested pre-vote from peers 9a3c58c9de194abeb72b805b3296e761 (127.16.102.2:41703), d3493779cd3943609a5b030d6c5ac0b1 (127.16.102.1:43149)
I20260713 09:06:53.922669 16999 tablet_service.cc:1917] Received RequestConsensusVote() RPC: tablet_id: "6b289f2c9d7947e78147082baf23fce9" candidate_uuid: "2741210a0e2d49c999d404117e9f106b" candidate_term: 5 candidate_status { last_received { term: 4 index: 4 } } ignore_live_leader: false dest_uuid: "9a3c58c9de194abeb72b805b3296e761" is_pre_election: true
W20260713 09:06:53.926893 17041 leader_election.cc:336] T 6b289f2c9d7947e78147082baf23fce9 P 2741210a0e2d49c999d404117e9f106b [CANDIDATE]: Term 5 pre-election: RPC error from VoteRequest() call to peer d3493779cd3943609a5b030d6c5ac0b1 (127.16.102.1:43149): Network error: Client connection negotiation failed: client connection to 127.16.102.1:43149: connect: Connection refused (error 111)
I20260713 09:06:53.927330 17041 leader_election.cc:304] T 6b289f2c9d7947e78147082baf23fce9 P 2741210a0e2d49c999d404117e9f106b [CANDIDATE]: Term 5 pre-election: Election decided. Result: candidate lost. Election summary: received 3 responses out of 3 voters: 1 yes votes; 2 no votes. yes voters: 2741210a0e2d49c999d404117e9f106b; no voters: 9a3c58c9de194abeb72b805b3296e761, d3493779cd3943609a5b030d6c5ac0b1
I20260713 09:06:53.928270 17263 raft_consensus.cc:2749] T 6b289f2c9d7947e78147082baf23fce9 P 2741210a0e2d49c999d404117e9f106b [term 4 FOLLOWER]: Leader pre-election lost for term 5. Reason: could not achieve majority
I20260713 09:06:53.952211 17291 raft_consensus.cc:493] T 204bedbf9fe84b6191746036bba85053 P 9a3c58c9de194abeb72b805b3296e761 [term 5 FOLLOWER]: Starting pre-election (detected failure of leader d3493779cd3943609a5b030d6c5ac0b1)
I20260713 09:06:53.952847 17291 raft_consensus.cc:515] T 204bedbf9fe84b6191746036bba85053 P 9a3c58c9de194abeb72b805b3296e761 [term 5 FOLLOWER]: Starting pre-election with config: opid_index: -1 OBSOLETE_local: false peers { permanent_uuid: "d3493779cd3943609a5b030d6c5ac0b1" member_type: VOTER last_known_addr { host: "127.16.102.1" port: 43149 } } peers { permanent_uuid: "9a3c58c9de194abeb72b805b3296e761" member_type: VOTER last_known_addr { host: "127.16.102.2" port: 41703 } } peers { permanent_uuid: "2741210a0e2d49c999d404117e9f106b" member_type: VOTER last_known_addr { host: "127.16.102.3" port: 38197 } }
I20260713 09:06:53.955147 17291 leader_election.cc:290] T 204bedbf9fe84b6191746036bba85053 P 9a3c58c9de194abeb72b805b3296e761 [CANDIDATE]: Term 6 pre-election: Requested pre-vote from peers d3493779cd3943609a5b030d6c5ac0b1 (127.16.102.1:43149), 2741210a0e2d49c999d404117e9f106b (127.16.102.3:38197)
I20260713 09:06:53.956635 17076 tablet_service.cc:1917] Received RequestConsensusVote() RPC: tablet_id: "204bedbf9fe84b6191746036bba85053" candidate_uuid: "9a3c58c9de194abeb72b805b3296e761" candidate_term: 6 candidate_status { last_received { term: 5 index: 5 } } ignore_live_leader: false dest_uuid: "2741210a0e2d49c999d404117e9f106b" is_pre_election: true
I20260713 09:06:53.957461 17076 raft_consensus.cc:2468] T 204bedbf9fe84b6191746036bba85053 P 2741210a0e2d49c999d404117e9f106b [term 5 FOLLOWER]: Leader pre-election vote request: Granting yes vote for candidate 9a3c58c9de194abeb72b805b3296e761 in term 5.
I20260713 09:06:53.959022 16968 leader_election.cc:304] T 204bedbf9fe84b6191746036bba85053 P 9a3c58c9de194abeb72b805b3296e761 [CANDIDATE]: Term 6 pre-election: Election decided. Result: candidate won. Election summary: received 2 responses out of 3 voters: 2 yes votes; 0 no votes. yes voters: 2741210a0e2d49c999d404117e9f106b, 9a3c58c9de194abeb72b805b3296e761; no voters: 
I20260713 09:06:53.959904 17291 raft_consensus.cc:2804] T 204bedbf9fe84b6191746036bba85053 P 9a3c58c9de194abeb72b805b3296e761 [term 5 FOLLOWER]: Leader pre-election won for term 6
W20260713 09:06:53.960126 16967 leader_election.cc:336] T 204bedbf9fe84b6191746036bba85053 P 9a3c58c9de194abeb72b805b3296e761 [CANDIDATE]: Term 6 pre-election: RPC error from VoteRequest() call to peer d3493779cd3943609a5b030d6c5ac0b1 (127.16.102.1:43149): Network error: Client connection negotiation failed: client connection to 127.16.102.1:43149: connect: Connection refused (error 111)
I20260713 09:06:53.960387 17291 raft_consensus.cc:493] T 204bedbf9fe84b6191746036bba85053 P 9a3c58c9de194abeb72b805b3296e761 [term 5 FOLLOWER]: Starting leader election (detected failure of leader d3493779cd3943609a5b030d6c5ac0b1)
I20260713 09:06:53.960814 17291 raft_consensus.cc:3060] T 204bedbf9fe84b6191746036bba85053 P 9a3c58c9de194abeb72b805b3296e761 [term 5 FOLLOWER]: Advancing to term 6
I20260713 09:06:53.964696 17302 raft_consensus.cc:493] T 6b289f2c9d7947e78147082baf23fce9 P 9a3c58c9de194abeb72b805b3296e761 [term 4 FOLLOWER]: Starting pre-election (detected failure of leader d3493779cd3943609a5b030d6c5ac0b1)
I20260713 09:06:53.965418 17302 raft_consensus.cc:515] T 6b289f2c9d7947e78147082baf23fce9 P 9a3c58c9de194abeb72b805b3296e761 [term 4 FOLLOWER]: Starting pre-election with config: opid_index: -1 OBSOLETE_local: false peers { permanent_uuid: "9a3c58c9de194abeb72b805b3296e761" member_type: VOTER last_known_addr { host: "127.16.102.2" port: 41703 } } peers { permanent_uuid: "d3493779cd3943609a5b030d6c5ac0b1" member_type: VOTER last_known_addr { host: "127.16.102.1" port: 43149 } } peers { permanent_uuid: "2741210a0e2d49c999d404117e9f106b" member_type: VOTER last_known_addr { host: "127.16.102.3" port: 38197 } }
I20260713 09:06:53.968631 17302 leader_election.cc:290] T 6b289f2c9d7947e78147082baf23fce9 P 9a3c58c9de194abeb72b805b3296e761 [CANDIDATE]: Term 5 pre-election: Requested pre-vote from peers d3493779cd3943609a5b030d6c5ac0b1 (127.16.102.1:43149), 2741210a0e2d49c999d404117e9f106b (127.16.102.3:38197)
I20260713 09:06:53.969666 17076 tablet_service.cc:1917] Received RequestConsensusVote() RPC: tablet_id: "6b289f2c9d7947e78147082baf23fce9" candidate_uuid: "9a3c58c9de194abeb72b805b3296e761" candidate_term: 5 candidate_status { last_received { term: 4 index: 4 } } ignore_live_leader: false dest_uuid: "2741210a0e2d49c999d404117e9f106b" is_pre_election: true
I20260713 09:06:53.970630 17076 raft_consensus.cc:2468] T 6b289f2c9d7947e78147082baf23fce9 P 2741210a0e2d49c999d404117e9f106b [term 4 FOLLOWER]: Leader pre-election vote request: Granting yes vote for candidate 9a3c58c9de194abeb72b805b3296e761 in term 4.
I20260713 09:06:53.971931 16968 leader_election.cc:304] T 6b289f2c9d7947e78147082baf23fce9 P 9a3c58c9de194abeb72b805b3296e761 [CANDIDATE]: Term 5 pre-election: Election decided. Result: candidate won. Election summary: received 2 responses out of 3 voters: 2 yes votes; 0 no votes. yes voters: 2741210a0e2d49c999d404117e9f106b, 9a3c58c9de194abeb72b805b3296e761; no voters: 
I20260713 09:06:53.972878 17302 raft_consensus.cc:2804] T 6b289f2c9d7947e78147082baf23fce9 P 9a3c58c9de194abeb72b805b3296e761 [term 4 FOLLOWER]: Leader pre-election won for term 5
I20260713 09:06:53.973266 17302 raft_consensus.cc:493] T 6b289f2c9d7947e78147082baf23fce9 P 9a3c58c9de194abeb72b805b3296e761 [term 4 FOLLOWER]: Starting leader election (detected failure of leader d3493779cd3943609a5b030d6c5ac0b1)
I20260713 09:06:53.973647 17302 raft_consensus.cc:3060] T 6b289f2c9d7947e78147082baf23fce9 P 9a3c58c9de194abeb72b805b3296e761 [term 4 FOLLOWER]: Advancing to term 5
W20260713 09:06:53.983837 16967 leader_election.cc:336] T 6b289f2c9d7947e78147082baf23fce9 P 9a3c58c9de194abeb72b805b3296e761 [CANDIDATE]: Term 5 pre-election: RPC error from VoteRequest() call to peer d3493779cd3943609a5b030d6c5ac0b1 (127.16.102.1:43149): Network error: Client connection negotiation failed: client connection to 127.16.102.1:43149: connect: Connection refused (error 111)
I20260713 09:06:53.984833 17302 raft_consensus.cc:515] T 6b289f2c9d7947e78147082baf23fce9 P 9a3c58c9de194abeb72b805b3296e761 [term 5 FOLLOWER]: Starting leader election with config: opid_index: -1 OBSOLETE_local: false peers { permanent_uuid: "9a3c58c9de194abeb72b805b3296e761" member_type: VOTER last_known_addr { host: "127.16.102.2" port: 41703 } } peers { permanent_uuid: "d3493779cd3943609a5b030d6c5ac0b1" member_type: VOTER last_known_addr { host: "127.16.102.1" port: 43149 } } peers { permanent_uuid: "2741210a0e2d49c999d404117e9f106b" member_type: VOTER last_known_addr { host: "127.16.102.3" port: 38197 } }
I20260713 09:06:53.988185 17291 raft_consensus.cc:515] T 204bedbf9fe84b6191746036bba85053 P 9a3c58c9de194abeb72b805b3296e761 [term 6 FOLLOWER]: Starting leader election with config: opid_index: -1 OBSOLETE_local: false peers { permanent_uuid: "d3493779cd3943609a5b030d6c5ac0b1" member_type: VOTER last_known_addr { host: "127.16.102.1" port: 43149 } } peers { permanent_uuid: "9a3c58c9de194abeb72b805b3296e761" member_type: VOTER last_known_addr { host: "127.16.102.2" port: 41703 } } peers { permanent_uuid: "2741210a0e2d49c999d404117e9f106b" member_type: VOTER last_known_addr { host: "127.16.102.3" port: 38197 } }
I20260713 09:06:53.990751 17291 leader_election.cc:290] T 204bedbf9fe84b6191746036bba85053 P 9a3c58c9de194abeb72b805b3296e761 [CANDIDATE]: Term 6 election: Requested vote from peers d3493779cd3943609a5b030d6c5ac0b1 (127.16.102.1:43149), 2741210a0e2d49c999d404117e9f106b (127.16.102.3:38197)
I20260713 09:06:53.987392 17302 leader_election.cc:290] T 6b289f2c9d7947e78147082baf23fce9 P 9a3c58c9de194abeb72b805b3296e761 [CANDIDATE]: Term 5 election: Requested vote from peers d3493779cd3943609a5b030d6c5ac0b1 (127.16.102.1:43149), 2741210a0e2d49c999d404117e9f106b (127.16.102.3:38197)
I20260713 09:06:53.995170 17074 tablet_service.cc:1917] Received RequestConsensusVote() RPC: tablet_id: "6b289f2c9d7947e78147082baf23fce9" candidate_uuid: "9a3c58c9de194abeb72b805b3296e761" candidate_term: 5 candidate_status { last_received { term: 4 index: 4 } } ignore_live_leader: false dest_uuid: "2741210a0e2d49c999d404117e9f106b"
I20260713 09:06:53.995970 17074 raft_consensus.cc:3060] T 6b289f2c9d7947e78147082baf23fce9 P 2741210a0e2d49c999d404117e9f106b [term 4 FOLLOWER]: Advancing to term 5
I20260713 09:06:53.996973 17076 tablet_service.cc:1917] Received RequestConsensusVote() RPC: tablet_id: "204bedbf9fe84b6191746036bba85053" candidate_uuid: "9a3c58c9de194abeb72b805b3296e761" candidate_term: 6 candidate_status { last_received { term: 5 index: 5 } } ignore_live_leader: false dest_uuid: "2741210a0e2d49c999d404117e9f106b"
I20260713 09:06:53.997629 17076 raft_consensus.cc:3060] T 204bedbf9fe84b6191746036bba85053 P 2741210a0e2d49c999d404117e9f106b [term 5 FOLLOWER]: Advancing to term 6
W20260713 09:06:53.999643 16967 leader_election.cc:336] T 6b289f2c9d7947e78147082baf23fce9 P 9a3c58c9de194abeb72b805b3296e761 [CANDIDATE]: Term 5 election: RPC error from VoteRequest() call to peer d3493779cd3943609a5b030d6c5ac0b1 (127.16.102.1:43149): Network error: Client connection negotiation failed: client connection to 127.16.102.1:43149: connect: Connection refused (error 111)
W20260713 09:06:54.000424 16967 leader_election.cc:336] T 204bedbf9fe84b6191746036bba85053 P 9a3c58c9de194abeb72b805b3296e761 [CANDIDATE]: Term 6 election: RPC error from VoteRequest() call to peer d3493779cd3943609a5b030d6c5ac0b1 (127.16.102.1:43149): Network error: Client connection negotiation failed: client connection to 127.16.102.1:43149: connect: Connection refused (error 111)
I20260713 09:06:54.004346 17074 raft_consensus.cc:2468] T 6b289f2c9d7947e78147082baf23fce9 P 2741210a0e2d49c999d404117e9f106b [term 5 FOLLOWER]: Leader election vote request: Granting yes vote for candidate 9a3c58c9de194abeb72b805b3296e761 in term 5.
I20260713 09:06:54.005775 17076 raft_consensus.cc:2468] T 204bedbf9fe84b6191746036bba85053 P 2741210a0e2d49c999d404117e9f106b [term 6 FOLLOWER]: Leader election vote request: Granting yes vote for candidate 9a3c58c9de194abeb72b805b3296e761 in term 6.
I20260713 09:06:54.006127 16968 leader_election.cc:304] T 6b289f2c9d7947e78147082baf23fce9 P 9a3c58c9de194abeb72b805b3296e761 [CANDIDATE]: Term 5 election: Election decided. Result: candidate won. Election summary: received 3 responses out of 3 voters: 2 yes votes; 1 no votes. yes voters: 2741210a0e2d49c999d404117e9f106b, 9a3c58c9de194abeb72b805b3296e761; no voters: d3493779cd3943609a5b030d6c5ac0b1
I20260713 09:06:54.007643 17303 raft_consensus.cc:2804] T 6b289f2c9d7947e78147082baf23fce9 P 9a3c58c9de194abeb72b805b3296e761 [term 5 FOLLOWER]: Leader election won for term 5
I20260713 09:06:54.007700 16968 leader_election.cc:304] T 204bedbf9fe84b6191746036bba85053 P 9a3c58c9de194abeb72b805b3296e761 [CANDIDATE]: Term 6 election: Election decided. Result: candidate won. Election summary: received 3 responses out of 3 voters: 2 yes votes; 1 no votes. yes voters: 2741210a0e2d49c999d404117e9f106b, 9a3c58c9de194abeb72b805b3296e761; no voters: d3493779cd3943609a5b030d6c5ac0b1
I20260713 09:06:54.008617 17303 raft_consensus.cc:697] T 6b289f2c9d7947e78147082baf23fce9 P 9a3c58c9de194abeb72b805b3296e761 [term 5 LEADER]: Becoming Leader. State: Replica: 9a3c58c9de194abeb72b805b3296e761, State: Running, Role: LEADER
I20260713 09:06:54.009105 17305 raft_consensus.cc:493] T 6ef9ba2191fb406c84701312a16e3760 P 2741210a0e2d49c999d404117e9f106b [term 3 FOLLOWER]: Starting pre-election (detected failure of leader d3493779cd3943609a5b030d6c5ac0b1)
I20260713 09:06:54.010007 17305 raft_consensus.cc:515] T 6ef9ba2191fb406c84701312a16e3760 P 2741210a0e2d49c999d404117e9f106b [term 3 FOLLOWER]: Starting pre-election with config: opid_index: -1 OBSOLETE_local: false peers { permanent_uuid: "d3493779cd3943609a5b030d6c5ac0b1" member_type: VOTER last_known_addr { host: "127.16.102.1" port: 43149 } } peers { permanent_uuid: "9a3c58c9de194abeb72b805b3296e761" member_type: VOTER last_known_addr { host: "127.16.102.2" port: 41703 } } peers { permanent_uuid: "2741210a0e2d49c999d404117e9f106b" member_type: VOTER last_known_addr { host: "127.16.102.3" port: 38197 } }
I20260713 09:06:54.010102 17303 consensus_queue.cc:237] T 6b289f2c9d7947e78147082baf23fce9 P 9a3c58c9de194abeb72b805b3296e761 [LEADER]: Queue going to LEADER mode. State: All replicated index: 0, Majority replicated index: 4, Committed index: 4, Last appended: 4.4, Last appended by leader: 4, Current term: 5, Majority size: 2, State: 0, Mode: LEADER, active raft config: opid_index: -1 OBSOLETE_local: false peers { permanent_uuid: "9a3c58c9de194abeb72b805b3296e761" member_type: VOTER last_known_addr { host: "127.16.102.2" port: 41703 } } peers { permanent_uuid: "d3493779cd3943609a5b030d6c5ac0b1" member_type: VOTER last_known_addr { host: "127.16.102.1" port: 43149 } } peers { permanent_uuid: "2741210a0e2d49c999d404117e9f106b" member_type: VOTER last_known_addr { host: "127.16.102.3" port: 38197 } }
I20260713 09:06:54.012389 17302 raft_consensus.cc:2804] T 204bedbf9fe84b6191746036bba85053 P 9a3c58c9de194abeb72b805b3296e761 [term 6 FOLLOWER]: Leader election won for term 6
I20260713 09:06:54.012976 17302 raft_consensus.cc:697] T 204bedbf9fe84b6191746036bba85053 P 9a3c58c9de194abeb72b805b3296e761 [term 6 LEADER]: Becoming Leader. State: Replica: 9a3c58c9de194abeb72b805b3296e761, State: Running, Role: LEADER
