I20260713 09:06:41.073628 16658 raft_consensus.cc:3055] T 28c95f81a2a44f1e82a991fd60876fd4 P b13fc24345f44450aa626ba936084106 [term 1 LEADER]: Stepping down as leader of term 1
I20260713 09:06:41.073964 16658 raft_consensus.cc:740] T 28c95f81a2a44f1e82a991fd60876fd4 P b13fc24345f44450aa626ba936084106 [term 1 LEADER]: Becoming Follower/Learner. State: Replica: b13fc24345f44450aa626ba936084106, State: Running, Role: LEADER
I20260713 09:06:41.074110 16821 consensus_queue.cc:237] T 28c95f81a2a44f1e82a991fd60876fd4 P 6092a443634d4baa993f40b1e8e57acc [LEADER]: Queue going to LEADER mode. State: All replicated index: 0, Majority replicated index: 1, Committed index: 1, Last appended: 1.1, Last appended by leader: 1, Current term: 2, Majority size: 2, State: 0, Mode: LEADER, active raft config: opid_index: -1 OBSOLETE_local: false peers { permanent_uuid: "d9f8c89f63b54e12b5ac86c918c1afb6" member_type: VOTER last_known_addr { host: "127.16.16.65" port: 37679 } } peers { permanent_uuid: "b13fc24345f44450aa626ba936084106" member_type: VOTER last_known_addr { host: "127.16.16.66" port: 41405 } } peers { permanent_uuid: "6092a443634d4baa993f40b1e8e57acc" member_type: VOTER last_known_addr { host: "127.16.16.67" port: 44035 } }
I20260713 09:06:41.074776 16658 consensus_queue.cc:260] T 28c95f81a2a44f1e82a991fd60876fd4 P b13fc24345f44450aa626ba936084106 [NON_LEADER]: Queue going to NON_LEADER mode. State: All replicated index: 0, Majority replicated index: 1, Committed index: 1, Last appended: 1.1, Last appended by leader: 1, Current term: 1, Majority size: -1, State: 0, Mode: NON_LEADER, active raft config: opid_index: -1 OBSOLETE_local: false peers { permanent_uuid: "d9f8c89f63b54e12b5ac86c918c1afb6" member_type: VOTER last_known_addr { host: "127.16.16.65" port: 37679 } } peers { permanent_uuid: "b13fc24345f44450aa626ba936084106" member_type: VOTER last_known_addr { host: "127.16.16.66" port: 41405 } } peers { permanent_uuid: "6092a443634d4baa993f40b1e8e57acc" member_type: VOTER last_known_addr { host: "127.16.16.67" port: 44035 } }
I20260713 09:06:41.075894 16658 raft_consensus.cc:3060] T 28c95f81a2a44f1e82a991fd60876fd4 P b13fc24345f44450aa626ba936084106 [term 1 FOLLOWER]: Advancing to term 2
I20260713 09:06:41.081017 16658 raft_consensus.cc:2468] T 28c95f81a2a44f1e82a991fd60876fd4 P b13fc24345f44450aa626ba936084106 [term 2 FOLLOWER]: Leader election vote request: Granting yes vote for candidate 6092a443634d4baa993f40b1e8e57acc in term 2.
I20260713 09:06:41.081722 16730 tablet_service.cc:1917] Received RequestConsensusVote() RPC: tablet_id: "a0b74ec3223f4651b0f81deda6102473" candidate_uuid: "d9f8c89f63b54e12b5ac86c918c1afb6" candidate_term: 2 candidate_status { last_received { term: 1 index: 1 } } ignore_live_leader: true dest_uuid: "6092a443634d4baa993f40b1e8e57acc"
I20260713 09:06:41.082329 16730 raft_consensus.cc:3060] T a0b74ec3223f4651b0f81deda6102473 P 6092a443634d4baa993f40b1e8e57acc [term 1 FOLLOWER]: Advancing to term 2
I20260713 09:06:41.082883 16479 catalog_manager.cc:5697] T 28c95f81a2a44f1e82a991fd60876fd4 P 6092a443634d4baa993f40b1e8e57acc reported cstate change: term changed from 1 to 2, leader changed from b13fc24345f44450aa626ba936084106 (127.16.16.66) to 6092a443634d4baa993f40b1e8e57acc (127.16.16.67). New cstate: current_term: 2 leader_uuid: "6092a443634d4baa993f40b1e8e57acc" committed_config { opid_index: -1 OBSOLETE_local: false peers { permanent_uuid: "d9f8c89f63b54e12b5ac86c918c1afb6" member_type: VOTER last_known_addr { host: "127.16.16.65" port: 37679 } health_report { overall_health: UNKNOWN } } peers { permanent_uuid: "b13fc24345f44450aa626ba936084106" member_type: VOTER last_known_addr { host: "127.16.16.66" port: 41405 } health_report { overall_health: UNKNOWN } } peers { permanent_uuid: "6092a443634d4baa993f40b1e8e57acc" member_type: VOTER last_known_addr { host: "127.16.16.67" port: 44035 } health_report { overall_health: HEALTHY } } }
I20260713 09:06:41.082370 16732 leader_election.cc:290] T 28c95f81a2a44f1e82a991fd60876fd4 P 6092a443634d4baa993f40b1e8e57acc [CANDIDATE]: Term 2 election: Requested vote from peers d9f8c89f63b54e12b5ac86c918c1afb6 (127.16.16.65:37679), b13fc24345f44450aa626ba936084106 (127.16.16.66:41405)
I20260713 09:06:41.081135 16659 raft_consensus.cc:2468] T a0b74ec3223f4651b0f81deda6102473 P b13fc24345f44450aa626ba936084106 [term 2 FOLLOWER]: Leader election vote request: Granting yes vote for candidate d9f8c89f63b54e12b5ac86c918c1afb6 in term 2.
I20260713 09:06:41.085757 16549 leader_election.cc:304] T a0b74ec3223f4651b0f81deda6102473 P d9f8c89f63b54e12b5ac86c918c1afb6 [CANDIDATE]: Term 2 election: Election decided. Result: candidate won. Election summary: received 2 responses out of 3 voters: 2 yes votes; 0 no votes. yes voters: b13fc24345f44450aa626ba936084106, d9f8c89f63b54e12b5ac86c918c1afb6; no voters: 
I20260713 09:06:41.086516 16808 raft_consensus.cc:2804] T a0b74ec3223f4651b0f81deda6102473 P d9f8c89f63b54e12b5ac86c918c1afb6 [term 2 FOLLOWER]: Leader election won for term 2
I20260713 09:06:41.086980 16808 raft_consensus.cc:697] T a0b74ec3223f4651b0f81deda6102473 P d9f8c89f63b54e12b5ac86c918c1afb6 [term 2 LEADER]: Becoming Leader. State: Replica: d9f8c89f63b54e12b5ac86c918c1afb6, State: Running, Role: LEADER
I20260713 09:06:41.087759 16808 consensus_queue.cc:237] T a0b74ec3223f4651b0f81deda6102473 P d9f8c89f63b54e12b5ac86c918c1afb6 [LEADER]: Queue going to LEADER mode. State: All replicated index: 0, Majority replicated index: 1, Committed index: 1, Last appended: 1.1, Last appended by leader: 1, Current term: 2, Majority size: 2, State: 0, Mode: LEADER, active raft config: opid_index: -1 OBSOLETE_local: false peers { permanent_uuid: "d9f8c89f63b54e12b5ac86c918c1afb6" member_type: VOTER last_known_addr { host: "127.16.16.65" port: 37679 } } peers { permanent_uuid: "b13fc24345f44450aa626ba936084106" member_type: VOTER last_known_addr { host: "127.16.16.66" port: 41405 } } peers { permanent_uuid: "6092a443634d4baa993f40b1e8e57acc" member_type: VOTER last_known_addr { host: "127.16.16.67" port: 44035 } }
I20260713 09:06:41.092145 16730 raft_consensus.cc:2468] T a0b74ec3223f4651b0f81deda6102473 P 6092a443634d4baa993f40b1e8e57acc [term 2 FOLLOWER]: Leader election vote request: Granting yes vote for candidate d9f8c89f63b54e12b5ac86c918c1afb6 in term 2.
I20260713 09:06:41.096735 16479 catalog_manager.cc:5697] T a0b74ec3223f4651b0f81deda6102473 P d9f8c89f63b54e12b5ac86c918c1afb6 reported cstate change: term changed from 1 to 2, leader changed from b13fc24345f44450aa626ba936084106 (127.16.16.66) to d9f8c89f63b54e12b5ac86c918c1afb6 (127.16.16.65). New cstate: current_term: 2 leader_uuid: "d9f8c89f63b54e12b5ac86c918c1afb6" committed_config { opid_index: -1 OBSOLETE_local: false peers { permanent_uuid: "d9f8c89f63b54e12b5ac86c918c1afb6" member_type: VOTER last_known_addr { host: "127.16.16.65" port: 37679 } health_report { overall_health: HEALTHY } } peers { permanent_uuid: "b13fc24345f44450aa626ba936084106" member_type: VOTER last_known_addr { host: "127.16.16.66" port: 41405 } health_report { overall_health: UNKNOWN } } peers { permanent_uuid: "6092a443634d4baa993f40b1e8e57acc" member_type: VOTER last_known_addr { host: "127.16.16.67" port: 44035 } health_report { overall_health: UNKNOWN } } }
I20260713 09:06:41.148608 16821 consensus_queue.cc:1048] T 28f95451d74446629cc63d073f716a07 P 6092a443634d4baa993f40b1e8e57acc [LEADER]: Connected to new peer: Peer: permanent_uuid: "d9f8c89f63b54e12b5ac86c918c1afb6" member_type: VOTER last_known_addr { host: "127.16.16.65" port: 37679 }, Status: LMP_MISMATCH, Last received: 0.0, Next index: 1, Last known committed idx: 0, Time since last communication: 0.001s
I20260713 09:06:41.159546 16811 consensus_queue.cc:1048] T 28f95451d74446629cc63d073f716a07 P 6092a443634d4baa993f40b1e8e57acc [LEADER]: Connected to new peer: Peer: permanent_uuid: "b13fc24345f44450aa626ba936084106" member_type: VOTER last_known_addr { host: "127.16.16.66" port: 41405 }, Status: LMP_MISMATCH, Last received: 0.0, Next index: 1, Last known committed idx: 0, Time since last communication: 0.000s
I20260713 09:06:41.168977 16821 raft_consensus.cc:993] T 28f95451d74446629cc63d073f716a07 P 6092a443634d4baa993f40b1e8e57acc: : Instructing follower b13fc24345f44450aa626ba936084106 to start an election
I20260713 09:06:41.169464 16821 raft_consensus.cc:1081] T 28f95451d74446629cc63d073f716a07 P 6092a443634d4baa993f40b1e8e57acc [term 1 LEADER]: Signalling peer b13fc24345f44450aa626ba936084106 to start an election
I20260713 09:06:41.171257 16659 tablet_service.cc:2044] Received Run Leader Election RPC: tablet_id: "28f95451d74446629cc63d073f716a07"
dest_uuid: "b13fc24345f44450aa626ba936084106"
 from {username='slave'} at 127.0.0.1:52788
I20260713 09:06:41.171845 16659 raft_consensus.cc:493] T 28f95451d74446629cc63d073f716a07 P b13fc24345f44450aa626ba936084106 [term 1 FOLLOWER]: Starting forced leader election (received explicit request)
I20260713 09:06:41.172307 16659 raft_consensus.cc:3060] T 28f95451d74446629cc63d073f716a07 P b13fc24345f44450aa626ba936084106 [term 1 FOLLOWER]: Advancing to term 2
I20260713 09:06:41.176973 16659 raft_consensus.cc:515] T 28f95451d74446629cc63d073f716a07 P b13fc24345f44450aa626ba936084106 [term 2 FOLLOWER]: Starting forced leader election with config: opid_index: -1 OBSOLETE_local: false peers { permanent_uuid: "d9f8c89f63b54e12b5ac86c918c1afb6" member_type: VOTER last_known_addr { host: "127.16.16.65" port: 37679 } } peers { permanent_uuid: "b13fc24345f44450aa626ba936084106" member_type: VOTER last_known_addr { host: "127.16.16.66" port: 41405 } } peers { permanent_uuid: "6092a443634d4baa993f40b1e8e57acc" member_type: VOTER last_known_addr { host: "127.16.16.67" port: 44035 } }
I20260713 09:06:41.178992 16659 leader_election.cc:290] T 28f95451d74446629cc63d073f716a07 P b13fc24345f44450aa626ba936084106 [CANDIDATE]: Term 2 election: Requested vote from peers d9f8c89f63b54e12b5ac86c918c1afb6 (127.16.16.65:37679), 6092a443634d4baa993f40b1e8e57acc (127.16.16.67:44035)
I20260713 09:06:41.179272 16583 tablet_service.cc:1917] Received RequestConsensusVote() RPC: tablet_id: "28f95451d74446629cc63d073f716a07" candidate_uuid: "b13fc24345f44450aa626ba936084106" candidate_term: 2 candidate_status { last_received { term: 1 index: 1 } } ignore_live_leader: true dest_uuid: "d9f8c89f63b54e12b5ac86c918c1afb6"
I20260713 09:06:41.179869 16583 raft_consensus.cc:3060] T 28f95451d74446629cc63d073f716a07 P d9f8c89f63b54e12b5ac86c918c1afb6 [term 1 FOLLOWER]: Advancing to term 2
I20260713 09:06:41.179771 16730 tablet_service.cc:1917] Received RequestConsensusVote() RPC: tablet_id: "28f95451d74446629cc63d073f716a07" candidate_uuid: "b13fc24345f44450aa626ba936084106" candidate_term: 2 candidate_status { last_received { term: 1 index: 1 } } ignore_live_leader: true dest_uuid: "6092a443634d4baa993f40b1e8e57acc"
I20260713 09:06:41.180439 16730 raft_consensus.cc:3055] T 28f95451d74446629cc63d073f716a07 P 6092a443634d4baa993f40b1e8e57acc [term 1 LEADER]: Stepping down as leader of term 1
I20260713 09:06:41.180724 16730 raft_consensus.cc:740] T 28f95451d74446629cc63d073f716a07 P 6092a443634d4baa993f40b1e8e57acc [term 1 LEADER]: Becoming Follower/Learner. State: Replica: 6092a443634d4baa993f40b1e8e57acc, State: Running, Role: LEADER
I20260713 09:06:41.181420 16730 consensus_queue.cc:260] T 28f95451d74446629cc63d073f716a07 P 6092a443634d4baa993f40b1e8e57acc [NON_LEADER]: Queue going to NON_LEADER mode. State: All replicated index: 0, Majority replicated index: 1, Committed index: 1, Last appended: 1.1, Last appended by leader: 1, Current term: 1, Majority size: -1, State: 0, Mode: NON_LEADER, active raft config: opid_index: -1 OBSOLETE_local: false peers { permanent_uuid: "d9f8c89f63b54e12b5ac86c918c1afb6" member_type: VOTER last_known_addr { host: "127.16.16.65" port: 37679 } } peers { permanent_uuid: "b13fc24345f44450aa626ba936084106" member_type: VOTER last_known_addr { host: "127.16.16.66" port: 41405 } } peers { permanent_uuid: "6092a443634d4baa993f40b1e8e57acc" member_type: VOTER last_known_addr { host: "127.16.16.67" port: 44035 } }
I20260713 09:06:41.182304 16730 raft_consensus.cc:3060] T 28f95451d74446629cc63d073f716a07 P 6092a443634d4baa993f40b1e8e57acc [term 1 FOLLOWER]: Advancing to term 2
I20260713 09:06:41.186292 16583 raft_consensus.cc:2468] T 28f95451d74446629cc63d073f716a07 P d9f8c89f63b54e12b5ac86c918c1afb6 [term 2 FOLLOWER]: Leader election vote request: Granting yes vote for candidate b13fc24345f44450aa626ba936084106 in term 2.
I20260713 09:06:41.186439 16730 raft_consensus.cc:2468] T 28f95451d74446629cc63d073f716a07 P 6092a443634d4baa993f40b1e8e57acc [term 2 FOLLOWER]: Leader election vote request: Granting yes vote for candidate b13fc24345f44450aa626ba936084106 in term 2.
I20260713 09:06:41.187464 16624 leader_election.cc:304] T 28f95451d74446629cc63d073f716a07 P b13fc24345f44450aa626ba936084106 [CANDIDATE]: Term 2 election: Election decided. Result: candidate won. Election summary: received 2 responses out of 3 voters: 2 yes votes; 0 no votes. yes voters: 6092a443634d4baa993f40b1e8e57acc, b13fc24345f44450aa626ba936084106; no voters: 
I20260713 09:06:41.188261 16788 raft_consensus.cc:2804] T 28f95451d74446629cc63d073f716a07 P b13fc24345f44450aa626ba936084106 [term 2 FOLLOWER]: Leader election won for term 2
I20260713 09:06:41.188712 16788 raft_consensus.cc:697] T 28f95451d74446629cc63d073f716a07 P b13fc24345f44450aa626ba936084106 [term 2 LEADER]: Becoming Leader. State: Replica: b13fc24345f44450aa626ba936084106, State: Running, Role: LEADER
I20260713 09:06:41.189464 16788 consensus_queue.cc:237] T 28f95451d74446629cc63d073f716a07 P b13fc24345f44450aa626ba936084106 [LEADER]: Queue going to LEADER mode. State: All replicated index: 0, Majority replicated index: 1, Committed index: 1, Last appended: 1.1, Last appended by leader: 1, Current term: 2, Majority size: 2, State: 0, Mode: LEADER, active raft config: opid_index: -1 OBSOLETE_local: false peers { permanent_uuid: "d9f8c89f63b54e12b5ac86c918c1afb6" member_type: VOTER last_known_addr { host: "127.16.16.65" port: 37679 } } peers { permanent_uuid: "b13fc24345f44450aa626ba936084106" member_type: VOTER last_known_addr { host: "127.16.16.66" port: 41405 } } peers { permanent_uuid: "6092a443634d4baa993f40b1e8e57acc" member_type: VOTER last_known_addr { host: "127.16.16.67" port: 44035 } }
I20260713 09:06:41.196563 16479 catalog_manager.cc:5697] T 28f95451d74446629cc63d073f716a07 P b13fc24345f44450aa626ba936084106 reported cstate change: term changed from 1 to 2, leader changed from 6092a443634d4baa993f40b1e8e57acc (127.16.16.67) to b13fc24345f44450aa626ba936084106 (127.16.16.66). New cstate: current_term: 2 leader_uuid: "b13fc24345f44450aa626ba936084106" committed_config { opid_index: -1 OBSOLETE_local: false peers { permanent_uuid: "d9f8c89f63b54e12b5ac86c918c1afb6" member_type: VOTER last_known_addr { host: "127.16.16.65" port: 37679 } health_report { overall_health: UNKNOWN } } peers { permanent_uuid: "b13fc24345f44450aa626ba936084106" member_type: VOTER last_known_addr { host: "127.16.16.66" port: 41405 } health_report { overall_health: HEALTHY } } peers { permanent_uuid: "6092a443634d4baa993f40b1e8e57acc" member_type: VOTER last_known_addr { host: "127.16.16.67" port: 44035 } health_report { overall_health: UNKNOWN } } }
I20260713 09:06:41.258229 16821 raft_consensus.cc:993] T e03dc30d86b94aa2bc488f479bcbc96a P 6092a443634d4baa993f40b1e8e57acc: : Instructing follower d9f8c89f63b54e12b5ac86c918c1afb6 to start an election
I20260713 09:06:41.258651 16821 raft_consensus.cc:1081] T e03dc30d86b94aa2bc488f479bcbc96a P 6092a443634d4baa993f40b1e8e57acc [term 1 LEADER]: Signalling peer d9f8c89f63b54e12b5ac86c918c1afb6 to start an election
I20260713 09:06:41.260262 16583 tablet_service.cc:2044] Received Run Leader Election RPC: tablet_id: "e03dc30d86b94aa2bc488f479bcbc96a"
dest_uuid: "d9f8c89f63b54e12b5ac86c918c1afb6"
 from {username='slave'} at 127.0.0.1:44210
I20260713 09:06:41.260839 16583 raft_consensus.cc:493] T e03dc30d86b94aa2bc488f479bcbc96a P d9f8c89f63b54e12b5ac86c918c1afb6 [term 1 FOLLOWER]: Starting forced leader election (received explicit request)
I20260713 09:06:41.261214 16583 raft_consensus.cc:3060] T e03dc30d86b94aa2bc488f479bcbc96a P d9f8c89f63b54e12b5ac86c918c1afb6 [term 1 FOLLOWER]: Advancing to term 2
I20260713 09:06:41.266110 16583 raft_consensus.cc:515] T e03dc30d86b94aa2bc488f479bcbc96a P d9f8c89f63b54e12b5ac86c918c1afb6 [term 2 FOLLOWER]: Starting forced leader election with config: opid_index: -1 OBSOLETE_local: false peers { permanent_uuid: "d9f8c89f63b54e12b5ac86c918c1afb6" member_type: VOTER last_known_addr { host: "127.16.16.65" port: 37679 } } peers { permanent_uuid: "b13fc24345f44450aa626ba936084106" member_type: VOTER last_known_addr { host: "127.16.16.66" port: 41405 } } peers { permanent_uuid: "6092a443634d4baa993f40b1e8e57acc" member_type: VOTER last_known_addr { host: "127.16.16.67" port: 44035 } }
I20260713 09:06:41.267848 16583 leader_election.cc:290] T e03dc30d86b94aa2bc488f479bcbc96a P d9f8c89f63b54e12b5ac86c918c1afb6 [CANDIDATE]: Term 2 election: Requested vote from peers b13fc24345f44450aa626ba936084106 (127.16.16.66:41405), 6092a443634d4baa993f40b1e8e57acc (127.16.16.67:44035)
I20260713 09:06:41.268792 16659 tablet_service.cc:1917] Received RequestConsensusVote() RPC: tablet_id: "e03dc30d86b94aa2bc488f479bcbc96a" candidate_uuid: "d9f8c89f63b54e12b5ac86c918c1afb6" candidate_term: 2 candidate_status { last_received { term: 1 index: 1 } } ignore_live_leader: true dest_uuid: "b13fc24345f44450aa626ba936084106"
I20260713 09:06:41.269119 16730 tablet_service.cc:1917] Received RequestConsensusVote() RPC: tablet_id: "e03dc30d86b94aa2bc488f479bcbc96a" candidate_uuid: "d9f8c89f63b54e12b5ac86c918c1afb6" candidate_term: 2 candidate_status { last_received { term: 1 index: 1 } } ignore_live_leader: true dest_uuid: "6092a443634d4baa993f40b1e8e57acc"
I20260713 09:06:41.269390 16659 raft_consensus.cc:3060] T e03dc30d86b94aa2bc488f479bcbc96a P b13fc24345f44450aa626ba936084106 [term 1 FOLLOWER]: Advancing to term 2
I20260713 09:06:41.269827 16730 raft_consensus.cc:3055] T e03dc30d86b94aa2bc488f479bcbc96a P 6092a443634d4baa993f40b1e8e57acc [term 1 LEADER]: Stepping down as leader of term 1
I20260713 09:06:41.270208 16730 raft_consensus.cc:740] T e03dc30d86b94aa2bc488f479bcbc96a P 6092a443634d4baa993f40b1e8e57acc [term 1 LEADER]: Becoming Follower/Learner. State: Replica: 6092a443634d4baa993f40b1e8e57acc, State: Running, Role: LEADER
I20260713 09:06:41.271021 16730 consensus_queue.cc:260] T e03dc30d86b94aa2bc488f479bcbc96a P 6092a443634d4baa993f40b1e8e57acc [NON_LEADER]: Queue going to NON_LEADER mode. State: All replicated index: 0, Majority replicated index: 1, Committed index: 1, Last appended: 1.1, Last appended by leader: 1, Current term: 1, Majority size: -1, State: 0, Mode: NON_LEADER, active raft config: opid_index: -1 OBSOLETE_local: false peers { permanent_uuid: "d9f8c89f63b54e12b5ac86c918c1afb6" member_type: VOTER last_known_addr { host: "127.16.16.65" port: 37679 } } peers { permanent_uuid: "b13fc24345f44450aa626ba936084106" member_type: VOTER last_known_addr { host: "127.16.16.66" port: 41405 } } peers { permanent_uuid: "6092a443634d4baa993f40b1e8e57acc" member_type: VOTER last_known_addr { host: "127.16.16.67" port: 44035 } }
I20260713 09:06:41.272245 16730 raft_consensus.cc:3060] T e03dc30d86b94aa2bc488f479bcbc96a P 6092a443634d4baa993f40b1e8e57acc [term 1 FOLLOWER]: Advancing to term 2
I20260713 09:06:41.272716 16788 consensus_queue.cc:1048] T ef64b364c43e480b9938c0de241a28bb P b13fc24345f44450aa626ba936084106 [LEADER]: Connected to new peer: Peer: permanent_uuid: "6092a443634d4baa993f40b1e8e57acc" member_type: VOTER last_known_addr { host: "127.16.16.67" port: 44035 }, Status: LMP_MISMATCH, Last received: 0.0, Next index: 1, Last known committed idx: 0, Time since last communication: 0.000s
I20260713 09:06:41.276456 16659 raft_consensus.cc:2468] T e03dc30d86b94aa2bc488f479bcbc96a P b13fc24345f44450aa626ba936084106 [term 2 FOLLOWER]: Leader election vote request: Granting yes vote for candidate d9f8c89f63b54e12b5ac86c918c1afb6 in term 2.
I20260713 09:06:41.277580 16549 leader_election.cc:304] T e03dc30d86b94aa2bc488f479bcbc96a P d9f8c89f63b54e12b5ac86c918c1afb6 [CANDIDATE]: Term 2 election: Election decided. Result: candidate won. Election summary: received 2 responses out of 3 voters: 2 yes votes; 0 no votes. yes voters: b13fc24345f44450aa626ba936084106, d9f8c89f63b54e12b5ac86c918c1afb6; no voters: 
I20260713 09:06:41.278524 16808 raft_consensus.cc:2804] T e03dc30d86b94aa2bc488f479bcbc96a P d9f8c89f63b54e12b5ac86c918c1afb6 [term 2 FOLLOWER]: Leader election won for term 2
I20260713 09:06:41.279023 16808 raft_consensus.cc:697] T e03dc30d86b94aa2bc488f479bcbc96a P d9f8c89f63b54e12b5ac86c918c1afb6 [term 2 LEADER]: Becoming Leader. State: Replica: d9f8c89f63b54e12b5ac86c918c1afb6, State: Running, Role: LEADER
I20260713 09:06:41.279253 16730 raft_consensus.cc:2468] T e03dc30d86b94aa2bc488f479bcbc96a P 6092a443634d4baa993f40b1e8e57acc [term 2 FOLLOWER]: Leader election vote request: Granting yes vote for candidate d9f8c89f63b54e12b5ac86c918c1afb6 in term 2.
I20260713 09:06:41.279860 16808 consensus_queue.cc:237] T e03dc30d86b94aa2bc488f479bcbc96a P d9f8c89f63b54e12b5ac86c918c1afb6 [LEADER]: Queue going to LEADER mode. State: All replicated index: 0, Majority replicated index: 1, Committed index: 1, Last appended: 1.1, Last appended by leader: 1, Current term: 2, Majority size: 2, State: 0, Mode: LEADER, active raft config: opid_index: -1 OBSOLETE_local: false peers { permanent_uuid: "d9f8c89f63b54e12b5ac86c918c1afb6" member_type: VOTER last_known_addr { host: "127.16.16.65" port: 37679 } } peers { permanent_uuid: "b13fc24345f44450aa626ba936084106" member_type: VOTER last_known_addr { host: "127.16.16.66" port: 41405 } } peers { permanent_uuid: "6092a443634d4baa993f40b1e8e57acc" member_type: VOTER last_known_addr { host: "127.16.16.67" port: 44035 } }
I20260713 09:06:41.286477 16805 consensus_queue.cc:1048] T ef64b364c43e480b9938c0de241a28bb P b13fc24345f44450aa626ba936084106 [LEADER]: Connected to new peer: Peer: permanent_uuid: "d9f8c89f63b54e12b5ac86c918c1afb6" member_type: VOTER last_known_addr { host: "127.16.16.65" port: 37679 }, Status: LMP_MISMATCH, Last received: 0.0, Next index: 1, Last known committed idx: 0, Time since last communication: 0.000s
I20260713 09:06:41.288494 16480 catalog_manager.cc:5697] T e03dc30d86b94aa2bc488f479bcbc96a P d9f8c89f63b54e12b5ac86c918c1afb6 reported cstate change: term changed from 1 to 2, leader changed from 6092a443634d4baa993f40b1e8e57acc (127.16.16.67) to d9f8c89f63b54e12b5ac86c918c1afb6 (127.16.16.65). New cstate: current_term: 2 leader_uuid: "d9f8c89f63b54e12b5ac86c918c1afb6" committed_config { opid_index: -1 OBSOLETE_local: false peers { permanent_uuid: "d9f8c89f63b54e12b5ac86c918c1afb6" member_type: VOTER last_known_addr { host: "127.16.16.65" port: 37679 } health_report { overall_health: HEALTHY } } peers { permanent_uuid: "b13fc24345f44450aa626ba936084106" member_type: VOTER last_known_addr { host: "127.16.16.66" port: 41405 } health_report { overall_health: UNKNOWN } } peers { permanent_uuid: "6092a443634d4baa993f40b1e8e57acc" member_type: VOTER last_known_addr { host: "127.16.16.67" port: 44035 } health_report { overall_health: UNKNOWN } } }
I20260713 09:06:41.484458 16584 raft_consensus.cc:1275] T 05c2b41549bc442ca9b3e741880a259c P d9f8c89f63b54e12b5ac86c918c1afb6 [term 2 FOLLOWER]: Refusing update from remote peer b13fc24345f44450aa626ba936084106: Log matching property violated. Preceding OpId in replica: term: 1 index: 1. Preceding OpId from leader: term: 2 index: 2. (index mismatch)
I20260713 09:06:41.485669 16805 consensus_queue.cc:1048] T 05c2b41549bc442ca9b3e741880a259c P b13fc24345f44450aa626ba936084106 [LEADER]: Connected to new peer: Peer: permanent_uuid: "d9f8c89f63b54e12b5ac86c918c1afb6" member_type: VOTER last_known_addr { host: "127.16.16.65" port: 37679 }, Status: LMP_MISMATCH, Last received: 0.0, Next index: 2, Last known committed idx: 1, Time since last communication: 0.000s
I20260713 09:06:41.493927 16583 raft_consensus.cc:1275] T 28c95f81a2a44f1e82a991fd60876fd4 P d9f8c89f63b54e12b5ac86c918c1afb6 [term 2 FOLLOWER]: Refusing update from remote peer 6092a443634d4baa993f40b1e8e57acc: Log matching property violated. Preceding OpId in replica: term: 1 index: 1. Preceding OpId from leader: term: 2 index: 2. (index mismatch)
I20260713 09:06:41.494004 16732 raft_consensus.cc:1275] T 05c2b41549bc442ca9b3e741880a259c P 6092a443634d4baa993f40b1e8e57acc [term 2 FOLLOWER]: Refusing update from remote peer b13fc24345f44450aa626ba936084106: Log matching property violated. Preceding OpId in replica: term: 1 index: 1. Preceding OpId from leader: term: 2 index: 2. (index mismatch)
I20260713 09:06:41.495606 16821 consensus_queue.cc:1048] T 28c95f81a2a44f1e82a991fd60876fd4 P 6092a443634d4baa993f40b1e8e57acc [LEADER]: Connected to new peer: Peer: permanent_uuid: "d9f8c89f63b54e12b5ac86c918c1afb6" member_type: VOTER last_known_addr { host: "127.16.16.65" port: 37679 }, Status: LMP_MISMATCH, Last received: 0.0, Next index: 2, Last known committed idx: 1, Time since last communication: 0.000s
I20260713 09:06:41.497830 16834 consensus_queue.cc:1048] T 05c2b41549bc442ca9b3e741880a259c P b13fc24345f44450aa626ba936084106 [LEADER]: Connected to new peer: Peer: permanent_uuid: "6092a443634d4baa993f40b1e8e57acc" member_type: VOTER last_known_addr { host: "127.16.16.67" port: 44035 }, Status: LMP_MISMATCH, Last received: 0.0, Next index: 2, Last known committed idx: 1, Time since last communication: 0.000s
I20260713 09:06:41.505157 16659 raft_consensus.cc:1275] T 28c95f81a2a44f1e82a991fd60876fd4 P b13fc24345f44450aa626ba936084106 [term 2 FOLLOWER]: Refusing update from remote peer 6092a443634d4baa993f40b1e8e57acc: Log matching property violated. Preceding OpId in replica: term: 1 index: 1. Preceding OpId from leader: term: 2 index: 2. (index mismatch)
I20260713 09:06:41.506564 16821 consensus_queue.cc:1048] T 28c95f81a2a44f1e82a991fd60876fd4 P 6092a443634d4baa993f40b1e8e57acc [LEADER]: Connected to new peer: Peer: permanent_uuid: "b13fc24345f44450aa626ba936084106" member_type: VOTER last_known_addr { host: "127.16.16.66" port: 41405 }, Status: LMP_MISMATCH, Last received: 0.0, Next index: 2, Last known committed idx: 1, Time since last communication: 0.000s
I20260713 09:06:41.518340 16732 raft_consensus.cc:1275] T 04e8e82e0dd34199abee64fc6d61e629 P 6092a443634d4baa993f40b1e8e57acc [term 2 FOLLOWER]: Refusing update from remote peer d9f8c89f63b54e12b5ac86c918c1afb6: Log matching property violated. Preceding OpId in replica: term: 1 index: 1. Preceding OpId from leader: term: 2 index: 2. (index mismatch)
I20260713 09:06:41.518635 16659 raft_consensus.cc:1275] T a0b74ec3223f4651b0f81deda6102473 P b13fc24345f44450aa626ba936084106 [term 2 FOLLOWER]: Refusing update from remote peer d9f8c89f63b54e12b5ac86c918c1afb6: Log matching property violated. Preceding OpId in replica: term: 1 index: 1. Preceding OpId from leader: term: 2 index: 2. (index mismatch)
I20260713 09:06:41.520814 16808 consensus_queue.cc:1048] T 04e8e82e0dd34199abee64fc6d61e629 P d9f8c89f63b54e12b5ac86c918c1afb6 [LEADER]: Connected to new peer: Peer: permanent_uuid: "6092a443634d4baa993f40b1e8e57acc" member_type: VOTER last_known_addr { host: "127.16.16.67" port: 44035 }, Status: LMP_MISMATCH, Last received: 0.0, Next index: 2, Last known committed idx: 1, Time since last communication: 0.000s
I20260713 09:06:41.521143 16810 consensus_queue.cc:1048] T a0b74ec3223f4651b0f81deda6102473 P d9f8c89f63b54e12b5ac86c918c1afb6 [LEADER]: Connected to new peer: Peer: permanent_uuid: "b13fc24345f44450aa626ba936084106" member_type: VOTER last_known_addr { host: "127.16.16.66" port: 41405 }, Status: LMP_MISMATCH, Last received: 0.0, Next index: 2, Last known committed idx: 1, Time since last communication: 0.000s
I20260713 09:06:41.536952 16732 raft_consensus.cc:1275] T a0b74ec3223f4651b0f81deda6102473 P 6092a443634d4baa993f40b1e8e57acc [term 2 FOLLOWER]: Refusing update from remote peer d9f8c89f63b54e12b5ac86c918c1afb6: Log matching property violated. Preceding OpId in replica: term: 1 index: 1. Preceding OpId from leader: term: 2 index: 2. (index mismatch)
I20260713 09:06:41.545058 16808 consensus_queue.cc:1048] T a0b74ec3223f4651b0f81deda6102473 P d9f8c89f63b54e12b5ac86c918c1afb6 [LEADER]: Connected to new peer: Peer: permanent_uuid: "6092a443634d4baa993f40b1e8e57acc" member_type: VOTER last_known_addr { host: "127.16.16.67" port: 44035 }, Status: LMP_MISMATCH, Last received: 0.0, Next index: 2, Last known committed idx: 1, Time since last communication: 0.001s
I20260713 09:06:41.551285 16659 raft_consensus.cc:1275] T 04e8e82e0dd34199abee64fc6d61e629 P b13fc24345f44450aa626ba936084106 [term 2 FOLLOWER]: Refusing update from remote peer d9f8c89f63b54e12b5ac86c918c1afb6: Log matching property violated. Preceding OpId in replica: term: 1 index: 1. Preceding OpId from leader: term: 2 index: 2. (index mismatch)
I20260713 09:06:41.552927 16864 consensus_queue.cc:1048] T 04e8e82e0dd34199abee64fc6d61e629 P d9f8c89f63b54e12b5ac86c918c1afb6 [LEADER]: Connected to new peer: Peer: permanent_uuid: "b13fc24345f44450aa626ba936084106" member_type: VOTER last_known_addr { host: "127.16.16.66" port: 41405 }, Status: LMP_MISMATCH, Last received: 0.0, Next index: 2, Last known committed idx: 1, Time since last communication: 0.000s
I20260713 09:06:41.677781 16583 raft_consensus.cc:1275] T 28f95451d74446629cc63d073f716a07 P d9f8c89f63b54e12b5ac86c918c1afb6 [term 2 FOLLOWER]: Refusing update from remote peer b13fc24345f44450aa626ba936084106: Log matching property violated. Preceding OpId in replica: term: 1 index: 1. Preceding OpId from leader: term: 2 index: 2. (index mismatch)
I20260713 09:06:41.679061 16834 consensus_queue.cc:1048] T 28f95451d74446629cc63d073f716a07 P b13fc24345f44450aa626ba936084106 [LEADER]: Connected to new peer: Peer: permanent_uuid: "d9f8c89f63b54e12b5ac86c918c1afb6" member_type: VOTER last_known_addr { host: "127.16.16.65" port: 37679 }, Status: LMP_MISMATCH, Last received: 0.0, Next index: 2, Last known committed idx: 1, Time since last communication: 0.000s
I20260713 09:06:41.685977 16732 raft_consensus.cc:1275] T 28f95451d74446629cc63d073f716a07 P 6092a443634d4baa993f40b1e8e57acc [term 2 FOLLOWER]: Refusing update from remote peer b13fc24345f44450aa626ba936084106: Log matching property violated. Preceding OpId in replica: term: 1 index: 1. Preceding OpId from leader: term: 2 index: 2. (index mismatch)
I20260713 09:06:41.687451 16802 consensus_queue.cc:1048] T 28f95451d74446629cc63d073f716a07 P b13fc24345f44450aa626ba936084106 [LEADER]: Connected to new peer: Peer: permanent_uuid: "6092a443634d4baa993f40b1e8e57acc" member_type: VOTER last_known_addr { host: "127.16.16.67" port: 44035 }, Status: LMP_MISMATCH, Last received: 0.0, Next index: 2, Last known committed idx: 1, Time since last communication: 0.000s
I20260713 09:06:41.878140 16732 raft_consensus.cc:1275] T e03dc30d86b94aa2bc488f479bcbc96a P 6092a443634d4baa993f40b1e8e57acc [term 2 FOLLOWER]: Refusing update from remote peer d9f8c89f63b54e12b5ac86c918c1afb6: Log matching property violated. Preceding OpId in replica: term: 1 index: 1. Preceding OpId from leader: term: 2 index: 2. (index mismatch)
I20260713 09:06:41.879194 16659 raft_consensus.cc:1275] T e03dc30d86b94aa2bc488f479bcbc96a P b13fc24345f44450aa626ba936084106 [term 2 FOLLOWER]: Refusing update from remote peer d9f8c89f63b54e12b5ac86c918c1afb6: Log matching property violated. Preceding OpId in replica: term: 1 index: 1. Preceding OpId from leader: term: 2 index: 2. (index mismatch)
I20260713 09:06:41.879436 16864 consensus_queue.cc:1048] T e03dc30d86b94aa2bc488f479bcbc96a P d9f8c89f63b54e12b5ac86c918c1afb6 [LEADER]: Connected to new peer: Peer: permanent_uuid: "6092a443634d4baa993f40b1e8e57acc" member_type: VOTER last_known_addr { host: "127.16.16.67" port: 44035 }, Status: LMP_MISMATCH, Last received: 0.0, Next index: 2, Last known committed idx: 1, Time since last communication: 0.000s
I20260713 09:06:41.880551 16810 consensus_queue.cc:1048] T e03dc30d86b94aa2bc488f479bcbc96a P d9f8c89f63b54e12b5ac86c918c1afb6 [LEADER]: Connected to new peer: Peer: permanent_uuid: "b13fc24345f44450aa626ba936084106" member_type: VOTER last_known_addr { host: "127.16.16.66" port: 41405 }, Status: LMP_MISMATCH, Last received: 0.0, Next index: 2, Last known committed idx: 1, Time since last communication: 0.000s
I20260713 09:06:44.027815 16449 auto_leader_rebalancer-test.cc:320] The leader distribution is 
I20260713 09:06:44.028682 16449 auto_leader_rebalancer.cc:141] leader rebalance for table test-workload
I20260713 09:06:44.047411 16659 tablet_service.cc:2072] Received LeaderStepDown RPC: tablet_id: "05c2b41549bc442ca9b3e741880a259c"
dest_uuid: "b13fc24345f44450aa626ba936084106"
mode: GRACEFUL
new_leader_uuid: "6092a443634d4baa993f40b1e8e57acc"
 from {username='slave'} at 127.0.0.1:52802
I20260713 09:06:44.047955 16659 raft_consensus.cc:606] T 05c2b41549bc442ca9b3e741880a259c P b13fc24345f44450aa626ba936084106 [term 2 LEADER]: Received request to transfer leadership to TS 6092a443634d4baa993f40b1e8e57acc
I20260713 09:06:44.058583 16584 tablet_service.cc:2072] Received LeaderStepDown RPC: tablet_id: "313cccabe3004e5ba321c9f25e220ffd"
dest_uuid: "d9f8c89f63b54e12b5ac86c918c1afb6"
mode: GRACEFUL
new_leader_uuid: "6092a443634d4baa993f40b1e8e57acc"
 from {username='slave'} at 127.0.0.1:44222
I20260713 09:06:44.059144 16584 raft_consensus.cc:606] T 313cccabe3004e5ba321c9f25e220ffd P d9f8c89f63b54e12b5ac86c918c1afb6 [term 1 LEADER]: Received request to transfer leadership to TS 6092a443634d4baa993f40b1e8e57acc
I20260713 09:06:44.060659 16449 auto_leader_rebalancer.cc:479] table: test-workload, leader rebalance finish, leader transfer count: 2
I20260713 09:06:44.061228 16449 auto_leader_rebalancer.cc:554] All tables' leader rebalancing finished this round
I20260713 09:06:44.063020 16802 raft_consensus.cc:993] T 05c2b41549bc442ca9b3e741880a259c P b13fc24345f44450aa626ba936084106: : Instructing follower 6092a443634d4baa993f40b1e8e57acc to start an election
I20260713 09:06:44.063414 16870 raft_consensus.cc:1081] T 05c2b41549bc442ca9b3e741880a259c P b13fc24345f44450aa626ba936084106 [term 2 LEADER]: Signalling peer 6092a443634d4baa993f40b1e8e57acc to start an election
I20260713 09:06:44.064700 16732 tablet_service.cc:2044] Received Run Leader Election RPC: tablet_id: "05c2b41549bc442ca9b3e741880a259c"
dest_uuid: "6092a443634d4baa993f40b1e8e57acc"
 from {username='slave'} at 127.0.0.1:33188
I20260713 09:06:44.065116 16732 raft_consensus.cc:493] T 05c2b41549bc442ca9b3e741880a259c P 6092a443634d4baa993f40b1e8e57acc [term 2 FOLLOWER]: Starting forced leader election (received explicit request)
I20260713 09:06:44.065359 16732 raft_consensus.cc:3060] T 05c2b41549bc442ca9b3e741880a259c P 6092a443634d4baa993f40b1e8e57acc [term 2 FOLLOWER]: Advancing to term 3
I20260713 09:06:44.070406 16732 raft_consensus.cc:515] T 05c2b41549bc442ca9b3e741880a259c P 6092a443634d4baa993f40b1e8e57acc [term 3 FOLLOWER]: Starting forced leader election with config: opid_index: -1 OBSOLETE_local: false peers { permanent_uuid: "d9f8c89f63b54e12b5ac86c918c1afb6" member_type: VOTER last_known_addr { host: "127.16.16.65" port: 37679 } } peers { permanent_uuid: "b13fc24345f44450aa626ba936084106" member_type: VOTER last_known_addr { host: "127.16.16.66" port: 41405 } } peers { permanent_uuid: "6092a443634d4baa993f40b1e8e57acc" member_type: VOTER last_known_addr { host: "127.16.16.67" port: 44035 } }
I20260713 09:06:44.072124 16732 leader_election.cc:290] T 05c2b41549bc442ca9b3e741880a259c P 6092a443634d4baa993f40b1e8e57acc [CANDIDATE]: Term 3 election: Requested vote from peers d9f8c89f63b54e12b5ac86c918c1afb6 (127.16.16.65:37679), b13fc24345f44450aa626ba936084106 (127.16.16.66:41405)
I20260713 09:06:44.072855 16584 tablet_service.cc:1917] Received RequestConsensusVote() RPC: tablet_id: "05c2b41549bc442ca9b3e741880a259c" candidate_uuid: "6092a443634d4baa993f40b1e8e57acc" candidate_term: 3 candidate_status { last_received { term: 2 index: 2 } } ignore_live_leader: true dest_uuid: "d9f8c89f63b54e12b5ac86c918c1afb6"
I20260713 09:06:44.073482 16584 raft_consensus.cc:3060] T 05c2b41549bc442ca9b3e741880a259c P d9f8c89f63b54e12b5ac86c918c1afb6 [term 2 FOLLOWER]: Advancing to term 3
I20260713 09:06:44.073493 16658 tablet_service.cc:1917] Received RequestConsensusVote() RPC: tablet_id: "05c2b41549bc442ca9b3e741880a259c" candidate_uuid: "6092a443634d4baa993f40b1e8e57acc" candidate_term: 3 candidate_status { last_received { term: 2 index: 2 } } ignore_live_leader: true dest_uuid: "b13fc24345f44450aa626ba936084106"
I20260713 09:06:44.074208 16658 raft_consensus.cc:3055] T 05c2b41549bc442ca9b3e741880a259c P b13fc24345f44450aa626ba936084106 [term 2 LEADER]: Stepping down as leader of term 2
I20260713 09:06:44.074538 16658 raft_consensus.cc:740] T 05c2b41549bc442ca9b3e741880a259c P b13fc24345f44450aa626ba936084106 [term 2 LEADER]: Becoming Follower/Learner. State: Replica: b13fc24345f44450aa626ba936084106, State: Running, Role: LEADER
I20260713 09:06:44.075323 16658 consensus_queue.cc:260] T 05c2b41549bc442ca9b3e741880a259c P b13fc24345f44450aa626ba936084106 [NON_LEADER]: Queue going to NON_LEADER mode. State: All replicated index: 0, Majority replicated index: 2, Committed index: 2, Last appended: 2.2, Last appended by leader: 2, Current term: 2, Majority size: -1, State: 0, Mode: NON_LEADER, active raft config: opid_index: -1 OBSOLETE_local: false peers { permanent_uuid: "d9f8c89f63b54e12b5ac86c918c1afb6" member_type: VOTER last_known_addr { host: "127.16.16.65" port: 37679 } } peers { permanent_uuid: "b13fc24345f44450aa626ba936084106" member_type: VOTER last_known_addr { host: "127.16.16.66" port: 41405 } } peers { permanent_uuid: "6092a443634d4baa993f40b1e8e57acc" member_type: VOTER last_known_addr { host: "127.16.16.67" port: 44035 } }
I20260713 09:06:44.076579 16658 raft_consensus.cc:3060] T 05c2b41549bc442ca9b3e741880a259c P b13fc24345f44450aa626ba936084106 [term 2 FOLLOWER]: Advancing to term 3
I20260713 09:06:44.079317 16584 raft_consensus.cc:2468] T 05c2b41549bc442ca9b3e741880a259c P d9f8c89f63b54e12b5ac86c918c1afb6 [term 3 FOLLOWER]: Leader election vote request: Granting yes vote for candidate 6092a443634d4baa993f40b1e8e57acc in term 3.
I20260713 09:06:44.080382 16697 leader_election.cc:304] T 05c2b41549bc442ca9b3e741880a259c P 6092a443634d4baa993f40b1e8e57acc [CANDIDATE]: Term 3 election: Election decided. Result: candidate won. Election summary: received 2 responses out of 3 voters: 2 yes votes; 0 no votes. yes voters: 6092a443634d4baa993f40b1e8e57acc, d9f8c89f63b54e12b5ac86c918c1afb6; no voters: 
I20260713 09:06:44.081192 16869 raft_consensus.cc:2804] T 05c2b41549bc442ca9b3e741880a259c P 6092a443634d4baa993f40b1e8e57acc [term 3 FOLLOWER]: Leader election won for term 3
I20260713 09:06:44.081835 16658 raft_consensus.cc:2468] T 05c2b41549bc442ca9b3e741880a259c P b13fc24345f44450aa626ba936084106 [term 3 FOLLOWER]: Leader election vote request: Granting yes vote for candidate 6092a443634d4baa993f40b1e8e57acc in term 3.
I20260713 09:06:44.082434 16869 raft_consensus.cc:697] T 05c2b41549bc442ca9b3e741880a259c P 6092a443634d4baa993f40b1e8e57acc [term 3 LEADER]: Becoming Leader. State: Replica: 6092a443634d4baa993f40b1e8e57acc, State: Running, Role: LEADER
I20260713 09:06:44.083178 16869 consensus_queue.cc:237] T 05c2b41549bc442ca9b3e741880a259c P 6092a443634d4baa993f40b1e8e57acc [LEADER]: Queue going to LEADER mode. State: All replicated index: 0, Majority replicated index: 2, Committed index: 2, Last appended: 2.2, Last appended by leader: 2, Current term: 3, Majority size: 2, State: 0, Mode: LEADER, active raft config: opid_index: -1 OBSOLETE_local: false peers { permanent_uuid: "d9f8c89f63b54e12b5ac86c918c1afb6" member_type: VOTER last_known_addr { host: "127.16.16.65" port: 37679 } } peers { permanent_uuid: "b13fc24345f44450aa626ba936084106" member_type: VOTER last_known_addr { host: "127.16.16.66" port: 41405 } } peers { permanent_uuid: "6092a443634d4baa993f40b1e8e57acc" member_type: VOTER last_known_addr { host: "127.16.16.67" port: 44035 } }
I20260713 09:06:44.090230 16480 catalog_manager.cc:5697] T 05c2b41549bc442ca9b3e741880a259c P 6092a443634d4baa993f40b1e8e57acc reported cstate change: term changed from 2 to 3, leader changed from b13fc24345f44450aa626ba936084106 (127.16.16.66) to 6092a443634d4baa993f40b1e8e57acc (127.16.16.67). New cstate: current_term: 3 leader_uuid: "6092a443634d4baa993f40b1e8e57acc" committed_config { opid_index: -1 OBSOLETE_local: false peers { permanent_uuid: "d9f8c89f63b54e12b5ac86c918c1afb6" member_type: VOTER last_known_addr { host: "127.16.16.65" port: 37679 } health_report { overall_health: UNKNOWN } } peers { permanent_uuid: "b13fc24345f44450aa626ba936084106" member_type: VOTER last_known_addr { host: "127.16.16.66" port: 41405 } health_report { overall_health: UNKNOWN } } peers { permanent_uuid: "6092a443634d4baa993f40b1e8e57acc" member_type: VOTER last_known_addr { host: "127.16.16.67" port: 44035 } health_report { overall_health: HEALTHY } } }
I20260713 09:06:44.471894 16864 raft_consensus.cc:993] T 313cccabe3004e5ba321c9f25e220ffd P d9f8c89f63b54e12b5ac86c918c1afb6: : Instructing follower 6092a443634d4baa993f40b1e8e57acc to start an election
I20260713 09:06:44.472327 16880 raft_consensus.cc:1081] T 313cccabe3004e5ba321c9f25e220ffd P d9f8c89f63b54e12b5ac86c918c1afb6 [term 1 LEADER]: Signalling peer 6092a443634d4baa993f40b1e8e57acc to start an election
I20260713 09:06:44.474046 16730 tablet_service.cc:2044] Received Run Leader Election RPC: tablet_id: "313cccabe3004e5ba321c9f25e220ffd"
dest_uuid: "6092a443634d4baa993f40b1e8e57acc"
 from {username='slave'} at 127.0.0.1:33186
I20260713 09:06:44.474537 16730 raft_consensus.cc:493] T 313cccabe3004e5ba321c9f25e220ffd P 6092a443634d4baa993f40b1e8e57acc [term 1 FOLLOWER]: Starting forced leader election (received explicit request)
I20260713 09:06:44.474841 16730 raft_consensus.cc:3060] T 313cccabe3004e5ba321c9f25e220ffd P 6092a443634d4baa993f40b1e8e57acc [term 1 FOLLOWER]: Advancing to term 2
I20260713 09:06:44.479223 16730 raft_consensus.cc:515] T 313cccabe3004e5ba321c9f25e220ffd P 6092a443634d4baa993f40b1e8e57acc [term 2 FOLLOWER]: Starting forced leader election with config: opid_index: -1 OBSOLETE_local: false peers { permanent_uuid: "d9f8c89f63b54e12b5ac86c918c1afb6" member_type: VOTER last_known_addr { host: "127.16.16.65" port: 37679 } } peers { permanent_uuid: "b13fc24345f44450aa626ba936084106" member_type: VOTER last_known_addr { host: "127.16.16.66" port: 41405 } } peers { permanent_uuid: "6092a443634d4baa993f40b1e8e57acc" member_type: VOTER last_known_addr { host: "127.16.16.67" port: 44035 } }
I20260713 09:06:44.480739 16730 leader_election.cc:290] T 313cccabe3004e5ba321c9f25e220ffd P 6092a443634d4baa993f40b1e8e57acc [CANDIDATE]: Term 2 election: Requested vote from peers d9f8c89f63b54e12b5ac86c918c1afb6 (127.16.16.65:37679), b13fc24345f44450aa626ba936084106 (127.16.16.66:41405)
I20260713 09:06:44.481616 16584 tablet_service.cc:1917] Received RequestConsensusVote() RPC: tablet_id: "313cccabe3004e5ba321c9f25e220ffd" candidate_uuid: "6092a443634d4baa993f40b1e8e57acc" candidate_term: 2 candidate_status { last_received { term: 1 index: 1 } } ignore_live_leader: true dest_uuid: "d9f8c89f63b54e12b5ac86c918c1afb6"
I20260713 09:06:44.481745 16658 tablet_service.cc:1917] Received RequestConsensusVote() RPC: tablet_id: "313cccabe3004e5ba321c9f25e220ffd" candidate_uuid: "6092a443634d4baa993f40b1e8e57acc" candidate_term: 2 candidate_status { last_received { term: 1 index: 1 } } ignore_live_leader: true dest_uuid: "b13fc24345f44450aa626ba936084106"
I20260713 09:06:44.482230 16584 raft_consensus.cc:3055] T 313cccabe3004e5ba321c9f25e220ffd P d9f8c89f63b54e12b5ac86c918c1afb6 [term 1 LEADER]: Stepping down as leader of term 1
I20260713 09:06:44.482343 16658 raft_consensus.cc:3060] T 313cccabe3004e5ba321c9f25e220ffd P b13fc24345f44450aa626ba936084106 [term 1 FOLLOWER]: Advancing to term 2
I20260713 09:06:44.482535 16584 raft_consensus.cc:740] T 313cccabe3004e5ba321c9f25e220ffd P d9f8c89f63b54e12b5ac86c918c1afb6 [term 1 LEADER]: Becoming Follower/Learner. State: Replica: d9f8c89f63b54e12b5ac86c918c1afb6, State: Running, Role: LEADER
I20260713 09:06:44.483238 16584 consensus_queue.cc:260] T 313cccabe3004e5ba321c9f25e220ffd P d9f8c89f63b54e12b5ac86c918c1afb6 [NON_LEADER]: Queue going to NON_LEADER mode. State: All replicated index: 0, Majority replicated index: 1, Committed index: 1, Last appended: 1.1, Last appended by leader: 1, Current term: 1, Majority size: -1, State: 0, Mode: NON_LEADER, active raft config: opid_index: -1 OBSOLETE_local: false peers { permanent_uuid: "d9f8c89f63b54e12b5ac86c918c1afb6" member_type: VOTER last_known_addr { host: "127.16.16.65" port: 37679 } } peers { permanent_uuid: "b13fc24345f44450aa626ba936084106" member_type: VOTER last_known_addr { host: "127.16.16.66" port: 41405 } } peers { permanent_uuid: "6092a443634d4baa993f40b1e8e57acc" member_type: VOTER last_known_addr { host: "127.16.16.67" port: 44035 } }
I20260713 09:06:44.484115 16584 raft_consensus.cc:3060] T 313cccabe3004e5ba321c9f25e220ffd P d9f8c89f63b54e12b5ac86c918c1afb6 [term 1 FOLLOWER]: Advancing to term 2
I20260713 09:06:44.487053 16658 raft_consensus.cc:2468] T 313cccabe3004e5ba321c9f25e220ffd P b13fc24345f44450aa626ba936084106 [term 2 FOLLOWER]: Leader election vote request: Granting yes vote for candidate 6092a443634d4baa993f40b1e8e57acc in term 2.
I20260713 09:06:44.488045 16584 raft_consensus.cc:2468] T 313cccabe3004e5ba321c9f25e220ffd P d9f8c89f63b54e12b5ac86c918c1afb6 [term 2 FOLLOWER]: Leader election vote request: Granting yes vote for candidate 6092a443634d4baa993f40b1e8e57acc in term 2.
I20260713 09:06:44.487949 16698 leader_election.cc:304] T 313cccabe3004e5ba321c9f25e220ffd P 6092a443634d4baa993f40b1e8e57acc [CANDIDATE]: Term 2 election: Election decided. Result: candidate won. Election summary: received 2 responses out of 3 voters: 2 yes votes; 0 no votes. yes voters: 6092a443634d4baa993f40b1e8e57acc, b13fc24345f44450aa626ba936084106; no voters: 
I20260713 09:06:44.488804 16869 raft_consensus.cc:2804] T 313cccabe3004e5ba321c9f25e220ffd P 6092a443634d4baa993f40b1e8e57acc [term 2 FOLLOWER]: Leader election won for term 2
I20260713 09:06:44.489276 16869 raft_consensus.cc:697] T 313cccabe3004e5ba321c9f25e220ffd P 6092a443634d4baa993f40b1e8e57acc [term 2 LEADER]: Becoming Leader. State: Replica: 6092a443634d4baa993f40b1e8e57acc, State: Running, Role: LEADER
I20260713 09:06:44.490067 16869 consensus_queue.cc:237] T 313cccabe3004e5ba321c9f25e220ffd P 6092a443634d4baa993f40b1e8e57acc [LEADER]: Queue going to LEADER mode. State: All replicated index: 0, Majority replicated index: 1, Committed index: 1, Last appended: 1.1, Last appended by leader: 1, Current term: 2, Majority size: 2, State: 0, Mode: LEADER, active raft config: opid_index: -1 OBSOLETE_local: false peers { permanent_uuid: "d9f8c89f63b54e12b5ac86c918c1afb6" member_type: VOTER last_known_addr { host: "127.16.16.65" port: 37679 } } peers { permanent_uuid: "b13fc24345f44450aa626ba936084106" member_type: VOTER last_known_addr { host: "127.16.16.66" port: 41405 } } peers { permanent_uuid: "6092a443634d4baa993f40b1e8e57acc" member_type: VOTER last_known_addr { host: "127.16.16.67" port: 44035 } }
I20260713 09:06:44.498551 16480 catalog_manager.cc:5697] T 313cccabe3004e5ba321c9f25e220ffd P 6092a443634d4baa993f40b1e8e57acc reported cstate change: term changed from 1 to 2, leader changed from d9f8c89f63b54e12b5ac86c918c1afb6 (127.16.16.65) to 6092a443634d4baa993f40b1e8e57acc (127.16.16.67). New cstate: current_term: 2 leader_uuid: "6092a443634d4baa993f40b1e8e57acc" committed_config { opid_index: -1 OBSOLETE_local: false peers { permanent_uuid: "d9f8c89f63b54e12b5ac86c918c1afb6" member_type: VOTER last_known_addr { host: "127.16.16.65" port: 37679 } health_report { overall_health: UNKNOWN } } peers { permanent_uuid: "b13fc24345f44450aa626ba936084106" member_type: VOTER last_known_addr { host: "127.16.16.66" port: 41405 } health_report { overall_health: UNKNOWN } } peers { permanent_uuid: "6092a443634d4baa993f40b1e8e57acc" member_type: VOTER last_known_addr { host: "127.16.16.67" port: 44035 } health_report { overall_health: HEALTHY } } }
I20260713 09:06:44.529168 16658 raft_consensus.cc:1275] T 05c2b41549bc442ca9b3e741880a259c P b13fc24345f44450aa626ba936084106 [term 3 FOLLOWER]: Refusing update from remote peer 6092a443634d4baa993f40b1e8e57acc: Log matching property violated. Preceding OpId in replica: term: 2 index: 2. Preceding OpId from leader: term: 3 index: 3. (index mismatch)
I20260713 09:06:44.530584 16869 consensus_queue.cc:1048] T 05c2b41549bc442ca9b3e741880a259c P 6092a443634d4baa993f40b1e8e57acc [LEADER]: Connected to new peer: Peer: permanent_uuid: "b13fc24345f44450aa626ba936084106" member_type: VOTER last_known_addr { host: "127.16.16.66" port: 41405 }, Status: LMP_MISMATCH, Last received: 0.0, Next index: 3, Last known committed idx: 2, Time since last communication: 0.000s
I20260713 09:06:44.543210 16584 raft_consensus.cc:1275] T 05c2b41549bc442ca9b3e741880a259c P d9f8c89f63b54e12b5ac86c918c1afb6 [term 3 FOLLOWER]: Refusing update from remote peer 6092a443634d4baa993f40b1e8e57acc: Log matching property violated. Preceding OpId in replica: term: 2 index: 2. Preceding OpId from leader: term: 3 index: 3. (index mismatch)
