I20260713 09:07:01.816373 22976 catalog_manager.cc:5697] T 4ae45339b0d04c70aea42e3f7f4fc78a P f1ffd801368549588018a0de97ef22a0 reported cstate change: term changed from 0 to 1, leader changed from <none> to f1ffd801368549588018a0de97ef22a0 (127.21.113.66). New cstate: current_term: 1 leader_uuid: "f1ffd801368549588018a0de97ef22a0" committed_config { opid_index: -1 OBSOLETE_local: false peers { permanent_uuid: "64a8b75acf9a4eedb756ad9d713fedbd" member_type: VOTER last_known_addr { host: "127.21.113.65" port: 42443 } health_report { overall_health: UNKNOWN } } peers { permanent_uuid: "f1ffd801368549588018a0de97ef22a0" member_type: VOTER last_known_addr { host: "127.21.113.66" port: 44149 } health_report { overall_health: HEALTHY } } peers { permanent_uuid: "1a33d5878b724ac3836066d2085072ff" member_type: VOTER last_known_addr { host: "127.21.113.67" port: 39431 } health_report { overall_health: UNKNOWN } } }
I20260713 09:07:01.819142 23307 leader_election.cc:290] T 8ea7a13f4a494a79a2463897fc60d540 P f1ffd801368549588018a0de97ef22a0 [CANDIDATE]: Term 1 pre-election: Requested pre-vote from peers 64a8b75acf9a4eedb756ad9d713fedbd (127.21.113.65:42443), 1a33d5878b724ac3836066d2085072ff (127.21.113.67:39431)
I20260713 09:07:01.818761 22976 catalog_manager.cc:5697] T 90e52d69d71a4e778586dbeb8698b1c4 P f1ffd801368549588018a0de97ef22a0 reported cstate change: term changed from 0 to 1, leader changed from <none> to f1ffd801368549588018a0de97ef22a0 (127.21.113.66). New cstate: current_term: 1 leader_uuid: "f1ffd801368549588018a0de97ef22a0" committed_config { opid_index: -1 OBSOLETE_local: false peers { permanent_uuid: "64a8b75acf9a4eedb756ad9d713fedbd" member_type: VOTER last_known_addr { host: "127.21.113.65" port: 42443 } health_report { overall_health: UNKNOWN } } peers { permanent_uuid: "f1ffd801368549588018a0de97ef22a0" member_type: VOTER last_known_addr { host: "127.21.113.66" port: 44149 } health_report { overall_health: HEALTHY } } peers { permanent_uuid: "1a33d5878b724ac3836066d2085072ff" member_type: VOTER last_known_addr { host: "127.21.113.67" port: 39431 } health_report { overall_health: UNKNOWN } } }
I20260713 09:07:01.820540 22976 catalog_manager.cc:5697] T 16cc6bdd36bc4a11a7fb3f9233624b85 P f1ffd801368549588018a0de97ef22a0 reported cstate change: term changed from 0 to 1, leader changed from <none> to f1ffd801368549588018a0de97ef22a0 (127.21.113.66). New cstate: current_term: 1 leader_uuid: "f1ffd801368549588018a0de97ef22a0" committed_config { opid_index: -1 OBSOLETE_local: false peers { permanent_uuid: "1a33d5878b724ac3836066d2085072ff" member_type: VOTER last_known_addr { host: "127.21.113.67" port: 39431 } health_report { overall_health: UNKNOWN } } peers { permanent_uuid: "f1ffd801368549588018a0de97ef22a0" member_type: VOTER last_known_addr { host: "127.21.113.66" port: 44149 } health_report { overall_health: HEALTHY } } peers { permanent_uuid: "64a8b75acf9a4eedb756ad9d713fedbd" member_type: VOTER last_known_addr { host: "127.21.113.65" port: 42443 } health_report { overall_health: UNKNOWN } } }
I20260713 09:07:01.821352 23080 tablet_service.cc:1917] Received RequestConsensusVote() RPC: tablet_id: "8ea7a13f4a494a79a2463897fc60d540" candidate_uuid: "f1ffd801368549588018a0de97ef22a0" candidate_term: 1 candidate_status { last_received { term: 0 index: 0 } } ignore_live_leader: false dest_uuid: "64a8b75acf9a4eedb756ad9d713fedbd" is_pre_election: true
I20260713 09:07:01.821969 23080 raft_consensus.cc:2468] T 8ea7a13f4a494a79a2463897fc60d540 P 64a8b75acf9a4eedb756ad9d713fedbd [term 0 FOLLOWER]: Leader pre-election vote request: Granting yes vote for candidate f1ffd801368549588018a0de97ef22a0 in term 0.
I20260713 09:07:01.822906 23229 tablet_service.cc:1917] Received RequestConsensusVote() RPC: tablet_id: "8ea7a13f4a494a79a2463897fc60d540" candidate_uuid: "f1ffd801368549588018a0de97ef22a0" candidate_term: 1 candidate_status { last_received { term: 0 index: 0 } } ignore_live_leader: false dest_uuid: "1a33d5878b724ac3836066d2085072ff" is_pre_election: true
I20260713 09:07:01.824527 23120 leader_election.cc:304] T 8ea7a13f4a494a79a2463897fc60d540 P f1ffd801368549588018a0de97ef22a0 [CANDIDATE]: Term 1 pre-election: Election decided. Result: candidate won. Election summary: received 2 responses out of 3 voters: 2 yes votes; 0 no votes. yes voters: 64a8b75acf9a4eedb756ad9d713fedbd, f1ffd801368549588018a0de97ef22a0; no voters: 
W20260713 09:07:01.825403 23120 leader_election.cc:343] T 8ea7a13f4a494a79a2463897fc60d540 P f1ffd801368549588018a0de97ef22a0 [CANDIDATE]: Term 1 pre-election: Tablet error from VoteRequest() call to peer 1a33d5878b724ac3836066d2085072ff (127.21.113.67:39431): Illegal state: must be running to vote when last-logged opid is not known
I20260713 09:07:01.826202 23307 raft_consensus.cc:2804] T 8ea7a13f4a494a79a2463897fc60d540 P f1ffd801368549588018a0de97ef22a0 [term 0 FOLLOWER]: Leader pre-election won for term 1
I20260713 09:07:01.826560 23307 raft_consensus.cc:493] T 8ea7a13f4a494a79a2463897fc60d540 P f1ffd801368549588018a0de97ef22a0 [term 0 FOLLOWER]: Starting leader election (no leader contacted us within the election timeout)
I20260713 09:07:01.826902 23307 raft_consensus.cc:3060] T 8ea7a13f4a494a79a2463897fc60d540 P f1ffd801368549588018a0de97ef22a0 [term 0 FOLLOWER]: Advancing to term 1
I20260713 09:07:01.829690 23315 raft_consensus.cc:493] T 0d7d37227b424e419159f3f9c26afa1e P 1a33d5878b724ac3836066d2085072ff [term 0 FOLLOWER]: Starting pre-election (no leader contacted us within the election timeout)
I20260713 09:07:01.830140 23315 raft_consensus.cc:515] T 0d7d37227b424e419159f3f9c26afa1e P 1a33d5878b724ac3836066d2085072ff [term 0 FOLLOWER]: Starting pre-election with config: opid_index: -1 OBSOLETE_local: false peers { permanent_uuid: "64a8b75acf9a4eedb756ad9d713fedbd" member_type: VOTER last_known_addr { host: "127.21.113.65" port: 42443 } } peers { permanent_uuid: "f1ffd801368549588018a0de97ef22a0" member_type: VOTER last_known_addr { host: "127.21.113.66" port: 44149 } } peers { permanent_uuid: "1a33d5878b724ac3836066d2085072ff" member_type: VOTER last_known_addr { host: "127.21.113.67" port: 39431 } }
I20260713 09:07:01.832182 23315 leader_election.cc:290] T 0d7d37227b424e419159f3f9c26afa1e P 1a33d5878b724ac3836066d2085072ff [CANDIDATE]: Term 1 pre-election: Requested pre-vote from peers 64a8b75acf9a4eedb756ad9d713fedbd (127.21.113.65:42443), f1ffd801368549588018a0de97ef22a0 (127.21.113.66:44149)
I20260713 09:07:01.833308 23154 tablet_service.cc:1917] Received RequestConsensusVote() RPC: tablet_id: "0d7d37227b424e419159f3f9c26afa1e" candidate_uuid: "1a33d5878b724ac3836066d2085072ff" candidate_term: 1 candidate_status { last_received { term: 0 index: 0 } } ignore_live_leader: false dest_uuid: "f1ffd801368549588018a0de97ef22a0" is_pre_election: true
I20260713 09:07:01.833323 23080 tablet_service.cc:1917] Received RequestConsensusVote() RPC: tablet_id: "0d7d37227b424e419159f3f9c26afa1e" candidate_uuid: "1a33d5878b724ac3836066d2085072ff" candidate_term: 1 candidate_status { last_received { term: 0 index: 0 } } ignore_live_leader: false dest_uuid: "64a8b75acf9a4eedb756ad9d713fedbd" is_pre_election: true
W20260713 09:07:01.834692 23194 leader_election.cc:343] T 0d7d37227b424e419159f3f9c26afa1e P 1a33d5878b724ac3836066d2085072ff [CANDIDATE]: Term 1 pre-election: Tablet error from VoteRequest() call to peer 64a8b75acf9a4eedb756ad9d713fedbd (127.21.113.65:42443): Illegal state: must be running to vote when last-logged opid is not known
W20260713 09:07:01.835108 23193 leader_election.cc:343] T 0d7d37227b424e419159f3f9c26afa1e P 1a33d5878b724ac3836066d2085072ff [CANDIDATE]: Term 1 pre-election: Tablet error from VoteRequest() call to peer f1ffd801368549588018a0de97ef22a0 (127.21.113.66:44149): Illegal state: must be running to vote when last-logged opid is not known
I20260713 09:07:01.835553 23193 leader_election.cc:304] T 0d7d37227b424e419159f3f9c26afa1e P 1a33d5878b724ac3836066d2085072ff [CANDIDATE]: Term 1 pre-election: Election decided. Result: candidate lost. Election summary: received 3 responses out of 3 voters: 1 yes votes; 2 no votes. yes voters: 1a33d5878b724ac3836066d2085072ff; no voters: 64a8b75acf9a4eedb756ad9d713fedbd, f1ffd801368549588018a0de97ef22a0
I20260713 09:07:01.836293 23315 raft_consensus.cc:2749] T 0d7d37227b424e419159f3f9c26afa1e P 1a33d5878b724ac3836066d2085072ff [term 0 FOLLOWER]: Leader pre-election lost for term 1. Reason: could not achieve majority
I20260713 09:07:01.840957 23307 raft_consensus.cc:515] T 8ea7a13f4a494a79a2463897fc60d540 P f1ffd801368549588018a0de97ef22a0 [term 1 FOLLOWER]: Starting leader election with config: opid_index: -1 OBSOLETE_local: false peers { permanent_uuid: "64a8b75acf9a4eedb756ad9d713fedbd" member_type: VOTER last_known_addr { host: "127.21.113.65" port: 42443 } } peers { permanent_uuid: "f1ffd801368549588018a0de97ef22a0" member_type: VOTER last_known_addr { host: "127.21.113.66" port: 44149 } } peers { permanent_uuid: "1a33d5878b724ac3836066d2085072ff" member_type: VOTER last_known_addr { host: "127.21.113.67" port: 39431 } }
I20260713 09:07:01.843034 23307 leader_election.cc:290] T 8ea7a13f4a494a79a2463897fc60d540 P f1ffd801368549588018a0de97ef22a0 [CANDIDATE]: Term 1 election: Requested vote from peers 64a8b75acf9a4eedb756ad9d713fedbd (127.21.113.65:42443), 1a33d5878b724ac3836066d2085072ff (127.21.113.67:39431)
I20260713 09:07:01.844058 23229 tablet_service.cc:1917] Received RequestConsensusVote() RPC: tablet_id: "8ea7a13f4a494a79a2463897fc60d540" candidate_uuid: "f1ffd801368549588018a0de97ef22a0" candidate_term: 1 candidate_status { last_received { term: 0 index: 0 } } ignore_live_leader: false dest_uuid: "1a33d5878b724ac3836066d2085072ff"
I20260713 09:07:01.845904 23080 tablet_service.cc:1917] Received RequestConsensusVote() RPC: tablet_id: "8ea7a13f4a494a79a2463897fc60d540" candidate_uuid: "f1ffd801368549588018a0de97ef22a0" candidate_term: 1 candidate_status { last_received { term: 0 index: 0 } } ignore_live_leader: false dest_uuid: "64a8b75acf9a4eedb756ad9d713fedbd"
I20260713 09:07:01.846975 23272 tablet_bootstrap.cc:492] T d88d52842aa540f085915bace73f973c P 1a33d5878b724ac3836066d2085072ff: No bootstrap required, opened a new log
I20260713 09:07:01.847004 23080 raft_consensus.cc:3060] T 8ea7a13f4a494a79a2463897fc60d540 P 64a8b75acf9a4eedb756ad9d713fedbd [term 0 FOLLOWER]: Advancing to term 1
I20260713 09:07:01.847545 23272 ts_tablet_manager.cc:1403] T d88d52842aa540f085915bace73f973c P 1a33d5878b724ac3836066d2085072ff: Time spent bootstrapping tablet: real 0.066s	user 0.015s	sys 0.013s
I20260713 09:07:01.847693 23269 tablet_bootstrap.cc:492] T 0d7d37227b424e419159f3f9c26afa1e P 64a8b75acf9a4eedb756ad9d713fedbd: No bootstrap required, opened a new log
I20260713 09:07:01.848141 23269 ts_tablet_manager.cc:1403] T 0d7d37227b424e419159f3f9c26afa1e P 64a8b75acf9a4eedb756ad9d713fedbd: Time spent bootstrapping tablet: real 0.048s	user 0.009s	sys 0.009s
W20260713 09:07:01.849855 23120 leader_election.cc:343] T 8ea7a13f4a494a79a2463897fc60d540 P f1ffd801368549588018a0de97ef22a0 [CANDIDATE]: Term 1 election: Tablet error from VoteRequest() call to peer 1a33d5878b724ac3836066d2085072ff (127.21.113.67:39431): Illegal state: must be running to vote when last-logged opid is not known
I20260713 09:07:01.851485 23272 raft_consensus.cc:359] T d88d52842aa540f085915bace73f973c P 1a33d5878b724ac3836066d2085072ff [term 0 FOLLOWER]: Replica starting. Triggering 0 pending ops. Active config: opid_index: -1 OBSOLETE_local: false peers { permanent_uuid: "64a8b75acf9a4eedb756ad9d713fedbd" member_type: VOTER last_known_addr { host: "127.21.113.65" port: 42443 } } peers { permanent_uuid: "f1ffd801368549588018a0de97ef22a0" member_type: VOTER last_known_addr { host: "127.21.113.66" port: 44149 } } peers { permanent_uuid: "1a33d5878b724ac3836066d2085072ff" member_type: VOTER last_known_addr { host: "127.21.113.67" port: 39431 } }
I20260713 09:07:01.852151 23272 raft_consensus.cc:385] T d88d52842aa540f085915bace73f973c P 1a33d5878b724ac3836066d2085072ff [term 0 FOLLOWER]: Consensus starting up: Expiring failure detector timer to make a prompt election more likely
I20260713 09:07:01.852416 23272 raft_consensus.cc:740] T d88d52842aa540f085915bace73f973c P 1a33d5878b724ac3836066d2085072ff [term 0 FOLLOWER]: Becoming Follower/Learner. State: Replica: 1a33d5878b724ac3836066d2085072ff, State: Initialized, Role: FOLLOWER
I20260713 09:07:01.853065 23272 consensus_queue.cc:260] T d88d52842aa540f085915bace73f973c P 1a33d5878b724ac3836066d2085072ff [NON_LEADER]: Queue going to NON_LEADER mode. State: All replicated index: 0, Majority replicated index: 0, Committed index: 0, Last appended: 0.0, Last appended by leader: 0, Current term: 0, Majority size: -1, State: 0, Mode: NON_LEADER, active raft config: opid_index: -1 OBSOLETE_local: false peers { permanent_uuid: "64a8b75acf9a4eedb756ad9d713fedbd" member_type: VOTER last_known_addr { host: "127.21.113.65" port: 42443 } } peers { permanent_uuid: "f1ffd801368549588018a0de97ef22a0" member_type: VOTER last_known_addr { host: "127.21.113.66" port: 44149 } } peers { permanent_uuid: "1a33d5878b724ac3836066d2085072ff" member_type: VOTER last_known_addr { host: "127.21.113.67" port: 39431 } }
I20260713 09:07:01.853688 23270 tablet_bootstrap.cc:492] T e2e19eadcfcb41da95ef61f5d62cb3b8 P f1ffd801368549588018a0de97ef22a0: No bootstrap required, opened a new log
I20260713 09:07:01.854108 23270 ts_tablet_manager.cc:1403] T e2e19eadcfcb41da95ef61f5d62cb3b8 P f1ffd801368549588018a0de97ef22a0: Time spent bootstrapping tablet: real 0.044s	user 0.005s	sys 0.011s
I20260713 09:07:01.854545 23080 raft_consensus.cc:2468] T 8ea7a13f4a494a79a2463897fc60d540 P 64a8b75acf9a4eedb756ad9d713fedbd [term 1 FOLLOWER]: Leader election vote request: Granting yes vote for candidate f1ffd801368549588018a0de97ef22a0 in term 1.
I20260713 09:07:01.854835 23269 raft_consensus.cc:359] T 0d7d37227b424e419159f3f9c26afa1e P 64a8b75acf9a4eedb756ad9d713fedbd [term 0 FOLLOWER]: Replica starting. Triggering 0 pending ops. Active config: opid_index: -1 OBSOLETE_local: false peers { permanent_uuid: "64a8b75acf9a4eedb756ad9d713fedbd" member_type: VOTER last_known_addr { host: "127.21.113.65" port: 42443 } } peers { permanent_uuid: "f1ffd801368549588018a0de97ef22a0" member_type: VOTER last_known_addr { host: "127.21.113.66" port: 44149 } } peers { permanent_uuid: "1a33d5878b724ac3836066d2085072ff" member_type: VOTER last_known_addr { host: "127.21.113.67" port: 39431 } }
I20260713 09:07:01.855581 23269 raft_consensus.cc:385] T 0d7d37227b424e419159f3f9c26afa1e P 64a8b75acf9a4eedb756ad9d713fedbd [term 0 FOLLOWER]: Consensus starting up: Expiring failure detector timer to make a prompt election more likely
I20260713 09:07:01.855713 23120 leader_election.cc:304] T 8ea7a13f4a494a79a2463897fc60d540 P f1ffd801368549588018a0de97ef22a0 [CANDIDATE]: Term 1 election: Election decided. Result: candidate won. Election summary: received 3 responses out of 3 voters: 2 yes votes; 1 no votes. yes voters: 64a8b75acf9a4eedb756ad9d713fedbd, f1ffd801368549588018a0de97ef22a0; no voters: 1a33d5878b724ac3836066d2085072ff
I20260713 09:07:01.856562 23270 raft_consensus.cc:359] T e2e19eadcfcb41da95ef61f5d62cb3b8 P f1ffd801368549588018a0de97ef22a0 [term 0 FOLLOWER]: Replica starting. Triggering 0 pending ops. Active config: opid_index: -1 OBSOLETE_local: false peers { permanent_uuid: "64a8b75acf9a4eedb756ad9d713fedbd" member_type: VOTER last_known_addr { host: "127.21.113.65" port: 42443 } } peers { permanent_uuid: "f1ffd801368549588018a0de97ef22a0" member_type: VOTER last_known_addr { host: "127.21.113.66" port: 44149 } } peers { permanent_uuid: "1a33d5878b724ac3836066d2085072ff" member_type: VOTER last_known_addr { host: "127.21.113.67" port: 39431 } }
I20260713 09:07:01.856896 23307 raft_consensus.cc:2804] T 8ea7a13f4a494a79a2463897fc60d540 P f1ffd801368549588018a0de97ef22a0 [term 1 FOLLOWER]: Leader election won for term 1
I20260713 09:07:01.857215 23270 raft_consensus.cc:385] T e2e19eadcfcb41da95ef61f5d62cb3b8 P f1ffd801368549588018a0de97ef22a0 [term 0 FOLLOWER]: Consensus starting up: Expiring failure detector timer to make a prompt election more likely
I20260713 09:07:01.857491 23270 raft_consensus.cc:740] T e2e19eadcfcb41da95ef61f5d62cb3b8 P f1ffd801368549588018a0de97ef22a0 [term 0 FOLLOWER]: Becoming Follower/Learner. State: Replica: f1ffd801368549588018a0de97ef22a0, State: Initialized, Role: FOLLOWER
I20260713 09:07:01.857942 23272 ts_tablet_manager.cc:1434] T d88d52842aa540f085915bace73f973c P 1a33d5878b724ac3836066d2085072ff: Time spent starting tablet: real 0.010s	user 0.006s	sys 0.000s
I20260713 09:07:01.858053 23307 raft_consensus.cc:697] T 8ea7a13f4a494a79a2463897fc60d540 P f1ffd801368549588018a0de97ef22a0 [term 1 LEADER]: Becoming Leader. State: Replica: f1ffd801368549588018a0de97ef22a0, State: Running, Role: LEADER
I20260713 09:07:01.858219 23270 consensus_queue.cc:260] T e2e19eadcfcb41da95ef61f5d62cb3b8 P f1ffd801368549588018a0de97ef22a0 [NON_LEADER]: Queue going to NON_LEADER mode. State: All replicated index: 0, Majority replicated index: 0, Committed index: 0, Last appended: 0.0, Last appended by leader: 0, Current term: 0, Majority size: -1, State: 0, Mode: NON_LEADER, active raft config: opid_index: -1 OBSOLETE_local: false peers { permanent_uuid: "64a8b75acf9a4eedb756ad9d713fedbd" member_type: VOTER last_known_addr { host: "127.21.113.65" port: 42443 } } peers { permanent_uuid: "f1ffd801368549588018a0de97ef22a0" member_type: VOTER last_known_addr { host: "127.21.113.66" port: 44149 } } peers { permanent_uuid: "1a33d5878b724ac3836066d2085072ff" member_type: VOTER last_known_addr { host: "127.21.113.67" port: 39431 } }
I20260713 09:07:01.858899 23272 tablet_bootstrap.cc:492] T 84ff3813ccd648eaaa6120c24a8077b8 P 1a33d5878b724ac3836066d2085072ff: Bootstrap starting.
I20260713 09:07:01.859103 23307 consensus_queue.cc:237] T 8ea7a13f4a494a79a2463897fc60d540 P f1ffd801368549588018a0de97ef22a0 [LEADER]: Queue going to LEADER mode. State: All replicated index: 0, Majority replicated index: 0, Committed index: 0, Last appended: 0.0, Last appended by leader: 0, Current term: 1, Majority size: 2, State: 0, Mode: LEADER, active raft config: opid_index: -1 OBSOLETE_local: false peers { permanent_uuid: "64a8b75acf9a4eedb756ad9d713fedbd" member_type: VOTER last_known_addr { host: "127.21.113.65" port: 42443 } } peers { permanent_uuid: "f1ffd801368549588018a0de97ef22a0" member_type: VOTER last_known_addr { host: "127.21.113.66" port: 44149 } } peers { permanent_uuid: "1a33d5878b724ac3836066d2085072ff" member_type: VOTER last_known_addr { host: "127.21.113.67" port: 39431 } }
I20260713 09:07:01.860462 23270 ts_tablet_manager.cc:1434] T e2e19eadcfcb41da95ef61f5d62cb3b8 P f1ffd801368549588018a0de97ef22a0: Time spent starting tablet: real 0.006s	user 0.003s	sys 0.003s
I20260713 09:07:01.861363 23270 tablet_bootstrap.cc:492] T 415bd48d3d7344f7b7dedc9135f05ad8 P f1ffd801368549588018a0de97ef22a0: Bootstrap starting.
I20260713 09:07:01.864907 23272 tablet_bootstrap.cc:654] T 84ff3813ccd648eaaa6120c24a8077b8 P 1a33d5878b724ac3836066d2085072ff: Neither blocks nor log segments found. Creating new log.
I20260713 09:07:01.868609 23270 tablet_bootstrap.cc:654] T 415bd48d3d7344f7b7dedc9135f05ad8 P f1ffd801368549588018a0de97ef22a0: Neither blocks nor log segments found. Creating new log.
I20260713 09:07:01.855932 23269 raft_consensus.cc:740] T 0d7d37227b424e419159f3f9c26afa1e P 64a8b75acf9a4eedb756ad9d713fedbd [term 0 FOLLOWER]: Becoming Follower/Learner. State: Replica: 64a8b75acf9a4eedb756ad9d713fedbd, State: Initialized, Role: FOLLOWER
I20260713 09:07:01.870231 23269 consensus_queue.cc:260] T 0d7d37227b424e419159f3f9c26afa1e P 64a8b75acf9a4eedb756ad9d713fedbd [NON_LEADER]: Queue going to NON_LEADER mode. State: All replicated index: 0, Majority replicated index: 0, Committed index: 0, Last appended: 0.0, Last appended by leader: 0, Current term: 0, Majority size: -1, State: 0, Mode: NON_LEADER, active raft config: opid_index: -1 OBSOLETE_local: false peers { permanent_uuid: "64a8b75acf9a4eedb756ad9d713fedbd" member_type: VOTER last_known_addr { host: "127.21.113.65" port: 42443 } } peers { permanent_uuid: "f1ffd801368549588018a0de97ef22a0" member_type: VOTER last_known_addr { host: "127.21.113.66" port: 44149 } } peers { permanent_uuid: "1a33d5878b724ac3836066d2085072ff" member_type: VOTER last_known_addr { host: "127.21.113.67" port: 39431 } }
I20260713 09:07:01.876451 23272 tablet_bootstrap.cc:492] T 84ff3813ccd648eaaa6120c24a8077b8 P 1a33d5878b724ac3836066d2085072ff: No bootstrap required, opened a new log
I20260713 09:07:01.877903 23270 tablet_bootstrap.cc:492] T 415bd48d3d7344f7b7dedc9135f05ad8 P f1ffd801368549588018a0de97ef22a0: No bootstrap required, opened a new log
I20260713 09:07:01.879357 23272 ts_tablet_manager.cc:1403] T 84ff3813ccd648eaaa6120c24a8077b8 P 1a33d5878b724ac3836066d2085072ff: Time spent bootstrapping tablet: real 0.021s	user 0.011s	sys 0.006s
I20260713 09:07:01.879521 23270 ts_tablet_manager.cc:1403] T 415bd48d3d7344f7b7dedc9135f05ad8 P f1ffd801368549588018a0de97ef22a0: Time spent bootstrapping tablet: real 0.018s	user 0.014s	sys 0.000s
I20260713 09:07:01.879734 22976 catalog_manager.cc:5697] T 8ea7a13f4a494a79a2463897fc60d540 P f1ffd801368549588018a0de97ef22a0 reported cstate change: term changed from 0 to 1, leader changed from <none> to f1ffd801368549588018a0de97ef22a0 (127.21.113.66). New cstate: current_term: 1 leader_uuid: "f1ffd801368549588018a0de97ef22a0" committed_config { opid_index: -1 OBSOLETE_local: false peers { permanent_uuid: "64a8b75acf9a4eedb756ad9d713fedbd" member_type: VOTER last_known_addr { host: "127.21.113.65" port: 42443 } health_report { overall_health: UNKNOWN } } peers { permanent_uuid: "f1ffd801368549588018a0de97ef22a0" member_type: VOTER last_known_addr { host: "127.21.113.66" port: 44149 } health_report { overall_health: HEALTHY } } peers { permanent_uuid: "1a33d5878b724ac3836066d2085072ff" member_type: VOTER last_known_addr { host: "127.21.113.67" port: 39431 } health_report { overall_health: UNKNOWN } } }
I20260713 09:07:01.882092 23272 raft_consensus.cc:359] T 84ff3813ccd648eaaa6120c24a8077b8 P 1a33d5878b724ac3836066d2085072ff [term 0 FOLLOWER]: Replica starting. Triggering 0 pending ops. Active config: opid_index: -1 OBSOLETE_local: false peers { permanent_uuid: "64a8b75acf9a4eedb756ad9d713fedbd" member_type: VOTER last_known_addr { host: "127.21.113.65" port: 42443 } } peers { permanent_uuid: "f1ffd801368549588018a0de97ef22a0" member_type: VOTER last_known_addr { host: "127.21.113.66" port: 44149 } } peers { permanent_uuid: "1a33d5878b724ac3836066d2085072ff" member_type: VOTER last_known_addr { host: "127.21.113.67" port: 39431 } }
I20260713 09:07:01.882754 23272 raft_consensus.cc:385] T 84ff3813ccd648eaaa6120c24a8077b8 P 1a33d5878b724ac3836066d2085072ff [term 0 FOLLOWER]: Consensus starting up: Expiring failure detector timer to make a prompt election more likely
I20260713 09:07:01.883107 23272 raft_consensus.cc:740] T 84ff3813ccd648eaaa6120c24a8077b8 P 1a33d5878b724ac3836066d2085072ff [term 0 FOLLOWER]: Becoming Follower/Learner. State: Replica: 1a33d5878b724ac3836066d2085072ff, State: Initialized, Role: FOLLOWER
I20260713 09:07:01.882493 23270 raft_consensus.cc:359] T 415bd48d3d7344f7b7dedc9135f05ad8 P f1ffd801368549588018a0de97ef22a0 [term 0 FOLLOWER]: Replica starting. Triggering 0 pending ops. Active config: opid_index: -1 OBSOLETE_local: false peers { permanent_uuid: "64a8b75acf9a4eedb756ad9d713fedbd" member_type: VOTER last_known_addr { host: "127.21.113.65" port: 42443 } } peers { permanent_uuid: "f1ffd801368549588018a0de97ef22a0" member_type: VOTER last_known_addr { host: "127.21.113.66" port: 44149 } } peers { permanent_uuid: "1a33d5878b724ac3836066d2085072ff" member_type: VOTER last_known_addr { host: "127.21.113.67" port: 39431 } }
I20260713 09:07:01.883700 23270 raft_consensus.cc:385] T 415bd48d3d7344f7b7dedc9135f05ad8 P f1ffd801368549588018a0de97ef22a0 [term 0 FOLLOWER]: Consensus starting up: Expiring failure detector timer to make a prompt election more likely
I20260713 09:07:01.884124 23270 raft_consensus.cc:740] T 415bd48d3d7344f7b7dedc9135f05ad8 P f1ffd801368549588018a0de97ef22a0 [term 0 FOLLOWER]: Becoming Follower/Learner. State: Replica: f1ffd801368549588018a0de97ef22a0, State: Initialized, Role: FOLLOWER
I20260713 09:07:01.883836 23272 consensus_queue.cc:260] T 84ff3813ccd648eaaa6120c24a8077b8 P 1a33d5878b724ac3836066d2085072ff [NON_LEADER]: Queue going to NON_LEADER mode. State: All replicated index: 0, Majority replicated index: 0, Committed index: 0, Last appended: 0.0, Last appended by leader: 0, Current term: 0, Majority size: -1, State: 0, Mode: NON_LEADER, active raft config: opid_index: -1 OBSOLETE_local: false peers { permanent_uuid: "64a8b75acf9a4eedb756ad9d713fedbd" member_type: VOTER last_known_addr { host: "127.21.113.65" port: 42443 } } peers { permanent_uuid: "f1ffd801368549588018a0de97ef22a0" member_type: VOTER last_known_addr { host: "127.21.113.66" port: 44149 } } peers { permanent_uuid: "1a33d5878b724ac3836066d2085072ff" member_type: VOTER last_known_addr { host: "127.21.113.67" port: 39431 } }
I20260713 09:07:01.885064 23270 consensus_queue.cc:260] T 415bd48d3d7344f7b7dedc9135f05ad8 P f1ffd801368549588018a0de97ef22a0 [NON_LEADER]: Queue going to NON_LEADER mode. State: All replicated index: 0, Majority replicated index: 0, Committed index: 0, Last appended: 0.0, Last appended by leader: 0, Current term: 0, Majority size: -1, State: 0, Mode: NON_LEADER, active raft config: opid_index: -1 OBSOLETE_local: false peers { permanent_uuid: "64a8b75acf9a4eedb756ad9d713fedbd" member_type: VOTER last_known_addr { host: "127.21.113.65" port: 42443 } } peers { permanent_uuid: "f1ffd801368549588018a0de97ef22a0" member_type: VOTER last_known_addr { host: "127.21.113.66" port: 44149 } } peers { permanent_uuid: "1a33d5878b724ac3836066d2085072ff" member_type: VOTER last_known_addr { host: "127.21.113.67" port: 39431 } }
I20260713 09:07:01.886067 23301 raft_consensus.cc:493] T aaf75291b8f749a3a0b22a0064f2a5cc P f1ffd801368549588018a0de97ef22a0 [term 0 FOLLOWER]: Starting pre-election (no leader contacted us within the election timeout)
I20260713 09:07:01.886531 23301 raft_consensus.cc:515] T aaf75291b8f749a3a0b22a0064f2a5cc P f1ffd801368549588018a0de97ef22a0 [term 0 FOLLOWER]: Starting pre-election with config: opid_index: -1 OBSOLETE_local: false peers { permanent_uuid: "64a8b75acf9a4eedb756ad9d713fedbd" member_type: VOTER last_known_addr { host: "127.21.113.65" port: 42443 } } peers { permanent_uuid: "f1ffd801368549588018a0de97ef22a0" member_type: VOTER last_known_addr { host: "127.21.113.66" port: 44149 } } peers { permanent_uuid: "1a33d5878b724ac3836066d2085072ff" member_type: VOTER last_known_addr { host: "127.21.113.67" port: 39431 } }
I20260713 09:07:01.888698 23269 ts_tablet_manager.cc:1434] T 0d7d37227b424e419159f3f9c26afa1e P 64a8b75acf9a4eedb756ad9d713fedbd: Time spent starting tablet: real 0.040s	user 0.007s	sys 0.001s
I20260713 09:07:01.888655 23301 leader_election.cc:290] T aaf75291b8f749a3a0b22a0064f2a5cc P f1ffd801368549588018a0de97ef22a0 [CANDIDATE]: Term 1 pre-election: Requested pre-vote from peers 64a8b75acf9a4eedb756ad9d713fedbd (127.21.113.65:42443), 1a33d5878b724ac3836066d2085072ff (127.21.113.67:39431)
I20260713 09:07:01.890691 23080 tablet_service.cc:1917] Received RequestConsensusVote() RPC: tablet_id: "aaf75291b8f749a3a0b22a0064f2a5cc" candidate_uuid: "f1ffd801368549588018a0de97ef22a0" candidate_term: 1 candidate_status { last_received { term: 0 index: 0 } } ignore_live_leader: false dest_uuid: "64a8b75acf9a4eedb756ad9d713fedbd" is_pre_election: true
I20260713 09:07:01.891250 23272 ts_tablet_manager.cc:1434] T 84ff3813ccd648eaaa6120c24a8077b8 P 1a33d5878b724ac3836066d2085072ff: Time spent starting tablet: real 0.012s	user 0.004s	sys 0.002s
I20260713 09:07:01.891180 23229 tablet_service.cc:1917] Received RequestConsensusVote() RPC: tablet_id: "aaf75291b8f749a3a0b22a0064f2a5cc" candidate_uuid: "f1ffd801368549588018a0de97ef22a0" candidate_term: 1 candidate_status { last_received { term: 0 index: 0 } } ignore_live_leader: false dest_uuid: "1a33d5878b724ac3836066d2085072ff" is_pre_election: true
I20260713 09:07:01.892206 23272 tablet_bootstrap.cc:492] T 8ea7a13f4a494a79a2463897fc60d540 P 1a33d5878b724ac3836066d2085072ff: Bootstrap starting.
W20260713 09:07:01.892194 23120 leader_election.cc:343] T aaf75291b8f749a3a0b22a0064f2a5cc P f1ffd801368549588018a0de97ef22a0 [CANDIDATE]: Term 1 pre-election: Tablet error from VoteRequest() call to peer 64a8b75acf9a4eedb756ad9d713fedbd (127.21.113.65:42443): Illegal state: must be running to vote when last-logged opid is not known
W20260713 09:07:01.893076 23120 leader_election.cc:343] T aaf75291b8f749a3a0b22a0064f2a5cc P f1ffd801368549588018a0de97ef22a0 [CANDIDATE]: Term 1 pre-election: Tablet error from VoteRequest() call to peer 1a33d5878b724ac3836066d2085072ff (127.21.113.67:39431): Illegal state: must be running to vote when last-logged opid is not known
I20260713 09:07:01.893517 23120 leader_election.cc:304] T aaf75291b8f749a3a0b22a0064f2a5cc P f1ffd801368549588018a0de97ef22a0 [CANDIDATE]: Term 1 pre-election: Election decided. Result: candidate lost. Election summary: received 3 responses out of 3 voters: 1 yes votes; 2 no votes. yes voters: f1ffd801368549588018a0de97ef22a0; no voters: 1a33d5878b724ac3836066d2085072ff, 64a8b75acf9a4eedb756ad9d713fedbd
I20260713 09:07:01.893920 23269 tablet_bootstrap.cc:492] T ae06698570e146bdbbb85679bc60576e P 64a8b75acf9a4eedb756ad9d713fedbd: Bootstrap starting.
I20260713 09:07:01.894347 23301 raft_consensus.cc:2749] T aaf75291b8f749a3a0b22a0064f2a5cc P f1ffd801368549588018a0de97ef22a0 [term 0 FOLLOWER]: Leader pre-election lost for term 1. Reason: could not achieve majority
I20260713 09:07:01.894009 23270 ts_tablet_manager.cc:1434] T 415bd48d3d7344f7b7dedc9135f05ad8 P f1ffd801368549588018a0de97ef22a0: Time spent starting tablet: real 0.014s	user 0.007s	sys 0.000s
I20260713 09:07:01.896070 23270 tablet_bootstrap.cc:492] T f52b1b9fa4794fcd99318820f0c6b64d P f1ffd801368549588018a0de97ef22a0: Bootstrap starting.
I20260713 09:07:01.896808 23315 raft_consensus.cc:493] T 84ff3813ccd648eaaa6120c24a8077b8 P 1a33d5878b724ac3836066d2085072ff [term 0 FOLLOWER]: Starting pre-election (no leader contacted us within the election timeout)
I20260713 09:07:01.897257 23315 raft_consensus.cc:515] T 84ff3813ccd648eaaa6120c24a8077b8 P 1a33d5878b724ac3836066d2085072ff [term 0 FOLLOWER]: Starting pre-election with config: opid_index: -1 OBSOLETE_local: false peers { permanent_uuid: "64a8b75acf9a4eedb756ad9d713fedbd" member_type: VOTER last_known_addr { host: "127.21.113.65" port: 42443 } } peers { permanent_uuid: "f1ffd801368549588018a0de97ef22a0" member_type: VOTER last_known_addr { host: "127.21.113.66" port: 44149 } } peers { permanent_uuid: "1a33d5878b724ac3836066d2085072ff" member_type: VOTER last_known_addr { host: "127.21.113.67" port: 39431 } }
I20260713 09:07:01.899514 23315 leader_election.cc:290] T 84ff3813ccd648eaaa6120c24a8077b8 P 1a33d5878b724ac3836066d2085072ff [CANDIDATE]: Term 1 pre-election: Requested pre-vote from peers 64a8b75acf9a4eedb756ad9d713fedbd (127.21.113.65:42443), f1ffd801368549588018a0de97ef22a0 (127.21.113.66:44149)
I20260713 09:07:01.901759 23154 tablet_service.cc:1917] Received RequestConsensusVote() RPC: tablet_id: "84ff3813ccd648eaaa6120c24a8077b8" candidate_uuid: "1a33d5878b724ac3836066d2085072ff" candidate_term: 1 candidate_status { last_received { term: 0 index: 0 } } ignore_live_leader: false dest_uuid: "f1ffd801368549588018a0de97ef22a0" is_pre_election: true
I20260713 09:07:01.901813 23080 tablet_service.cc:1917] Received RequestConsensusVote() RPC: tablet_id: "84ff3813ccd648eaaa6120c24a8077b8" candidate_uuid: "1a33d5878b724ac3836066d2085072ff" candidate_term: 1 candidate_status { last_received { term: 0 index: 0 } } ignore_live_leader: false dest_uuid: "64a8b75acf9a4eedb756ad9d713fedbd" is_pre_election: true
I20260713 09:07:01.902457 23154 raft_consensus.cc:2468] T 84ff3813ccd648eaaa6120c24a8077b8 P f1ffd801368549588018a0de97ef22a0 [term 0 FOLLOWER]: Leader pre-election vote request: Granting yes vote for candidate 1a33d5878b724ac3836066d2085072ff in term 0.
I20260713 09:07:01.902568 23080 raft_consensus.cc:2468] T 84ff3813ccd648eaaa6120c24a8077b8 P 64a8b75acf9a4eedb756ad9d713fedbd [term 0 FOLLOWER]: Leader pre-election vote request: Granting yes vote for candidate 1a33d5878b724ac3836066d2085072ff in term 0.
I20260713 09:07:01.903852 23270 tablet_bootstrap.cc:654] T f52b1b9fa4794fcd99318820f0c6b64d P f1ffd801368549588018a0de97ef22a0: Neither blocks nor log segments found. Creating new log.
I20260713 09:07:01.903985 23194 leader_election.cc:304] T 84ff3813ccd648eaaa6120c24a8077b8 P 1a33d5878b724ac3836066d2085072ff [CANDIDATE]: Term 1 pre-election: Election decided. Result: candidate won. Election summary: received 2 responses out of 3 voters: 2 yes votes; 0 no votes. yes voters: 1a33d5878b724ac3836066d2085072ff, 64a8b75acf9a4eedb756ad9d713fedbd; no voters: 
I20260713 09:07:01.908443 23270 tablet_bootstrap.cc:492] T f52b1b9fa4794fcd99318820f0c6b64d P f1ffd801368549588018a0de97ef22a0: No bootstrap required, opened a new log
I20260713 09:07:01.908963 23270 ts_tablet_manager.cc:1403] T f52b1b9fa4794fcd99318820f0c6b64d P f1ffd801368549588018a0de97ef22a0: Time spent bootstrapping tablet: real 0.013s	user 0.009s	sys 0.002s
I20260713 09:07:01.908860 23315 raft_consensus.cc:2804] T 84ff3813ccd648eaaa6120c24a8077b8 P 1a33d5878b724ac3836066d2085072ff [term 0 FOLLOWER]: Leader pre-election won for term 1
I20260713 09:07:01.909406 23315 raft_consensus.cc:493] T 84ff3813ccd648eaaa6120c24a8077b8 P 1a33d5878b724ac3836066d2085072ff [term 0 FOLLOWER]: Starting leader election (no leader contacted us within the election timeout)
I20260713 09:07:01.909927 23315 raft_consensus.cc:3060] T 84ff3813ccd648eaaa6120c24a8077b8 P 1a33d5878b724ac3836066d2085072ff [term 0 FOLLOWER]: Advancing to term 1
I20260713 09:07:01.910249 23274 raft_consensus.cc:493] T 16cc6bdd36bc4a11a7fb3f9233624b85 P 64a8b75acf9a4eedb756ad9d713fedbd [term 0 FOLLOWER]: Starting pre-election (no leader contacted us within the election timeout)
I20260713 09:07:01.910743 23274 raft_consensus.cc:515] T 16cc6bdd36bc4a11a7fb3f9233624b85 P 64a8b75acf9a4eedb756ad9d713fedbd [term 0 FOLLOWER]: Starting pre-election with config: opid_index: -1 OBSOLETE_local: false peers { permanent_uuid: "1a33d5878b724ac3836066d2085072ff" member_type: VOTER last_known_addr { host: "127.21.113.67" port: 39431 } } peers { permanent_uuid: "f1ffd801368549588018a0de97ef22a0" member_type: VOTER last_known_addr { host: "127.21.113.66" port: 44149 } } peers { permanent_uuid: "64a8b75acf9a4eedb756ad9d713fedbd" member_type: VOTER last_known_addr { host: "127.21.113.65" port: 42443 } }
I20260713 09:07:01.912166 23270 raft_consensus.cc:359] T f52b1b9fa4794fcd99318820f0c6b64d P f1ffd801368549588018a0de97ef22a0 [term 0 FOLLOWER]: Replica starting. Triggering 0 pending ops. Active config: opid_index: -1 OBSOLETE_local: false peers { permanent_uuid: "64a8b75acf9a4eedb756ad9d713fedbd" member_type: VOTER last_known_addr { host: "127.21.113.65" port: 42443 } } peers { permanent_uuid: "f1ffd801368549588018a0de97ef22a0" member_type: VOTER last_known_addr { host: "127.21.113.66" port: 44149 } } peers { permanent_uuid: "1a33d5878b724ac3836066d2085072ff" member_type: VOTER last_known_addr { host: "127.21.113.67" port: 39431 } }
I20260713 09:07:01.912940 23270 raft_consensus.cc:385] T f52b1b9fa4794fcd99318820f0c6b64d P f1ffd801368549588018a0de97ef22a0 [term 0 FOLLOWER]: Consensus starting up: Expiring failure detector timer to make a prompt election more likely
I20260713 09:07:01.913256 23270 raft_consensus.cc:740] T f52b1b9fa4794fcd99318820f0c6b64d P f1ffd801368549588018a0de97ef22a0 [term 0 FOLLOWER]: Becoming Follower/Learner. State: Replica: f1ffd801368549588018a0de97ef22a0, State: Initialized, Role: FOLLOWER
I20260713 09:07:01.913311 23274 leader_election.cc:290] T 16cc6bdd36bc4a11a7fb3f9233624b85 P 64a8b75acf9a4eedb756ad9d713fedbd [CANDIDATE]: Term 1 pre-election: Requested pre-vote from peers 1a33d5878b724ac3836066d2085072ff (127.21.113.67:39431), f1ffd801368549588018a0de97ef22a0 (127.21.113.66:44149)
I20260713 09:07:01.913667 23229 tablet_service.cc:1917] Received RequestConsensusVote() RPC: tablet_id: "16cc6bdd36bc4a11a7fb3f9233624b85" candidate_uuid: "64a8b75acf9a4eedb756ad9d713fedbd" candidate_term: 1 candidate_status { last_received { term: 0 index: 0 } } ignore_live_leader: false dest_uuid: "1a33d5878b724ac3836066d2085072ff" is_pre_election: true
I20260713 09:07:01.914041 23270 consensus_queue.cc:260] T f52b1b9fa4794fcd99318820f0c6b64d P f1ffd801368549588018a0de97ef22a0 [NON_LEADER]: Queue going to NON_LEADER mode. State: All replicated index: 0, Majority replicated index: 0, Committed index: 0, Last appended: 0.0, Last appended by leader: 0, Current term: 0, Majority size: -1, State: 0, Mode: NON_LEADER, active raft config: opid_index: -1 OBSOLETE_local: false peers { permanent_uuid: "64a8b75acf9a4eedb756ad9d713fedbd" member_type: VOTER last_known_addr { host: "127.21.113.65" port: 42443 } } peers { permanent_uuid: "f1ffd801368549588018a0de97ef22a0" member_type: VOTER last_known_addr { host: "127.21.113.66" port: 44149 } } peers { permanent_uuid: "1a33d5878b724ac3836066d2085072ff" member_type: VOTER last_known_addr { host: "127.21.113.67" port: 39431 } }
I20260713 09:07:01.914410 23229 raft_consensus.cc:2393] T 16cc6bdd36bc4a11a7fb3f9233624b85 P 1a33d5878b724ac3836066d2085072ff [term 1 FOLLOWER]: Leader pre-election vote request: Denying vote to candidate 64a8b75acf9a4eedb756ad9d713fedbd in current term 1: Already voted for candidate f1ffd801368549588018a0de97ef22a0 in this term.
I20260713 09:07:01.915499 23154 tablet_service.cc:1917] Received RequestConsensusVote() RPC: tablet_id: "16cc6bdd36bc4a11a7fb3f9233624b85" candidate_uuid: "64a8b75acf9a4eedb756ad9d713fedbd" candidate_term: 1 candidate_status { last_received { term: 0 index: 0 } } ignore_live_leader: false dest_uuid: "f1ffd801368549588018a0de97ef22a0" is_pre_election: true
I20260713 09:07:01.916278 23270 ts_tablet_manager.cc:1434] T f52b1b9fa4794fcd99318820f0c6b64d P f1ffd801368549588018a0de97ef22a0: Time spent starting tablet: real 0.007s	user 0.004s	sys 0.000s
I20260713 09:07:01.916797 23269 tablet_bootstrap.cc:654] T ae06698570e146bdbbb85679bc60576e P 64a8b75acf9a4eedb756ad9d713fedbd: Neither blocks nor log segments found. Creating new log.
I20260713 09:07:01.917649 23045 leader_election.cc:304] T 16cc6bdd36bc4a11a7fb3f9233624b85 P 64a8b75acf9a4eedb756ad9d713fedbd [CANDIDATE]: Term 1 pre-election: Election decided. Result: candidate lost. Election summary: received 3 responses out of 3 voters: 1 yes votes; 2 no votes. yes voters: 64a8b75acf9a4eedb756ad9d713fedbd; no voters: 1a33d5878b724ac3836066d2085072ff, f1ffd801368549588018a0de97ef22a0
I20260713 09:07:01.918771 23274 raft_consensus.cc:3060] T 16cc6bdd36bc4a11a7fb3f9233624b85 P 64a8b75acf9a4eedb756ad9d713fedbd [term 0 FOLLOWER]: Advancing to term 1
I20260713 09:07:01.921491 23315 raft_consensus.cc:515] T 84ff3813ccd648eaaa6120c24a8077b8 P 1a33d5878b724ac3836066d2085072ff [term 1 FOLLOWER]: Starting leader election with config: opid_index: -1 OBSOLETE_local: false peers { permanent_uuid: "64a8b75acf9a4eedb756ad9d713fedbd" member_type: VOTER last_known_addr { host: "127.21.113.65" port: 42443 } } peers { permanent_uuid: "f1ffd801368549588018a0de97ef22a0" member_type: VOTER last_known_addr { host: "127.21.113.66" port: 44149 } } peers { permanent_uuid: "1a33d5878b724ac3836066d2085072ff" member_type: VOTER last_known_addr { host: "127.21.113.67" port: 39431 } }
I20260713 09:07:01.923331 23301 raft_consensus.cc:493] T e2e19eadcfcb41da95ef61f5d62cb3b8 P f1ffd801368549588018a0de97ef22a0 [term 0 FOLLOWER]: Starting pre-election (no leader contacted us within the election timeout)
I20260713 09:07:01.923830 23301 raft_consensus.cc:515] T e2e19eadcfcb41da95ef61f5d62cb3b8 P f1ffd801368549588018a0de97ef22a0 [term 0 FOLLOWER]: Starting pre-election with config: opid_index: -1 OBSOLETE_local: false peers { permanent_uuid: "64a8b75acf9a4eedb756ad9d713fedbd" member_type: VOTER last_known_addr { host: "127.21.113.65" port: 42443 } } peers { permanent_uuid: "f1ffd801368549588018a0de97ef22a0" member_type: VOTER last_known_addr { host: "127.21.113.66" port: 44149 } } peers { permanent_uuid: "1a33d5878b724ac3836066d2085072ff" member_type: VOTER last_known_addr { host: "127.21.113.67" port: 39431 } }
I20260713 09:07:01.925990 23301 leader_election.cc:290] T e2e19eadcfcb41da95ef61f5d62cb3b8 P f1ffd801368549588018a0de97ef22a0 [CANDIDATE]: Term 1 pre-election: Requested pre-vote from peers 64a8b75acf9a4eedb756ad9d713fedbd (127.21.113.65:42443), 1a33d5878b724ac3836066d2085072ff (127.21.113.67:39431)
I20260713 09:07:01.925896 23080 tablet_service.cc:1917] Received RequestConsensusVote() RPC: tablet_id: "84ff3813ccd648eaaa6120c24a8077b8" candidate_uuid: "1a33d5878b724ac3836066d2085072ff" candidate_term: 1 candidate_status { last_received { term: 0 index: 0 } } ignore_live_leader: false dest_uuid: "64a8b75acf9a4eedb756ad9d713fedbd"
I20260713 09:07:01.926608 23080 raft_consensus.cc:3060] T 84ff3813ccd648eaaa6120c24a8077b8 P 64a8b75acf9a4eedb756ad9d713fedbd [term 0 FOLLOWER]: Advancing to term 1
I20260713 09:07:01.923183 23272 tablet_bootstrap.cc:654] T 8ea7a13f4a494a79a2463897fc60d540 P 1a33d5878b724ac3836066d2085072ff: Neither blocks nor log segments found. Creating new log.
I20260713 09:07:01.927795 23079 tablet_service.cc:1917] Received RequestConsensusVote() RPC: tablet_id: "e2e19eadcfcb41da95ef61f5d62cb3b8" candidate_uuid: "f1ffd801368549588018a0de97ef22a0" candidate_term: 1 candidate_status { last_received { term: 0 index: 0 } } ignore_live_leader: false dest_uuid: "64a8b75acf9a4eedb756ad9d713fedbd" is_pre_election: true
I20260713 09:07:01.929261 23229 tablet_service.cc:1917] Received RequestConsensusVote() RPC: tablet_id: "e2e19eadcfcb41da95ef61f5d62cb3b8" candidate_uuid: "f1ffd801368549588018a0de97ef22a0" candidate_term: 1 candidate_status { last_received { term: 0 index: 0 } } ignore_live_leader: false dest_uuid: "1a33d5878b724ac3836066d2085072ff" is_pre_election: true
W20260713 09:07:01.930917 23120 leader_election.cc:343] T e2e19eadcfcb41da95ef61f5d62cb3b8 P f1ffd801368549588018a0de97ef22a0 [CANDIDATE]: Term 1 pre-election: Tablet error from VoteRequest() call to peer 1a33d5878b724ac3836066d2085072ff (127.21.113.67:39431): Illegal state: must be running to vote when last-logged opid is not known
W20260713 09:07:01.932188 23120 leader_election.cc:343] T e2e19eadcfcb41da95ef61f5d62cb3b8 P f1ffd801368549588018a0de97ef22a0 [CANDIDATE]: Term 1 pre-election: Tablet error from VoteRequest() call to peer 64a8b75acf9a4eedb756ad9d713fedbd (127.21.113.65:42443): Illegal state: must be running to vote when last-logged opid is not known
I20260713 09:07:01.932694 23120 leader_election.cc:304] T e2e19eadcfcb41da95ef61f5d62cb3b8 P f1ffd801368549588018a0de97ef22a0 [CANDIDATE]: Term 1 pre-election: Election decided. Result: candidate lost. Election summary: received 3 responses out of 3 voters: 1 yes votes; 2 no votes. yes voters: f1ffd801368549588018a0de97ef22a0; no voters: 1a33d5878b724ac3836066d2085072ff, 64a8b75acf9a4eedb756ad9d713fedbd
I20260713 09:07:01.933925 23301 raft_consensus.cc:2749] T e2e19eadcfcb41da95ef61f5d62cb3b8 P f1ffd801368549588018a0de97ef22a0 [term 0 FOLLOWER]: Leader pre-election lost for term 1. Reason: could not achieve majority
I20260713 09:07:01.934264 23080 raft_consensus.cc:2468] T 84ff3813ccd648eaaa6120c24a8077b8 P 64a8b75acf9a4eedb756ad9d713fedbd [term 1 FOLLOWER]: Leader election vote request: Granting yes vote for candidate 1a33d5878b724ac3836066d2085072ff in term 1.
I20260713 09:07:01.935623 23194 leader_election.cc:304] T 84ff3813ccd648eaaa6120c24a8077b8 P 1a33d5878b724ac3836066d2085072ff [CANDIDATE]: Term 1 election: Election decided. Result: candidate won. Election summary: received 2 responses out of 3 voters: 2 yes votes; 0 no votes. yes voters: 1a33d5878b724ac3836066d2085072ff, 64a8b75acf9a4eedb756ad9d713fedbd; no voters: 
I20260713 09:07:01.936626 23313 raft_consensus.cc:2804] T 84ff3813ccd648eaaa6120c24a8077b8 P 1a33d5878b724ac3836066d2085072ff [term 1 FOLLOWER]: Leader election won for term 1
I20260713 09:07:01.937225 23313 raft_consensus.cc:697] T 84ff3813ccd648eaaa6120c24a8077b8 P 1a33d5878b724ac3836066d2085072ff [term 1 LEADER]: Becoming Leader. State: Replica: 1a33d5878b724ac3836066d2085072ff, State: Running, Role: LEADER
I20260713 09:07:01.938499 23270 tablet_bootstrap.cc:492] T 0d7d37227b424e419159f3f9c26afa1e P f1ffd801368549588018a0de97ef22a0: Bootstrap starting.
I20260713 09:07:01.938063 23313 consensus_queue.cc:237] T 84ff3813ccd648eaaa6120c24a8077b8 P 1a33d5878b724ac3836066d2085072ff [LEADER]: Queue going to LEADER mode. State: All replicated index: 0, Majority replicated index: 0, Committed index: 0, Last appended: 0.0, Last appended by leader: 0, Current term: 1, Majority size: 2, State: 0, Mode: LEADER, active raft config: opid_index: -1 OBSOLETE_local: false peers { permanent_uuid: "64a8b75acf9a4eedb756ad9d713fedbd" member_type: VOTER last_known_addr { host: "127.21.113.65" port: 42443 } } peers { permanent_uuid: "f1ffd801368549588018a0de97ef22a0" member_type: VOTER last_known_addr { host: "127.21.113.66" port: 44149 } } peers { permanent_uuid: "1a33d5878b724ac3836066d2085072ff" member_type: VOTER last_known_addr { host: "127.21.113.67" port: 39431 } }
I20260713 09:07:01.938568 23274 raft_consensus.cc:2749] T 16cc6bdd36bc4a11a7fb3f9233624b85 P 64a8b75acf9a4eedb756ad9d713fedbd [term 1 FOLLOWER]: Leader pre-election lost for term 1. Reason: could not achieve majority
I20260713 09:07:01.941699 23269 tablet_bootstrap.cc:492] T ae06698570e146bdbbb85679bc60576e P 64a8b75acf9a4eedb756ad9d713fedbd: No bootstrap required, opened a new log
I20260713 09:07:01.942368 23269 ts_tablet_manager.cc:1403] T ae06698570e146bdbbb85679bc60576e P 64a8b75acf9a4eedb756ad9d713fedbd: Time spent bootstrapping tablet: real 0.049s	user 0.014s	sys 0.015s
I20260713 09:07:01.945096 23301 raft_consensus.cc:493] T f52b1b9fa4794fcd99318820f0c6b64d P f1ffd801368549588018a0de97ef22a0 [term 0 FOLLOWER]: Starting pre-election (no leader contacted us within the election timeout)
I20260713 09:07:01.945274 23272 tablet_bootstrap.cc:492] T 8ea7a13f4a494a79a2463897fc60d540 P 1a33d5878b724ac3836066d2085072ff: No bootstrap required, opened a new log
I20260713 09:07:01.945737 23272 ts_tablet_manager.cc:1403] T 8ea7a13f4a494a79a2463897fc60d540 P 1a33d5878b724ac3836066d2085072ff: Time spent bootstrapping tablet: real 0.054s	user 0.011s	sys 0.000s
I20260713 09:07:01.945590 23301 raft_consensus.cc:515] T f52b1b9fa4794fcd99318820f0c6b64d P f1ffd801368549588018a0de97ef22a0 [term 0 FOLLOWER]: Starting pre-election with config: opid_index: -1 OBSOLETE_local: false peers { permanent_uuid: "64a8b75acf9a4eedb756ad9d713fedbd" member_type: VOTER last_known_addr { host: "127.21.113.65" port: 42443 } } peers { permanent_uuid: "f1ffd801368549588018a0de97ef22a0" member_type: VOTER last_known_addr { host: "127.21.113.66" port: 44149 } } peers { permanent_uuid: "1a33d5878b724ac3836066d2085072ff" member_type: VOTER last_known_addr { host: "127.21.113.67" port: 39431 } }
I20260713 09:07:01.946082 23270 tablet_bootstrap.cc:654] T 0d7d37227b424e419159f3f9c26afa1e P f1ffd801368549588018a0de97ef22a0: Neither blocks nor log segments found. Creating new log.
I20260713 09:07:01.947664 23301 leader_election.cc:290] T f52b1b9fa4794fcd99318820f0c6b64d P f1ffd801368549588018a0de97ef22a0 [CANDIDATE]: Term 1 pre-election: Requested pre-vote from peers 64a8b75acf9a4eedb756ad9d713fedbd (127.21.113.65:42443), 1a33d5878b724ac3836066d2085072ff (127.21.113.67:39431)
I20260713 09:07:01.948374 23272 raft_consensus.cc:359] T 8ea7a13f4a494a79a2463897fc60d540 P 1a33d5878b724ac3836066d2085072ff [term 0 FOLLOWER]: Replica starting. Triggering 0 pending ops. Active config: opid_index: -1 OBSOLETE_local: false peers { permanent_uuid: "64a8b75acf9a4eedb756ad9d713fedbd" member_type: VOTER last_known_addr { host: "127.21.113.65" port: 42443 } } peers { permanent_uuid: "f1ffd801368549588018a0de97ef22a0" member_type: VOTER last_known_addr { host: "127.21.113.66" port: 44149 } } peers { permanent_uuid: "1a33d5878b724ac3836066d2085072ff" member_type: VOTER last_known_addr { host: "127.21.113.67" port: 39431 } }
I20260713 09:07:01.949029 23272 raft_consensus.cc:385] T 8ea7a13f4a494a79a2463897fc60d540 P 1a33d5878b724ac3836066d2085072ff [term 0 FOLLOWER]: Consensus starting up: Expiring failure detector timer to make a prompt election more likely
I20260713 09:07:01.949290 23272 raft_consensus.cc:740] T 8ea7a13f4a494a79a2463897fc60d540 P 1a33d5878b724ac3836066d2085072ff [term 0 FOLLOWER]: Becoming Follower/Learner. State: Replica: 1a33d5878b724ac3836066d2085072ff, State: Initialized, Role: FOLLOWER
I20260713 09:07:01.950140 22977 catalog_manager.cc:5697] T 84ff3813ccd648eaaa6120c24a8077b8 P 1a33d5878b724ac3836066d2085072ff reported cstate change: term changed from 0 to 1, leader changed from <none> to 1a33d5878b724ac3836066d2085072ff (127.21.113.67). New cstate: current_term: 1 leader_uuid: "1a33d5878b724ac3836066d2085072ff" committed_config { opid_index: -1 OBSOLETE_local: false peers { permanent_uuid: "64a8b75acf9a4eedb756ad9d713fedbd" member_type: VOTER last_known_addr { host: "127.21.113.65" port: 42443 } health_report { overall_health: UNKNOWN } } peers { permanent_uuid: "f1ffd801368549588018a0de97ef22a0" member_type: VOTER last_known_addr { host: "127.21.113.66" port: 44149 } health_report { overall_health: UNKNOWN } } peers { permanent_uuid: "1a33d5878b724ac3836066d2085072ff" member_type: VOTER last_known_addr { host: "127.21.113.67" port: 39431 } health_report { overall_health: HEALTHY } } }
