I20260713 09:07:15.151942 17829 raft_consensus.cc:2955] T 775ebdcb36b8460491427e4d85d7cd12 P 0c4acca8aadc450a907ca2129934ea6c [term 1 FOLLOWER]: Committing config change with OpId 1.2: config changed from index -1 to 2, NON_VOTER 47d5e8b4218846489c9efbe97349f00b (127.16.79.196) added. New config: { opid_index: 2 OBSOLETE_local: false peers { permanent_uuid: "0c4acca8aadc450a907ca2129934ea6c" member_type: VOTER last_known_addr { host: "127.16.79.193" port: 41121 } } peers { permanent_uuid: "8c7156e4de6048bd81cef33e43cad51e" member_type: VOTER last_known_addr { host: "127.16.79.194" port: 36519 } } peers { permanent_uuid: "77de693e1d604d0496f47de40ec19dfc" member_type: VOTER last_known_addr { host: "127.16.79.195" port: 39205 } attrs { replace: true } } peers { permanent_uuid: "47d5e8b4218846489c9efbe97349f00b" member_type: NON_VOTER last_known_addr { host: "127.16.79.196" port: 36103 } attrs { promote: true } } }
I20260713 09:07:15.162214 17830 consensus_queue.cc:237] T 21f8a85dd4d94aebb39719df4cd6d2f3 P 0c4acca8aadc450a907ca2129934ea6c [LEADER]: Queue going to LEADER mode. State: All replicated index: 0, Majority replicated index: 1, Committed index: 1, Last appended: 1.1, Last appended by leader: 0, Current term: 1, Majority size: 2, State: 0, Mode: LEADER, active raft config: opid_index: 2 OBSOLETE_local: false peers { permanent_uuid: "0c4acca8aadc450a907ca2129934ea6c" member_type: VOTER last_known_addr { host: "127.16.79.193" port: 41121 } } peers { permanent_uuid: "8c7156e4de6048bd81cef33e43cad51e" member_type: VOTER last_known_addr { host: "127.16.79.194" port: 36519 } attrs { replace: true } } peers { permanent_uuid: "77de693e1d604d0496f47de40ec19dfc" member_type: VOTER last_known_addr { host: "127.16.79.195" port: 39205 } } peers { permanent_uuid: "47d5e8b4218846489c9efbe97349f00b" member_type: NON_VOTER last_known_addr { host: "127.16.79.196" port: 36103 } attrs { promote: true } }
I20260713 09:07:15.166783 17726 catalog_manager.cc:5697] T 775ebdcb36b8460491427e4d85d7cd12 P 0c4acca8aadc450a907ca2129934ea6c reported cstate change: config changed from index -1 to 2, NON_VOTER 47d5e8b4218846489c9efbe97349f00b (127.16.79.196) added. New cstate: current_term: 1 leader_uuid: "8c7156e4de6048bd81cef33e43cad51e" committed_config { opid_index: 2 OBSOLETE_local: false peers { permanent_uuid: "0c4acca8aadc450a907ca2129934ea6c" member_type: VOTER last_known_addr { host: "127.16.79.193" port: 41121 } } peers { permanent_uuid: "8c7156e4de6048bd81cef33e43cad51e" member_type: VOTER last_known_addr { host: "127.16.79.194" port: 36519 } } peers { permanent_uuid: "77de693e1d604d0496f47de40ec19dfc" member_type: VOTER last_known_addr { host: "127.16.79.195" port: 39205 } attrs { replace: true } } peers { permanent_uuid: "47d5e8b4218846489c9efbe97349f00b" member_type: NON_VOTER last_known_addr { host: "127.16.79.196" port: 36103 } attrs { promote: true } } }
W20260713 09:07:15.172972 17796 consensus_peers.cc:597] T 21f8a85dd4d94aebb39719df4cd6d2f3 P 0c4acca8aadc450a907ca2129934ea6c -> Peer 47d5e8b4218846489c9efbe97349f00b (127.16.79.196:36103): Couldn't send request to peer 47d5e8b4218846489c9efbe97349f00b. Error code: TABLET_NOT_FOUND (6). Status: Not found: Tablet not found: 21f8a85dd4d94aebb39719df4cd6d2f3. This is attempt 1: this message will repeat every 5th retry.
I20260713 09:07:15.173167 17980 raft_consensus.cc:1275] T 21f8a85dd4d94aebb39719df4cd6d2f3 P 77de693e1d604d0496f47de40ec19dfc [term 1 FOLLOWER]: Refusing update from remote peer 0c4acca8aadc450a907ca2129934ea6c: Log matching property violated. Preceding OpId in replica: term: 1 index: 1. Preceding OpId from leader: term: 1 index: 2. (index mismatch)
I20260713 09:07:15.175985 17905 raft_consensus.cc:1275] T 21f8a85dd4d94aebb39719df4cd6d2f3 P 8c7156e4de6048bd81cef33e43cad51e [term 1 FOLLOWER]: Refusing update from remote peer 0c4acca8aadc450a907ca2129934ea6c: Log matching property violated. Preceding OpId in replica: term: 1 index: 1. Preceding OpId from leader: term: 1 index: 2. (index mismatch)
I20260713 09:07:15.176230 18512 consensus_queue.cc:1048] T 21f8a85dd4d94aebb39719df4cd6d2f3 P 0c4acca8aadc450a907ca2129934ea6c [LEADER]: Connected to new peer: Peer: permanent_uuid: "77de693e1d604d0496f47de40ec19dfc" member_type: VOTER last_known_addr { host: "127.16.79.195" port: 39205 }, Status: LMP_MISMATCH, Last received: 0.0, Next index: 2, Last known committed idx: 1, Time since last communication: 0.000s
I20260713 09:07:15.177752 18402 consensus_queue.cc:1048] T 21f8a85dd4d94aebb39719df4cd6d2f3 P 0c4acca8aadc450a907ca2129934ea6c [LEADER]: Connected to new peer: Peer: permanent_uuid: "8c7156e4de6048bd81cef33e43cad51e" member_type: VOTER last_known_addr { host: "127.16.79.194" port: 36519 } attrs { replace: true }, Status: LMP_MISMATCH, Last received: 0.0, Next index: 2, Last known committed idx: 1, Time since last communication: 0.000s
I20260713 09:07:15.187805 18402 raft_consensus.cc:2955] T 21f8a85dd4d94aebb39719df4cd6d2f3 P 0c4acca8aadc450a907ca2129934ea6c [term 1 LEADER]: Committing config change with OpId 1.2: config changed from index -1 to 2, NON_VOTER 47d5e8b4218846489c9efbe97349f00b (127.16.79.196) added. New config: { opid_index: 2 OBSOLETE_local: false peers { permanent_uuid: "0c4acca8aadc450a907ca2129934ea6c" member_type: VOTER last_known_addr { host: "127.16.79.193" port: 41121 } } peers { permanent_uuid: "8c7156e4de6048bd81cef33e43cad51e" member_type: VOTER last_known_addr { host: "127.16.79.194" port: 36519 } attrs { replace: true } } peers { permanent_uuid: "77de693e1d604d0496f47de40ec19dfc" member_type: VOTER last_known_addr { host: "127.16.79.195" port: 39205 } } peers { permanent_uuid: "47d5e8b4218846489c9efbe97349f00b" member_type: NON_VOTER last_known_addr { host: "127.16.79.196" port: 36103 } attrs { promote: true } } }
I20260713 09:07:15.190044 17905 raft_consensus.cc:2955] T 21f8a85dd4d94aebb39719df4cd6d2f3 P 8c7156e4de6048bd81cef33e43cad51e [term 1 FOLLOWER]: Committing config change with OpId 1.2: config changed from index -1 to 2, NON_VOTER 47d5e8b4218846489c9efbe97349f00b (127.16.79.196) added. New config: { opid_index: 2 OBSOLETE_local: false peers { permanent_uuid: "0c4acca8aadc450a907ca2129934ea6c" member_type: VOTER last_known_addr { host: "127.16.79.193" port: 41121 } } peers { permanent_uuid: "8c7156e4de6048bd81cef33e43cad51e" member_type: VOTER last_known_addr { host: "127.16.79.194" port: 36519 } attrs { replace: true } } peers { permanent_uuid: "77de693e1d604d0496f47de40ec19dfc" member_type: VOTER last_known_addr { host: "127.16.79.195" port: 39205 } } peers { permanent_uuid: "47d5e8b4218846489c9efbe97349f00b" member_type: NON_VOTER last_known_addr { host: "127.16.79.196" port: 36103 } attrs { promote: true } } }
I20260713 09:07:15.200286 17904 consensus_queue.cc:237] T d977c85f0cbc4057a922f6d964813f38 P 8c7156e4de6048bd81cef33e43cad51e [LEADER]: Queue going to LEADER mode. State: All replicated index: 0, Majority replicated index: 1, Committed index: 1, Last appended: 1.1, Last appended by leader: 0, Current term: 1, Majority size: 2, State: 0, Mode: LEADER, active raft config: opid_index: 2 OBSOLETE_local: false peers { permanent_uuid: "0c4acca8aadc450a907ca2129934ea6c" member_type: VOTER last_known_addr { host: "127.16.79.193" port: 41121 } } peers { permanent_uuid: "8c7156e4de6048bd81cef33e43cad51e" member_type: VOTER last_known_addr { host: "127.16.79.194" port: 36519 } } peers { permanent_uuid: "77de693e1d604d0496f47de40ec19dfc" member_type: VOTER last_known_addr { host: "127.16.79.195" port: 39205 } attrs { replace: true } } peers { permanent_uuid: "47d5e8b4218846489c9efbe97349f00b" member_type: NON_VOTER last_known_addr { host: "127.16.79.196" port: 36103 } attrs { promote: true } }
I20260713 09:07:15.209501 17979 raft_consensus.cc:1275] T d977c85f0cbc4057a922f6d964813f38 P 77de693e1d604d0496f47de40ec19dfc [term 1 FOLLOWER]: Refusing update from remote peer 8c7156e4de6048bd81cef33e43cad51e: Log matching property violated. Preceding OpId in replica: term: 1 index: 1. Preceding OpId from leader: term: 1 index: 2. (index mismatch)
I20260713 09:07:15.211649 18489 consensus_queue.cc:1048] T d977c85f0cbc4057a922f6d964813f38 P 8c7156e4de6048bd81cef33e43cad51e [LEADER]: Connected to new peer: Peer: permanent_uuid: "77de693e1d604d0496f47de40ec19dfc" member_type: VOTER last_known_addr { host: "127.16.79.195" port: 39205 } attrs { replace: true }, Status: LMP_MISMATCH, Last received: 0.0, Next index: 2, Last known committed idx: 1, Time since last communication: 0.000s
W20260713 09:07:15.214838 17871 consensus_peers.cc:597] T d977c85f0cbc4057a922f6d964813f38 P 8c7156e4de6048bd81cef33e43cad51e -> Peer 47d5e8b4218846489c9efbe97349f00b (127.16.79.196:36103): Couldn't send request to peer 47d5e8b4218846489c9efbe97349f00b. Error code: TABLET_NOT_FOUND (6). Status: Not found: Tablet not found: d977c85f0cbc4057a922f6d964813f38. This is attempt 1: this message will repeat every 5th retry.
I20260713 09:07:15.215921 17726 catalog_manager.cc:5697] T 21f8a85dd4d94aebb39719df4cd6d2f3 P 8c7156e4de6048bd81cef33e43cad51e reported cstate change: config changed from index -1 to 2, NON_VOTER 47d5e8b4218846489c9efbe97349f00b (127.16.79.196) added. New cstate: current_term: 1 leader_uuid: "0c4acca8aadc450a907ca2129934ea6c" committed_config { opid_index: 2 OBSOLETE_local: false peers { permanent_uuid: "0c4acca8aadc450a907ca2129934ea6c" member_type: VOTER last_known_addr { host: "127.16.79.193" port: 41121 } } peers { permanent_uuid: "8c7156e4de6048bd81cef33e43cad51e" member_type: VOTER last_known_addr { host: "127.16.79.194" port: 36519 } attrs { replace: true } } peers { permanent_uuid: "77de693e1d604d0496f47de40ec19dfc" member_type: VOTER last_known_addr { host: "127.16.79.195" port: 39205 } } peers { permanent_uuid: "47d5e8b4218846489c9efbe97349f00b" member_type: NON_VOTER last_known_addr { host: "127.16.79.196" port: 36103 } attrs { promote: true } } }
I20260713 09:07:15.216928 17979 raft_consensus.cc:2955] T 21f8a85dd4d94aebb39719df4cd6d2f3 P 77de693e1d604d0496f47de40ec19dfc [term 1 FOLLOWER]: Committing config change with OpId 1.2: config changed from index -1 to 2, NON_VOTER 47d5e8b4218846489c9efbe97349f00b (127.16.79.196) added. New config: { opid_index: 2 OBSOLETE_local: false peers { permanent_uuid: "0c4acca8aadc450a907ca2129934ea6c" member_type: VOTER last_known_addr { host: "127.16.79.193" port: 41121 } } peers { permanent_uuid: "8c7156e4de6048bd81cef33e43cad51e" member_type: VOTER last_known_addr { host: "127.16.79.194" port: 36519 } attrs { replace: true } } peers { permanent_uuid: "77de693e1d604d0496f47de40ec19dfc" member_type: VOTER last_known_addr { host: "127.16.79.195" port: 39205 } } peers { permanent_uuid: "47d5e8b4218846489c9efbe97349f00b" member_type: NON_VOTER last_known_addr { host: "127.16.79.196" port: 36103 } attrs { promote: true } } }
I20260713 09:07:15.219488 17830 raft_consensus.cc:1275] T d977c85f0cbc4057a922f6d964813f38 P 0c4acca8aadc450a907ca2129934ea6c [term 1 FOLLOWER]: Refusing update from remote peer 8c7156e4de6048bd81cef33e43cad51e: Log matching property violated. Preceding OpId in replica: term: 1 index: 1. Preceding OpId from leader: term: 1 index: 2. (index mismatch)
I20260713 09:07:15.222318 18468 raft_consensus.cc:2955] T d977c85f0cbc4057a922f6d964813f38 P 8c7156e4de6048bd81cef33e43cad51e [term 1 LEADER]: Committing config change with OpId 1.2: config changed from index -1 to 2, NON_VOTER 47d5e8b4218846489c9efbe97349f00b (127.16.79.196) added. New config: { opid_index: 2 OBSOLETE_local: false peers { permanent_uuid: "0c4acca8aadc450a907ca2129934ea6c" member_type: VOTER last_known_addr { host: "127.16.79.193" port: 41121 } } peers { permanent_uuid: "8c7156e4de6048bd81cef33e43cad51e" member_type: VOTER last_known_addr { host: "127.16.79.194" port: 36519 } } peers { permanent_uuid: "77de693e1d604d0496f47de40ec19dfc" member_type: VOTER last_known_addr { host: "127.16.79.195" port: 39205 } attrs { replace: true } } peers { permanent_uuid: "47d5e8b4218846489c9efbe97349f00b" member_type: NON_VOTER last_known_addr { host: "127.16.79.196" port: 36103 } attrs { promote: true } } }
I20260713 09:07:15.223872 17980 raft_consensus.cc:2955] T d977c85f0cbc4057a922f6d964813f38 P 77de693e1d604d0496f47de40ec19dfc [term 1 FOLLOWER]: Committing config change with OpId 1.2: config changed from index -1 to 2, NON_VOTER 47d5e8b4218846489c9efbe97349f00b (127.16.79.196) added. New config: { opid_index: 2 OBSOLETE_local: false peers { permanent_uuid: "0c4acca8aadc450a907ca2129934ea6c" member_type: VOTER last_known_addr { host: "127.16.79.193" port: 41121 } } peers { permanent_uuid: "8c7156e4de6048bd81cef33e43cad51e" member_type: VOTER last_known_addr { host: "127.16.79.194" port: 36519 } } peers { permanent_uuid: "77de693e1d604d0496f47de40ec19dfc" member_type: VOTER last_known_addr { host: "127.16.79.195" port: 39205 } attrs { replace: true } } peers { permanent_uuid: "47d5e8b4218846489c9efbe97349f00b" member_type: NON_VOTER last_known_addr { host: "127.16.79.196" port: 36103 } attrs { promote: true } } }
I20260713 09:07:15.225476 18501 consensus_queue.cc:1048] T d977c85f0cbc4057a922f6d964813f38 P 8c7156e4de6048bd81cef33e43cad51e [LEADER]: Connected to new peer: Peer: permanent_uuid: "0c4acca8aadc450a907ca2129934ea6c" member_type: VOTER last_known_addr { host: "127.16.79.193" port: 41121 }, Status: LMP_MISMATCH, Last received: 0.0, Next index: 2, Last known committed idx: 1, Time since last communication: 0.000s
I20260713 09:07:15.239205 17727 catalog_manager.cc:5697] T d977c85f0cbc4057a922f6d964813f38 P 77de693e1d604d0496f47de40ec19dfc reported cstate change: config changed from index -1 to 2, NON_VOTER 47d5e8b4218846489c9efbe97349f00b (127.16.79.196) added. New cstate: current_term: 1 leader_uuid: "8c7156e4de6048bd81cef33e43cad51e" committed_config { opid_index: 2 OBSOLETE_local: false peers { permanent_uuid: "0c4acca8aadc450a907ca2129934ea6c" member_type: VOTER last_known_addr { host: "127.16.79.193" port: 41121 } } peers { permanent_uuid: "8c7156e4de6048bd81cef33e43cad51e" member_type: VOTER last_known_addr { host: "127.16.79.194" port: 36519 } } peers { permanent_uuid: "77de693e1d604d0496f47de40ec19dfc" member_type: VOTER last_known_addr { host: "127.16.79.195" port: 39205 } attrs { replace: true } } peers { permanent_uuid: "47d5e8b4218846489c9efbe97349f00b" member_type: NON_VOTER last_known_addr { host: "127.16.79.196" port: 36103 } attrs { promote: true } } }
I20260713 09:07:15.247956 17830 raft_consensus.cc:2955] T d977c85f0cbc4057a922f6d964813f38 P 0c4acca8aadc450a907ca2129934ea6c [term 1 FOLLOWER]: Committing config change with OpId 1.2: config changed from index -1 to 2, NON_VOTER 47d5e8b4218846489c9efbe97349f00b (127.16.79.196) added. New config: { opid_index: 2 OBSOLETE_local: false peers { permanent_uuid: "0c4acca8aadc450a907ca2129934ea6c" member_type: VOTER last_known_addr { host: "127.16.79.193" port: 41121 } } peers { permanent_uuid: "8c7156e4de6048bd81cef33e43cad51e" member_type: VOTER last_known_addr { host: "127.16.79.194" port: 36519 } } peers { permanent_uuid: "77de693e1d604d0496f47de40ec19dfc" member_type: VOTER last_known_addr { host: "127.16.79.195" port: 39205 } attrs { replace: true } } peers { permanent_uuid: "47d5e8b4218846489c9efbe97349f00b" member_type: NON_VOTER last_known_addr { host: "127.16.79.196" port: 36103 } attrs { promote: true } } }
I20260713 09:07:15.608160 18520 ts_tablet_manager.cc:933] T d977c85f0cbc4057a922f6d964813f38 P 47d5e8b4218846489c9efbe97349f00b: Initiating tablet copy from peer 8c7156e4de6048bd81cef33e43cad51e (127.16.79.194:36519)
I20260713 09:07:15.609966 18520 tablet_copy_client.cc:323] T d977c85f0cbc4057a922f6d964813f38 P 47d5e8b4218846489c9efbe97349f00b: tablet copy: Beginning tablet copy session from remote peer at address 127.16.79.194:36519
I20260713 09:07:15.611477 17916 tablet_copy_service.cc:140] P 8c7156e4de6048bd81cef33e43cad51e: Received BeginTabletCopySession request for tablet d977c85f0cbc4057a922f6d964813f38 from peer 47d5e8b4218846489c9efbe97349f00b ({username='slave'} at 127.0.0.1:45150)
I20260713 09:07:15.611908 17916 tablet_copy_service.cc:161] P 8c7156e4de6048bd81cef33e43cad51e: Beginning new tablet copy session on tablet d977c85f0cbc4057a922f6d964813f38 from peer 47d5e8b4218846489c9efbe97349f00b at {username='slave'} at 127.0.0.1:45150: session id = 47d5e8b4218846489c9efbe97349f00b-d977c85f0cbc4057a922f6d964813f38
I20260713 09:07:15.617132 17916 tablet_copy_source_session.cc:215] T d977c85f0cbc4057a922f6d964813f38 P 8c7156e4de6048bd81cef33e43cad51e: Tablet Copy: opened 0 blocks and 1 log segments
I20260713 09:07:15.620478 18520 data_dirs.cc:400] Could only allocate 1 dirs of requested 3 for tablet d977c85f0cbc4057a922f6d964813f38. 1 dirs total, 0 dirs full, 0 dirs failed
I20260713 09:07:15.631197 18520 tablet_copy_client.cc:806] T d977c85f0cbc4057a922f6d964813f38 P 47d5e8b4218846489c9efbe97349f00b: tablet copy: Starting download of 0 data blocks...
I20260713 09:07:15.631769 18520 tablet_copy_client.cc:670] T d977c85f0cbc4057a922f6d964813f38 P 47d5e8b4218846489c9efbe97349f00b: tablet copy: Starting download of 1 WAL segments...
I20260713 09:07:15.635056 18520 tablet_copy_client.cc:538] T d977c85f0cbc4057a922f6d964813f38 P 47d5e8b4218846489c9efbe97349f00b: tablet copy: Tablet Copy complete. Replacing tablet superblock.
I20260713 09:07:15.642884 18520 tablet_bootstrap.cc:492] T d977c85f0cbc4057a922f6d964813f38 P 47d5e8b4218846489c9efbe97349f00b: Bootstrap starting.
I20260713 09:07:15.658344 18523 ts_tablet_manager.cc:933] T 2e8aafe1ffac4b6d8c42245dffa96e42 P 47d5e8b4218846489c9efbe97349f00b: Initiating tablet copy from peer 8c7156e4de6048bd81cef33e43cad51e (127.16.79.194:36519)
I20260713 09:07:15.659572 18520 tablet_bootstrap.cc:492] T d977c85f0cbc4057a922f6d964813f38 P 47d5e8b4218846489c9efbe97349f00b: Bootstrap replayed 1/1 log segments. Stats: ops{read=2 overwritten=0 applied=2 ignored=0} inserts{seen=0 ignored=0} mutations{seen=0 ignored=0} orphaned_commits=0. Pending: 0 replicates
I20260713 09:07:15.660336 18523 tablet_copy_client.cc:323] T 2e8aafe1ffac4b6d8c42245dffa96e42 P 47d5e8b4218846489c9efbe97349f00b: tablet copy: Beginning tablet copy session from remote peer at address 127.16.79.194:36519
I20260713 09:07:15.660526 18520 tablet_bootstrap.cc:492] T d977c85f0cbc4057a922f6d964813f38 P 47d5e8b4218846489c9efbe97349f00b: Bootstrap complete.
I20260713 09:07:15.661283 18520 ts_tablet_manager.cc:1403] T d977c85f0cbc4057a922f6d964813f38 P 47d5e8b4218846489c9efbe97349f00b: Time spent bootstrapping tablet: real 0.019s	user 0.020s	sys 0.000s
I20260713 09:07:15.662146 17916 tablet_copy_service.cc:140] P 8c7156e4de6048bd81cef33e43cad51e: Received BeginTabletCopySession request for tablet 2e8aafe1ffac4b6d8c42245dffa96e42 from peer 47d5e8b4218846489c9efbe97349f00b ({username='slave'} at 127.0.0.1:45150)
I20260713 09:07:15.662690 17916 tablet_copy_service.cc:161] P 8c7156e4de6048bd81cef33e43cad51e: Beginning new tablet copy session on tablet 2e8aafe1ffac4b6d8c42245dffa96e42 from peer 47d5e8b4218846489c9efbe97349f00b at {username='slave'} at 127.0.0.1:45150: session id = 47d5e8b4218846489c9efbe97349f00b-2e8aafe1ffac4b6d8c42245dffa96e42
I20260713 09:07:15.665112 18520 raft_consensus.cc:359] T d977c85f0cbc4057a922f6d964813f38 P 47d5e8b4218846489c9efbe97349f00b [term 1 LEARNER]: Replica starting. Triggering 0 pending ops. Active config: opid_index: 2 OBSOLETE_local: false peers { permanent_uuid: "0c4acca8aadc450a907ca2129934ea6c" member_type: VOTER last_known_addr { host: "127.16.79.193" port: 41121 } } peers { permanent_uuid: "8c7156e4de6048bd81cef33e43cad51e" member_type: VOTER last_known_addr { host: "127.16.79.194" port: 36519 } } peers { permanent_uuid: "77de693e1d604d0496f47de40ec19dfc" member_type: VOTER last_known_addr { host: "127.16.79.195" port: 39205 } attrs { replace: true } } peers { permanent_uuid: "47d5e8b4218846489c9efbe97349f00b" member_type: NON_VOTER last_known_addr { host: "127.16.79.196" port: 36103 } attrs { promote: true } }
I20260713 09:07:15.665946 18520 raft_consensus.cc:740] T d977c85f0cbc4057a922f6d964813f38 P 47d5e8b4218846489c9efbe97349f00b [term 1 LEARNER]: Becoming Follower/Learner. State: Replica: 47d5e8b4218846489c9efbe97349f00b, State: Initialized, Role: LEARNER
I20260713 09:07:15.666564 18520 consensus_queue.cc:260] T d977c85f0cbc4057a922f6d964813f38 P 47d5e8b4218846489c9efbe97349f00b [NON_LEADER]: Queue going to NON_LEADER mode. State: All replicated index: 0, Majority replicated index: 0, Committed index: 2, Last appended: 1.2, Last appended by leader: 2, Current term: 0, Majority size: -1, State: 0, Mode: NON_LEADER, active raft config: opid_index: 2 OBSOLETE_local: false peers { permanent_uuid: "0c4acca8aadc450a907ca2129934ea6c" member_type: VOTER last_known_addr { host: "127.16.79.193" port: 41121 } } peers { permanent_uuid: "8c7156e4de6048bd81cef33e43cad51e" member_type: VOTER last_known_addr { host: "127.16.79.194" port: 36519 } } peers { permanent_uuid: "77de693e1d604d0496f47de40ec19dfc" member_type: VOTER last_known_addr { host: "127.16.79.195" port: 39205 } attrs { replace: true } } peers { permanent_uuid: "47d5e8b4218846489c9efbe97349f00b" member_type: NON_VOTER last_known_addr { host: "127.16.79.196" port: 36103 } attrs { promote: true } }
I20260713 09:07:15.668108 17916 tablet_copy_source_session.cc:215] T 2e8aafe1ffac4b6d8c42245dffa96e42 P 8c7156e4de6048bd81cef33e43cad51e: Tablet Copy: opened 0 blocks and 1 log segments
I20260713 09:07:15.670563 18520 ts_tablet_manager.cc:1434] T d977c85f0cbc4057a922f6d964813f38 P 47d5e8b4218846489c9efbe97349f00b: Time spent starting tablet: real 0.009s	user 0.003s	sys 0.004s
I20260713 09:07:15.671303 18523 data_dirs.cc:400] Could only allocate 1 dirs of requested 3 for tablet 2e8aafe1ffac4b6d8c42245dffa96e42. 1 dirs total, 0 dirs full, 0 dirs failed
I20260713 09:07:15.672398 17916 tablet_copy_service.cc:342] P 8c7156e4de6048bd81cef33e43cad51e: Request end of tablet copy session 47d5e8b4218846489c9efbe97349f00b-d977c85f0cbc4057a922f6d964813f38 received from {username='slave'} at 127.0.0.1:45150
I20260713 09:07:15.672830 17916 tablet_copy_service.cc:434] P 8c7156e4de6048bd81cef33e43cad51e: ending tablet copy session 47d5e8b4218846489c9efbe97349f00b-d977c85f0cbc4057a922f6d964813f38 on tablet d977c85f0cbc4057a922f6d964813f38 with peer 47d5e8b4218846489c9efbe97349f00b
I20260713 09:07:15.688023 18523 tablet_copy_client.cc:806] T 2e8aafe1ffac4b6d8c42245dffa96e42 P 47d5e8b4218846489c9efbe97349f00b: tablet copy: Starting download of 0 data blocks...
I20260713 09:07:15.688612 18523 tablet_copy_client.cc:670] T 2e8aafe1ffac4b6d8c42245dffa96e42 P 47d5e8b4218846489c9efbe97349f00b: tablet copy: Starting download of 1 WAL segments...
I20260713 09:07:15.691776 18523 tablet_copy_client.cc:538] T 2e8aafe1ffac4b6d8c42245dffa96e42 P 47d5e8b4218846489c9efbe97349f00b: tablet copy: Tablet Copy complete. Replacing tablet superblock.
I20260713 09:07:15.698594 18523 tablet_bootstrap.cc:492] T 2e8aafe1ffac4b6d8c42245dffa96e42 P 47d5e8b4218846489c9efbe97349f00b: Bootstrap starting.
I20260713 09:07:15.713915 18523 tablet_bootstrap.cc:492] T 2e8aafe1ffac4b6d8c42245dffa96e42 P 47d5e8b4218846489c9efbe97349f00b: Bootstrap replayed 1/1 log segments. Stats: ops{read=2 overwritten=0 applied=2 ignored=0} inserts{seen=0 ignored=0} mutations{seen=0 ignored=0} orphaned_commits=0. Pending: 0 replicates
I20260713 09:07:15.714586 18523 tablet_bootstrap.cc:492] T 2e8aafe1ffac4b6d8c42245dffa96e42 P 47d5e8b4218846489c9efbe97349f00b: Bootstrap complete.
I20260713 09:07:15.715096 18523 ts_tablet_manager.cc:1403] T 2e8aafe1ffac4b6d8c42245dffa96e42 P 47d5e8b4218846489c9efbe97349f00b: Time spent bootstrapping tablet: real 0.017s	user 0.008s	sys 0.008s
I20260713 09:07:15.718307 18523 raft_consensus.cc:359] T 2e8aafe1ffac4b6d8c42245dffa96e42 P 47d5e8b4218846489c9efbe97349f00b [term 1 LEARNER]: Replica starting. Triggering 0 pending ops. Active config: opid_index: 2 OBSOLETE_local: false peers { permanent_uuid: "0c4acca8aadc450a907ca2129934ea6c" member_type: VOTER last_known_addr { host: "127.16.79.193" port: 41121 } attrs { replace: true } } peers { permanent_uuid: "8c7156e4de6048bd81cef33e43cad51e" member_type: VOTER last_known_addr { host: "127.16.79.194" port: 36519 } } peers { permanent_uuid: "77de693e1d604d0496f47de40ec19dfc" member_type: VOTER last_known_addr { host: "127.16.79.195" port: 39205 } } peers { permanent_uuid: "47d5e8b4218846489c9efbe97349f00b" member_type: NON_VOTER last_known_addr { host: "127.16.79.196" port: 36103 } attrs { promote: true } }
I20260713 09:07:15.719467 18520 ts_tablet_manager.cc:933] T 775ebdcb36b8460491427e4d85d7cd12 P 47d5e8b4218846489c9efbe97349f00b: Initiating tablet copy from peer 8c7156e4de6048bd81cef33e43cad51e (127.16.79.194:36519)
I20260713 09:07:15.719458 18523 raft_consensus.cc:740] T 2e8aafe1ffac4b6d8c42245dffa96e42 P 47d5e8b4218846489c9efbe97349f00b [term 1 LEARNER]: Becoming Follower/Learner. State: Replica: 47d5e8b4218846489c9efbe97349f00b, State: Initialized, Role: LEARNER
I20260713 09:07:15.721395 18523 consensus_queue.cc:260] T 2e8aafe1ffac4b6d8c42245dffa96e42 P 47d5e8b4218846489c9efbe97349f00b [NON_LEADER]: Queue going to NON_LEADER mode. State: All replicated index: 0, Majority replicated index: 0, Committed index: 2, Last appended: 1.2, Last appended by leader: 2, Current term: 0, Majority size: -1, State: 0, Mode: NON_LEADER, active raft config: opid_index: 2 OBSOLETE_local: false peers { permanent_uuid: "0c4acca8aadc450a907ca2129934ea6c" member_type: VOTER last_known_addr { host: "127.16.79.193" port: 41121 } attrs { replace: true } } peers { permanent_uuid: "8c7156e4de6048bd81cef33e43cad51e" member_type: VOTER last_known_addr { host: "127.16.79.194" port: 36519 } } peers { permanent_uuid: "77de693e1d604d0496f47de40ec19dfc" member_type: VOTER last_known_addr { host: "127.16.79.195" port: 39205 } } peers { permanent_uuid: "47d5e8b4218846489c9efbe97349f00b" member_type: NON_VOTER last_known_addr { host: "127.16.79.196" port: 36103 } attrs { promote: true } }
I20260713 09:07:15.726688 18523 ts_tablet_manager.cc:1434] T 2e8aafe1ffac4b6d8c42245dffa96e42 P 47d5e8b4218846489c9efbe97349f00b: Time spent starting tablet: real 0.011s	user 0.002s	sys 0.004s
I20260713 09:07:15.728449 17916 tablet_copy_service.cc:342] P 8c7156e4de6048bd81cef33e43cad51e: Request end of tablet copy session 47d5e8b4218846489c9efbe97349f00b-2e8aafe1ffac4b6d8c42245dffa96e42 received from {username='slave'} at 127.0.0.1:45150
I20260713 09:07:15.728866 17916 tablet_copy_service.cc:434] P 8c7156e4de6048bd81cef33e43cad51e: ending tablet copy session 47d5e8b4218846489c9efbe97349f00b-2e8aafe1ffac4b6d8c42245dffa96e42 on tablet 2e8aafe1ffac4b6d8c42245dffa96e42 with peer 47d5e8b4218846489c9efbe97349f00b
I20260713 09:07:15.729998 18520 tablet_copy_client.cc:323] T 775ebdcb36b8460491427e4d85d7cd12 P 47d5e8b4218846489c9efbe97349f00b: tablet copy: Beginning tablet copy session from remote peer at address 127.16.79.194:36519
I20260713 09:07:15.732122 17916 tablet_copy_service.cc:140] P 8c7156e4de6048bd81cef33e43cad51e: Received BeginTabletCopySession request for tablet 775ebdcb36b8460491427e4d85d7cd12 from peer 47d5e8b4218846489c9efbe97349f00b ({username='slave'} at 127.0.0.1:45150)
I20260713 09:07:15.732650 17916 tablet_copy_service.cc:161] P 8c7156e4de6048bd81cef33e43cad51e: Beginning new tablet copy session on tablet 775ebdcb36b8460491427e4d85d7cd12 from peer 47d5e8b4218846489c9efbe97349f00b at {username='slave'} at 127.0.0.1:45150: session id = 47d5e8b4218846489c9efbe97349f00b-775ebdcb36b8460491427e4d85d7cd12
I20260713 09:07:15.734313 18523 ts_tablet_manager.cc:933] T 21f8a85dd4d94aebb39719df4cd6d2f3 P 47d5e8b4218846489c9efbe97349f00b: Initiating tablet copy from peer 0c4acca8aadc450a907ca2129934ea6c (127.16.79.193:41121)
I20260713 09:07:15.743579 17916 tablet_copy_source_session.cc:215] T 775ebdcb36b8460491427e4d85d7cd12 P 8c7156e4de6048bd81cef33e43cad51e: Tablet Copy: opened 0 blocks and 1 log segments
I20260713 09:07:15.745775 18523 tablet_copy_client.cc:323] T 21f8a85dd4d94aebb39719df4cd6d2f3 P 47d5e8b4218846489c9efbe97349f00b: tablet copy: Beginning tablet copy session from remote peer at address 127.16.79.193:41121
I20260713 09:07:15.746768 18520 data_dirs.cc:400] Could only allocate 1 dirs of requested 3 for tablet 775ebdcb36b8460491427e4d85d7cd12. 1 dirs total, 0 dirs full, 0 dirs failed
I20260713 09:07:15.747614 17841 tablet_copy_service.cc:140] P 0c4acca8aadc450a907ca2129934ea6c: Received BeginTabletCopySession request for tablet 21f8a85dd4d94aebb39719df4cd6d2f3 from peer 47d5e8b4218846489c9efbe97349f00b ({username='slave'} at 127.0.0.1:55008)
I20260713 09:07:15.748176 17841 tablet_copy_service.cc:161] P 0c4acca8aadc450a907ca2129934ea6c: Beginning new tablet copy session on tablet 21f8a85dd4d94aebb39719df4cd6d2f3 from peer 47d5e8b4218846489c9efbe97349f00b at {username='slave'} at 127.0.0.1:55008: session id = 47d5e8b4218846489c9efbe97349f00b-21f8a85dd4d94aebb39719df4cd6d2f3
I20260713 09:07:15.755142 17841 tablet_copy_source_session.cc:215] T 21f8a85dd4d94aebb39719df4cd6d2f3 P 0c4acca8aadc450a907ca2129934ea6c: Tablet Copy: opened 0 blocks and 1 log segments
I20260713 09:07:15.758327 18523 data_dirs.cc:400] Could only allocate 1 dirs of requested 3 for tablet 21f8a85dd4d94aebb39719df4cd6d2f3. 1 dirs total, 0 dirs full, 0 dirs failed
I20260713 09:07:15.766238 18520 tablet_copy_client.cc:806] T 775ebdcb36b8460491427e4d85d7cd12 P 47d5e8b4218846489c9efbe97349f00b: tablet copy: Starting download of 0 data blocks...
I20260713 09:07:15.766829 18520 tablet_copy_client.cc:670] T 775ebdcb36b8460491427e4d85d7cd12 P 47d5e8b4218846489c9efbe97349f00b: tablet copy: Starting download of 1 WAL segments...
I20260713 09:07:15.773653 18520 tablet_copy_client.cc:538] T 775ebdcb36b8460491427e4d85d7cd12 P 47d5e8b4218846489c9efbe97349f00b: tablet copy: Tablet Copy complete. Replacing tablet superblock.
I20260713 09:07:15.774320 18523 tablet_copy_client.cc:806] T 21f8a85dd4d94aebb39719df4cd6d2f3 P 47d5e8b4218846489c9efbe97349f00b: tablet copy: Starting download of 0 data blocks...
I20260713 09:07:15.774858 18523 tablet_copy_client.cc:670] T 21f8a85dd4d94aebb39719df4cd6d2f3 P 47d5e8b4218846489c9efbe97349f00b: tablet copy: Starting download of 1 WAL segments...
I20260713 09:07:15.780704 18523 tablet_copy_client.cc:538] T 21f8a85dd4d94aebb39719df4cd6d2f3 P 47d5e8b4218846489c9efbe97349f00b: tablet copy: Tablet Copy complete. Replacing tablet superblock.
I20260713 09:07:15.782431 18520 tablet_bootstrap.cc:492] T 775ebdcb36b8460491427e4d85d7cd12 P 47d5e8b4218846489c9efbe97349f00b: Bootstrap starting.
I20260713 09:07:15.789474 18523 tablet_bootstrap.cc:492] T 21f8a85dd4d94aebb39719df4cd6d2f3 P 47d5e8b4218846489c9efbe97349f00b: Bootstrap starting.
I20260713 09:07:15.798869 18520 tablet_bootstrap.cc:492] T 775ebdcb36b8460491427e4d85d7cd12 P 47d5e8b4218846489c9efbe97349f00b: Bootstrap replayed 1/1 log segments. Stats: ops{read=2 overwritten=0 applied=2 ignored=0} inserts{seen=0 ignored=0} mutations{seen=0 ignored=0} orphaned_commits=0. Pending: 0 replicates
I20260713 09:07:15.799749 18520 tablet_bootstrap.cc:492] T 775ebdcb36b8460491427e4d85d7cd12 P 47d5e8b4218846489c9efbe97349f00b: Bootstrap complete.
I20260713 09:07:15.800485 18520 ts_tablet_manager.cc:1403] T 775ebdcb36b8460491427e4d85d7cd12 P 47d5e8b4218846489c9efbe97349f00b: Time spent bootstrapping tablet: real 0.018s	user 0.016s	sys 0.004s
I20260713 09:07:15.802585 18520 raft_consensus.cc:359] T 775ebdcb36b8460491427e4d85d7cd12 P 47d5e8b4218846489c9efbe97349f00b [term 1 LEARNER]: Replica starting. Triggering 0 pending ops. Active config: opid_index: 2 OBSOLETE_local: false peers { permanent_uuid: "0c4acca8aadc450a907ca2129934ea6c" member_type: VOTER last_known_addr { host: "127.16.79.193" port: 41121 } } peers { permanent_uuid: "8c7156e4de6048bd81cef33e43cad51e" member_type: VOTER last_known_addr { host: "127.16.79.194" port: 36519 } } peers { permanent_uuid: "77de693e1d604d0496f47de40ec19dfc" member_type: VOTER last_known_addr { host: "127.16.79.195" port: 39205 } attrs { replace: true } } peers { permanent_uuid: "47d5e8b4218846489c9efbe97349f00b" member_type: NON_VOTER last_known_addr { host: "127.16.79.196" port: 36103 } attrs { promote: true } }
I20260713 09:07:15.803435 18520 raft_consensus.cc:740] T 775ebdcb36b8460491427e4d85d7cd12 P 47d5e8b4218846489c9efbe97349f00b [term 1 LEARNER]: Becoming Follower/Learner. State: Replica: 47d5e8b4218846489c9efbe97349f00b, State: Initialized, Role: LEARNER
I20260713 09:07:15.804062 18520 consensus_queue.cc:260] T 775ebdcb36b8460491427e4d85d7cd12 P 47d5e8b4218846489c9efbe97349f00b [NON_LEADER]: Queue going to NON_LEADER mode. State: All replicated index: 0, Majority replicated index: 0, Committed index: 2, Last appended: 1.2, Last appended by leader: 2, Current term: 0, Majority size: -1, State: 0, Mode: NON_LEADER, active raft config: opid_index: 2 OBSOLETE_local: false peers { permanent_uuid: "0c4acca8aadc450a907ca2129934ea6c" member_type: VOTER last_known_addr { host: "127.16.79.193" port: 41121 } } peers { permanent_uuid: "8c7156e4de6048bd81cef33e43cad51e" member_type: VOTER last_known_addr { host: "127.16.79.194" port: 36519 } } peers { permanent_uuid: "77de693e1d604d0496f47de40ec19dfc" member_type: VOTER last_known_addr { host: "127.16.79.195" port: 39205 } attrs { replace: true } } peers { permanent_uuid: "47d5e8b4218846489c9efbe97349f00b" member_type: NON_VOTER last_known_addr { host: "127.16.79.196" port: 36103 } attrs { promote: true } }
I20260713 09:07:15.805887 18520 ts_tablet_manager.cc:1434] T 775ebdcb36b8460491427e4d85d7cd12 P 47d5e8b4218846489c9efbe97349f00b: Time spent starting tablet: real 0.005s	user 0.003s	sys 0.000s
I20260713 09:07:15.807948 17916 tablet_copy_service.cc:342] P 8c7156e4de6048bd81cef33e43cad51e: Request end of tablet copy session 47d5e8b4218846489c9efbe97349f00b-775ebdcb36b8460491427e4d85d7cd12 received from {username='slave'} at 127.0.0.1:45150
I20260713 09:07:15.808341 17916 tablet_copy_service.cc:434] P 8c7156e4de6048bd81cef33e43cad51e: ending tablet copy session 47d5e8b4218846489c9efbe97349f00b-775ebdcb36b8460491427e4d85d7cd12 on tablet 775ebdcb36b8460491427e4d85d7cd12 with peer 47d5e8b4218846489c9efbe97349f00b
I20260713 09:07:15.809791 18523 tablet_bootstrap.cc:492] T 21f8a85dd4d94aebb39719df4cd6d2f3 P 47d5e8b4218846489c9efbe97349f00b: Bootstrap replayed 1/1 log segments. Stats: ops{read=2 overwritten=0 applied=2 ignored=0} inserts{seen=0 ignored=0} mutations{seen=0 ignored=0} orphaned_commits=0. Pending: 0 replicates
I20260713 09:07:15.810722 18523 tablet_bootstrap.cc:492] T 21f8a85dd4d94aebb39719df4cd6d2f3 P 47d5e8b4218846489c9efbe97349f00b: Bootstrap complete.
I20260713 09:07:15.811434 18523 ts_tablet_manager.cc:1403] T 21f8a85dd4d94aebb39719df4cd6d2f3 P 47d5e8b4218846489c9efbe97349f00b: Time spent bootstrapping tablet: real 0.022s	user 0.019s	sys 0.004s
I20260713 09:07:15.813730 18523 raft_consensus.cc:359] T 21f8a85dd4d94aebb39719df4cd6d2f3 P 47d5e8b4218846489c9efbe97349f00b [term 1 LEARNER]: Replica starting. Triggering 0 pending ops. Active config: opid_index: 2 OBSOLETE_local: false peers { permanent_uuid: "0c4acca8aadc450a907ca2129934ea6c" member_type: VOTER last_known_addr { host: "127.16.79.193" port: 41121 } } peers { permanent_uuid: "8c7156e4de6048bd81cef33e43cad51e" member_type: VOTER last_known_addr { host: "127.16.79.194" port: 36519 } attrs { replace: true } } peers { permanent_uuid: "77de693e1d604d0496f47de40ec19dfc" member_type: VOTER last_known_addr { host: "127.16.79.195" port: 39205 } } peers { permanent_uuid: "47d5e8b4218846489c9efbe97349f00b" member_type: NON_VOTER last_known_addr { host: "127.16.79.196" port: 36103 } attrs { promote: true } }
I20260713 09:07:15.814354 18523 raft_consensus.cc:740] T 21f8a85dd4d94aebb39719df4cd6d2f3 P 47d5e8b4218846489c9efbe97349f00b [term 1 LEARNER]: Becoming Follower/Learner. State: Replica: 47d5e8b4218846489c9efbe97349f00b, State: Initialized, Role: LEARNER
I20260713 09:07:15.814906 18523 consensus_queue.cc:260] T 21f8a85dd4d94aebb39719df4cd6d2f3 P 47d5e8b4218846489c9efbe97349f00b [NON_LEADER]: Queue going to NON_LEADER mode. State: All replicated index: 0, Majority replicated index: 0, Committed index: 2, Last appended: 1.2, Last appended by leader: 2, Current term: 0, Majority size: -1, State: 0, Mode: NON_LEADER, active raft config: opid_index: 2 OBSOLETE_local: false peers { permanent_uuid: "0c4acca8aadc450a907ca2129934ea6c" member_type: VOTER last_known_addr { host: "127.16.79.193" port: 41121 } } peers { permanent_uuid: "8c7156e4de6048bd81cef33e43cad51e" member_type: VOTER last_known_addr { host: "127.16.79.194" port: 36519 } attrs { replace: true } } peers { permanent_uuid: "77de693e1d604d0496f47de40ec19dfc" member_type: VOTER last_known_addr { host: "127.16.79.195" port: 39205 } } peers { permanent_uuid: "47d5e8b4218846489c9efbe97349f00b" member_type: NON_VOTER last_known_addr { host: "127.16.79.196" port: 36103 } attrs { promote: true } }
I20260713 09:07:15.819772 18523 ts_tablet_manager.cc:1434] T 21f8a85dd4d94aebb39719df4cd6d2f3 P 47d5e8b4218846489c9efbe97349f00b: Time spent starting tablet: real 0.008s	user 0.006s	sys 0.000s
I20260713 09:07:15.821758 17841 tablet_copy_service.cc:342] P 0c4acca8aadc450a907ca2129934ea6c: Request end of tablet copy session 47d5e8b4218846489c9efbe97349f00b-21f8a85dd4d94aebb39719df4cd6d2f3 received from {username='slave'} at 127.0.0.1:55008
I20260713 09:07:15.822182 17841 tablet_copy_service.cc:434] P 0c4acca8aadc450a907ca2129934ea6c: ending tablet copy session 47d5e8b4218846489c9efbe97349f00b-21f8a85dd4d94aebb39719df4cd6d2f3 on tablet 21f8a85dd4d94aebb39719df4cd6d2f3 with peer 47d5e8b4218846489c9efbe97349f00b
I20260713 09:07:16.115481 18255 raft_consensus.cc:1217] T d977c85f0cbc4057a922f6d964813f38 P 47d5e8b4218846489c9efbe97349f00b [term 1 LEARNER]: Deduplicated request from leader. Original: 1.1->[1.2-1.2]   Dedup: 1.2->[]
I20260713 09:07:16.229944 18255 raft_consensus.cc:1217] T 21f8a85dd4d94aebb39719df4cd6d2f3 P 47d5e8b4218846489c9efbe97349f00b [term 1 LEARNER]: Deduplicated request from leader. Original: 1.1->[1.2-1.2]   Dedup: 1.2->[]
I20260713 09:07:16.254431 18255 raft_consensus.cc:1217] T 2e8aafe1ffac4b6d8c42245dffa96e42 P 47d5e8b4218846489c9efbe97349f00b [term 1 LEARNER]: Deduplicated request from leader. Original: 1.1->[1.2-1.2]   Dedup: 1.2->[]
I20260713 09:07:16.290812 18255 raft_consensus.cc:1217] T 775ebdcb36b8460491427e4d85d7cd12 P 47d5e8b4218846489c9efbe97349f00b [term 1 LEARNER]: Deduplicated request from leader. Original: 1.1->[1.2-1.2]   Dedup: 1.2->[]
I20260713 09:07:16.591955 18468 raft_consensus.cc:1064] T d977c85f0cbc4057a922f6d964813f38 P 8c7156e4de6048bd81cef33e43cad51e: attempting to promote NON_VOTER 47d5e8b4218846489c9efbe97349f00b to VOTER
I20260713 09:07:16.595148 18468 consensus_queue.cc:237] T d977c85f0cbc4057a922f6d964813f38 P 8c7156e4de6048bd81cef33e43cad51e [LEADER]: Queue going to LEADER mode. State: All replicated index: 0, Majority replicated index: 2, Committed index: 2, Last appended: 1.2, Last appended by leader: 0, Current term: 1, Majority size: 3, State: 0, Mode: LEADER, active raft config: opid_index: 3 OBSOLETE_local: false peers { permanent_uuid: "0c4acca8aadc450a907ca2129934ea6c" member_type: VOTER last_known_addr { host: "127.16.79.193" port: 41121 } } peers { permanent_uuid: "8c7156e4de6048bd81cef33e43cad51e" member_type: VOTER last_known_addr { host: "127.16.79.194" port: 36519 } } peers { permanent_uuid: "77de693e1d604d0496f47de40ec19dfc" member_type: VOTER last_known_addr { host: "127.16.79.195" port: 39205 } attrs { replace: true } } peers { permanent_uuid: "47d5e8b4218846489c9efbe97349f00b" member_type: VOTER last_known_addr { host: "127.16.79.196" port: 36103 } attrs { promote: false } }
I20260713 09:07:16.603892 17979 raft_consensus.cc:1275] T d977c85f0cbc4057a922f6d964813f38 P 77de693e1d604d0496f47de40ec19dfc [term 1 FOLLOWER]: Refusing update from remote peer 8c7156e4de6048bd81cef33e43cad51e: Log matching property violated. Preceding OpId in replica: term: 1 index: 2. Preceding OpId from leader: term: 1 index: 3. (index mismatch)
I20260713 09:07:16.604327 18255 raft_consensus.cc:1275] T d977c85f0cbc4057a922f6d964813f38 P 47d5e8b4218846489c9efbe97349f00b [term 1 LEARNER]: Refusing update from remote peer 8c7156e4de6048bd81cef33e43cad51e: Log matching property violated. Preceding OpId in replica: term: 1 index: 2. Preceding OpId from leader: term: 1 index: 3. (index mismatch)
I20260713 09:07:16.604280 17830 raft_consensus.cc:1275] T d977c85f0cbc4057a922f6d964813f38 P 0c4acca8aadc450a907ca2129934ea6c [term 1 FOLLOWER]: Refusing update from remote peer 8c7156e4de6048bd81cef33e43cad51e: Log matching property violated. Preceding OpId in replica: term: 1 index: 2. Preceding OpId from leader: term: 1 index: 3. (index mismatch)
I20260713 09:07:16.605749 18468 consensus_queue.cc:1048] T d977c85f0cbc4057a922f6d964813f38 P 8c7156e4de6048bd81cef33e43cad51e [LEADER]: Connected to new peer: Peer: permanent_uuid: "47d5e8b4218846489c9efbe97349f00b" member_type: VOTER last_known_addr { host: "127.16.79.196" port: 36103 } attrs { promote: false }, Status: LMP_MISMATCH, Last received: 0.0, Next index: 3, Last known committed idx: 2, Time since last communication: 0.000s
I20260713 09:07:16.606601 18501 consensus_queue.cc:1048] T d977c85f0cbc4057a922f6d964813f38 P 8c7156e4de6048bd81cef33e43cad51e [LEADER]: Connected to new peer: Peer: permanent_uuid: "77de693e1d604d0496f47de40ec19dfc" member_type: VOTER last_known_addr { host: "127.16.79.195" port: 39205 } attrs { replace: true }, Status: LMP_MISMATCH, Last received: 0.0, Next index: 3, Last known committed idx: 2, Time since last communication: 0.000s
I20260713 09:07:16.607385 18534 consensus_queue.cc:1048] T d977c85f0cbc4057a922f6d964813f38 P 8c7156e4de6048bd81cef33e43cad51e [LEADER]: Connected to new peer: Peer: permanent_uuid: "0c4acca8aadc450a907ca2129934ea6c" member_type: VOTER last_known_addr { host: "127.16.79.193" port: 41121 }, Status: LMP_MISMATCH, Last received: 0.0, Next index: 3, Last known committed idx: 2, Time since last communication: 0.000s
I20260713 09:07:16.621279 18534 raft_consensus.cc:2955] T d977c85f0cbc4057a922f6d964813f38 P 8c7156e4de6048bd81cef33e43cad51e [term 1 LEADER]: Committing config change with OpId 1.3: config changed from index 2 to 3, 47d5e8b4218846489c9efbe97349f00b (127.16.79.196) changed from NON_VOTER to VOTER. New config: { opid_index: 3 OBSOLETE_local: false peers { permanent_uuid: "0c4acca8aadc450a907ca2129934ea6c" member_type: VOTER last_known_addr { host: "127.16.79.193" port: 41121 } } peers { permanent_uuid: "8c7156e4de6048bd81cef33e43cad51e" member_type: VOTER last_known_addr { host: "127.16.79.194" port: 36519 } } peers { permanent_uuid: "77de693e1d604d0496f47de40ec19dfc" member_type: VOTER last_known_addr { host: "127.16.79.195" port: 39205 } attrs { replace: true } } peers { permanent_uuid: "47d5e8b4218846489c9efbe97349f00b" member_type: VOTER last_known_addr { host: "127.16.79.196" port: 36103 } attrs { promote: false } } }
I20260713 09:07:16.623659 18256 raft_consensus.cc:2955] T d977c85f0cbc4057a922f6d964813f38 P 47d5e8b4218846489c9efbe97349f00b [term 1 FOLLOWER]: Committing config change with OpId 1.3: config changed from index 2 to 3, 47d5e8b4218846489c9efbe97349f00b (127.16.79.196) changed from NON_VOTER to VOTER. New config: { opid_index: 3 OBSOLETE_local: false peers { permanent_uuid: "0c4acca8aadc450a907ca2129934ea6c" member_type: VOTER last_known_addr { host: "127.16.79.193" port: 41121 } } peers { permanent_uuid: "8c7156e4de6048bd81cef33e43cad51e" member_type: VOTER last_known_addr { host: "127.16.79.194" port: 36519 } } peers { permanent_uuid: "77de693e1d604d0496f47de40ec19dfc" member_type: VOTER last_known_addr { host: "127.16.79.195" port: 39205 } attrs { replace: true } } peers { permanent_uuid: "47d5e8b4218846489c9efbe97349f00b" member_type: VOTER last_known_addr { host: "127.16.79.196" port: 36103 } attrs { promote: false } } }
I20260713 09:07:16.626324 17979 raft_consensus.cc:2955] T d977c85f0cbc4057a922f6d964813f38 P 77de693e1d604d0496f47de40ec19dfc [term 1 FOLLOWER]: Committing config change with OpId 1.3: config changed from index 2 to 3, 47d5e8b4218846489c9efbe97349f00b (127.16.79.196) changed from NON_VOTER to VOTER. New config: { opid_index: 3 OBSOLETE_local: false peers { permanent_uuid: "0c4acca8aadc450a907ca2129934ea6c" member_type: VOTER last_known_addr { host: "127.16.79.193" port: 41121 } } peers { permanent_uuid: "8c7156e4de6048bd81cef33e43cad51e" member_type: VOTER last_known_addr { host: "127.16.79.194" port: 36519 } } peers { permanent_uuid: "77de693e1d604d0496f47de40ec19dfc" member_type: VOTER last_known_addr { host: "127.16.79.195" port: 39205 } attrs { replace: true } } peers { permanent_uuid: "47d5e8b4218846489c9efbe97349f00b" member_type: VOTER last_known_addr { host: "127.16.79.196" port: 36103 } attrs { promote: false } } }
I20260713 09:07:16.632819 17830 raft_consensus.cc:2955] T d977c85f0cbc4057a922f6d964813f38 P 0c4acca8aadc450a907ca2129934ea6c [term 1 FOLLOWER]: Committing config change with OpId 1.3: config changed from index 2 to 3, 47d5e8b4218846489c9efbe97349f00b (127.16.79.196) changed from NON_VOTER to VOTER. New config: { opid_index: 3 OBSOLETE_local: false peers { permanent_uuid: "0c4acca8aadc450a907ca2129934ea6c" member_type: VOTER last_known_addr { host: "127.16.79.193" port: 41121 } } peers { permanent_uuid: "8c7156e4de6048bd81cef33e43cad51e" member_type: VOTER last_known_addr { host: "127.16.79.194" port: 36519 } } peers { permanent_uuid: "77de693e1d604d0496f47de40ec19dfc" member_type: VOTER last_known_addr { host: "127.16.79.195" port: 39205 } attrs { replace: true } } peers { permanent_uuid: "47d5e8b4218846489c9efbe97349f00b" member_type: VOTER last_known_addr { host: "127.16.79.196" port: 36103 } attrs { promote: false } } }
I20260713 09:07:16.641244 17725 catalog_manager.cc:5697] T d977c85f0cbc4057a922f6d964813f38 P 77de693e1d604d0496f47de40ec19dfc reported cstate change: config changed from index 2 to 3, 47d5e8b4218846489c9efbe97349f00b (127.16.79.196) changed from NON_VOTER to VOTER. New cstate: current_term: 1 leader_uuid: "8c7156e4de6048bd81cef33e43cad51e" committed_config { opid_index: 3 OBSOLETE_local: false peers { permanent_uuid: "0c4acca8aadc450a907ca2129934ea6c" member_type: VOTER last_known_addr { host: "127.16.79.193" port: 41121 } } peers { permanent_uuid: "8c7156e4de6048bd81cef33e43cad51e" member_type: VOTER last_known_addr { host: "127.16.79.194" port: 36519 } } peers { permanent_uuid: "77de693e1d604d0496f47de40ec19dfc" member_type: VOTER last_known_addr { host: "127.16.79.195" port: 39205 } attrs { replace: true } } peers { permanent_uuid: "47d5e8b4218846489c9efbe97349f00b" member_type: VOTER last_known_addr { host: "127.16.79.196" port: 36103 } attrs { promote: false } } }
I20260713 09:07:16.672185 17904 consensus_queue.cc:237] T d977c85f0cbc4057a922f6d964813f38 P 8c7156e4de6048bd81cef33e43cad51e [LEADER]: Queue going to LEADER mode. State: All replicated index: 0, Majority replicated index: 3, Committed index: 3, Last appended: 1.3, Last appended by leader: 0, Current term: 1, Majority size: 2, State: 0, Mode: LEADER, active raft config: opid_index: 4 OBSOLETE_local: false peers { permanent_uuid: "0c4acca8aadc450a907ca2129934ea6c" member_type: VOTER last_known_addr { host: "127.16.79.193" port: 41121 } } peers { permanent_uuid: "8c7156e4de6048bd81cef33e43cad51e" member_type: VOTER last_known_addr { host: "127.16.79.194" port: 36519 } } peers { permanent_uuid: "47d5e8b4218846489c9efbe97349f00b" member_type: VOTER last_known_addr { host: "127.16.79.196" port: 36103 } attrs { promote: false } }
I20260713 09:07:16.677367 18256 raft_consensus.cc:1275] T d977c85f0cbc4057a922f6d964813f38 P 47d5e8b4218846489c9efbe97349f00b [term 1 FOLLOWER]: Refusing update from remote peer 8c7156e4de6048bd81cef33e43cad51e: Log matching property violated. Preceding OpId in replica: term: 1 index: 3. Preceding OpId from leader: term: 1 index: 4. (index mismatch)
I20260713 09:07:16.678580 17829 raft_consensus.cc:1275] T d977c85f0cbc4057a922f6d964813f38 P 0c4acca8aadc450a907ca2129934ea6c [term 1 FOLLOWER]: Refusing update from remote peer 8c7156e4de6048bd81cef33e43cad51e: Log matching property violated. Preceding OpId in replica: term: 1 index: 3. Preceding OpId from leader: term: 1 index: 4. (index mismatch)
I20260713 09:07:16.678862 18468 consensus_queue.cc:1048] T d977c85f0cbc4057a922f6d964813f38 P 8c7156e4de6048bd81cef33e43cad51e [LEADER]: Connected to new peer: Peer: permanent_uuid: "47d5e8b4218846489c9efbe97349f00b" member_type: VOTER last_known_addr { host: "127.16.79.196" port: 36103 } attrs { promote: false }, Status: LMP_MISMATCH, Last received: 0.0, Next index: 4, Last known committed idx: 3, Time since last communication: 0.000s
I20260713 09:07:16.680459 18534 consensus_queue.cc:1048] T d977c85f0cbc4057a922f6d964813f38 P 8c7156e4de6048bd81cef33e43cad51e [LEADER]: Connected to new peer: Peer: permanent_uuid: "0c4acca8aadc450a907ca2129934ea6c" member_type: VOTER last_known_addr { host: "127.16.79.193" port: 41121 }, Status: LMP_MISMATCH, Last received: 0.0, Next index: 4, Last known committed idx: 3, Time since last communication: 0.000s
I20260713 09:07:16.685724 18534 raft_consensus.cc:2955] T d977c85f0cbc4057a922f6d964813f38 P 8c7156e4de6048bd81cef33e43cad51e [term 1 LEADER]: Committing config change with OpId 1.4: config changed from index 3 to 4, VOTER 77de693e1d604d0496f47de40ec19dfc (127.16.79.195) evicted. New config: { opid_index: 4 OBSOLETE_local: false peers { permanent_uuid: "0c4acca8aadc450a907ca2129934ea6c" member_type: VOTER last_known_addr { host: "127.16.79.193" port: 41121 } } peers { permanent_uuid: "8c7156e4de6048bd81cef33e43cad51e" member_type: VOTER last_known_addr { host: "127.16.79.194" port: 36519 } } peers { permanent_uuid: "47d5e8b4218846489c9efbe97349f00b" member_type: VOTER last_known_addr { host: "127.16.79.196" port: 36103 } attrs { promote: false } } }
