I20260713 08:59:43.081647   530 leader_election.cc:304] T 87e80e731ddc4487bfbd0fac33464556 P cfba36c9508c4d9994e62c7a0187cff6 [CANDIDATE]: Term 1 pre-election: Election decided. Result: candidate won. Election summary: received 2 responses out of 3 voters: 2 yes votes; 0 no votes. yes voters: 07ef0ed098684abaafbce608a7e898a1, cfba36c9508c4d9994e62c7a0187cff6; no voters: 
I20260713 08:59:43.082276   763 raft_consensus.cc:2804] T 87e80e731ddc4487bfbd0fac33464556 P cfba36c9508c4d9994e62c7a0187cff6 [term 0 FOLLOWER]: Leader pre-election won for term 1
I20260713 08:59:43.082619   763 raft_consensus.cc:493] T 87e80e731ddc4487bfbd0fac33464556 P cfba36c9508c4d9994e62c7a0187cff6 [term 0 FOLLOWER]: Starting leader election (no leader contacted us within the election timeout)
I20260713 08:59:43.082901   763 raft_consensus.cc:3060] T 87e80e731ddc4487bfbd0fac33464556 P cfba36c9508c4d9994e62c7a0187cff6 [term 0 FOLLOWER]: Advancing to term 1
I20260713 08:59:43.088099   763 raft_consensus.cc:515] T 87e80e731ddc4487bfbd0fac33464556 P cfba36c9508c4d9994e62c7a0187cff6 [term 1 FOLLOWER]: Starting leader election with config: opid_index: -1 OBSOLETE_local: false peers { permanent_uuid: "cfba36c9508c4d9994e62c7a0187cff6" member_type: VOTER last_known_addr { host: "127.0.107.193" port: 40797 } } peers { permanent_uuid: "00b71fe65cb84ab09e3d34f0ffffa4c2" member_type: VOTER last_known_addr { host: "127.0.107.194" port: 37233 } } peers { permanent_uuid: "07ef0ed098684abaafbce608a7e898a1" member_type: VOTER last_known_addr { host: "127.0.107.195" port: 46321 } }
I20260713 08:59:43.088475   765 consensus_queue.cc:1048] T 1bb48c31bd8849c5971fcab0369ea685 P 00b71fe65cb84ab09e3d34f0ffffa4c2 [LEADER]: Connected to new peer: Peer: permanent_uuid: "cfba36c9508c4d9994e62c7a0187cff6" member_type: VOTER last_known_addr { host: "127.0.107.193" port: 40797 }, Status: LMP_MISMATCH, Last received: 0.0, Next index: 1, Last known committed idx: 0, Time since last communication: 0.000s
I20260713 08:59:43.090034   763 leader_election.cc:290] T 87e80e731ddc4487bfbd0fac33464556 P cfba36c9508c4d9994e62c7a0187cff6 [CANDIDATE]: Term 1 election: Requested vote from peers 00b71fe65cb84ab09e3d34f0ffffa4c2 (127.0.107.194:37233), 07ef0ed098684abaafbce608a7e898a1 (127.0.107.195:46321)
I20260713 08:59:43.090696   639 tablet_service.cc:1917] Received RequestConsensusVote() RPC: tablet_id: "87e80e731ddc4487bfbd0fac33464556" candidate_uuid: "cfba36c9508c4d9994e62c7a0187cff6" candidate_term: 1 candidate_status { last_received { term: 0 index: 0 } } ignore_live_leader: false dest_uuid: "00b71fe65cb84ab09e3d34f0ffffa4c2"
I20260713 08:59:43.091261   639 raft_consensus.cc:3060] T 87e80e731ddc4487bfbd0fac33464556 P 00b71fe65cb84ab09e3d34f0ffffa4c2 [term 0 FOLLOWER]: Advancing to term 1
I20260713 08:59:43.091131   714 tablet_service.cc:1917] Received RequestConsensusVote() RPC: tablet_id: "87e80e731ddc4487bfbd0fac33464556" candidate_uuid: "cfba36c9508c4d9994e62c7a0187cff6" candidate_term: 1 candidate_status { last_received { term: 0 index: 0 } } ignore_live_leader: false dest_uuid: "07ef0ed098684abaafbce608a7e898a1"
I20260713 08:59:43.092077   714 raft_consensus.cc:3060] T 87e80e731ddc4487bfbd0fac33464556 P 07ef0ed098684abaafbce608a7e898a1 [term 0 FOLLOWER]: Advancing to term 1
I20260713 08:59:43.099701   639 raft_consensus.cc:2468] T 87e80e731ddc4487bfbd0fac33464556 P 00b71fe65cb84ab09e3d34f0ffffa4c2 [term 1 FOLLOWER]: Leader election vote request: Granting yes vote for candidate cfba36c9508c4d9994e62c7a0187cff6 in term 1.
I20260713 08:59:43.100975   532 leader_election.cc:304] T 87e80e731ddc4487bfbd0fac33464556 P cfba36c9508c4d9994e62c7a0187cff6 [CANDIDATE]: Term 1 election: Election decided. Result: candidate won. Election summary: received 2 responses out of 3 voters: 2 yes votes; 0 no votes. yes voters: 00b71fe65cb84ab09e3d34f0ffffa4c2, cfba36c9508c4d9994e62c7a0187cff6; no voters: 
I20260713 08:59:43.101894   763 raft_consensus.cc:2804] T 87e80e731ddc4487bfbd0fac33464556 P cfba36c9508c4d9994e62c7a0187cff6 [term 1 FOLLOWER]: Leader election won for term 1
I20260713 08:59:43.102362   763 raft_consensus.cc:697] T 87e80e731ddc4487bfbd0fac33464556 P cfba36c9508c4d9994e62c7a0187cff6 [term 1 LEADER]: Becoming Leader. State: Replica: cfba36c9508c4d9994e62c7a0187cff6, State: Running, Role: LEADER
I20260713 08:59:43.103168   763 consensus_queue.cc:237] T 87e80e731ddc4487bfbd0fac33464556 P cfba36c9508c4d9994e62c7a0187cff6 [LEADER]: Queue going to LEADER mode. State: All replicated index: 0, Majority replicated index: 0, Committed index: 0, Last appended: 0.0, Last appended by leader: 0, Current term: 1, Majority size: 2, State: 0, Mode: LEADER, active raft config: opid_index: -1 OBSOLETE_local: false peers { permanent_uuid: "cfba36c9508c4d9994e62c7a0187cff6" member_type: VOTER last_known_addr { host: "127.0.107.193" port: 40797 } } peers { permanent_uuid: "00b71fe65cb84ab09e3d34f0ffffa4c2" member_type: VOTER last_known_addr { host: "127.0.107.194" port: 37233 } } peers { permanent_uuid: "07ef0ed098684abaafbce608a7e898a1" member_type: VOTER last_known_addr { host: "127.0.107.195" port: 46321 } }
I20260713 08:59:43.106173   714 raft_consensus.cc:2468] T 87e80e731ddc4487bfbd0fac33464556 P 07ef0ed098684abaafbce608a7e898a1 [term 1 FOLLOWER]: Leader election vote request: Granting yes vote for candidate cfba36c9508c4d9994e62c7a0187cff6 in term 1.
I20260713 08:59:43.116772   785 consensus_queue.cc:1048] T 1bb48c31bd8849c5971fcab0369ea685 P 00b71fe65cb84ab09e3d34f0ffffa4c2 [LEADER]: Connected to new peer: Peer: permanent_uuid: "07ef0ed098684abaafbce608a7e898a1" member_type: VOTER last_known_addr { host: "127.0.107.195" port: 46321 }, Status: LMP_MISMATCH, Last received: 0.0, Next index: 1, Last known committed idx: 0, Time since last communication: 0.000s
I20260713 08:59:43.129040   763 raft_consensus.cc:493] T 43129969712448f780616b76f583a0e3 P cfba36c9508c4d9994e62c7a0187cff6 [term 0 FOLLOWER]: Starting pre-election (no leader contacted us within the election timeout)
I20260713 08:59:43.129592   763 raft_consensus.cc:515] T 43129969712448f780616b76f583a0e3 P cfba36c9508c4d9994e62c7a0187cff6 [term 0 FOLLOWER]: Starting pre-election with config: opid_index: -1 OBSOLETE_local: false peers { permanent_uuid: "cfba36c9508c4d9994e62c7a0187cff6" member_type: VOTER last_known_addr { host: "127.0.107.193" port: 40797 } } peers { permanent_uuid: "00b71fe65cb84ab09e3d34f0ffffa4c2" member_type: VOTER last_known_addr { host: "127.0.107.194" port: 37233 } } peers { permanent_uuid: "07ef0ed098684abaafbce608a7e898a1" member_type: VOTER last_known_addr { host: "127.0.107.195" port: 46321 } }
I20260713 08:59:43.132609   763 leader_election.cc:290] T 43129969712448f780616b76f583a0e3 P cfba36c9508c4d9994e62c7a0187cff6 [CANDIDATE]: Term 1 pre-election: Requested pre-vote from peers 00b71fe65cb84ab09e3d34f0ffffa4c2 (127.0.107.194:37233), 07ef0ed098684abaafbce608a7e898a1 (127.0.107.195:46321)
I20260713 08:59:43.133225   714 tablet_service.cc:1917] Received RequestConsensusVote() RPC: tablet_id: "43129969712448f780616b76f583a0e3" candidate_uuid: "cfba36c9508c4d9994e62c7a0187cff6" candidate_term: 1 candidate_status { last_received { term: 0 index: 0 } } ignore_live_leader: false dest_uuid: "07ef0ed098684abaafbce608a7e898a1" is_pre_election: true
I20260713 08:59:43.134083   714 raft_consensus.cc:2468] T 43129969712448f780616b76f583a0e3 P 07ef0ed098684abaafbce608a7e898a1 [term 0 FOLLOWER]: Leader pre-election vote request: Granting yes vote for candidate cfba36c9508c4d9994e62c7a0187cff6 in term 0.
I20260713 08:59:43.134334   639 tablet_service.cc:1917] Received RequestConsensusVote() RPC: tablet_id: "43129969712448f780616b76f583a0e3" candidate_uuid: "cfba36c9508c4d9994e62c7a0187cff6" candidate_term: 1 candidate_status { last_received { term: 0 index: 0 } } ignore_live_leader: false dest_uuid: "00b71fe65cb84ab09e3d34f0ffffa4c2" is_pre_election: true
I20260713 08:59:43.133415   463 catalog_manager.cc:5697] T 87e80e731ddc4487bfbd0fac33464556 P cfba36c9508c4d9994e62c7a0187cff6 reported cstate change: term changed from 0 to 1, leader changed from <none> to cfba36c9508c4d9994e62c7a0187cff6 (127.0.107.193). New cstate: current_term: 1 leader_uuid: "cfba36c9508c4d9994e62c7a0187cff6" committed_config { opid_index: -1 OBSOLETE_local: false peers { permanent_uuid: "cfba36c9508c4d9994e62c7a0187cff6" member_type: VOTER last_known_addr { host: "127.0.107.193" port: 40797 } health_report { overall_health: HEALTHY } } peers { permanent_uuid: "00b71fe65cb84ab09e3d34f0ffffa4c2" member_type: VOTER last_known_addr { host: "127.0.107.194" port: 37233 } health_report { overall_health: UNKNOWN } } peers { permanent_uuid: "07ef0ed098684abaafbce608a7e898a1" member_type: VOTER last_known_addr { host: "127.0.107.195" port: 46321 } health_report { overall_health: UNKNOWN } } }
I20260713 08:59:43.135102   639 raft_consensus.cc:2468] T 43129969712448f780616b76f583a0e3 P 00b71fe65cb84ab09e3d34f0ffffa4c2 [term 0 FOLLOWER]: Leader pre-election vote request: Granting yes vote for candidate cfba36c9508c4d9994e62c7a0187cff6 in term 0.
I20260713 08:59:43.135445   530 leader_election.cc:304] T 43129969712448f780616b76f583a0e3 P cfba36c9508c4d9994e62c7a0187cff6 [CANDIDATE]: Term 1 pre-election: Election decided. Result: candidate won. Election summary: received 2 responses out of 3 voters: 2 yes votes; 0 no votes. yes voters: 07ef0ed098684abaafbce608a7e898a1, cfba36c9508c4d9994e62c7a0187cff6; no voters: 
I20260713 08:59:43.136499   763 raft_consensus.cc:2804] T 43129969712448f780616b76f583a0e3 P cfba36c9508c4d9994e62c7a0187cff6 [term 0 FOLLOWER]: Leader pre-election won for term 1
I20260713 08:59:43.136837   763 raft_consensus.cc:493] T 43129969712448f780616b76f583a0e3 P cfba36c9508c4d9994e62c7a0187cff6 [term 0 FOLLOWER]: Starting leader election (no leader contacted us within the election timeout)
I20260713 08:59:43.137259   763 raft_consensus.cc:3060] T 43129969712448f780616b76f583a0e3 P cfba36c9508c4d9994e62c7a0187cff6 [term 0 FOLLOWER]: Advancing to term 1
I20260713 08:59:43.144855   763 raft_consensus.cc:515] T 43129969712448f780616b76f583a0e3 P cfba36c9508c4d9994e62c7a0187cff6 [term 1 FOLLOWER]: Starting leader election with config: opid_index: -1 OBSOLETE_local: false peers { permanent_uuid: "cfba36c9508c4d9994e62c7a0187cff6" member_type: VOTER last_known_addr { host: "127.0.107.193" port: 40797 } } peers { permanent_uuid: "00b71fe65cb84ab09e3d34f0ffffa4c2" member_type: VOTER last_known_addr { host: "127.0.107.194" port: 37233 } } peers { permanent_uuid: "07ef0ed098684abaafbce608a7e898a1" member_type: VOTER last_known_addr { host: "127.0.107.195" port: 46321 } }
I20260713 08:59:43.147681   639 tablet_service.cc:1917] Received RequestConsensusVote() RPC: tablet_id: "43129969712448f780616b76f583a0e3" candidate_uuid: "cfba36c9508c4d9994e62c7a0187cff6" candidate_term: 1 candidate_status { last_received { term: 0 index: 0 } } ignore_live_leader: false dest_uuid: "00b71fe65cb84ab09e3d34f0ffffa4c2"
I20260713 08:59:43.147805   763 leader_election.cc:290] T 43129969712448f780616b76f583a0e3 P cfba36c9508c4d9994e62c7a0187cff6 [CANDIDATE]: Term 1 election: Requested vote from peers 00b71fe65cb84ab09e3d34f0ffffa4c2 (127.0.107.194:37233), 07ef0ed098684abaafbce608a7e898a1 (127.0.107.195:46321)
I20260713 08:59:43.148294   639 raft_consensus.cc:3060] T 43129969712448f780616b76f583a0e3 P 00b71fe65cb84ab09e3d34f0ffffa4c2 [term 0 FOLLOWER]: Advancing to term 1
I20260713 08:59:43.148870   714 tablet_service.cc:1917] Received RequestConsensusVote() RPC: tablet_id: "43129969712448f780616b76f583a0e3" candidate_uuid: "cfba36c9508c4d9994e62c7a0187cff6" candidate_term: 1 candidate_status { last_received { term: 0 index: 0 } } ignore_live_leader: false dest_uuid: "07ef0ed098684abaafbce608a7e898a1"
I20260713 08:59:43.149433   714 raft_consensus.cc:3060] T 43129969712448f780616b76f583a0e3 P 07ef0ed098684abaafbce608a7e898a1 [term 0 FOLLOWER]: Advancing to term 1
I20260713 08:59:43.154899   639 raft_consensus.cc:2468] T 43129969712448f780616b76f583a0e3 P 00b71fe65cb84ab09e3d34f0ffffa4c2 [term 1 FOLLOWER]: Leader election vote request: Granting yes vote for candidate cfba36c9508c4d9994e62c7a0187cff6 in term 1.
I20260713 08:59:43.156180   714 raft_consensus.cc:2468] T 43129969712448f780616b76f583a0e3 P 07ef0ed098684abaafbce608a7e898a1 [term 1 FOLLOWER]: Leader election vote request: Granting yes vote for candidate cfba36c9508c4d9994e62c7a0187cff6 in term 1.
I20260713 08:59:43.156654   532 leader_election.cc:304] T 43129969712448f780616b76f583a0e3 P cfba36c9508c4d9994e62c7a0187cff6 [CANDIDATE]: Term 1 election: Election decided. Result: candidate won. Election summary: received 2 responses out of 3 voters: 2 yes votes; 0 no votes. yes voters: 00b71fe65cb84ab09e3d34f0ffffa4c2, cfba36c9508c4d9994e62c7a0187cff6; no voters: 
I20260713 08:59:43.157748   763 raft_consensus.cc:2804] T 43129969712448f780616b76f583a0e3 P cfba36c9508c4d9994e62c7a0187cff6 [term 1 FOLLOWER]: Leader election won for term 1
I20260713 08:59:43.158406   763 raft_consensus.cc:697] T 43129969712448f780616b76f583a0e3 P cfba36c9508c4d9994e62c7a0187cff6 [term 1 LEADER]: Becoming Leader. State: Replica: cfba36c9508c4d9994e62c7a0187cff6, State: Running, Role: LEADER
I20260713 08:59:43.159195   763 consensus_queue.cc:237] T 43129969712448f780616b76f583a0e3 P cfba36c9508c4d9994e62c7a0187cff6 [LEADER]: Queue going to LEADER mode. State: All replicated index: 0, Majority replicated index: 0, Committed index: 0, Last appended: 0.0, Last appended by leader: 0, Current term: 1, Majority size: 2, State: 0, Mode: LEADER, active raft config: opid_index: -1 OBSOLETE_local: false peers { permanent_uuid: "cfba36c9508c4d9994e62c7a0187cff6" member_type: VOTER last_known_addr { host: "127.0.107.193" port: 40797 } } peers { permanent_uuid: "00b71fe65cb84ab09e3d34f0ffffa4c2" member_type: VOTER last_known_addr { host: "127.0.107.194" port: 37233 } } peers { permanent_uuid: "07ef0ed098684abaafbce608a7e898a1" member_type: VOTER last_known_addr { host: "127.0.107.195" port: 46321 } }
I20260713 08:59:43.164115   785 consensus_queue.cc:1048] T 6c4dfb04471140daa7250cd0d7fd0a78 P 00b71fe65cb84ab09e3d34f0ffffa4c2 [LEADER]: Connected to new peer: Peer: permanent_uuid: "cfba36c9508c4d9994e62c7a0187cff6" member_type: VOTER last_known_addr { host: "127.0.107.193" port: 40797 }, Status: LMP_MISMATCH, Last received: 0.0, Next index: 1, Last known committed idx: 0, Time since last communication: 0.000s
I20260713 08:59:43.174170   463 catalog_manager.cc:5697] T 43129969712448f780616b76f583a0e3 P cfba36c9508c4d9994e62c7a0187cff6 reported cstate change: term changed from 0 to 1, leader changed from <none> to cfba36c9508c4d9994e62c7a0187cff6 (127.0.107.193). New cstate: current_term: 1 leader_uuid: "cfba36c9508c4d9994e62c7a0187cff6" committed_config { opid_index: -1 OBSOLETE_local: false peers { permanent_uuid: "cfba36c9508c4d9994e62c7a0187cff6" member_type: VOTER last_known_addr { host: "127.0.107.193" port: 40797 } health_report { overall_health: HEALTHY } } peers { permanent_uuid: "00b71fe65cb84ab09e3d34f0ffffa4c2" member_type: VOTER last_known_addr { host: "127.0.107.194" port: 37233 } health_report { overall_health: UNKNOWN } } peers { permanent_uuid: "07ef0ed098684abaafbce608a7e898a1" member_type: VOTER last_known_addr { host: "127.0.107.195" port: 46321 } health_report { overall_health: UNKNOWN } } }
I20260713 08:59:43.180949   714 raft_consensus.cc:3060] T 6c4dfb04471140daa7250cd0d7fd0a78 P 07ef0ed098684abaafbce608a7e898a1 [term 0 FOLLOWER]: Advancing to term 1
I20260713 08:59:43.187731   763 consensus_queue.cc:1048] T 32875ab8abd24528b193020124c70768 P cfba36c9508c4d9994e62c7a0187cff6 [LEADER]: Connected to new peer: Peer: permanent_uuid: "00b71fe65cb84ab09e3d34f0ffffa4c2" member_type: VOTER last_known_addr { host: "127.0.107.194" port: 37233 }, Status: LMP_MISMATCH, Last received: 0.0, Next index: 1, Last known committed idx: 0, Time since last communication: 0.000s
I20260713 08:59:43.189635   789 consensus_queue.cc:1048] T 6c4dfb04471140daa7250cd0d7fd0a78 P 00b71fe65cb84ab09e3d34f0ffffa4c2 [LEADER]: Connected to new peer: Peer: permanent_uuid: "07ef0ed098684abaafbce608a7e898a1" member_type: VOTER last_known_addr { host: "127.0.107.195" port: 46321 }, Status: LMP_MISMATCH, Last received: 0.0, Next index: 1, Last known committed idx: 0, Time since last communication: 0.000s
I20260713 08:59:43.213040   763 consensus_queue.cc:1048] T 32875ab8abd24528b193020124c70768 P cfba36c9508c4d9994e62c7a0187cff6 [LEADER]: Connected to new peer: Peer: permanent_uuid: "07ef0ed098684abaafbce608a7e898a1" member_type: VOTER last_known_addr { host: "127.0.107.195" port: 46321 }, Status: LMP_MISMATCH, Last received: 0.0, Next index: 1, Last known committed idx: 0, Time since last communication: 0.000s
I20260713 08:59:43.251214   798 raft_consensus.cc:493] T 3e8e926cb9034f0da7f783361451587b P 07ef0ed098684abaafbce608a7e898a1 [term 0 FOLLOWER]: Starting pre-election (no leader contacted us within the election timeout)
I20260713 08:59:43.251706   798 raft_consensus.cc:515] T 3e8e926cb9034f0da7f783361451587b P 07ef0ed098684abaafbce608a7e898a1 [term 0 FOLLOWER]: Starting pre-election with config: opid_index: -1 OBSOLETE_local: false peers { permanent_uuid: "cfba36c9508c4d9994e62c7a0187cff6" member_type: VOTER last_known_addr { host: "127.0.107.193" port: 40797 } } peers { permanent_uuid: "00b71fe65cb84ab09e3d34f0ffffa4c2" member_type: VOTER last_known_addr { host: "127.0.107.194" port: 37233 } } peers { permanent_uuid: "07ef0ed098684abaafbce608a7e898a1" member_type: VOTER last_known_addr { host: "127.0.107.195" port: 46321 } }
I20260713 08:59:43.251664   791 consensus_queue.cc:1048] T 506b7d852c304f8fbd8161f9a29bd2d1 P cfba36c9508c4d9994e62c7a0187cff6 [LEADER]: Connected to new peer: Peer: permanent_uuid: "00b71fe65cb84ab09e3d34f0ffffa4c2" member_type: VOTER last_known_addr { host: "127.0.107.194" port: 37233 }, Status: LMP_MISMATCH, Last received: 0.0, Next index: 1, Last known committed idx: 0, Time since last communication: 0.000s
I20260713 08:59:43.253906   798 leader_election.cc:290] T 3e8e926cb9034f0da7f783361451587b P 07ef0ed098684abaafbce608a7e898a1 [CANDIDATE]: Term 1 pre-election: Requested pre-vote from peers cfba36c9508c4d9994e62c7a0187cff6 (127.0.107.193:40797), 00b71fe65cb84ab09e3d34f0ffffa4c2 (127.0.107.194:37233)
I20260713 08:59:43.254810   566 tablet_service.cc:1917] Received RequestConsensusVote() RPC: tablet_id: "3e8e926cb9034f0da7f783361451587b" candidate_uuid: "07ef0ed098684abaafbce608a7e898a1" candidate_term: 1 candidate_status { last_received { term: 0 index: 0 } } ignore_live_leader: false dest_uuid: "cfba36c9508c4d9994e62c7a0187cff6" is_pre_election: true
I20260713 08:59:43.255285   640 tablet_service.cc:1917] Received RequestConsensusVote() RPC: tablet_id: "3e8e926cb9034f0da7f783361451587b" candidate_uuid: "07ef0ed098684abaafbce608a7e898a1" candidate_term: 1 candidate_status { last_received { term: 0 index: 0 } } ignore_live_leader: false dest_uuid: "00b71fe65cb84ab09e3d34f0ffffa4c2" is_pre_election: true
I20260713 08:59:43.255695   566 raft_consensus.cc:2393] T 3e8e926cb9034f0da7f783361451587b P cfba36c9508c4d9994e62c7a0187cff6 [term 1 FOLLOWER]: Leader pre-election vote request: Denying vote to candidate 07ef0ed098684abaafbce608a7e898a1 in current term 1: Already voted for candidate 00b71fe65cb84ab09e3d34f0ffffa4c2 in this term.
I20260713 08:59:43.257090   681 leader_election.cc:304] T 3e8e926cb9034f0da7f783361451587b P 07ef0ed098684abaafbce608a7e898a1 [CANDIDATE]: Term 1 pre-election: Election decided. Result: candidate lost. Election summary: received 3 responses out of 3 voters: 1 yes votes; 2 no votes. yes voters: 07ef0ed098684abaafbce608a7e898a1; no voters: 00b71fe65cb84ab09e3d34f0ffffa4c2, cfba36c9508c4d9994e62c7a0187cff6
I20260713 08:59:43.258669   798 raft_consensus.cc:3060] T 3e8e926cb9034f0da7f783361451587b P 07ef0ed098684abaafbce608a7e898a1 [term 0 FOLLOWER]: Advancing to term 1
I20260713 08:59:43.268445   798 raft_consensus.cc:2749] T 3e8e926cb9034f0da7f783361451587b P 07ef0ed098684abaafbce608a7e898a1 [term 1 FOLLOWER]: Leader pre-election lost for term 1. Reason: could not achieve majority
I20260713 08:59:43.269927   826 consensus_queue.cc:1048] T 506b7d852c304f8fbd8161f9a29bd2d1 P cfba36c9508c4d9994e62c7a0187cff6 [LEADER]: Connected to new peer: Peer: permanent_uuid: "07ef0ed098684abaafbce608a7e898a1" member_type: VOTER last_known_addr { host: "127.0.107.195" port: 46321 }, Status: LMP_MISMATCH, Last received: 0.0, Next index: 1, Last known committed idx: 0, Time since last communication: 0.001s
I20260713 08:59:43.278062   765 consensus_queue.cc:1048] T 3e8e926cb9034f0da7f783361451587b P 00b71fe65cb84ab09e3d34f0ffffa4c2 [LEADER]: Connected to new peer: Peer: permanent_uuid: "07ef0ed098684abaafbce608a7e898a1" member_type: VOTER last_known_addr { host: "127.0.107.195" port: 46321 }, Status: LMP_MISMATCH, Last received: 0.0, Next index: 1, Last known committed idx: 0, Time since last communication: 0.000s
I20260713 08:59:43.301921   785 consensus_queue.cc:1048] T 3e8e926cb9034f0da7f783361451587b P 00b71fe65cb84ab09e3d34f0ffffa4c2 [LEADER]: Connected to new peer: Peer: permanent_uuid: "cfba36c9508c4d9994e62c7a0187cff6" member_type: VOTER last_known_addr { host: "127.0.107.193" port: 40797 }, Status: LMP_MISMATCH, Last received: 0.0, Next index: 1, Last known committed idx: 0, Time since last communication: 0.001s
I20260713 08:59:43.322703   639 tablet_service.cc:2072] Received LeaderStepDown RPC: tablet_id: "1bb48c31bd8849c5971fcab0369ea685"
dest_uuid: "00b71fe65cb84ab09e3d34f0ffffa4c2"
mode: GRACEFUL
new_leader_uuid: "cfba36c9508c4d9994e62c7a0187cff6"
 from {username='slave'} at 127.0.0.1:35108
I20260713 08:59:43.323407   639 raft_consensus.cc:606] T 1bb48c31bd8849c5971fcab0369ea685 P 00b71fe65cb84ab09e3d34f0ffffa4c2 [term 1 LEADER]: Received request to transfer leadership to TS cfba36c9508c4d9994e62c7a0187cff6
I20260713 08:59:43.329550   639 tablet_service.cc:2072] Received LeaderStepDown RPC: tablet_id: "23594285fd2e4339a36aec29ff7c0fdc"
dest_uuid: "00b71fe65cb84ab09e3d34f0ffffa4c2"
mode: GRACEFUL
new_leader_uuid: "cfba36c9508c4d9994e62c7a0187cff6"
 from {username='slave'} at 127.0.0.1:35108
I20260713 08:59:43.330142   639 raft_consensus.cc:606] T 23594285fd2e4339a36aec29ff7c0fdc P 00b71fe65cb84ab09e3d34f0ffffa4c2 [term 1 LEADER]: Received request to transfer leadership to TS cfba36c9508c4d9994e62c7a0187cff6
I20260713 08:59:43.352331   566 tablet_service.cc:2072] Received LeaderStepDown RPC: tablet_id: "43129969712448f780616b76f583a0e3"
dest_uuid: "cfba36c9508c4d9994e62c7a0187cff6"
mode: GRACEFUL
new_leader_uuid: "00b71fe65cb84ab09e3d34f0ffffa4c2"
 from {username='slave'} at 127.0.0.1:50424
I20260713 08:59:43.352909   566 raft_consensus.cc:606] T 43129969712448f780616b76f583a0e3 P cfba36c9508c4d9994e62c7a0187cff6 [term 1 LEADER]: Received request to transfer leadership to TS 00b71fe65cb84ab09e3d34f0ffffa4c2
I20260713 08:59:43.358821   566 tablet_service.cc:2072] Received LeaderStepDown RPC: tablet_id: "87e80e731ddc4487bfbd0fac33464556"
dest_uuid: "cfba36c9508c4d9994e62c7a0187cff6"
mode: GRACEFUL
new_leader_uuid: "00b71fe65cb84ab09e3d34f0ffffa4c2"
 from {username='slave'} at 127.0.0.1:50424
I20260713 08:59:43.359308   566 raft_consensus.cc:606] T 87e80e731ddc4487bfbd0fac33464556 P cfba36c9508c4d9994e62c7a0187cff6 [term 1 LEADER]: Received request to transfer leadership to TS 00b71fe65cb84ab09e3d34f0ffffa4c2
I20260713 08:59:43.387970   798 consensus_queue.cc:1048] T b1f17cae3be64422ae04c15b73d88f7b P 07ef0ed098684abaafbce608a7e898a1 [LEADER]: Connected to new peer: Peer: permanent_uuid: "cfba36c9508c4d9994e62c7a0187cff6" member_type: VOTER last_known_addr { host: "127.0.107.193" port: 40797 }, Status: LMP_MISMATCH, Last received: 0.0, Next index: 1, Last known committed idx: 0, Time since last communication: 0.000s
I20260713 08:59:43.401047   766 consensus_queue.cc:1048] T b1f17cae3be64422ae04c15b73d88f7b P 07ef0ed098684abaafbce608a7e898a1 [LEADER]: Connected to new peer: Peer: permanent_uuid: "00b71fe65cb84ab09e3d34f0ffffa4c2" member_type: VOTER last_known_addr { host: "127.0.107.194" port: 37233 }, Status: LMP_MISMATCH, Last received: 0.0, Next index: 1, Last known committed idx: 0, Time since last communication: 0.000s
I20260713 08:59:43.469959   785 raft_consensus.cc:993] T 23594285fd2e4339a36aec29ff7c0fdc P 00b71fe65cb84ab09e3d34f0ffffa4c2: : Instructing follower cfba36c9508c4d9994e62c7a0187cff6 to start an election
I20260713 08:59:43.470438   765 raft_consensus.cc:1081] T 23594285fd2e4339a36aec29ff7c0fdc P 00b71fe65cb84ab09e3d34f0ffffa4c2 [term 1 LEADER]: Signalling peer cfba36c9508c4d9994e62c7a0187cff6 to start an election
I20260713 08:59:43.472280   566 tablet_service.cc:2044] Received Run Leader Election RPC: tablet_id: "23594285fd2e4339a36aec29ff7c0fdc"
dest_uuid: "cfba36c9508c4d9994e62c7a0187cff6"
 from {username='slave'} at 127.0.0.1:50402
I20260713 08:59:43.472848   566 raft_consensus.cc:493] T 23594285fd2e4339a36aec29ff7c0fdc P cfba36c9508c4d9994e62c7a0187cff6 [term 1 FOLLOWER]: Starting forced leader election (received explicit request)
I20260713 08:59:43.473232   566 raft_consensus.cc:3060] T 23594285fd2e4339a36aec29ff7c0fdc P cfba36c9508c4d9994e62c7a0187cff6 [term 1 FOLLOWER]: Advancing to term 2
I20260713 08:59:43.477676   566 raft_consensus.cc:515] T 23594285fd2e4339a36aec29ff7c0fdc P cfba36c9508c4d9994e62c7a0187cff6 [term 2 FOLLOWER]: Starting forced leader election with config: opid_index: -1 OBSOLETE_local: false peers { permanent_uuid: "cfba36c9508c4d9994e62c7a0187cff6" member_type: VOTER last_known_addr { host: "127.0.107.193" port: 40797 } } peers { permanent_uuid: "00b71fe65cb84ab09e3d34f0ffffa4c2" member_type: VOTER last_known_addr { host: "127.0.107.194" port: 37233 } } peers { permanent_uuid: "07ef0ed098684abaafbce608a7e898a1" member_type: VOTER last_known_addr { host: "127.0.107.195" port: 46321 } }
I20260713 08:59:43.479254   566 leader_election.cc:290] T 23594285fd2e4339a36aec29ff7c0fdc P cfba36c9508c4d9994e62c7a0187cff6 [CANDIDATE]: Term 2 election: Requested vote from peers 00b71fe65cb84ab09e3d34f0ffffa4c2 (127.0.107.194:37233), 07ef0ed098684abaafbce608a7e898a1 (127.0.107.195:46321)
I20260713 08:59:43.480195   639 tablet_service.cc:1917] Received RequestConsensusVote() RPC: tablet_id: "23594285fd2e4339a36aec29ff7c0fdc" candidate_uuid: "cfba36c9508c4d9994e62c7a0187cff6" candidate_term: 2 candidate_status { last_received { term: 1 index: 1 } } ignore_live_leader: true dest_uuid: "00b71fe65cb84ab09e3d34f0ffffa4c2"
I20260713 08:59:43.480800   714 tablet_service.cc:1917] Received RequestConsensusVote() RPC: tablet_id: "23594285fd2e4339a36aec29ff7c0fdc" candidate_uuid: "cfba36c9508c4d9994e62c7a0187cff6" candidate_term: 2 candidate_status { last_received { term: 1 index: 1 } } ignore_live_leader: true dest_uuid: "07ef0ed098684abaafbce608a7e898a1"
I20260713 08:59:43.481045   639 raft_consensus.cc:3055] T 23594285fd2e4339a36aec29ff7c0fdc P 00b71fe65cb84ab09e3d34f0ffffa4c2 [term 1 LEADER]: Stepping down as leader of term 1
I20260713 08:59:43.481261   714 raft_consensus.cc:3060] T 23594285fd2e4339a36aec29ff7c0fdc P 07ef0ed098684abaafbce608a7e898a1 [term 1 FOLLOWER]: Advancing to term 2
I20260713 08:59:43.481528   639 raft_consensus.cc:740] T 23594285fd2e4339a36aec29ff7c0fdc P 00b71fe65cb84ab09e3d34f0ffffa4c2 [term 1 LEADER]: Becoming Follower/Learner. State: Replica: 00b71fe65cb84ab09e3d34f0ffffa4c2, State: Running, Role: LEADER
I20260713 08:59:43.482524   639 consensus_queue.cc:260] T 23594285fd2e4339a36aec29ff7c0fdc P 00b71fe65cb84ab09e3d34f0ffffa4c2 [NON_LEADER]: Queue going to NON_LEADER mode. State: All replicated index: 0, Majority replicated index: 1, Committed index: 1, Last appended: 1.1, Last appended by leader: 1, Current term: 1, Majority size: -1, State: 0, Mode: NON_LEADER, active raft config: opid_index: -1 OBSOLETE_local: false peers { permanent_uuid: "cfba36c9508c4d9994e62c7a0187cff6" member_type: VOTER last_known_addr { host: "127.0.107.193" port: 40797 } } peers { permanent_uuid: "00b71fe65cb84ab09e3d34f0ffffa4c2" member_type: VOTER last_known_addr { host: "127.0.107.194" port: 37233 } } peers { permanent_uuid: "07ef0ed098684abaafbce608a7e898a1" member_type: VOTER last_known_addr { host: "127.0.107.195" port: 46321 } }
I20260713 08:59:43.483855   639 raft_consensus.cc:3060] T 23594285fd2e4339a36aec29ff7c0fdc P 00b71fe65cb84ab09e3d34f0ffffa4c2 [term 1 FOLLOWER]: Advancing to term 2
I20260713 08:59:43.485913   714 raft_consensus.cc:2468] T 23594285fd2e4339a36aec29ff7c0fdc P 07ef0ed098684abaafbce608a7e898a1 [term 2 FOLLOWER]: Leader election vote request: Granting yes vote for candidate cfba36c9508c4d9994e62c7a0187cff6 in term 2.
I20260713 08:59:43.486967   530 leader_election.cc:304] T 23594285fd2e4339a36aec29ff7c0fdc P cfba36c9508c4d9994e62c7a0187cff6 [CANDIDATE]: Term 2 election: Election decided. Result: candidate won. Election summary: received 2 responses out of 3 voters: 2 yes votes; 0 no votes. yes voters: 07ef0ed098684abaafbce608a7e898a1, cfba36c9508c4d9994e62c7a0187cff6; no voters: 
I20260713 08:59:43.487632   763 raft_consensus.cc:2804] T 23594285fd2e4339a36aec29ff7c0fdc P cfba36c9508c4d9994e62c7a0187cff6 [term 2 FOLLOWER]: Leader election won for term 2
I20260713 08:59:43.488058   763 raft_consensus.cc:697] T 23594285fd2e4339a36aec29ff7c0fdc P cfba36c9508c4d9994e62c7a0187cff6 [term 2 LEADER]: Becoming Leader. State: Replica: cfba36c9508c4d9994e62c7a0187cff6, State: Running, Role: LEADER
I20260713 08:59:43.488857   763 consensus_queue.cc:237] T 23594285fd2e4339a36aec29ff7c0fdc P cfba36c9508c4d9994e62c7a0187cff6 [LEADER]: Queue going to LEADER mode. State: All replicated index: 0, Majority replicated index: 1, Committed index: 1, Last appended: 1.1, Last appended by leader: 1, Current term: 2, Majority size: 2, State: 0, Mode: LEADER, active raft config: opid_index: -1 OBSOLETE_local: false peers { permanent_uuid: "cfba36c9508c4d9994e62c7a0187cff6" member_type: VOTER last_known_addr { host: "127.0.107.193" port: 40797 } } peers { permanent_uuid: "00b71fe65cb84ab09e3d34f0ffffa4c2" member_type: VOTER last_known_addr { host: "127.0.107.194" port: 37233 } } peers { permanent_uuid: "07ef0ed098684abaafbce608a7e898a1" member_type: VOTER last_known_addr { host: "127.0.107.195" port: 46321 } }
I20260713 08:59:43.490178   639 raft_consensus.cc:2468] T 23594285fd2e4339a36aec29ff7c0fdc P 00b71fe65cb84ab09e3d34f0ffffa4c2 [term 2 FOLLOWER]: Leader election vote request: Granting yes vote for candidate cfba36c9508c4d9994e62c7a0187cff6 in term 2.
I20260713 08:59:43.495643   463 catalog_manager.cc:5697] T 23594285fd2e4339a36aec29ff7c0fdc P cfba36c9508c4d9994e62c7a0187cff6 reported cstate change: term changed from 1 to 2, leader changed from 00b71fe65cb84ab09e3d34f0ffffa4c2 (127.0.107.194) to cfba36c9508c4d9994e62c7a0187cff6 (127.0.107.193). New cstate: current_term: 2 leader_uuid: "cfba36c9508c4d9994e62c7a0187cff6" committed_config { opid_index: -1 OBSOLETE_local: false peers { permanent_uuid: "cfba36c9508c4d9994e62c7a0187cff6" member_type: VOTER last_known_addr { host: "127.0.107.193" port: 40797 } health_report { overall_health: HEALTHY } } peers { permanent_uuid: "00b71fe65cb84ab09e3d34f0ffffa4c2" member_type: VOTER last_known_addr { host: "127.0.107.194" port: 37233 } health_report { overall_health: UNKNOWN } } peers { permanent_uuid: "07ef0ed098684abaafbce608a7e898a1" member_type: VOTER last_known_addr { host: "127.0.107.195" port: 46321 } health_report { overall_health: UNKNOWN } } }
I20260713 08:59:43.526888   789 raft_consensus.cc:993] T 1bb48c31bd8849c5971fcab0369ea685 P 00b71fe65cb84ab09e3d34f0ffffa4c2: : Instructing follower cfba36c9508c4d9994e62c7a0187cff6 to start an election
I20260713 08:59:43.527344   765 raft_consensus.cc:1081] T 1bb48c31bd8849c5971fcab0369ea685 P 00b71fe65cb84ab09e3d34f0ffffa4c2 [term 1 LEADER]: Signalling peer cfba36c9508c4d9994e62c7a0187cff6 to start an election
I20260713 08:59:43.528772   566 tablet_service.cc:2044] Received Run Leader Election RPC: tablet_id: "1bb48c31bd8849c5971fcab0369ea685"
dest_uuid: "cfba36c9508c4d9994e62c7a0187cff6"
 from {username='slave'} at 127.0.0.1:50402
I20260713 08:59:43.529325   566 raft_consensus.cc:493] T 1bb48c31bd8849c5971fcab0369ea685 P cfba36c9508c4d9994e62c7a0187cff6 [term 1 FOLLOWER]: Starting forced leader election (received explicit request)
I20260713 08:59:43.529722   566 raft_consensus.cc:3060] T 1bb48c31bd8849c5971fcab0369ea685 P cfba36c9508c4d9994e62c7a0187cff6 [term 1 FOLLOWER]: Advancing to term 2
I20260713 08:59:43.536698   566 raft_consensus.cc:515] T 1bb48c31bd8849c5971fcab0369ea685 P cfba36c9508c4d9994e62c7a0187cff6 [term 2 FOLLOWER]: Starting forced leader election with config: opid_index: -1 OBSOLETE_local: false peers { permanent_uuid: "cfba36c9508c4d9994e62c7a0187cff6" member_type: VOTER last_known_addr { host: "127.0.107.193" port: 40797 } } peers { permanent_uuid: "00b71fe65cb84ab09e3d34f0ffffa4c2" member_type: VOTER last_known_addr { host: "127.0.107.194" port: 37233 } } peers { permanent_uuid: "07ef0ed098684abaafbce608a7e898a1" member_type: VOTER last_known_addr { host: "127.0.107.195" port: 46321 } }
I20260713 08:59:43.538812   566 leader_election.cc:290] T 1bb48c31bd8849c5971fcab0369ea685 P cfba36c9508c4d9994e62c7a0187cff6 [CANDIDATE]: Term 2 election: Requested vote from peers 00b71fe65cb84ab09e3d34f0ffffa4c2 (127.0.107.194:37233), 07ef0ed098684abaafbce608a7e898a1 (127.0.107.195:46321)
I20260713 08:59:43.539543   639 tablet_service.cc:1917] Received RequestConsensusVote() RPC: tablet_id: "1bb48c31bd8849c5971fcab0369ea685" candidate_uuid: "cfba36c9508c4d9994e62c7a0187cff6" candidate_term: 2 candidate_status { last_received { term: 1 index: 1 } } ignore_live_leader: true dest_uuid: "00b71fe65cb84ab09e3d34f0ffffa4c2"
I20260713 08:59:43.539901   714 tablet_service.cc:1917] Received RequestConsensusVote() RPC: tablet_id: "1bb48c31bd8849c5971fcab0369ea685" candidate_uuid: "cfba36c9508c4d9994e62c7a0187cff6" candidate_term: 2 candidate_status { last_received { term: 1 index: 1 } } ignore_live_leader: true dest_uuid: "07ef0ed098684abaafbce608a7e898a1"
I20260713 08:59:43.540158   639 raft_consensus.cc:3055] T 1bb48c31bd8849c5971fcab0369ea685 P 00b71fe65cb84ab09e3d34f0ffffa4c2 [term 1 LEADER]: Stepping down as leader of term 1
I20260713 08:59:43.540553   639 raft_consensus.cc:740] T 1bb48c31bd8849c5971fcab0369ea685 P 00b71fe65cb84ab09e3d34f0ffffa4c2 [term 1 LEADER]: Becoming Follower/Learner. State: Replica: 00b71fe65cb84ab09e3d34f0ffffa4c2, State: Running, Role: LEADER
I20260713 08:59:43.540556   714 raft_consensus.cc:3060] T 1bb48c31bd8849c5971fcab0369ea685 P 07ef0ed098684abaafbce608a7e898a1 [term 1 FOLLOWER]: Advancing to term 2
I20260713 08:59:43.541676   639 consensus_queue.cc:260] T 1bb48c31bd8849c5971fcab0369ea685 P 00b71fe65cb84ab09e3d34f0ffffa4c2 [NON_LEADER]: Queue going to NON_LEADER mode. State: All replicated index: 0, Majority replicated index: 1, Committed index: 1, Last appended: 1.1, Last appended by leader: 1, Current term: 1, Majority size: -1, State: 0, Mode: NON_LEADER, active raft config: opid_index: -1 OBSOLETE_local: false peers { permanent_uuid: "cfba36c9508c4d9994e62c7a0187cff6" member_type: VOTER last_known_addr { host: "127.0.107.193" port: 40797 } } peers { permanent_uuid: "00b71fe65cb84ab09e3d34f0ffffa4c2" member_type: VOTER last_known_addr { host: "127.0.107.194" port: 37233 } } peers { permanent_uuid: "07ef0ed098684abaafbce608a7e898a1" member_type: VOTER last_known_addr { host: "127.0.107.195" port: 46321 } }
I20260713 08:59:43.542564   639 raft_consensus.cc:3060] T 1bb48c31bd8849c5971fcab0369ea685 P 00b71fe65cb84ab09e3d34f0ffffa4c2 [term 1 FOLLOWER]: Advancing to term 2
I20260713 08:59:43.547163   639 raft_consensus.cc:2468] T 1bb48c31bd8849c5971fcab0369ea685 P 00b71fe65cb84ab09e3d34f0ffffa4c2 [term 2 FOLLOWER]: Leader election vote request: Granting yes vote for candidate cfba36c9508c4d9994e62c7a0187cff6 in term 2.
I20260713 08:59:43.547752   714 raft_consensus.cc:2468] T 1bb48c31bd8849c5971fcab0369ea685 P 07ef0ed098684abaafbce608a7e898a1 [term 2 FOLLOWER]: Leader election vote request: Granting yes vote for candidate cfba36c9508c4d9994e62c7a0187cff6 in term 2.
I20260713 08:59:43.548298   532 leader_election.cc:304] T 1bb48c31bd8849c5971fcab0369ea685 P cfba36c9508c4d9994e62c7a0187cff6 [CANDIDATE]: Term 2 election: Election decided. Result: candidate won. Election summary: received 2 responses out of 3 voters: 2 yes votes; 0 no votes. yes voters: 00b71fe65cb84ab09e3d34f0ffffa4c2, cfba36c9508c4d9994e62c7a0187cff6; no voters: 
I20260713 08:59:43.549085   763 raft_consensus.cc:2804] T 1bb48c31bd8849c5971fcab0369ea685 P cfba36c9508c4d9994e62c7a0187cff6 [term 2 FOLLOWER]: Leader election won for term 2
I20260713 08:59:43.549626   763 raft_consensus.cc:697] T 1bb48c31bd8849c5971fcab0369ea685 P cfba36c9508c4d9994e62c7a0187cff6 [term 2 LEADER]: Becoming Leader. State: Replica: cfba36c9508c4d9994e62c7a0187cff6, State: Running, Role: LEADER
I20260713 08:59:43.550345   763 consensus_queue.cc:237] T 1bb48c31bd8849c5971fcab0369ea685 P cfba36c9508c4d9994e62c7a0187cff6 [LEADER]: Queue going to LEADER mode. State: All replicated index: 0, Majority replicated index: 1, Committed index: 1, Last appended: 1.1, Last appended by leader: 1, Current term: 2, Majority size: 2, State: 0, Mode: LEADER, active raft config: opid_index: -1 OBSOLETE_local: false peers { permanent_uuid: "cfba36c9508c4d9994e62c7a0187cff6" member_type: VOTER last_known_addr { host: "127.0.107.193" port: 40797 } } peers { permanent_uuid: "00b71fe65cb84ab09e3d34f0ffffa4c2" member_type: VOTER last_known_addr { host: "127.0.107.194" port: 37233 } } peers { permanent_uuid: "07ef0ed098684abaafbce608a7e898a1" member_type: VOTER last_known_addr { host: "127.0.107.195" port: 46321 } }
I20260713 08:59:43.557143   463 catalog_manager.cc:5697] T 1bb48c31bd8849c5971fcab0369ea685 P cfba36c9508c4d9994e62c7a0187cff6 reported cstate change: term changed from 1 to 2, leader changed from 00b71fe65cb84ab09e3d34f0ffffa4c2 (127.0.107.194) to cfba36c9508c4d9994e62c7a0187cff6 (127.0.107.193). New cstate: current_term: 2 leader_uuid: "cfba36c9508c4d9994e62c7a0187cff6" committed_config { opid_index: -1 OBSOLETE_local: false peers { permanent_uuid: "cfba36c9508c4d9994e62c7a0187cff6" member_type: VOTER last_known_addr { host: "127.0.107.193" port: 40797 } health_report { overall_health: HEALTHY } } peers { permanent_uuid: "00b71fe65cb84ab09e3d34f0ffffa4c2" member_type: VOTER last_known_addr { host: "127.0.107.194" port: 37233 } health_report { overall_health: UNKNOWN } } peers { permanent_uuid: "07ef0ed098684abaafbce608a7e898a1" member_type: VOTER last_known_addr { host: "127.0.107.195" port: 46321 } health_report { overall_health: UNKNOWN } } }
I20260713 08:59:43.567327   763 consensus_queue.cc:1048] T 87e80e731ddc4487bfbd0fac33464556 P cfba36c9508c4d9994e62c7a0187cff6 [LEADER]: Connected to new peer: Peer: permanent_uuid: "00b71fe65cb84ab09e3d34f0ffffa4c2" member_type: VOTER last_known_addr { host: "127.0.107.194" port: 37233 }, Status: LMP_MISMATCH, Last received: 0.0, Next index: 1, Last known committed idx: 0, Time since last communication: 0.000s
I20260713 08:59:43.574430   826 raft_consensus.cc:993] T 87e80e731ddc4487bfbd0fac33464556 P cfba36c9508c4d9994e62c7a0187cff6: : Instructing follower 00b71fe65cb84ab09e3d34f0ffffa4c2 to start an election
I20260713 08:59:43.574867   826 raft_consensus.cc:1081] T 87e80e731ddc4487bfbd0fac33464556 P cfba36c9508c4d9994e62c7a0187cff6 [term 1 LEADER]: Signalling peer 00b71fe65cb84ab09e3d34f0ffffa4c2 to start an election
I20260713 08:59:43.579653   640 tablet_service.cc:2044] Received Run Leader Election RPC: tablet_id: "87e80e731ddc4487bfbd0fac33464556"
dest_uuid: "00b71fe65cb84ab09e3d34f0ffffa4c2"
 from {username='slave'} at 127.0.0.1:35094
I20260713 08:59:43.579681   826 consensus_queue.cc:1048] T 87e80e731ddc4487bfbd0fac33464556 P cfba36c9508c4d9994e62c7a0187cff6 [LEADER]: Connected to new peer: Peer: permanent_uuid: "07ef0ed098684abaafbce608a7e898a1" member_type: VOTER last_known_addr { host: "127.0.107.195" port: 46321 }, Status: LMP_MISMATCH, Last received: 0.0, Next index: 1, Last known committed idx: 0, Time since last communication: 0.000s
I20260713 08:59:43.580330   640 raft_consensus.cc:493] T 87e80e731ddc4487bfbd0fac33464556 P 00b71fe65cb84ab09e3d34f0ffffa4c2 [term 1 FOLLOWER]: Starting forced leader election (received explicit request)
I20260713 08:59:43.580703   640 raft_consensus.cc:3060] T 87e80e731ddc4487bfbd0fac33464556 P 00b71fe65cb84ab09e3d34f0ffffa4c2 [term 1 FOLLOWER]: Advancing to term 2
I20260713 08:59:43.588019   640 raft_consensus.cc:515] T 87e80e731ddc4487bfbd0fac33464556 P 00b71fe65cb84ab09e3d34f0ffffa4c2 [term 2 FOLLOWER]: Starting forced leader election with config: opid_index: -1 OBSOLETE_local: false peers { permanent_uuid: "cfba36c9508c4d9994e62c7a0187cff6" member_type: VOTER last_known_addr { host: "127.0.107.193" port: 40797 } } peers { permanent_uuid: "00b71fe65cb84ab09e3d34f0ffffa4c2" member_type: VOTER last_known_addr { host: "127.0.107.194" port: 37233 } } peers { permanent_uuid: "07ef0ed098684abaafbce608a7e898a1" member_type: VOTER last_known_addr { host: "127.0.107.195" port: 46321 } }
I20260713 08:59:43.589884   639 raft_consensus.cc:1240] T 87e80e731ddc4487bfbd0fac33464556 P 00b71fe65cb84ab09e3d34f0ffffa4c2 [term 2 FOLLOWER]: Rejecting Update request from peer cfba36c9508c4d9994e62c7a0187cff6 for earlier term 1. Current term is 2. Ops: []
I20260713 08:59:43.591897   566 tablet_service.cc:1917] Received RequestConsensusVote() RPC: tablet_id: "87e80e731ddc4487bfbd0fac33464556" candidate_uuid: "00b71fe65cb84ab09e3d34f0ffffa4c2" candidate_term: 2 candidate_status { last_received { term: 1 index: 1 } } ignore_live_leader: true dest_uuid: "cfba36c9508c4d9994e62c7a0187cff6"
I20260713 08:59:43.592093   640 leader_election.cc:290] T 87e80e731ddc4487bfbd0fac33464556 P 00b71fe65cb84ab09e3d34f0ffffa4c2 [CANDIDATE]: Term 2 election: Requested vote from peers cfba36c9508c4d9994e62c7a0187cff6 (127.0.107.193:40797), 07ef0ed098684abaafbce608a7e898a1 (127.0.107.195:46321)
I20260713 08:59:43.592537   566 raft_consensus.cc:3055] T 87e80e731ddc4487bfbd0fac33464556 P cfba36c9508c4d9994e62c7a0187cff6 [term 1 LEADER]: Stepping down as leader of term 1
I20260713 08:59:43.592900   714 tablet_service.cc:1917] Received RequestConsensusVote() RPC: tablet_id: "87e80e731ddc4487bfbd0fac33464556" candidate_uuid: "00b71fe65cb84ab09e3d34f0ffffa4c2" candidate_term: 2 candidate_status { last_received { term: 1 index: 1 } } ignore_live_leader: true dest_uuid: "07ef0ed098684abaafbce608a7e898a1"
I20260713 08:59:43.592902   566 raft_consensus.cc:740] T 87e80e731ddc4487bfbd0fac33464556 P cfba36c9508c4d9994e62c7a0187cff6 [term 1 LEADER]: Becoming Follower/Learner. State: Replica: cfba36c9508c4d9994e62c7a0187cff6, State: Running, Role: LEADER
I20260713 08:59:43.592545   826 consensus_queue.cc:1059] T 87e80e731ddc4487bfbd0fac33464556 P cfba36c9508c4d9994e62c7a0187cff6 [LEADER]: Peer responded invalid term: Peer: permanent_uuid: "00b71fe65cb84ab09e3d34f0ffffa4c2" member_type: VOTER last_known_addr { host: "127.0.107.194" port: 37233 }, Status: INVALID_TERM, Last received: 1.1, Next index: 2, Last known committed idx: 0, Time since last communication: 0.002s
I20260713 08:59:43.593484   714 raft_consensus.cc:3060] T 87e80e731ddc4487bfbd0fac33464556 P 07ef0ed098684abaafbce608a7e898a1 [term 1 FOLLOWER]: Advancing to term 2
I20260713 08:59:43.594738   566 consensus_queue.cc:260] T 87e80e731ddc4487bfbd0fac33464556 P cfba36c9508c4d9994e62c7a0187cff6 [NON_LEADER]: Queue going to NON_LEADER mode. State: All replicated index: 0, Majority replicated index: 1, Committed index: 1, Last appended: 1.1, Last appended by leader: 1, Current term: 1, Majority size: -1, State: 0, Mode: NON_LEADER, active raft config: opid_index: -1 OBSOLETE_local: false peers { permanent_uuid: "cfba36c9508c4d9994e62c7a0187cff6" member_type: VOTER last_known_addr { host: "127.0.107.193" port: 40797 } } peers { permanent_uuid: "00b71fe65cb84ab09e3d34f0ffffa4c2" member_type: VOTER last_known_addr { host: "127.0.107.194" port: 37233 } } peers { permanent_uuid: "07ef0ed098684abaafbce608a7e898a1" member_type: VOTER last_known_addr { host: "127.0.107.195" port: 46321 } }
I20260713 08:59:43.596066   566 raft_consensus.cc:3060] T 87e80e731ddc4487bfbd0fac33464556 P cfba36c9508c4d9994e62c7a0187cff6 [term 1 FOLLOWER]: Advancing to term 2
I20260713 08:59:43.600518   566 raft_consensus.cc:2468] T 87e80e731ddc4487bfbd0fac33464556 P cfba36c9508c4d9994e62c7a0187cff6 [term 2 FOLLOWER]: Leader election vote request: Granting yes vote for candidate 00b71fe65cb84ab09e3d34f0ffffa4c2 in term 2.
W20260713 08:59:43.600965   791 raft_consensus.cc:936] Couldn't advance consensus term.: Illegal state: Can't advance term to: 2 current term: 2 is higher.
I20260713 08:59:43.600901   714 raft_consensus.cc:2468] T 87e80e731ddc4487bfbd0fac33464556 P 07ef0ed098684abaafbce608a7e898a1 [term 2 FOLLOWER]: Leader election vote request: Granting yes vote for candidate 00b71fe65cb84ab09e3d34f0ffffa4c2 in term 2.
I20260713 08:59:43.601975   607 leader_election.cc:304] T 87e80e731ddc4487bfbd0fac33464556 P 00b71fe65cb84ab09e3d34f0ffffa4c2 [CANDIDATE]: Term 2 election: Election decided. Result: candidate won. Election summary: received 2 responses out of 3 voters: 2 yes votes; 0 no votes. yes voters: 00b71fe65cb84ab09e3d34f0ffffa4c2, cfba36c9508c4d9994e62c7a0187cff6; no voters: 
I20260713 08:59:43.603123   765 raft_consensus.cc:2804] T 87e80e731ddc4487bfbd0fac33464556 P 00b71fe65cb84ab09e3d34f0ffffa4c2 [term 2 FOLLOWER]: Leader election won for term 2
I20260713 08:59:43.603605   765 raft_consensus.cc:697] T 87e80e731ddc4487bfbd0fac33464556 P 00b71fe65cb84ab09e3d34f0ffffa4c2 [term 2 LEADER]: Becoming Leader. State: Replica: 00b71fe65cb84ab09e3d34f0ffffa4c2, State: Running, Role: LEADER
I20260713 08:59:43.604404   765 consensus_queue.cc:237] T 87e80e731ddc4487bfbd0fac33464556 P 00b71fe65cb84ab09e3d34f0ffffa4c2 [LEADER]: Queue going to LEADER mode. State: All replicated index: 0, Majority replicated index: 0, Committed index: 0, Last appended: 1.1, Last appended by leader: 1, Current term: 2, Majority size: 2, State: 0, Mode: LEADER, active raft config: opid_index: -1 OBSOLETE_local: false peers { permanent_uuid: "cfba36c9508c4d9994e62c7a0187cff6" member_type: VOTER last_known_addr { host: "127.0.107.193" port: 40797 } } peers { permanent_uuid: "00b71fe65cb84ab09e3d34f0ffffa4c2" member_type: VOTER last_known_addr { host: "127.0.107.194" port: 37233 } } peers { permanent_uuid: "07ef0ed098684abaafbce608a7e898a1" member_type: VOTER last_known_addr { host: "127.0.107.195" port: 46321 } }
I20260713 08:59:43.611334   463 catalog_manager.cc:5697] T 87e80e731ddc4487bfbd0fac33464556 P 00b71fe65cb84ab09e3d34f0ffffa4c2 reported cstate change: term changed from 1 to 2, leader changed from cfba36c9508c4d9994e62c7a0187cff6 (127.0.107.193) to 00b71fe65cb84ab09e3d34f0ffffa4c2 (127.0.107.194). New cstate: current_term: 2 leader_uuid: "00b71fe65cb84ab09e3d34f0ffffa4c2" committed_config { opid_index: -1 OBSOLETE_local: false peers { permanent_uuid: "cfba36c9508c4d9994e62c7a0187cff6" member_type: VOTER last_known_addr { host: "127.0.107.193" port: 40797 } health_report { overall_health: UNKNOWN } } peers { permanent_uuid: "00b71fe65cb84ab09e3d34f0ffffa4c2" member_type: VOTER last_known_addr { host: "127.0.107.194" port: 37233 } health_report { overall_health: HEALTHY } } peers { permanent_uuid: "07ef0ed098684abaafbce608a7e898a1" member_type: VOTER last_known_addr { host: "127.0.107.195" port: 46321 } health_report { overall_health: UNKNOWN } } }
I20260713 08:59:43.731997   791 consensus_queue.cc:1048] T 43129969712448f780616b76f583a0e3 P cfba36c9508c4d9994e62c7a0187cff6 [LEADER]: Connected to new peer: Peer: permanent_uuid: "00b71fe65cb84ab09e3d34f0ffffa4c2" member_type: VOTER last_known_addr { host: "127.0.107.194" port: 37233 }, Status: LMP_MISMATCH, Last received: 0.0, Next index: 1, Last known committed idx: 0, Time since last communication: 0.000s
I20260713 08:59:43.738698   826 raft_consensus.cc:993] T 43129969712448f780616b76f583a0e3 P cfba36c9508c4d9994e62c7a0187cff6: : Instructing follower 00b71fe65cb84ab09e3d34f0ffffa4c2 to start an election
I20260713 08:59:43.739128   826 raft_consensus.cc:1081] T 43129969712448f780616b76f583a0e3 P cfba36c9508c4d9994e62c7a0187cff6 [term 1 LEADER]: Signalling peer 00b71fe65cb84ab09e3d34f0ffffa4c2 to start an election
I20260713 08:59:43.742095   639 tablet_service.cc:2044] Received Run Leader Election RPC: tablet_id: "43129969712448f780616b76f583a0e3"
dest_uuid: "00b71fe65cb84ab09e3d34f0ffffa4c2"
 from {username='slave'} at 127.0.0.1:35094
I20260713 08:59:43.742659   639 raft_consensus.cc:493] T 43129969712448f780616b76f583a0e3 P 00b71fe65cb84ab09e3d34f0ffffa4c2 [term 1 FOLLOWER]: Starting forced leader election (received explicit request)
I20260713 08:59:43.744432   639 raft_consensus.cc:3060] T 43129969712448f780616b76f583a0e3 P 00b71fe65cb84ab09e3d34f0ffffa4c2 [term 1 FOLLOWER]: Advancing to term 2
I20260713 08:59:43.744603   826 consensus_queue.cc:1048] T 43129969712448f780616b76f583a0e3 P cfba36c9508c4d9994e62c7a0187cff6 [LEADER]: Connected to new peer: Peer: permanent_uuid: "07ef0ed098684abaafbce608a7e898a1" member_type: VOTER last_known_addr { host: "127.0.107.195" port: 46321 }, Status: LMP_MISMATCH, Last received: 0.0, Next index: 1, Last known committed idx: 0, Time since last communication: 0.000s
