I20260713 08:59:47.914839   639 raft_consensus.cc:515] T 23594285fd2e4339a36aec29ff7c0fdc P 00b71fe65cb84ab09e3d34f0ffffa4c2 [term 4 FOLLOWER]: Starting forced leader election with config: opid_index: -1 OBSOLETE_local: false peers { permanent_uuid: "cfba36c9508c4d9994e62c7a0187cff6" member_type: VOTER last_known_addr { host: "127.0.107.193" port: 40797 } } peers { permanent_uuid: "00b71fe65cb84ab09e3d34f0ffffa4c2" member_type: VOTER last_known_addr { host: "127.0.107.194" port: 37233 } } peers { permanent_uuid: "07ef0ed098684abaafbce608a7e898a1" member_type: VOTER last_known_addr { host: "127.0.107.195" port: 46321 } }
I20260713 08:59:47.916079   639 leader_election.cc:290] T 23594285fd2e4339a36aec29ff7c0fdc P 00b71fe65cb84ab09e3d34f0ffffa4c2 [CANDIDATE]: Term 4 election: Requested vote from peers cfba36c9508c4d9994e62c7a0187cff6 (127.0.107.193:40797), 07ef0ed098684abaafbce608a7e898a1 (127.0.107.195:46321)
I20260713 08:59:47.917507   715 tablet_service.cc:1917] Received RequestConsensusVote() RPC: tablet_id: "23594285fd2e4339a36aec29ff7c0fdc" candidate_uuid: "00b71fe65cb84ab09e3d34f0ffffa4c2" candidate_term: 4 candidate_status { last_received { term: 3 index: 3 } } ignore_live_leader: true dest_uuid: "07ef0ed098684abaafbce608a7e898a1"
I20260713 08:59:47.917925   715 raft_consensus.cc:3055] T 23594285fd2e4339a36aec29ff7c0fdc P 07ef0ed098684abaafbce608a7e898a1 [term 3 LEADER]: Stepping down as leader of term 3
I20260713 08:59:47.918037   565 tablet_service.cc:1917] Received RequestConsensusVote() RPC: tablet_id: "23594285fd2e4339a36aec29ff7c0fdc" candidate_uuid: "00b71fe65cb84ab09e3d34f0ffffa4c2" candidate_term: 4 candidate_status { last_received { term: 3 index: 3 } } ignore_live_leader: true dest_uuid: "cfba36c9508c4d9994e62c7a0187cff6"
I20260713 08:59:47.918151   715 raft_consensus.cc:740] T 23594285fd2e4339a36aec29ff7c0fdc P 07ef0ed098684abaafbce608a7e898a1 [term 3 LEADER]: Becoming Follower/Learner. State: Replica: 07ef0ed098684abaafbce608a7e898a1, State: Running, Role: LEADER
I20260713 08:59:47.918572   565 raft_consensus.cc:3060] T 23594285fd2e4339a36aec29ff7c0fdc P cfba36c9508c4d9994e62c7a0187cff6 [term 3 FOLLOWER]: Advancing to term 4
I20260713 08:59:47.919106   715 consensus_queue.cc:260] T 23594285fd2e4339a36aec29ff7c0fdc P 07ef0ed098684abaafbce608a7e898a1 [NON_LEADER]: Queue going to NON_LEADER mode. State: All replicated index: 0, Majority replicated index: 3, Committed index: 3, Last appended: 3.3, Last appended by leader: 3, Current term: 3, Majority size: -1, State: 0, Mode: NON_LEADER, active raft config: opid_index: -1 OBSOLETE_local: false peers { permanent_uuid: "cfba36c9508c4d9994e62c7a0187cff6" member_type: VOTER last_known_addr { host: "127.0.107.193" port: 40797 } } peers { permanent_uuid: "00b71fe65cb84ab09e3d34f0ffffa4c2" member_type: VOTER last_known_addr { host: "127.0.107.194" port: 37233 } } peers { permanent_uuid: "07ef0ed098684abaafbce608a7e898a1" member_type: VOTER last_known_addr { host: "127.0.107.195" port: 46321 } }
I20260713 08:59:47.919971   715 raft_consensus.cc:3060] T 23594285fd2e4339a36aec29ff7c0fdc P 07ef0ed098684abaafbce608a7e898a1 [term 3 FOLLOWER]: Advancing to term 4
I20260713 08:59:47.923079   565 raft_consensus.cc:2468] T 23594285fd2e4339a36aec29ff7c0fdc P cfba36c9508c4d9994e62c7a0187cff6 [term 4 FOLLOWER]: Leader election vote request: Granting yes vote for candidate 00b71fe65cb84ab09e3d34f0ffffa4c2 in term 4.
I20260713 08:59:47.924167   607 leader_election.cc:304] T 23594285fd2e4339a36aec29ff7c0fdc P 00b71fe65cb84ab09e3d34f0ffffa4c2 [CANDIDATE]: Term 4 election: Election decided. Result: candidate won. Election summary: received 2 responses out of 3 voters: 2 yes votes; 0 no votes. yes voters: 00b71fe65cb84ab09e3d34f0ffffa4c2, cfba36c9508c4d9994e62c7a0187cff6; no voters: 
I20260713 08:59:47.924853   789 raft_consensus.cc:2804] T 23594285fd2e4339a36aec29ff7c0fdc P 00b71fe65cb84ab09e3d34f0ffffa4c2 [term 4 FOLLOWER]: Leader election won for term 4
I20260713 08:59:47.925091   715 raft_consensus.cc:2468] T 23594285fd2e4339a36aec29ff7c0fdc P 07ef0ed098684abaafbce608a7e898a1 [term 4 FOLLOWER]: Leader election vote request: Granting yes vote for candidate 00b71fe65cb84ab09e3d34f0ffffa4c2 in term 4.
I20260713 08:59:47.925398   789 raft_consensus.cc:697] T 23594285fd2e4339a36aec29ff7c0fdc P 00b71fe65cb84ab09e3d34f0ffffa4c2 [term 4 LEADER]: Becoming Leader. State: Replica: 00b71fe65cb84ab09e3d34f0ffffa4c2, State: Running, Role: LEADER
I20260713 08:59:47.926247   789 consensus_queue.cc:237] T 23594285fd2e4339a36aec29ff7c0fdc P 00b71fe65cb84ab09e3d34f0ffffa4c2 [LEADER]: Queue going to LEADER mode. State: All replicated index: 0, Majority replicated index: 3, Committed index: 3, Last appended: 3.3, Last appended by leader: 3, Current term: 4, Majority size: 2, State: 0, Mode: LEADER, active raft config: opid_index: -1 OBSOLETE_local: false peers { permanent_uuid: "cfba36c9508c4d9994e62c7a0187cff6" member_type: VOTER last_known_addr { host: "127.0.107.193" port: 40797 } } peers { permanent_uuid: "00b71fe65cb84ab09e3d34f0ffffa4c2" member_type: VOTER last_known_addr { host: "127.0.107.194" port: 37233 } } peers { permanent_uuid: "07ef0ed098684abaafbce608a7e898a1" member_type: VOTER last_known_addr { host: "127.0.107.195" port: 46321 } }
I20260713 08:59:47.931533   463 catalog_manager.cc:5697] T 23594285fd2e4339a36aec29ff7c0fdc P 00b71fe65cb84ab09e3d34f0ffffa4c2 reported cstate change: term changed from 3 to 4, leader changed from 07ef0ed098684abaafbce608a7e898a1 (127.0.107.195) to 00b71fe65cb84ab09e3d34f0ffffa4c2 (127.0.107.194). New cstate: current_term: 4 leader_uuid: "00b71fe65cb84ab09e3d34f0ffffa4c2" committed_config { opid_index: -1 OBSOLETE_local: false peers { permanent_uuid: "cfba36c9508c4d9994e62c7a0187cff6" member_type: VOTER last_known_addr { host: "127.0.107.193" port: 40797 } health_report { overall_health: UNKNOWN } } peers { permanent_uuid: "00b71fe65cb84ab09e3d34f0ffffa4c2" member_type: VOTER last_known_addr { host: "127.0.107.194" port: 37233 } health_report { overall_health: HEALTHY } } peers { permanent_uuid: "07ef0ed098684abaafbce608a7e898a1" member_type: VOTER last_known_addr { host: "127.0.107.195" port: 46321 } health_report { overall_health: UNKNOWN } } }
I20260713 08:59:47.938705   848 raft_consensus.cc:993] T 32875ab8abd24528b193020124c70768 P cfba36c9508c4d9994e62c7a0187cff6: : Instructing follower 00b71fe65cb84ab09e3d34f0ffffa4c2 to start an election
I20260713 08:59:47.939621   870 raft_consensus.cc:1081] T 32875ab8abd24528b193020124c70768 P cfba36c9508c4d9994e62c7a0187cff6 [term 1 LEADER]: Signalling peer 00b71fe65cb84ab09e3d34f0ffffa4c2 to start an election
I20260713 08:59:47.940948   639 tablet_service.cc:2044] Received Run Leader Election RPC: tablet_id: "32875ab8abd24528b193020124c70768"
dest_uuid: "00b71fe65cb84ab09e3d34f0ffffa4c2"
 from {username='slave'} at 127.0.0.1:35094
I20260713 08:59:47.941427   639 raft_consensus.cc:493] T 32875ab8abd24528b193020124c70768 P 00b71fe65cb84ab09e3d34f0ffffa4c2 [term 1 FOLLOWER]: Starting forced leader election (received explicit request)
I20260713 08:59:47.941815   639 raft_consensus.cc:3060] T 32875ab8abd24528b193020124c70768 P 00b71fe65cb84ab09e3d34f0ffffa4c2 [term 1 FOLLOWER]: Advancing to term 2
I20260713 08:59:47.968099   848 raft_consensus.cc:993] T 1bb48c31bd8849c5971fcab0369ea685 P cfba36c9508c4d9994e62c7a0187cff6: : Instructing follower 00b71fe65cb84ab09e3d34f0ffffa4c2 to start an election
I20260713 08:59:47.968577   870 raft_consensus.cc:1081] T 1bb48c31bd8849c5971fcab0369ea685 P cfba36c9508c4d9994e62c7a0187cff6 [term 2 LEADER]: Signalling peer 00b71fe65cb84ab09e3d34f0ffffa4c2 to start an election
I20260713 08:59:47.970165   640 tablet_service.cc:2044] Received Run Leader Election RPC: tablet_id: "1bb48c31bd8849c5971fcab0369ea685"
dest_uuid: "00b71fe65cb84ab09e3d34f0ffffa4c2"
 from {username='slave'} at 127.0.0.1:35094
I20260713 08:59:47.970643   640 raft_consensus.cc:493] T 1bb48c31bd8849c5971fcab0369ea685 P 00b71fe65cb84ab09e3d34f0ffffa4c2 [term 2 FOLLOWER]: Starting forced leader election (received explicit request)
I20260713 08:59:47.970957   640 raft_consensus.cc:3060] T 1bb48c31bd8849c5971fcab0369ea685 P 00b71fe65cb84ab09e3d34f0ffffa4c2 [term 2 FOLLOWER]: Advancing to term 3
I20260713 08:59:47.974890   639 raft_consensus.cc:515] T 32875ab8abd24528b193020124c70768 P 00b71fe65cb84ab09e3d34f0ffffa4c2 [term 2 FOLLOWER]: Starting forced leader election with config: opid_index: -1 OBSOLETE_local: false peers { permanent_uuid: "cfba36c9508c4d9994e62c7a0187cff6" member_type: VOTER last_known_addr { host: "127.0.107.193" port: 40797 } } peers { permanent_uuid: "00b71fe65cb84ab09e3d34f0ffffa4c2" member_type: VOTER last_known_addr { host: "127.0.107.194" port: 37233 } } peers { permanent_uuid: "07ef0ed098684abaafbce608a7e898a1" member_type: VOTER last_known_addr { host: "127.0.107.195" port: 46321 } }
I20260713 08:59:47.977298   639 leader_election.cc:290] T 32875ab8abd24528b193020124c70768 P 00b71fe65cb84ab09e3d34f0ffffa4c2 [CANDIDATE]: Term 2 election: Requested vote from peers cfba36c9508c4d9994e62c7a0187cff6 (127.0.107.193:40797), 07ef0ed098684abaafbce608a7e898a1 (127.0.107.195:46321)
I20260713 08:59:47.978796   715 tablet_service.cc:1917] Received RequestConsensusVote() RPC: tablet_id: "32875ab8abd24528b193020124c70768" candidate_uuid: "00b71fe65cb84ab09e3d34f0ffffa4c2" candidate_term: 2 candidate_status { last_received { term: 1 index: 1 } } ignore_live_leader: true dest_uuid: "07ef0ed098684abaafbce608a7e898a1"
I20260713 08:59:47.978963   565 tablet_service.cc:1917] Received RequestConsensusVote() RPC: tablet_id: "32875ab8abd24528b193020124c70768" candidate_uuid: "00b71fe65cb84ab09e3d34f0ffffa4c2" candidate_term: 2 candidate_status { last_received { term: 1 index: 1 } } ignore_live_leader: true dest_uuid: "cfba36c9508c4d9994e62c7a0187cff6"
I20260713 08:59:47.979384   715 raft_consensus.cc:3060] T 32875ab8abd24528b193020124c70768 P 07ef0ed098684abaafbce608a7e898a1 [term 1 FOLLOWER]: Advancing to term 2
I20260713 08:59:47.979593   565 raft_consensus.cc:3055] T 32875ab8abd24528b193020124c70768 P cfba36c9508c4d9994e62c7a0187cff6 [term 1 LEADER]: Stepping down as leader of term 1
I20260713 08:59:47.979951   565 raft_consensus.cc:740] T 32875ab8abd24528b193020124c70768 P cfba36c9508c4d9994e62c7a0187cff6 [term 1 LEADER]: Becoming Follower/Learner. State: Replica: cfba36c9508c4d9994e62c7a0187cff6, State: Running, Role: LEADER
I20260713 08:59:47.980116   640 raft_consensus.cc:515] T 1bb48c31bd8849c5971fcab0369ea685 P 00b71fe65cb84ab09e3d34f0ffffa4c2 [term 3 FOLLOWER]: Starting forced leader election with config: opid_index: -1 OBSOLETE_local: false peers { permanent_uuid: "cfba36c9508c4d9994e62c7a0187cff6" member_type: VOTER last_known_addr { host: "127.0.107.193" port: 40797 } } peers { permanent_uuid: "00b71fe65cb84ab09e3d34f0ffffa4c2" member_type: VOTER last_known_addr { host: "127.0.107.194" port: 37233 } } peers { permanent_uuid: "07ef0ed098684abaafbce608a7e898a1" member_type: VOTER last_known_addr { host: "127.0.107.195" port: 46321 } }
I20260713 08:59:47.980862   565 consensus_queue.cc:260] T 32875ab8abd24528b193020124c70768 P cfba36c9508c4d9994e62c7a0187cff6 [NON_LEADER]: Queue going to NON_LEADER mode. State: All replicated index: 0, Majority replicated index: 1, Committed index: 1, Last appended: 1.1, Last appended by leader: 1, Current term: 1, Majority size: -1, State: 0, Mode: NON_LEADER, active raft config: opid_index: -1 OBSOLETE_local: false peers { permanent_uuid: "cfba36c9508c4d9994e62c7a0187cff6" member_type: VOTER last_known_addr { host: "127.0.107.193" port: 40797 } } peers { permanent_uuid: "00b71fe65cb84ab09e3d34f0ffffa4c2" member_type: VOTER last_known_addr { host: "127.0.107.194" port: 37233 } } peers { permanent_uuid: "07ef0ed098684abaafbce608a7e898a1" member_type: VOTER last_known_addr { host: "127.0.107.195" port: 46321 } }
I20260713 08:59:47.982084   565 raft_consensus.cc:3060] T 32875ab8abd24528b193020124c70768 P cfba36c9508c4d9994e62c7a0187cff6 [term 1 FOLLOWER]: Advancing to term 2
I20260713 08:59:47.983187   640 leader_election.cc:290] T 1bb48c31bd8849c5971fcab0369ea685 P 00b71fe65cb84ab09e3d34f0ffffa4c2 [CANDIDATE]: Term 3 election: Requested vote from peers cfba36c9508c4d9994e62c7a0187cff6 (127.0.107.193:40797), 07ef0ed098684abaafbce608a7e898a1 (127.0.107.195:46321)
I20260713 08:59:47.983641   566 tablet_service.cc:1917] Received RequestConsensusVote() RPC: tablet_id: "1bb48c31bd8849c5971fcab0369ea685" candidate_uuid: "00b71fe65cb84ab09e3d34f0ffffa4c2" candidate_term: 3 candidate_status { last_received { term: 2 index: 2 } } ignore_live_leader: true dest_uuid: "cfba36c9508c4d9994e62c7a0187cff6"
I20260713 08:59:47.984207   566 raft_consensus.cc:3055] T 1bb48c31bd8849c5971fcab0369ea685 P cfba36c9508c4d9994e62c7a0187cff6 [term 2 LEADER]: Stepping down as leader of term 2
I20260713 08:59:47.984511   566 raft_consensus.cc:740] T 1bb48c31bd8849c5971fcab0369ea685 P cfba36c9508c4d9994e62c7a0187cff6 [term 2 LEADER]: Becoming Follower/Learner. State: Replica: cfba36c9508c4d9994e62c7a0187cff6, State: Running, Role: LEADER
I20260713 08:59:47.984546   714 tablet_service.cc:1917] Received RequestConsensusVote() RPC: tablet_id: "1bb48c31bd8849c5971fcab0369ea685" candidate_uuid: "00b71fe65cb84ab09e3d34f0ffffa4c2" candidate_term: 3 candidate_status { last_received { term: 2 index: 2 } } ignore_live_leader: true dest_uuid: "07ef0ed098684abaafbce608a7e898a1"
I20260713 08:59:47.985179   714 raft_consensus.cc:3060] T 1bb48c31bd8849c5971fcab0369ea685 P 07ef0ed098684abaafbce608a7e898a1 [term 2 FOLLOWER]: Advancing to term 3
I20260713 08:59:47.985400   566 consensus_queue.cc:260] T 1bb48c31bd8849c5971fcab0369ea685 P cfba36c9508c4d9994e62c7a0187cff6 [NON_LEADER]: Queue going to NON_LEADER mode. State: All replicated index: 0, Majority replicated index: 2, Committed index: 2, Last appended: 2.2, Last appended by leader: 2, Current term: 2, Majority size: -1, State: 0, Mode: NON_LEADER, active raft config: opid_index: -1 OBSOLETE_local: false peers { permanent_uuid: "cfba36c9508c4d9994e62c7a0187cff6" member_type: VOTER last_known_addr { host: "127.0.107.193" port: 40797 } } peers { permanent_uuid: "00b71fe65cb84ab09e3d34f0ffffa4c2" member_type: VOTER last_known_addr { host: "127.0.107.194" port: 37233 } } peers { permanent_uuid: "07ef0ed098684abaafbce608a7e898a1" member_type: VOTER last_known_addr { host: "127.0.107.195" port: 46321 } }
I20260713 08:59:47.986672   566 raft_consensus.cc:3060] T 1bb48c31bd8849c5971fcab0369ea685 P cfba36c9508c4d9994e62c7a0187cff6 [term 2 FOLLOWER]: Advancing to term 3
I20260713 08:59:48.035462   715 raft_consensus.cc:2468] T 32875ab8abd24528b193020124c70768 P 07ef0ed098684abaafbce608a7e898a1 [term 2 FOLLOWER]: Leader election vote request: Granting yes vote for candidate 00b71fe65cb84ab09e3d34f0ffffa4c2 in term 2.
I20260713 08:59:48.035772   714 raft_consensus.cc:2468] T 1bb48c31bd8849c5971fcab0369ea685 P 07ef0ed098684abaafbce608a7e898a1 [term 3 FOLLOWER]: Leader election vote request: Granting yes vote for candidate 00b71fe65cb84ab09e3d34f0ffffa4c2 in term 3.
I20260713 08:59:48.035485   565 raft_consensus.cc:2468] T 32875ab8abd24528b193020124c70768 P cfba36c9508c4d9994e62c7a0187cff6 [term 2 FOLLOWER]: Leader election vote request: Granting yes vote for candidate 00b71fe65cb84ab09e3d34f0ffffa4c2 in term 2.
I20260713 08:59:48.035789   566 raft_consensus.cc:2468] T 1bb48c31bd8849c5971fcab0369ea685 P cfba36c9508c4d9994e62c7a0187cff6 [term 3 FOLLOWER]: Leader election vote request: Granting yes vote for candidate 00b71fe65cb84ab09e3d34f0ffffa4c2 in term 3.
I20260713 08:59:48.036906   605 leader_election.cc:304] T 32875ab8abd24528b193020124c70768 P 00b71fe65cb84ab09e3d34f0ffffa4c2 [CANDIDATE]: Term 2 election: Election decided. Result: candidate won. Election summary: received 2 responses out of 3 voters: 2 yes votes; 0 no votes. yes voters: 00b71fe65cb84ab09e3d34f0ffffa4c2, 07ef0ed098684abaafbce608a7e898a1; no voters: 
I20260713 08:59:48.037981   789 raft_consensus.cc:2804] T 32875ab8abd24528b193020124c70768 P 00b71fe65cb84ab09e3d34f0ffffa4c2 [term 2 FOLLOWER]: Leader election won for term 2
I20260713 08:59:48.038676   789 raft_consensus.cc:697] T 32875ab8abd24528b193020124c70768 P 00b71fe65cb84ab09e3d34f0ffffa4c2 [term 2 LEADER]: Becoming Leader. State: Replica: 00b71fe65cb84ab09e3d34f0ffffa4c2, State: Running, Role: LEADER
I20260713 08:59:48.038164   605 leader_election.cc:304] T 1bb48c31bd8849c5971fcab0369ea685 P 00b71fe65cb84ab09e3d34f0ffffa4c2 [CANDIDATE]: Term 3 election: Election decided. Result: candidate won. Election summary: received 2 responses out of 3 voters: 2 yes votes; 0 no votes. yes voters: 00b71fe65cb84ab09e3d34f0ffffa4c2, 07ef0ed098684abaafbce608a7e898a1; no voters: 
I20260713 08:59:48.039464   845 raft_consensus.cc:2804] T 1bb48c31bd8849c5971fcab0369ea685 P 00b71fe65cb84ab09e3d34f0ffffa4c2 [term 3 FOLLOWER]: Leader election won for term 3
I20260713 08:59:48.039558   789 consensus_queue.cc:237] T 32875ab8abd24528b193020124c70768 P 00b71fe65cb84ab09e3d34f0ffffa4c2 [LEADER]: Queue going to LEADER mode. State: All replicated index: 0, Majority replicated index: 1, Committed index: 1, Last appended: 1.1, Last appended by leader: 1, Current term: 2, Majority size: 2, State: 0, Mode: LEADER, active raft config: opid_index: -1 OBSOLETE_local: false peers { permanent_uuid: "cfba36c9508c4d9994e62c7a0187cff6" member_type: VOTER last_known_addr { host: "127.0.107.193" port: 40797 } } peers { permanent_uuid: "00b71fe65cb84ab09e3d34f0ffffa4c2" member_type: VOTER last_known_addr { host: "127.0.107.194" port: 37233 } } peers { permanent_uuid: "07ef0ed098684abaafbce608a7e898a1" member_type: VOTER last_known_addr { host: "127.0.107.195" port: 46321 } }
I20260713 08:59:48.040580   845 raft_consensus.cc:697] T 1bb48c31bd8849c5971fcab0369ea685 P 00b71fe65cb84ab09e3d34f0ffffa4c2 [term 3 LEADER]: Becoming Leader. State: Replica: 00b71fe65cb84ab09e3d34f0ffffa4c2, State: Running, Role: LEADER
I20260713 08:59:48.041442   845 consensus_queue.cc:237] T 1bb48c31bd8849c5971fcab0369ea685 P 00b71fe65cb84ab09e3d34f0ffffa4c2 [LEADER]: Queue going to LEADER mode. State: All replicated index: 0, Majority replicated index: 2, Committed index: 2, Last appended: 2.2, Last appended by leader: 2, Current term: 3, Majority size: 2, State: 0, Mode: LEADER, active raft config: opid_index: -1 OBSOLETE_local: false peers { permanent_uuid: "cfba36c9508c4d9994e62c7a0187cff6" member_type: VOTER last_known_addr { host: "127.0.107.193" port: 40797 } } peers { permanent_uuid: "00b71fe65cb84ab09e3d34f0ffffa4c2" member_type: VOTER last_known_addr { host: "127.0.107.194" port: 37233 } } peers { permanent_uuid: "07ef0ed098684abaafbce608a7e898a1" member_type: VOTER last_known_addr { host: "127.0.107.195" port: 46321 } }
I20260713 08:59:48.048018   463 catalog_manager.cc:5697] T 32875ab8abd24528b193020124c70768 P 00b71fe65cb84ab09e3d34f0ffffa4c2 reported cstate change: term changed from 1 to 2, leader changed from cfba36c9508c4d9994e62c7a0187cff6 (127.0.107.193) to 00b71fe65cb84ab09e3d34f0ffffa4c2 (127.0.107.194). New cstate: current_term: 2 leader_uuid: "00b71fe65cb84ab09e3d34f0ffffa4c2" committed_config { opid_index: -1 OBSOLETE_local: false peers { permanent_uuid: "cfba36c9508c4d9994e62c7a0187cff6" member_type: VOTER last_known_addr { host: "127.0.107.193" port: 40797 } health_report { overall_health: UNKNOWN } } peers { permanent_uuid: "00b71fe65cb84ab09e3d34f0ffffa4c2" member_type: VOTER last_known_addr { host: "127.0.107.194" port: 37233 } health_report { overall_health: HEALTHY } } peers { permanent_uuid: "07ef0ed098684abaafbce608a7e898a1" member_type: VOTER last_known_addr { host: "127.0.107.195" port: 46321 } health_report { overall_health: UNKNOWN } } }
I20260713 08:59:48.058300   463 catalog_manager.cc:5697] T 1bb48c31bd8849c5971fcab0369ea685 P 00b71fe65cb84ab09e3d34f0ffffa4c2 reported cstate change: term changed from 2 to 3, leader changed from cfba36c9508c4d9994e62c7a0187cff6 (127.0.107.193) to 00b71fe65cb84ab09e3d34f0ffffa4c2 (127.0.107.194). New cstate: current_term: 3 leader_uuid: "00b71fe65cb84ab09e3d34f0ffffa4c2" committed_config { opid_index: -1 OBSOLETE_local: false peers { permanent_uuid: "cfba36c9508c4d9994e62c7a0187cff6" member_type: VOTER last_known_addr { host: "127.0.107.193" port: 40797 } health_report { overall_health: UNKNOWN } } peers { permanent_uuid: "00b71fe65cb84ab09e3d34f0ffffa4c2" member_type: VOTER last_known_addr { host: "127.0.107.194" port: 37233 } health_report { overall_health: HEALTHY } } peers { permanent_uuid: "07ef0ed098684abaafbce608a7e898a1" member_type: VOTER last_known_addr { host: "127.0.107.195" port: 46321 } health_report { overall_health: UNKNOWN } } }
I20260713 08:59:48.060726   566 raft_consensus.cc:1275] T 3e8e926cb9034f0da7f783361451587b P cfba36c9508c4d9994e62c7a0187cff6 [term 3 FOLLOWER]: Refusing update from remote peer 00b71fe65cb84ab09e3d34f0ffffa4c2: Log matching property violated. Preceding OpId in replica: term: 2 index: 2. Preceding OpId from leader: term: 3 index: 3. (index mismatch)
I20260713 08:59:48.062077   845 consensus_queue.cc:1048] T 3e8e926cb9034f0da7f783361451587b P 00b71fe65cb84ab09e3d34f0ffffa4c2 [LEADER]: Connected to new peer: Peer: permanent_uuid: "cfba36c9508c4d9994e62c7a0187cff6" member_type: VOTER last_known_addr { host: "127.0.107.193" port: 40797 }, Status: LMP_MISMATCH, Last received: 0.0, Next index: 3, Last known committed idx: 2, Time since last communication: 0.000s
I20260713 08:59:48.070763   715 raft_consensus.cc:1275] T 3e8e926cb9034f0da7f783361451587b P 07ef0ed098684abaafbce608a7e898a1 [term 3 FOLLOWER]: Refusing update from remote peer 00b71fe65cb84ab09e3d34f0ffffa4c2: Log matching property violated. Preceding OpId in replica: term: 2 index: 2. Preceding OpId from leader: term: 3 index: 3. (index mismatch)
I20260713 08:59:48.072196   789 consensus_queue.cc:1048] T 3e8e926cb9034f0da7f783361451587b P 00b71fe65cb84ab09e3d34f0ffffa4c2 [LEADER]: Connected to new peer: Peer: permanent_uuid: "07ef0ed098684abaafbce608a7e898a1" member_type: VOTER last_known_addr { host: "127.0.107.195" port: 46321 }, Status: LMP_MISMATCH, Last received: 0.0, Next index: 3, Last known committed idx: 2, Time since last communication: 0.000s
I20260713 08:59:48.313427   715 raft_consensus.cc:1275] T 506b7d852c304f8fbd8161f9a29bd2d1 P 07ef0ed098684abaafbce608a7e898a1 [term 2 FOLLOWER]: Refusing update from remote peer 00b71fe65cb84ab09e3d34f0ffffa4c2: Log matching property violated. Preceding OpId in replica: term: 1 index: 1. Preceding OpId from leader: term: 2 index: 2. (index mismatch)
I20260713 08:59:48.314529   789 consensus_queue.cc:1048] T 506b7d852c304f8fbd8161f9a29bd2d1 P 00b71fe65cb84ab09e3d34f0ffffa4c2 [LEADER]: Connected to new peer: Peer: permanent_uuid: "07ef0ed098684abaafbce608a7e898a1" member_type: VOTER last_known_addr { host: "127.0.107.195" port: 46321 }, Status: LMP_MISMATCH, Last received: 0.0, Next index: 2, Last known committed idx: 1, Time since last communication: 0.000s
I20260713 08:59:48.323550   566 raft_consensus.cc:1275] T 506b7d852c304f8fbd8161f9a29bd2d1 P cfba36c9508c4d9994e62c7a0187cff6 [term 2 FOLLOWER]: Refusing update from remote peer 00b71fe65cb84ab09e3d34f0ffffa4c2: Log matching property violated. Preceding OpId in replica: term: 1 index: 1. Preceding OpId from leader: term: 2 index: 2. (index mismatch)
I20260713 08:59:48.326146   789 consensus_queue.cc:1048] T 506b7d852c304f8fbd8161f9a29bd2d1 P 00b71fe65cb84ab09e3d34f0ffffa4c2 [LEADER]: Connected to new peer: Peer: permanent_uuid: "cfba36c9508c4d9994e62c7a0187cff6" member_type: VOTER last_known_addr { host: "127.0.107.193" port: 40797 }, Status: LMP_MISMATCH, Last received: 0.0, Next index: 2, Last known committed idx: 1, Time since last communication: 0.000s
I20260713 08:59:48.425204   566 raft_consensus.cc:1275] T 32875ab8abd24528b193020124c70768 P cfba36c9508c4d9994e62c7a0187cff6 [term 2 FOLLOWER]: Refusing update from remote peer 00b71fe65cb84ab09e3d34f0ffffa4c2: Log matching property violated. Preceding OpId in replica: term: 1 index: 1. Preceding OpId from leader: term: 2 index: 2. (index mismatch)
I20260713 08:59:48.426433   789 consensus_queue.cc:1048] T 32875ab8abd24528b193020124c70768 P 00b71fe65cb84ab09e3d34f0ffffa4c2 [LEADER]: Connected to new peer: Peer: permanent_uuid: "cfba36c9508c4d9994e62c7a0187cff6" member_type: VOTER last_known_addr { host: "127.0.107.193" port: 40797 }, Status: LMP_MISMATCH, Last received: 0.0, Next index: 2, Last known committed idx: 1, Time since last communication: 0.000s
I20260713 08:59:48.432000   715 raft_consensus.cc:1275] T 23594285fd2e4339a36aec29ff7c0fdc P 07ef0ed098684abaafbce608a7e898a1 [term 4 FOLLOWER]: Refusing update from remote peer 00b71fe65cb84ab09e3d34f0ffffa4c2: Log matching property violated. Preceding OpId in replica: term: 3 index: 3. Preceding OpId from leader: term: 4 index: 4. (index mismatch)
I20260713 08:59:48.435184   845 consensus_queue.cc:1048] T 23594285fd2e4339a36aec29ff7c0fdc P 00b71fe65cb84ab09e3d34f0ffffa4c2 [LEADER]: Connected to new peer: Peer: permanent_uuid: "07ef0ed098684abaafbce608a7e898a1" member_type: VOTER last_known_addr { host: "127.0.107.195" port: 46321 }, Status: LMP_MISMATCH, Last received: 0.0, Next index: 4, Last known committed idx: 3, Time since last communication: 0.000s
I20260713 08:59:48.440222   715 raft_consensus.cc:1275] T 32875ab8abd24528b193020124c70768 P 07ef0ed098684abaafbce608a7e898a1 [term 2 FOLLOWER]: Refusing update from remote peer 00b71fe65cb84ab09e3d34f0ffffa4c2: Log matching property violated. Preceding OpId in replica: term: 1 index: 1. Preceding OpId from leader: term: 2 index: 2. (index mismatch)
I20260713 08:59:48.442503   789 consensus_queue.cc:1048] T 32875ab8abd24528b193020124c70768 P 00b71fe65cb84ab09e3d34f0ffffa4c2 [LEADER]: Connected to new peer: Peer: permanent_uuid: "07ef0ed098684abaafbce608a7e898a1" member_type: VOTER last_known_addr { host: "127.0.107.195" port: 46321 }, Status: LMP_MISMATCH, Last received: 0.0, Next index: 2, Last known committed idx: 1, Time since last communication: 0.000s
I20260713 08:59:48.448815   566 raft_consensus.cc:1275] T 23594285fd2e4339a36aec29ff7c0fdc P cfba36c9508c4d9994e62c7a0187cff6 [term 4 FOLLOWER]: Refusing update from remote peer 00b71fe65cb84ab09e3d34f0ffffa4c2: Log matching property violated. Preceding OpId in replica: term: 3 index: 3. Preceding OpId from leader: term: 4 index: 4. (index mismatch)
I20260713 08:59:48.450306   789 consensus_queue.cc:1048] T 23594285fd2e4339a36aec29ff7c0fdc P 00b71fe65cb84ab09e3d34f0ffffa4c2 [LEADER]: Connected to new peer: Peer: permanent_uuid: "cfba36c9508c4d9994e62c7a0187cff6" member_type: VOTER last_known_addr { host: "127.0.107.193" port: 40797 }, Status: LMP_MISMATCH, Last received: 0.0, Next index: 4, Last known committed idx: 3, Time since last communication: 0.000s
I20260713 08:59:48.536062   566 raft_consensus.cc:1275] T 1bb48c31bd8849c5971fcab0369ea685 P cfba36c9508c4d9994e62c7a0187cff6 [term 3 FOLLOWER]: Refusing update from remote peer 00b71fe65cb84ab09e3d34f0ffffa4c2: Log matching property violated. Preceding OpId in replica: term: 2 index: 2. Preceding OpId from leader: term: 3 index: 3. (index mismatch)
I20260713 08:59:48.537278   789 consensus_queue.cc:1048] T 1bb48c31bd8849c5971fcab0369ea685 P 00b71fe65cb84ab09e3d34f0ffffa4c2 [LEADER]: Connected to new peer: Peer: permanent_uuid: "cfba36c9508c4d9994e62c7a0187cff6" member_type: VOTER last_known_addr { host: "127.0.107.193" port: 40797 }, Status: LMP_MISMATCH, Last received: 0.0, Next index: 3, Last known committed idx: 2, Time since last communication: 0.000s
I20260713 08:59:48.545761   715 raft_consensus.cc:1275] T 1bb48c31bd8849c5971fcab0369ea685 P 07ef0ed098684abaafbce608a7e898a1 [term 3 FOLLOWER]: Refusing update from remote peer 00b71fe65cb84ab09e3d34f0ffffa4c2: Log matching property violated. Preceding OpId in replica: term: 2 index: 2. Preceding OpId from leader: term: 3 index: 3. (index mismatch)
I20260713 08:59:48.548094   872 consensus_queue.cc:1048] T 1bb48c31bd8849c5971fcab0369ea685 P 00b71fe65cb84ab09e3d34f0ffffa4c2 [LEADER]: Connected to new peer: Peer: permanent_uuid: "07ef0ed098684abaafbce608a7e898a1" member_type: VOTER last_known_addr { host: "127.0.107.195" port: 46321 }, Status: LMP_MISMATCH, Last received: 0.0, Next index: 3, Last known committed idx: 2, Time since last communication: 0.000s
W20260713 08:59:48.664096   494 debug-util.cc:398] Leaking SignalData structure 0x7b0800062060 after lost signal to thread 434
W20260713 08:59:48.664878   494 debug-util.cc:398] Leaking SignalData structure 0x7b0800062740 after lost signal to thread 497
W20260713 08:59:48.665685   494 debug-util.cc:398] Leaking SignalData structure 0x7b0800040680 after lost signal to thread 590
W20260713 08:59:48.666364   494 debug-util.cc:398] Leaking SignalData structure 0x7b080018fc80 after lost signal to thread 665
W20260713 08:59:48.667017   494 debug-util.cc:398] Leaking SignalData structure 0x7b08001f3f60 after lost signal to thread 739
I20260713 08:59:50.506598   431 auto_leader_rebalancer.cc:141] leader rebalance for table test-workload
I20260713 08:59:50.517647   640 tablet_service.cc:2072] Received LeaderStepDown RPC: tablet_id: "1bb48c31bd8849c5971fcab0369ea685"
dest_uuid: "00b71fe65cb84ab09e3d34f0ffffa4c2"
mode: GRACEFUL
new_leader_uuid: "07ef0ed098684abaafbce608a7e898a1"
 from {username='slave'} at 127.0.0.1:35124
I20260713 08:59:50.518625   640 raft_consensus.cc:606] T 1bb48c31bd8849c5971fcab0369ea685 P 00b71fe65cb84ab09e3d34f0ffffa4c2 [term 3 LEADER]: Received request to transfer leadership to TS 07ef0ed098684abaafbce608a7e898a1
I20260713 08:59:50.521867   640 tablet_service.cc:2072] Received LeaderStepDown RPC: tablet_id: "23594285fd2e4339a36aec29ff7c0fdc"
dest_uuid: "00b71fe65cb84ab09e3d34f0ffffa4c2"
mode: GRACEFUL
new_leader_uuid: "07ef0ed098684abaafbce608a7e898a1"
 from {username='slave'} at 127.0.0.1:35124
I20260713 08:59:50.522539   640 raft_consensus.cc:606] T 23594285fd2e4339a36aec29ff7c0fdc P 00b71fe65cb84ab09e3d34f0ffffa4c2 [term 4 LEADER]: Received request to transfer leadership to TS 07ef0ed098684abaafbce608a7e898a1
I20260713 08:59:50.525200   640 tablet_service.cc:2072] Received LeaderStepDown RPC: tablet_id: "3e8e926cb9034f0da7f783361451587b"
dest_uuid: "00b71fe65cb84ab09e3d34f0ffffa4c2"
mode: GRACEFUL
new_leader_uuid: "cfba36c9508c4d9994e62c7a0187cff6"
 from {username='slave'} at 127.0.0.1:35124
I20260713 08:59:50.525813   640 raft_consensus.cc:606] T 3e8e926cb9034f0da7f783361451587b P 00b71fe65cb84ab09e3d34f0ffffa4c2 [term 3 LEADER]: Received request to transfer leadership to TS cfba36c9508c4d9994e62c7a0187cff6
I20260713 08:59:50.528301   640 tablet_service.cc:2072] Received LeaderStepDown RPC: tablet_id: "506b7d852c304f8fbd8161f9a29bd2d1"
dest_uuid: "00b71fe65cb84ab09e3d34f0ffffa4c2"
mode: GRACEFUL
new_leader_uuid: "cfba36c9508c4d9994e62c7a0187cff6"
 from {username='slave'} at 127.0.0.1:35124
I20260713 08:59:50.528889   640 raft_consensus.cc:606] T 506b7d852c304f8fbd8161f9a29bd2d1 P 00b71fe65cb84ab09e3d34f0ffffa4c2 [term 2 LEADER]: Received request to transfer leadership to TS cfba36c9508c4d9994e62c7a0187cff6
I20260713 08:59:50.532940   640 tablet_service.cc:2072] Received LeaderStepDown RPC: tablet_id: "6c4dfb04471140daa7250cd0d7fd0a78"
dest_uuid: "00b71fe65cb84ab09e3d34f0ffffa4c2"
mode: GRACEFUL
new_leader_uuid: "cfba36c9508c4d9994e62c7a0187cff6"
 from {username='slave'} at 127.0.0.1:35124
I20260713 08:59:50.533486   640 raft_consensus.cc:606] T 6c4dfb04471140daa7250cd0d7fd0a78 P 00b71fe65cb84ab09e3d34f0ffffa4c2 [term 1 LEADER]: Received request to transfer leadership to TS cfba36c9508c4d9994e62c7a0187cff6
I20260713 08:59:50.534788   431 auto_leader_rebalancer.cc:479] table: test-workload, leader rebalance finish, leader transfer count: 5
I20260713 08:59:50.535233   431 auto_leader_rebalancer.cc:554] All tables' leader rebalancing finished this round
I20260713 08:59:50.543548   872 raft_consensus.cc:993] T 3e8e926cb9034f0da7f783361451587b P 00b71fe65cb84ab09e3d34f0ffffa4c2: : Instructing follower cfba36c9508c4d9994e62c7a0187cff6 to start an election
I20260713 08:59:50.544139   890 raft_consensus.cc:1081] T 3e8e926cb9034f0da7f783361451587b P 00b71fe65cb84ab09e3d34f0ffffa4c2 [term 3 LEADER]: Signalling peer cfba36c9508c4d9994e62c7a0187cff6 to start an election
I20260713 08:59:50.546069   566 tablet_service.cc:2044] Received Run Leader Election RPC: tablet_id: "3e8e926cb9034f0da7f783361451587b"
dest_uuid: "cfba36c9508c4d9994e62c7a0187cff6"
 from {username='slave'} at 127.0.0.1:50402
I20260713 08:59:50.546766   566 raft_consensus.cc:493] T 3e8e926cb9034f0da7f783361451587b P cfba36c9508c4d9994e62c7a0187cff6 [term 3 FOLLOWER]: Starting forced leader election (received explicit request)
I20260713 08:59:50.547117   566 raft_consensus.cc:3060] T 3e8e926cb9034f0da7f783361451587b P cfba36c9508c4d9994e62c7a0187cff6 [term 3 FOLLOWER]: Advancing to term 4
I20260713 08:59:50.552109   566 raft_consensus.cc:515] T 3e8e926cb9034f0da7f783361451587b P cfba36c9508c4d9994e62c7a0187cff6 [term 4 FOLLOWER]: Starting forced leader election with config: opid_index: -1 OBSOLETE_local: false peers { permanent_uuid: "cfba36c9508c4d9994e62c7a0187cff6" member_type: VOTER last_known_addr { host: "127.0.107.193" port: 40797 } } peers { permanent_uuid: "00b71fe65cb84ab09e3d34f0ffffa4c2" member_type: VOTER last_known_addr { host: "127.0.107.194" port: 37233 } } peers { permanent_uuid: "07ef0ed098684abaafbce608a7e898a1" member_type: VOTER last_known_addr { host: "127.0.107.195" port: 46321 } }
I20260713 08:59:50.554139   566 leader_election.cc:290] T 3e8e926cb9034f0da7f783361451587b P cfba36c9508c4d9994e62c7a0187cff6 [CANDIDATE]: Term 4 election: Requested vote from peers 00b71fe65cb84ab09e3d34f0ffffa4c2 (127.0.107.194:37233), 07ef0ed098684abaafbce608a7e898a1 (127.0.107.195:46321)
I20260713 08:59:50.555094   640 tablet_service.cc:1917] Received RequestConsensusVote() RPC: tablet_id: "3e8e926cb9034f0da7f783361451587b" candidate_uuid: "cfba36c9508c4d9994e62c7a0187cff6" candidate_term: 4 candidate_status { last_received { term: 3 index: 3 } } ignore_live_leader: true dest_uuid: "00b71fe65cb84ab09e3d34f0ffffa4c2"
I20260713 08:59:50.555603   715 tablet_service.cc:1917] Received RequestConsensusVote() RPC: tablet_id: "3e8e926cb9034f0da7f783361451587b" candidate_uuid: "cfba36c9508c4d9994e62c7a0187cff6" candidate_term: 4 candidate_status { last_received { term: 3 index: 3 } } ignore_live_leader: true dest_uuid: "07ef0ed098684abaafbce608a7e898a1"
I20260713 08:59:50.555948   640 raft_consensus.cc:3055] T 3e8e926cb9034f0da7f783361451587b P 00b71fe65cb84ab09e3d34f0ffffa4c2 [term 3 LEADER]: Stepping down as leader of term 3
I20260713 08:59:50.556155   715 raft_consensus.cc:3060] T 3e8e926cb9034f0da7f783361451587b P 07ef0ed098684abaafbce608a7e898a1 [term 3 FOLLOWER]: Advancing to term 4
I20260713 08:59:50.556357   640 raft_consensus.cc:740] T 3e8e926cb9034f0da7f783361451587b P 00b71fe65cb84ab09e3d34f0ffffa4c2 [term 3 LEADER]: Becoming Follower/Learner. State: Replica: 00b71fe65cb84ab09e3d34f0ffffa4c2, State: Running, Role: LEADER
I20260713 08:59:50.557294   640 consensus_queue.cc:260] T 3e8e926cb9034f0da7f783361451587b P 00b71fe65cb84ab09e3d34f0ffffa4c2 [NON_LEADER]: Queue going to NON_LEADER mode. State: All replicated index: 0, Majority replicated index: 3, Committed index: 3, Last appended: 3.3, Last appended by leader: 3, Current term: 3, Majority size: -1, State: 0, Mode: NON_LEADER, active raft config: opid_index: -1 OBSOLETE_local: false peers { permanent_uuid: "cfba36c9508c4d9994e62c7a0187cff6" member_type: VOTER last_known_addr { host: "127.0.107.193" port: 40797 } } peers { permanent_uuid: "00b71fe65cb84ab09e3d34f0ffffa4c2" member_type: VOTER last_known_addr { host: "127.0.107.194" port: 37233 } } peers { permanent_uuid: "07ef0ed098684abaafbce608a7e898a1" member_type: VOTER last_known_addr { host: "127.0.107.195" port: 46321 } }
I20260713 08:59:50.558645   640 raft_consensus.cc:3060] T 3e8e926cb9034f0da7f783361451587b P 00b71fe65cb84ab09e3d34f0ffffa4c2 [term 3 FOLLOWER]: Advancing to term 4
I20260713 08:59:50.563071   715 raft_consensus.cc:2468] T 3e8e926cb9034f0da7f783361451587b P 07ef0ed098684abaafbce608a7e898a1 [term 4 FOLLOWER]: Leader election vote request: Granting yes vote for candidate cfba36c9508c4d9994e62c7a0187cff6 in term 4.
I20260713 08:59:50.564846   530 leader_election.cc:304] T 3e8e926cb9034f0da7f783361451587b P cfba36c9508c4d9994e62c7a0187cff6 [CANDIDATE]: Term 4 election: Election decided. Result: candidate won. Election summary: received 2 responses out of 3 voters: 2 yes votes; 0 no votes. yes voters: 07ef0ed098684abaafbce608a7e898a1, cfba36c9508c4d9994e62c7a0187cff6; no voters: 
I20260713 08:59:50.565793   640 raft_consensus.cc:2468] T 3e8e926cb9034f0da7f783361451587b P 00b71fe65cb84ab09e3d34f0ffffa4c2 [term 4 FOLLOWER]: Leader election vote request: Granting yes vote for candidate cfba36c9508c4d9994e62c7a0187cff6 in term 4.
I20260713 08:59:50.567863   891 raft_consensus.cc:2804] T 3e8e926cb9034f0da7f783361451587b P cfba36c9508c4d9994e62c7a0187cff6 [term 4 FOLLOWER]: Leader election won for term 4
I20260713 08:59:50.569048   891 raft_consensus.cc:697] T 3e8e926cb9034f0da7f783361451587b P cfba36c9508c4d9994e62c7a0187cff6 [term 4 LEADER]: Becoming Leader. State: Replica: cfba36c9508c4d9994e62c7a0187cff6, State: Running, Role: LEADER
I20260713 08:59:50.570083   891 consensus_queue.cc:237] T 3e8e926cb9034f0da7f783361451587b P cfba36c9508c4d9994e62c7a0187cff6 [LEADER]: Queue going to LEADER mode. State: All replicated index: 0, Majority replicated index: 3, Committed index: 3, Last appended: 3.3, Last appended by leader: 3, Current term: 4, Majority size: 2, State: 0, Mode: LEADER, active raft config: opid_index: -1 OBSOLETE_local: false peers { permanent_uuid: "cfba36c9508c4d9994e62c7a0187cff6" member_type: VOTER last_known_addr { host: "127.0.107.193" port: 40797 } } peers { permanent_uuid: "00b71fe65cb84ab09e3d34f0ffffa4c2" member_type: VOTER last_known_addr { host: "127.0.107.194" port: 37233 } } peers { permanent_uuid: "07ef0ed098684abaafbce608a7e898a1" member_type: VOTER last_known_addr { host: "127.0.107.195" port: 46321 } }
I20260713 08:59:50.578018   460 catalog_manager.cc:5697] T 3e8e926cb9034f0da7f783361451587b P cfba36c9508c4d9994e62c7a0187cff6 reported cstate change: term changed from 3 to 4, leader changed from 00b71fe65cb84ab09e3d34f0ffffa4c2 (127.0.107.194) to cfba36c9508c4d9994e62c7a0187cff6 (127.0.107.193). New cstate: current_term: 4 leader_uuid: "cfba36c9508c4d9994e62c7a0187cff6" committed_config { opid_index: -1 OBSOLETE_local: false peers { permanent_uuid: "cfba36c9508c4d9994e62c7a0187cff6" member_type: VOTER last_known_addr { host: "127.0.107.193" port: 40797 } health_report { overall_health: HEALTHY } } peers { permanent_uuid: "00b71fe65cb84ab09e3d34f0ffffa4c2" member_type: VOTER last_known_addr { host: "127.0.107.194" port: 37233 } health_report { overall_health: UNKNOWN } } peers { permanent_uuid: "07ef0ed098684abaafbce608a7e898a1" member_type: VOTER last_known_addr { host: "127.0.107.195" port: 46321 } health_report { overall_health: UNKNOWN } } }
I20260713 08:59:50.671721   872 raft_consensus.cc:993] T 506b7d852c304f8fbd8161f9a29bd2d1 P 00b71fe65cb84ab09e3d34f0ffffa4c2: : Instructing follower cfba36c9508c4d9994e62c7a0187cff6 to start an election
I20260713 08:59:50.672199   890 raft_consensus.cc:1081] T 506b7d852c304f8fbd8161f9a29bd2d1 P 00b71fe65cb84ab09e3d34f0ffffa4c2 [term 2 LEADER]: Signalling peer cfba36c9508c4d9994e62c7a0187cff6 to start an election
I20260713 08:59:50.673810   566 tablet_service.cc:2044] Received Run Leader Election RPC: tablet_id: "506b7d852c304f8fbd8161f9a29bd2d1"
dest_uuid: "cfba36c9508c4d9994e62c7a0187cff6"
 from {username='slave'} at 127.0.0.1:50402
I20260713 08:59:50.674383   566 raft_consensus.cc:493] T 506b7d852c304f8fbd8161f9a29bd2d1 P cfba36c9508c4d9994e62c7a0187cff6 [term 2 FOLLOWER]: Starting forced leader election (received explicit request)
I20260713 08:59:50.674744   566 raft_consensus.cc:3060] T 506b7d852c304f8fbd8161f9a29bd2d1 P cfba36c9508c4d9994e62c7a0187cff6 [term 2 FOLLOWER]: Advancing to term 3
I20260713 08:59:50.681996   566 raft_consensus.cc:515] T 506b7d852c304f8fbd8161f9a29bd2d1 P cfba36c9508c4d9994e62c7a0187cff6 [term 3 FOLLOWER]: Starting forced leader election with config: opid_index: -1 OBSOLETE_local: false peers { permanent_uuid: "cfba36c9508c4d9994e62c7a0187cff6" member_type: VOTER last_known_addr { host: "127.0.107.193" port: 40797 } } peers { permanent_uuid: "00b71fe65cb84ab09e3d34f0ffffa4c2" member_type: VOTER last_known_addr { host: "127.0.107.194" port: 37233 } } peers { permanent_uuid: "07ef0ed098684abaafbce608a7e898a1" member_type: VOTER last_known_addr { host: "127.0.107.195" port: 46321 } }
I20260713 08:59:50.684003   566 leader_election.cc:290] T 506b7d852c304f8fbd8161f9a29bd2d1 P cfba36c9508c4d9994e62c7a0187cff6 [CANDIDATE]: Term 3 election: Requested vote from peers 00b71fe65cb84ab09e3d34f0ffffa4c2 (127.0.107.194:37233), 07ef0ed098684abaafbce608a7e898a1 (127.0.107.195:46321)
I20260713 08:59:50.684863   640 tablet_service.cc:1917] Received RequestConsensusVote() RPC: tablet_id: "506b7d852c304f8fbd8161f9a29bd2d1" candidate_uuid: "cfba36c9508c4d9994e62c7a0187cff6" candidate_term: 3 candidate_status { last_received { term: 2 index: 2 } } ignore_live_leader: true dest_uuid: "00b71fe65cb84ab09e3d34f0ffffa4c2"
I20260713 08:59:50.685083   715 tablet_service.cc:1917] Received RequestConsensusVote() RPC: tablet_id: "506b7d852c304f8fbd8161f9a29bd2d1" candidate_uuid: "cfba36c9508c4d9994e62c7a0187cff6" candidate_term: 3 candidate_status { last_received { term: 2 index: 2 } } ignore_live_leader: true dest_uuid: "07ef0ed098684abaafbce608a7e898a1"
I20260713 08:59:50.685521   640 raft_consensus.cc:3055] T 506b7d852c304f8fbd8161f9a29bd2d1 P 00b71fe65cb84ab09e3d34f0ffffa4c2 [term 2 LEADER]: Stepping down as leader of term 2
I20260713 08:59:50.685534   715 raft_consensus.cc:3060] T 506b7d852c304f8fbd8161f9a29bd2d1 P 07ef0ed098684abaafbce608a7e898a1 [term 2 FOLLOWER]: Advancing to term 3
I20260713 08:59:50.685896   640 raft_consensus.cc:740] T 506b7d852c304f8fbd8161f9a29bd2d1 P 00b71fe65cb84ab09e3d34f0ffffa4c2 [term 2 LEADER]: Becoming Follower/Learner. State: Replica: 00b71fe65cb84ab09e3d34f0ffffa4c2, State: Running, Role: LEADER
I20260713 08:59:50.686786   640 consensus_queue.cc:260] T 506b7d852c304f8fbd8161f9a29bd2d1 P 00b71fe65cb84ab09e3d34f0ffffa4c2 [NON_LEADER]: Queue going to NON_LEADER mode. State: All replicated index: 0, Majority replicated index: 2, Committed index: 2, Last appended: 2.2, Last appended by leader: 2, Current term: 2, Majority size: -1, State: 0, Mode: NON_LEADER, active raft config: opid_index: -1 OBSOLETE_local: false peers { permanent_uuid: "cfba36c9508c4d9994e62c7a0187cff6" member_type: VOTER last_known_addr { host: "127.0.107.193" port: 40797 } } peers { permanent_uuid: "00b71fe65cb84ab09e3d34f0ffffa4c2" member_type: VOTER last_known_addr { host: "127.0.107.194" port: 37233 } } peers { permanent_uuid: "07ef0ed098684abaafbce608a7e898a1" member_type: VOTER last_known_addr { host: "127.0.107.195" port: 46321 } }
I20260713 08:59:50.687677   640 raft_consensus.cc:3060] T 506b7d852c304f8fbd8161f9a29bd2d1 P 00b71fe65cb84ab09e3d34f0ffffa4c2 [term 2 FOLLOWER]: Advancing to term 3
I20260713 08:59:50.692098   640 raft_consensus.cc:2468] T 506b7d852c304f8fbd8161f9a29bd2d1 P 00b71fe65cb84ab09e3d34f0ffffa4c2 [term 3 FOLLOWER]: Leader election vote request: Granting yes vote for candidate cfba36c9508c4d9994e62c7a0187cff6 in term 3.
I20260713 08:59:50.692420   715 raft_consensus.cc:2468] T 506b7d852c304f8fbd8161f9a29bd2d1 P 07ef0ed098684abaafbce608a7e898a1 [term 3 FOLLOWER]: Leader election vote request: Granting yes vote for candidate cfba36c9508c4d9994e62c7a0187cff6 in term 3.
I20260713 08:59:50.693504   532 leader_election.cc:304] T 506b7d852c304f8fbd8161f9a29bd2d1 P cfba36c9508c4d9994e62c7a0187cff6 [CANDIDATE]: Term 3 election: Election decided. Result: candidate won. Election summary: received 2 responses out of 3 voters: 2 yes votes; 0 no votes. yes voters: 00b71fe65cb84ab09e3d34f0ffffa4c2, cfba36c9508c4d9994e62c7a0187cff6; no voters: 
I20260713 08:59:50.694399   891 raft_consensus.cc:2804] T 506b7d852c304f8fbd8161f9a29bd2d1 P cfba36c9508c4d9994e62c7a0187cff6 [term 3 FOLLOWER]: Leader election won for term 3
I20260713 08:59:50.694870   891 raft_consensus.cc:697] T 506b7d852c304f8fbd8161f9a29bd2d1 P cfba36c9508c4d9994e62c7a0187cff6 [term 3 LEADER]: Becoming Leader. State: Replica: cfba36c9508c4d9994e62c7a0187cff6, State: Running, Role: LEADER
I20260713 08:59:50.695770   891 consensus_queue.cc:237] T 506b7d852c304f8fbd8161f9a29bd2d1 P cfba36c9508c4d9994e62c7a0187cff6 [LEADER]: Queue going to LEADER mode. State: All replicated index: 0, Majority replicated index: 2, Committed index: 2, Last appended: 2.2, Last appended by leader: 2, Current term: 3, Majority size: 2, State: 0, Mode: LEADER, active raft config: opid_index: -1 OBSOLETE_local: false peers { permanent_uuid: "cfba36c9508c4d9994e62c7a0187cff6" member_type: VOTER last_known_addr { host: "127.0.107.193" port: 40797 } } peers { permanent_uuid: "00b71fe65cb84ab09e3d34f0ffffa4c2" member_type: VOTER last_known_addr { host: "127.0.107.194" port: 37233 } } peers { permanent_uuid: "07ef0ed098684abaafbce608a7e898a1" member_type: VOTER last_known_addr { host: "127.0.107.195" port: 46321 } }
I20260713 08:59:50.705325   460 catalog_manager.cc:5697] T 506b7d852c304f8fbd8161f9a29bd2d1 P cfba36c9508c4d9994e62c7a0187cff6 reported cstate change: term changed from 2 to 3, leader changed from 00b71fe65cb84ab09e3d34f0ffffa4c2 (127.0.107.194) to cfba36c9508c4d9994e62c7a0187cff6 (127.0.107.193). New cstate: current_term: 3 leader_uuid: "cfba36c9508c4d9994e62c7a0187cff6" committed_config { opid_index: -1 OBSOLETE_local: false peers { permanent_uuid: "cfba36c9508c4d9994e62c7a0187cff6" member_type: VOTER last_known_addr { host: "127.0.107.193" port: 40797 } health_report { overall_health: HEALTHY } } peers { permanent_uuid: "00b71fe65cb84ab09e3d34f0ffffa4c2" member_type: VOTER last_known_addr { host: "127.0.107.194" port: 37233 } health_report { overall_health: UNKNOWN } } peers { permanent_uuid: "07ef0ed098684abaafbce608a7e898a1" member_type: VOTER last_known_addr { host: "127.0.107.195" port: 46321 } health_report { overall_health: UNKNOWN } } }
I20260713 08:59:50.738634   872 raft_consensus.cc:993] T 23594285fd2e4339a36aec29ff7c0fdc P 00b71fe65cb84ab09e3d34f0ffffa4c2: : Instructing follower 07ef0ed098684abaafbce608a7e898a1 to start an election
I20260713 08:59:50.739109   890 raft_consensus.cc:1081] T 23594285fd2e4339a36aec29ff7c0fdc P 00b71fe65cb84ab09e3d34f0ffffa4c2 [term 4 LEADER]: Signalling peer 07ef0ed098684abaafbce608a7e898a1 to start an election
I20260713 08:59:50.740764   715 tablet_service.cc:2044] Received Run Leader Election RPC: tablet_id: "23594285fd2e4339a36aec29ff7c0fdc"
dest_uuid: "07ef0ed098684abaafbce608a7e898a1"
 from {username='slave'} at 127.0.0.1:45800
I20260713 08:59:50.741376   715 raft_consensus.cc:493] T 23594285fd2e4339a36aec29ff7c0fdc P 07ef0ed098684abaafbce608a7e898a1 [term 4 FOLLOWER]: Starting forced leader election (received explicit request)
I20260713 08:59:50.741721   715 raft_consensus.cc:3060] T 23594285fd2e4339a36aec29ff7c0fdc P 07ef0ed098684abaafbce608a7e898a1 [term 4 FOLLOWER]: Advancing to term 5
I20260713 08:59:50.748311   715 raft_consensus.cc:515] T 23594285fd2e4339a36aec29ff7c0fdc P 07ef0ed098684abaafbce608a7e898a1 [term 5 FOLLOWER]: Starting forced leader election with config: opid_index: -1 OBSOLETE_local: false peers { permanent_uuid: "cfba36c9508c4d9994e62c7a0187cff6" member_type: VOTER last_known_addr { host: "127.0.107.193" port: 40797 } } peers { permanent_uuid: "00b71fe65cb84ab09e3d34f0ffffa4c2" member_type: VOTER last_known_addr { host: "127.0.107.194" port: 37233 } } peers { permanent_uuid: "07ef0ed098684abaafbce608a7e898a1" member_type: VOTER last_known_addr { host: "127.0.107.195" port: 46321 } }
I20260713 08:59:50.750463   715 leader_election.cc:290] T 23594285fd2e4339a36aec29ff7c0fdc P 07ef0ed098684abaafbce608a7e898a1 [CANDIDATE]: Term 5 election: Requested vote from peers cfba36c9508c4d9994e62c7a0187cff6 (127.0.107.193:40797), 00b71fe65cb84ab09e3d34f0ffffa4c2 (127.0.107.194:37233)
I20260713 08:59:50.751169   566 tablet_service.cc:1917] Received RequestConsensusVote() RPC: tablet_id: "23594285fd2e4339a36aec29ff7c0fdc" candidate_uuid: "07ef0ed098684abaafbce608a7e898a1" candidate_term: 5 candidate_status { last_received { term: 4 index: 4 } } ignore_live_leader: true dest_uuid: "cfba36c9508c4d9994e62c7a0187cff6"
I20260713 08:59:50.751765   566 raft_consensus.cc:3060] T 23594285fd2e4339a36aec29ff7c0fdc P cfba36c9508c4d9994e62c7a0187cff6 [term 4 FOLLOWER]: Advancing to term 5
I20260713 08:59:50.751873   640 tablet_service.cc:1917] Received RequestConsensusVote() RPC: tablet_id: "23594285fd2e4339a36aec29ff7c0fdc" candidate_uuid: "07ef0ed098684abaafbce608a7e898a1" candidate_term: 5 candidate_status { last_received { term: 4 index: 4 } } ignore_live_leader: true dest_uuid: "00b71fe65cb84ab09e3d34f0ffffa4c2"
I20260713 08:59:50.752511   640 raft_consensus.cc:3055] T 23594285fd2e4339a36aec29ff7c0fdc P 00b71fe65cb84ab09e3d34f0ffffa4c2 [term 4 LEADER]: Stepping down as leader of term 4
I20260713 08:59:50.752928   640 raft_consensus.cc:740] T 23594285fd2e4339a36aec29ff7c0fdc P 00b71fe65cb84ab09e3d34f0ffffa4c2 [term 4 LEADER]: Becoming Follower/Learner. State: Replica: 00b71fe65cb84ab09e3d34f0ffffa4c2, State: Running, Role: LEADER
