I20260713 09:07:01.528885 23011 raft_consensus.cc:359] T 089cae630a284fd28934762b3ac86b8f P 34d5c85225a04ca1a487258c662d1788 [term 0 FOLLOWER]: Replica starting. Triggering 0 pending ops. Active config: opid_index: -1 OBSOLETE_local: false peers { permanent_uuid: "34d5c85225a04ca1a487258c662d1788" member_type: VOTER last_known_addr { host: "127.21.56.1" port: 38307 } } peers { permanent_uuid: "f39fa13fb8294548b564603c7a1d14bc" member_type: VOTER last_known_addr { host: "127.21.56.2" port: 39663 } } peers { permanent_uuid: "8a6586cd61d64d588c54a487842e2007" member_type: VOTER last_known_addr { host: "127.21.56.3" port: 34005 } }
I20260713 09:07:01.529565 23011 raft_consensus.cc:385] T 089cae630a284fd28934762b3ac86b8f P 34d5c85225a04ca1a487258c662d1788 [term 0 FOLLOWER]: Consensus starting up: Expiring failure detector timer to make a prompt election more likely
I20260713 09:07:01.529862 23011 raft_consensus.cc:740] T 089cae630a284fd28934762b3ac86b8f P 34d5c85225a04ca1a487258c662d1788 [term 0 FOLLOWER]: Becoming Follower/Learner. State: Replica: 34d5c85225a04ca1a487258c662d1788, State: Initialized, Role: FOLLOWER
I20260713 09:07:01.530797 23011 consensus_queue.cc:260] T 089cae630a284fd28934762b3ac86b8f P 34d5c85225a04ca1a487258c662d1788 [NON_LEADER]: Queue going to NON_LEADER mode. State: All replicated index: 0, Majority replicated index: 0, Committed index: 0, Last appended: 0.0, Last appended by leader: 0, Current term: 0, Majority size: -1, State: 0, Mode: NON_LEADER, active raft config: opid_index: -1 OBSOLETE_local: false peers { permanent_uuid: "34d5c85225a04ca1a487258c662d1788" member_type: VOTER last_known_addr { host: "127.21.56.1" port: 38307 } } peers { permanent_uuid: "f39fa13fb8294548b564603c7a1d14bc" member_type: VOTER last_known_addr { host: "127.21.56.2" port: 39663 } } peers { permanent_uuid: "8a6586cd61d64d588c54a487842e2007" member_type: VOTER last_known_addr { host: "127.21.56.3" port: 34005 } }
I20260713 09:07:01.536550 23011 ts_tablet_manager.cc:1434] T 089cae630a284fd28934762b3ac86b8f P 34d5c85225a04ca1a487258c662d1788: Time spent starting tablet: real 0.010s	user 0.004s	sys 0.004s
I20260713 09:07:01.537562 23011 tablet_bootstrap.cc:492] T 02984fa17a2742328d8f537506c7e219 P 34d5c85225a04ca1a487258c662d1788: Bootstrap starting.
I20260713 09:07:01.543887 23011 tablet_bootstrap.cc:654] T 02984fa17a2742328d8f537506c7e219 P 34d5c85225a04ca1a487258c662d1788: Neither blocks nor log segments found. Creating new log.
I20260713 09:07:01.546407 23013 tablet_bootstrap.cc:492] T 55c90487515349c8ac510d63174e8b88 P 8a6586cd61d64d588c54a487842e2007: No bootstrap required, opened a new log
I20260713 09:07:01.546986 23013 ts_tablet_manager.cc:1403] T 55c90487515349c8ac510d63174e8b88 P 8a6586cd61d64d588c54a487842e2007: Time spent bootstrapping tablet: real 0.041s	user 0.013s	sys 0.007s
I20260713 09:07:01.548385 23012 tablet_bootstrap.cc:492] T b23eabce34774a71b93d6298784de293 P f39fa13fb8294548b564603c7a1d14bc: Bootstrap starting.
I20260713 09:07:01.556002 23017 raft_consensus.cc:493] T 089cae630a284fd28934762b3ac86b8f P 34d5c85225a04ca1a487258c662d1788 [term 0 FOLLOWER]: Starting pre-election (no leader contacted us within the election timeout)
I20260713 09:07:01.556727 23017 raft_consensus.cc:515] T 089cae630a284fd28934762b3ac86b8f P 34d5c85225a04ca1a487258c662d1788 [term 0 FOLLOWER]: Starting pre-election with config: opid_index: -1 OBSOLETE_local: false peers { permanent_uuid: "34d5c85225a04ca1a487258c662d1788" member_type: VOTER last_known_addr { host: "127.21.56.1" port: 38307 } } peers { permanent_uuid: "f39fa13fb8294548b564603c7a1d14bc" member_type: VOTER last_known_addr { host: "127.21.56.2" port: 39663 } } peers { permanent_uuid: "8a6586cd61d64d588c54a487842e2007" member_type: VOTER last_known_addr { host: "127.21.56.3" port: 34005 } }
I20260713 09:07:01.562367 23013 raft_consensus.cc:359] T 55c90487515349c8ac510d63174e8b88 P 8a6586cd61d64d588c54a487842e2007 [term 0 FOLLOWER]: Replica starting. Triggering 0 pending ops. Active config: opid_index: -1 OBSOLETE_local: false peers { permanent_uuid: "34d5c85225a04ca1a487258c662d1788" member_type: VOTER last_known_addr { host: "127.21.56.1" port: 38307 } } peers { permanent_uuid: "f39fa13fb8294548b564603c7a1d14bc" member_type: VOTER last_known_addr { host: "127.21.56.2" port: 39663 } } peers { permanent_uuid: "8a6586cd61d64d588c54a487842e2007" member_type: VOTER last_known_addr { host: "127.21.56.3" port: 34005 } }
I20260713 09:07:01.565812 23012 tablet_bootstrap.cc:654] T b23eabce34774a71b93d6298784de293 P f39fa13fb8294548b564603c7a1d14bc: Neither blocks nor log segments found. Creating new log.
I20260713 09:07:01.568786 23017 leader_election.cc:290] T 089cae630a284fd28934762b3ac86b8f P 34d5c85225a04ca1a487258c662d1788 [CANDIDATE]: Term 1 pre-election: Requested pre-vote from peers f39fa13fb8294548b564603c7a1d14bc (127.21.56.2:39663), 8a6586cd61d64d588c54a487842e2007 (127.21.56.3:34005)
I20260713 09:07:01.563380 23013 raft_consensus.cc:385] T 55c90487515349c8ac510d63174e8b88 P 8a6586cd61d64d588c54a487842e2007 [term 0 FOLLOWER]: Consensus starting up: Expiring failure detector timer to make a prompt election more likely
I20260713 09:07:01.572307 23013 raft_consensus.cc:740] T 55c90487515349c8ac510d63174e8b88 P 8a6586cd61d64d588c54a487842e2007 [term 0 FOLLOWER]: Becoming Follower/Learner. State: Replica: 8a6586cd61d64d588c54a487842e2007, State: Initialized, Role: FOLLOWER
I20260713 09:07:01.573312 23013 consensus_queue.cc:260] T 55c90487515349c8ac510d63174e8b88 P 8a6586cd61d64d588c54a487842e2007 [NON_LEADER]: Queue going to NON_LEADER mode. State: All replicated index: 0, Majority replicated index: 0, Committed index: 0, Last appended: 0.0, Last appended by leader: 0, Current term: 0, Majority size: -1, State: 0, Mode: NON_LEADER, active raft config: opid_index: -1 OBSOLETE_local: false peers { permanent_uuid: "34d5c85225a04ca1a487258c662d1788" member_type: VOTER last_known_addr { host: "127.21.56.1" port: 38307 } } peers { permanent_uuid: "f39fa13fb8294548b564603c7a1d14bc" member_type: VOTER last_known_addr { host: "127.21.56.2" port: 39663 } } peers { permanent_uuid: "8a6586cd61d64d588c54a487842e2007" member_type: VOTER last_known_addr { host: "127.21.56.3" port: 34005 } }
I20260713 09:07:01.579698 23011 tablet_bootstrap.cc:492] T 02984fa17a2742328d8f537506c7e219 P 34d5c85225a04ca1a487258c662d1788: No bootstrap required, opened a new log
I20260713 09:07:01.580231 23011 ts_tablet_manager.cc:1403] T 02984fa17a2742328d8f537506c7e219 P 34d5c85225a04ca1a487258c662d1788: Time spent bootstrapping tablet: real 0.043s	user 0.017s	sys 0.024s
I20260713 09:07:01.585318 23013 ts_tablet_manager.cc:1434] T 55c90487515349c8ac510d63174e8b88 P 8a6586cd61d64d588c54a487842e2007: Time spent starting tablet: real 0.027s	user 0.008s	sys 0.000s
I20260713 09:07:01.585436 23011 raft_consensus.cc:359] T 02984fa17a2742328d8f537506c7e219 P 34d5c85225a04ca1a487258c662d1788 [term 0 FOLLOWER]: Replica starting. Triggering 0 pending ops. Active config: opid_index: -1 OBSOLETE_local: false peers { permanent_uuid: "34d5c85225a04ca1a487258c662d1788" member_type: VOTER last_known_addr { host: "127.21.56.1" port: 38307 } } peers { permanent_uuid: "f39fa13fb8294548b564603c7a1d14bc" member_type: VOTER last_known_addr { host: "127.21.56.2" port: 39663 } } peers { permanent_uuid: "8a6586cd61d64d588c54a487842e2007" member_type: VOTER last_known_addr { host: "127.21.56.3" port: 34005 } }
I20260713 09:07:01.586423 23011 raft_consensus.cc:385] T 02984fa17a2742328d8f537506c7e219 P 34d5c85225a04ca1a487258c662d1788 [term 0 FOLLOWER]: Consensus starting up: Expiring failure detector timer to make a prompt election more likely
I20260713 09:07:01.586901 23011 raft_consensus.cc:740] T 02984fa17a2742328d8f537506c7e219 P 34d5c85225a04ca1a487258c662d1788 [term 0 FOLLOWER]: Becoming Follower/Learner. State: Replica: 34d5c85225a04ca1a487258c662d1788, State: Initialized, Role: FOLLOWER
I20260713 09:07:01.587860 23011 consensus_queue.cc:260] T 02984fa17a2742328d8f537506c7e219 P 34d5c85225a04ca1a487258c662d1788 [NON_LEADER]: Queue going to NON_LEADER mode. State: All replicated index: 0, Majority replicated index: 0, Committed index: 0, Last appended: 0.0, Last appended by leader: 0, Current term: 0, Majority size: -1, State: 0, Mode: NON_LEADER, active raft config: opid_index: -1 OBSOLETE_local: false peers { permanent_uuid: "34d5c85225a04ca1a487258c662d1788" member_type: VOTER last_known_addr { host: "127.21.56.1" port: 38307 } } peers { permanent_uuid: "f39fa13fb8294548b564603c7a1d14bc" member_type: VOTER last_known_addr { host: "127.21.56.2" port: 39663 } } peers { permanent_uuid: "8a6586cd61d64d588c54a487842e2007" member_type: VOTER last_known_addr { host: "127.21.56.3" port: 34005 } }
I20260713 09:07:01.590288 23011 ts_tablet_manager.cc:1434] T 02984fa17a2742328d8f537506c7e219 P 34d5c85225a04ca1a487258c662d1788: Time spent starting tablet: real 0.010s	user 0.006s	sys 0.002s
I20260713 09:07:01.591233 23011 tablet_bootstrap.cc:492] T 55c90487515349c8ac510d63174e8b88 P 34d5c85225a04ca1a487258c662d1788: Bootstrap starting.
I20260713 09:07:01.597644 23011 tablet_bootstrap.cc:654] T 55c90487515349c8ac510d63174e8b88 P 34d5c85225a04ca1a487258c662d1788: Neither blocks nor log segments found. Creating new log.
I20260713 09:07:01.586555 23013 tablet_bootstrap.cc:492] T 089cae630a284fd28934762b3ac86b8f P 8a6586cd61d64d588c54a487842e2007: Bootstrap starting.
I20260713 09:07:01.605523 23013 tablet_bootstrap.cc:654] T 089cae630a284fd28934762b3ac86b8f P 8a6586cd61d64d588c54a487842e2007: Neither blocks nor log segments found. Creating new log.
I20260713 09:07:01.626003 23017 raft_consensus.cc:493] T 02984fa17a2742328d8f537506c7e219 P 34d5c85225a04ca1a487258c662d1788 [term 0 FOLLOWER]: Starting pre-election (no leader contacted us within the election timeout)
I20260713 09:07:01.626744 23017 raft_consensus.cc:515] T 02984fa17a2742328d8f537506c7e219 P 34d5c85225a04ca1a487258c662d1788 [term 0 FOLLOWER]: Starting pre-election with config: opid_index: -1 OBSOLETE_local: false peers { permanent_uuid: "34d5c85225a04ca1a487258c662d1788" member_type: VOTER last_known_addr { host: "127.21.56.1" port: 38307 } } peers { permanent_uuid: "f39fa13fb8294548b564603c7a1d14bc" member_type: VOTER last_known_addr { host: "127.21.56.2" port: 39663 } } peers { permanent_uuid: "8a6586cd61d64d588c54a487842e2007" member_type: VOTER last_known_addr { host: "127.21.56.3" port: 34005 } }
I20260713 09:07:01.629354 23017 leader_election.cc:290] T 02984fa17a2742328d8f537506c7e219 P 34d5c85225a04ca1a487258c662d1788 [CANDIDATE]: Term 1 pre-election: Requested pre-vote from peers f39fa13fb8294548b564603c7a1d14bc (127.21.56.2:39663), 8a6586cd61d64d588c54a487842e2007 (127.21.56.3:34005)
I20260713 09:07:01.630041 23017 raft_consensus.cc:493] T 13dbd27919b5460c9e68b83b7556c5c5 P 34d5c85225a04ca1a487258c662d1788 [term 0 FOLLOWER]: Starting pre-election (no leader contacted us within the election timeout)
I20260713 09:07:01.630908 23018 raft_consensus.cc:493] T f2a76a0aca484c56bf2e8e82a1ccf1f5 P 8a6586cd61d64d588c54a487842e2007 [term 0 FOLLOWER]: Starting pre-election (no leader contacted us within the election timeout)
I20260713 09:07:01.631587 23018 raft_consensus.cc:515] T f2a76a0aca484c56bf2e8e82a1ccf1f5 P 8a6586cd61d64d588c54a487842e2007 [term 0 FOLLOWER]: Starting pre-election with config: opid_index: -1 OBSOLETE_local: false peers { permanent_uuid: "34d5c85225a04ca1a487258c662d1788" member_type: VOTER last_known_addr { host: "127.21.56.1" port: 38307 } } peers { permanent_uuid: "f39fa13fb8294548b564603c7a1d14bc" member_type: VOTER last_known_addr { host: "127.21.56.2" port: 39663 } } peers { permanent_uuid: "8a6586cd61d64d588c54a487842e2007" member_type: VOTER last_known_addr { host: "127.21.56.3" port: 34005 } }
I20260713 09:07:01.635031 23020 raft_consensus.cc:493] T 58d2a8f77e18479ebf4d45ef40763b52 P f39fa13fb8294548b564603c7a1d14bc [term 0 FOLLOWER]: Starting pre-election (no leader contacted us within the election timeout)
I20260713 09:07:01.635623 23020 raft_consensus.cc:515] T 58d2a8f77e18479ebf4d45ef40763b52 P f39fa13fb8294548b564603c7a1d14bc [term 0 FOLLOWER]: Starting pre-election with config: opid_index: -1 OBSOLETE_local: false peers { permanent_uuid: "34d5c85225a04ca1a487258c662d1788" member_type: VOTER last_known_addr { host: "127.21.56.1" port: 38307 } } peers { permanent_uuid: "f39fa13fb8294548b564603c7a1d14bc" member_type: VOTER last_known_addr { host: "127.21.56.2" port: 39663 } } peers { permanent_uuid: "8a6586cd61d64d588c54a487842e2007" member_type: VOTER last_known_addr { host: "127.21.56.3" port: 34005 } }
I20260713 09:07:01.644778 23020 leader_election.cc:290] T 58d2a8f77e18479ebf4d45ef40763b52 P f39fa13fb8294548b564603c7a1d14bc [CANDIDATE]: Term 1 pre-election: Requested pre-vote from peers 34d5c85225a04ca1a487258c662d1788 (127.21.56.1:38307), 8a6586cd61d64d588c54a487842e2007 (127.21.56.3:34005)
I20260713 09:07:01.634164 23018 leader_election.cc:290] T f2a76a0aca484c56bf2e8e82a1ccf1f5 P 8a6586cd61d64d588c54a487842e2007 [CANDIDATE]: Term 1 pre-election: Requested pre-vote from peers 34d5c85225a04ca1a487258c662d1788 (127.21.56.1:38307), f39fa13fb8294548b564603c7a1d14bc (127.21.56.2:39663)
I20260713 09:07:01.663658 23017 raft_consensus.cc:515] T 13dbd27919b5460c9e68b83b7556c5c5 P 34d5c85225a04ca1a487258c662d1788 [term 0 FOLLOWER]: Starting pre-election with config: opid_index: -1 OBSOLETE_local: false peers { permanent_uuid: "34d5c85225a04ca1a487258c662d1788" member_type: VOTER last_known_addr { host: "127.21.56.1" port: 38307 } } peers { permanent_uuid: "f39fa13fb8294548b564603c7a1d14bc" member_type: VOTER last_known_addr { host: "127.21.56.2" port: 39663 } } peers { permanent_uuid: "8a6586cd61d64d588c54a487842e2007" member_type: VOTER last_known_addr { host: "127.21.56.3" port: 34005 } }
I20260713 09:07:01.675246 23020 raft_consensus.cc:493] T 13dbd27919b5460c9e68b83b7556c5c5 P f39fa13fb8294548b564603c7a1d14bc [term 0 FOLLOWER]: Starting pre-election (no leader contacted us within the election timeout)
I20260713 09:07:01.685297 23047 raft_consensus.cc:493] T 267f709d142044aeb05d95ae943a4d00 P f39fa13fb8294548b564603c7a1d14bc [term 0 FOLLOWER]: Starting pre-election (no leader contacted us within the election timeout)
I20260713 09:07:01.693156 23047 raft_consensus.cc:515] T 267f709d142044aeb05d95ae943a4d00 P f39fa13fb8294548b564603c7a1d14bc [term 0 FOLLOWER]: Starting pre-election with config: opid_index: -1 OBSOLETE_local: false peers { permanent_uuid: "34d5c85225a04ca1a487258c662d1788" member_type: VOTER last_known_addr { host: "127.21.56.1" port: 38307 } } peers { permanent_uuid: "f39fa13fb8294548b564603c7a1d14bc" member_type: VOTER last_known_addr { host: "127.21.56.2" port: 39663 } } peers { permanent_uuid: "8a6586cd61d64d588c54a487842e2007" member_type: VOTER last_known_addr { host: "127.21.56.3" port: 34005 } }
I20260713 09:07:01.692560 23020 raft_consensus.cc:515] T 13dbd27919b5460c9e68b83b7556c5c5 P f39fa13fb8294548b564603c7a1d14bc [term 0 FOLLOWER]: Starting pre-election with config: opid_index: -1 OBSOLETE_local: false peers { permanent_uuid: "34d5c85225a04ca1a487258c662d1788" member_type: VOTER last_known_addr { host: "127.21.56.1" port: 38307 } } peers { permanent_uuid: "f39fa13fb8294548b564603c7a1d14bc" member_type: VOTER last_known_addr { host: "127.21.56.2" port: 39663 } } peers { permanent_uuid: "8a6586cd61d64d588c54a487842e2007" member_type: VOTER last_known_addr { host: "127.21.56.3" port: 34005 } }
I20260713 09:07:01.696939 23020 leader_election.cc:290] T 13dbd27919b5460c9e68b83b7556c5c5 P f39fa13fb8294548b564603c7a1d14bc [CANDIDATE]: Term 1 pre-election: Requested pre-vote from peers 34d5c85225a04ca1a487258c662d1788 (127.21.56.1:38307), 8a6586cd61d64d588c54a487842e2007 (127.21.56.3:34005)
I20260713 09:07:01.698778 23047 leader_election.cc:290] T 267f709d142044aeb05d95ae943a4d00 P f39fa13fb8294548b564603c7a1d14bc [CANDIDATE]: Term 1 pre-election: Requested pre-vote from peers 34d5c85225a04ca1a487258c662d1788 (127.21.56.1:38307), 8a6586cd61d64d588c54a487842e2007 (127.21.56.3:34005)
I20260713 09:07:01.684985 23012 tablet_bootstrap.cc:492] T b23eabce34774a71b93d6298784de293 P f39fa13fb8294548b564603c7a1d14bc: No bootstrap required, opened a new log
I20260713 09:07:01.699744 23012 ts_tablet_manager.cc:1403] T b23eabce34774a71b93d6298784de293 P f39fa13fb8294548b564603c7a1d14bc: Time spent bootstrapping tablet: real 0.152s	user 0.046s	sys 0.052s
I20260713 09:07:01.703696 23012 raft_consensus.cc:359] T b23eabce34774a71b93d6298784de293 P f39fa13fb8294548b564603c7a1d14bc [term 0 FOLLOWER]: Replica starting. Triggering 0 pending ops. Active config: opid_index: -1 OBSOLETE_local: false peers { permanent_uuid: "34d5c85225a04ca1a487258c662d1788" member_type: VOTER last_known_addr { host: "127.21.56.1" port: 38307 } } peers { permanent_uuid: "f39fa13fb8294548b564603c7a1d14bc" member_type: VOTER last_known_addr { host: "127.21.56.2" port: 39663 } } peers { permanent_uuid: "8a6586cd61d64d588c54a487842e2007" member_type: VOTER last_known_addr { host: "127.21.56.3" port: 34005 } }
I20260713 09:07:01.704656 23012 raft_consensus.cc:385] T b23eabce34774a71b93d6298784de293 P f39fa13fb8294548b564603c7a1d14bc [term 0 FOLLOWER]: Consensus starting up: Expiring failure detector timer to make a prompt election more likely
I20260713 09:07:01.705030 23012 raft_consensus.cc:740] T b23eabce34774a71b93d6298784de293 P f39fa13fb8294548b564603c7a1d14bc [term 0 FOLLOWER]: Becoming Follower/Learner. State: Replica: f39fa13fb8294548b564603c7a1d14bc, State: Initialized, Role: FOLLOWER
I20260713 09:07:01.666450 23017 leader_election.cc:290] T 13dbd27919b5460c9e68b83b7556c5c5 P 34d5c85225a04ca1a487258c662d1788 [CANDIDATE]: Term 1 pre-election: Requested pre-vote from peers f39fa13fb8294548b564603c7a1d14bc (127.21.56.2:39663), 8a6586cd61d64d588c54a487842e2007 (127.21.56.3:34005)
I20260713 09:07:01.706003 23012 consensus_queue.cc:260] T b23eabce34774a71b93d6298784de293 P f39fa13fb8294548b564603c7a1d14bc [NON_LEADER]: Queue going to NON_LEADER mode. State: All replicated index: 0, Majority replicated index: 0, Committed index: 0, Last appended: 0.0, Last appended by leader: 0, Current term: 0, Majority size: -1, State: 0, Mode: NON_LEADER, active raft config: opid_index: -1 OBSOLETE_local: false peers { permanent_uuid: "34d5c85225a04ca1a487258c662d1788" member_type: VOTER last_known_addr { host: "127.21.56.1" port: 38307 } } peers { permanent_uuid: "f39fa13fb8294548b564603c7a1d14bc" member_type: VOTER last_known_addr { host: "127.21.56.2" port: 39663 } } peers { permanent_uuid: "8a6586cd61d64d588c54a487842e2007" member_type: VOTER last_known_addr { host: "127.21.56.3" port: 34005 } }
I20260713 09:07:01.711548 23012 ts_tablet_manager.cc:1434] T b23eabce34774a71b93d6298784de293 P f39fa13fb8294548b564603c7a1d14bc: Time spent starting tablet: real 0.011s	user 0.008s	sys 0.000s
I20260713 09:07:01.712579 23012 tablet_bootstrap.cc:492] T 32d7f51c4f7f467781a2b284e85bcaac P f39fa13fb8294548b564603c7a1d14bc: Bootstrap starting.
I20260713 09:07:01.721107 22897 tablet_service.cc:1917] Received RequestConsensusVote() RPC: tablet_id: "089cae630a284fd28934762b3ac86b8f" candidate_uuid: "34d5c85225a04ca1a487258c662d1788" candidate_term: 1 candidate_status { last_received { term: 0 index: 0 } } ignore_live_leader: false dest_uuid: "f39fa13fb8294548b564603c7a1d14bc" is_pre_election: true
I20260713 09:07:01.721664 22896 tablet_service.cc:1917] Received RequestConsensusVote() RPC: tablet_id: "02984fa17a2742328d8f537506c7e219" candidate_uuid: "34d5c85225a04ca1a487258c662d1788" candidate_term: 1 candidate_status { last_received { term: 0 index: 0 } } ignore_live_leader: false dest_uuid: "f39fa13fb8294548b564603c7a1d14bc" is_pre_election: true
I20260713 09:07:01.727420 22896 tablet_service.cc:1917] Received RequestConsensusVote() RPC: tablet_id: "13dbd27919b5460c9e68b83b7556c5c5" candidate_uuid: "34d5c85225a04ca1a487258c662d1788" candidate_term: 1 candidate_status { last_received { term: 0 index: 0 } } ignore_live_leader: false dest_uuid: "f39fa13fb8294548b564603c7a1d14bc" is_pre_election: true
I20260713 09:07:01.728065 22896 raft_consensus.cc:2468] T 13dbd27919b5460c9e68b83b7556c5c5 P f39fa13fb8294548b564603c7a1d14bc [term 0 FOLLOWER]: Leader pre-election vote request: Granting yes vote for candidate 34d5c85225a04ca1a487258c662d1788 in term 0.
W20260713 09:07:01.728094 22788 leader_election.cc:343] T 089cae630a284fd28934762b3ac86b8f P 34d5c85225a04ca1a487258c662d1788 [CANDIDATE]: Term 1 pre-election: Tablet error from VoteRequest() call to peer f39fa13fb8294548b564603c7a1d14bc (127.21.56.2:39663): Illegal state: must be running to vote when last-logged opid is not known
W20260713 09:07:01.729599 22788 leader_election.cc:343] T 02984fa17a2742328d8f537506c7e219 P 34d5c85225a04ca1a487258c662d1788 [CANDIDATE]: Term 1 pre-election: Tablet error from VoteRequest() call to peer f39fa13fb8294548b564603c7a1d14bc (127.21.56.2:39663): Illegal state: must be running to vote when last-logged opid is not known
I20260713 09:07:01.730700 22788 leader_election.cc:304] T 13dbd27919b5460c9e68b83b7556c5c5 P 34d5c85225a04ca1a487258c662d1788 [CANDIDATE]: Term 1 pre-election: Election decided. Result: candidate won. Election summary: received 2 responses out of 3 voters: 2 yes votes; 0 no votes. yes voters: 34d5c85225a04ca1a487258c662d1788, f39fa13fb8294548b564603c7a1d14bc; no voters: 
I20260713 09:07:01.732758 23043 raft_consensus.cc:493] T f2a76a0aca484c56bf2e8e82a1ccf1f5 P 34d5c85225a04ca1a487258c662d1788 [term 0 FOLLOWER]: Starting pre-election (no leader contacted us within the election timeout)
I20260713 09:07:01.734162 22897 tablet_service.cc:1917] Received RequestConsensusVote() RPC: tablet_id: "f2a76a0aca484c56bf2e8e82a1ccf1f5" candidate_uuid: "8a6586cd61d64d588c54a487842e2007" candidate_term: 1 candidate_status { last_received { term: 0 index: 0 } } ignore_live_leader: false dest_uuid: "f39fa13fb8294548b564603c7a1d14bc" is_pre_election: true
I20260713 09:07:01.735283 22822 tablet_service.cc:1917] Received RequestConsensusVote() RPC: tablet_id: "13dbd27919b5460c9e68b83b7556c5c5" candidate_uuid: "8a6586cd61d64d588c54a487842e2007" candidate_term: 1 candidate_status { last_received { term: 0 index: 0 } } ignore_live_leader: false dest_uuid: "34d5c85225a04ca1a487258c662d1788" is_pre_election: true
I20260713 09:07:01.734256 23017 raft_consensus.cc:2804] T 13dbd27919b5460c9e68b83b7556c5c5 P 34d5c85225a04ca1a487258c662d1788 [term 0 FOLLOWER]: Leader pre-election won for term 1
I20260713 09:07:01.734068 22896 tablet_service.cc:1917] Received RequestConsensusVote() RPC: tablet_id: "13dbd27919b5460c9e68b83b7556c5c5" candidate_uuid: "8a6586cd61d64d588c54a487842e2007" candidate_term: 1 candidate_status { last_received { term: 0 index: 0 } } ignore_live_leader: false dest_uuid: "f39fa13fb8294548b564603c7a1d14bc" is_pre_election: true
I20260713 09:07:01.736713 22821 tablet_service.cc:1917] Received RequestConsensusVote() RPC: tablet_id: "f2a76a0aca484c56bf2e8e82a1ccf1f5" candidate_uuid: "8a6586cd61d64d588c54a487842e2007" candidate_term: 1 candidate_status { last_received { term: 0 index: 0 } } ignore_live_leader: false dest_uuid: "34d5c85225a04ca1a487258c662d1788" is_pre_election: true
I20260713 09:07:01.737370 23017 raft_consensus.cc:493] T 13dbd27919b5460c9e68b83b7556c5c5 P 34d5c85225a04ca1a487258c662d1788 [term 0 FOLLOWER]: Starting leader election (no leader contacted us within the election timeout)
I20260713 09:07:01.737591 23012 tablet_bootstrap.cc:654] T 32d7f51c4f7f467781a2b284e85bcaac P f39fa13fb8294548b564603c7a1d14bc: Neither blocks nor log segments found. Creating new log.
I20260713 09:07:01.733250 23043 raft_consensus.cc:515] T f2a76a0aca484c56bf2e8e82a1ccf1f5 P 34d5c85225a04ca1a487258c662d1788 [term 0 FOLLOWER]: Starting pre-election with config: opid_index: -1 OBSOLETE_local: false peers { permanent_uuid: "34d5c85225a04ca1a487258c662d1788" member_type: VOTER last_known_addr { host: "127.21.56.1" port: 38307 } } peers { permanent_uuid: "f39fa13fb8294548b564603c7a1d14bc" member_type: VOTER last_known_addr { host: "127.21.56.2" port: 39663 } } peers { permanent_uuid: "8a6586cd61d64d588c54a487842e2007" member_type: VOTER last_known_addr { host: "127.21.56.3" port: 34005 } }
I20260713 09:07:01.737782 23017 raft_consensus.cc:3060] T 13dbd27919b5460c9e68b83b7556c5c5 P 34d5c85225a04ca1a487258c662d1788 [term 0 FOLLOWER]: Advancing to term 1
I20260713 09:07:01.738449 22821 raft_consensus.cc:2468] T f2a76a0aca484c56bf2e8e82a1ccf1f5 P 34d5c85225a04ca1a487258c662d1788 [term 0 FOLLOWER]: Leader pre-election vote request: Granting yes vote for candidate 8a6586cd61d64d588c54a487842e2007 in term 0.
I20260713 09:07:01.740178 23011 tablet_bootstrap.cc:492] T 55c90487515349c8ac510d63174e8b88 P 34d5c85225a04ca1a487258c662d1788: No bootstrap required, opened a new log
I20260713 09:07:01.740932 22896 raft_consensus.cc:2468] T 13dbd27919b5460c9e68b83b7556c5c5 P f39fa13fb8294548b564603c7a1d14bc [term 0 FOLLOWER]: Leader pre-election vote request: Granting yes vote for candidate 8a6586cd61d64d588c54a487842e2007 in term 0.
I20260713 09:07:01.742565 23011 ts_tablet_manager.cc:1403] T 55c90487515349c8ac510d63174e8b88 P 34d5c85225a04ca1a487258c662d1788: Time spent bootstrapping tablet: real 0.152s	user 0.023s	sys 0.030s
W20260713 09:07:01.742743 22937 leader_election.cc:343] T f2a76a0aca484c56bf2e8e82a1ccf1f5 P 8a6586cd61d64d588c54a487842e2007 [CANDIDATE]: Term 1 pre-election: Tablet error from VoteRequest() call to peer f39fa13fb8294548b564603c7a1d14bc (127.21.56.2:39663): Illegal state: must be running to vote when last-logged opid is not known
I20260713 09:07:01.746896 22937 leader_election.cc:304] T f2a76a0aca484c56bf2e8e82a1ccf1f5 P 8a6586cd61d64d588c54a487842e2007 [CANDIDATE]: Term 1 pre-election: Election decided. Result: candidate won. Election summary: received 3 responses out of 3 voters: 2 yes votes; 1 no votes. yes voters: 34d5c85225a04ca1a487258c662d1788, 8a6586cd61d64d588c54a487842e2007; no voters: f39fa13fb8294548b564603c7a1d14bc
I20260713 09:07:01.747633 23011 raft_consensus.cc:359] T 55c90487515349c8ac510d63174e8b88 P 34d5c85225a04ca1a487258c662d1788 [term 0 FOLLOWER]: Replica starting. Triggering 0 pending ops. Active config: opid_index: -1 OBSOLETE_local: false peers { permanent_uuid: "34d5c85225a04ca1a487258c662d1788" member_type: VOTER last_known_addr { host: "127.21.56.1" port: 38307 } } peers { permanent_uuid: "f39fa13fb8294548b564603c7a1d14bc" member_type: VOTER last_known_addr { host: "127.21.56.2" port: 39663 } } peers { permanent_uuid: "8a6586cd61d64d588c54a487842e2007" member_type: VOTER last_known_addr { host: "127.21.56.3" port: 34005 } }
I20260713 09:07:01.748010 23018 raft_consensus.cc:2804] T f2a76a0aca484c56bf2e8e82a1ccf1f5 P 8a6586cd61d64d588c54a487842e2007 [term 0 FOLLOWER]: Leader pre-election won for term 1
I20260713 09:07:01.748364 23011 raft_consensus.cc:385] T 55c90487515349c8ac510d63174e8b88 P 34d5c85225a04ca1a487258c662d1788 [term 0 FOLLOWER]: Consensus starting up: Expiring failure detector timer to make a prompt election more likely
I20260713 09:07:01.748538 23018 raft_consensus.cc:493] T f2a76a0aca484c56bf2e8e82a1ccf1f5 P 8a6586cd61d64d588c54a487842e2007 [term 0 FOLLOWER]: Starting leader election (no leader contacted us within the election timeout)
I20260713 09:07:01.748714 23011 raft_consensus.cc:740] T 55c90487515349c8ac510d63174e8b88 P 34d5c85225a04ca1a487258c662d1788 [term 0 FOLLOWER]: Becoming Follower/Learner. State: Replica: 34d5c85225a04ca1a487258c662d1788, State: Initialized, Role: FOLLOWER
I20260713 09:07:01.749070 23018 raft_consensus.cc:3060] T f2a76a0aca484c56bf2e8e82a1ccf1f5 P 8a6586cd61d64d588c54a487842e2007 [term 0 FOLLOWER]: Advancing to term 1
I20260713 09:07:01.749622 23011 consensus_queue.cc:260] T 55c90487515349c8ac510d63174e8b88 P 34d5c85225a04ca1a487258c662d1788 [NON_LEADER]: Queue going to NON_LEADER mode. State: All replicated index: 0, Majority replicated index: 0, Committed index: 0, Last appended: 0.0, Last appended by leader: 0, Current term: 0, Majority size: -1, State: 0, Mode: NON_LEADER, active raft config: opid_index: -1 OBSOLETE_local: false peers { permanent_uuid: "34d5c85225a04ca1a487258c662d1788" member_type: VOTER last_known_addr { host: "127.21.56.1" port: 38307 } } peers { permanent_uuid: "f39fa13fb8294548b564603c7a1d14bc" member_type: VOTER last_known_addr { host: "127.21.56.2" port: 39663 } } peers { permanent_uuid: "8a6586cd61d64d588c54a487842e2007" member_type: VOTER last_known_addr { host: "127.21.56.3" port: 34005 } }
I20260713 09:07:01.749818 23017 raft_consensus.cc:515] T 13dbd27919b5460c9e68b83b7556c5c5 P 34d5c85225a04ca1a487258c662d1788 [term 1 FOLLOWER]: Starting leader election with config: opid_index: -1 OBSOLETE_local: false peers { permanent_uuid: "34d5c85225a04ca1a487258c662d1788" member_type: VOTER last_known_addr { host: "127.21.56.1" port: 38307 } } peers { permanent_uuid: "f39fa13fb8294548b564603c7a1d14bc" member_type: VOTER last_known_addr { host: "127.21.56.2" port: 39663 } } peers { permanent_uuid: "8a6586cd61d64d588c54a487842e2007" member_type: VOTER last_known_addr { host: "127.21.56.3" port: 34005 } }
I20260713 09:07:01.751130 22822 raft_consensus.cc:2393] T 13dbd27919b5460c9e68b83b7556c5c5 P 34d5c85225a04ca1a487258c662d1788 [term 1 FOLLOWER]: Leader pre-election vote request: Denying vote to candidate 8a6586cd61d64d588c54a487842e2007 in current term 1: Already voted for candidate 34d5c85225a04ca1a487258c662d1788 in this term.
I20260713 09:07:01.755311 22937 leader_election.cc:304] T 13dbd27919b5460c9e68b83b7556c5c5 P 8a6586cd61d64d588c54a487842e2007 [CANDIDATE]: Term 1 pre-election: Election decided. Result: candidate won. Election summary: received 2 responses out of 3 voters: 2 yes votes; 0 no votes. yes voters: 8a6586cd61d64d588c54a487842e2007, f39fa13fb8294548b564603c7a1d14bc; no voters: 
I20260713 09:07:01.759856 23013 tablet_bootstrap.cc:492] T 089cae630a284fd28934762b3ac86b8f P 8a6586cd61d64d588c54a487842e2007: No bootstrap required, opened a new log
I20260713 09:07:01.760344 23013 ts_tablet_manager.cc:1403] T 089cae630a284fd28934762b3ac86b8f P 8a6586cd61d64d588c54a487842e2007: Time spent bootstrapping tablet: real 0.174s	user 0.019s	sys 0.035s
I20260713 09:07:01.763788 22821 tablet_service.cc:1917] Received RequestConsensusVote() RPC: tablet_id: "13dbd27919b5460c9e68b83b7556c5c5" candidate_uuid: "f39fa13fb8294548b564603c7a1d14bc" candidate_term: 1 candidate_status { last_received { term: 0 index: 0 } } ignore_live_leader: false dest_uuid: "34d5c85225a04ca1a487258c662d1788" is_pre_election: true
I20260713 09:07:01.764034 23043 leader_election.cc:290] T f2a76a0aca484c56bf2e8e82a1ccf1f5 P 34d5c85225a04ca1a487258c662d1788 [CANDIDATE]: Term 1 pre-election: Requested pre-vote from peers f39fa13fb8294548b564603c7a1d14bc (127.21.56.2:39663), 8a6586cd61d64d588c54a487842e2007 (127.21.56.3:34005)
I20260713 09:07:01.764629 22821 raft_consensus.cc:2393] T 13dbd27919b5460c9e68b83b7556c5c5 P 34d5c85225a04ca1a487258c662d1788 [term 1 FOLLOWER]: Leader pre-election vote request: Denying vote to candidate f39fa13fb8294548b564603c7a1d14bc in current term 1: Already voted for candidate 34d5c85225a04ca1a487258c662d1788 in this term.
I20260713 09:07:01.766223 22897 tablet_service.cc:1917] Received RequestConsensusVote() RPC: tablet_id: "13dbd27919b5460c9e68b83b7556c5c5" candidate_uuid: "34d5c85225a04ca1a487258c662d1788" candidate_term: 1 candidate_status { last_received { term: 0 index: 0 } } ignore_live_leader: false dest_uuid: "f39fa13fb8294548b564603c7a1d14bc"
I20260713 09:07:01.766813 22897 raft_consensus.cc:3060] T 13dbd27919b5460c9e68b83b7556c5c5 P f39fa13fb8294548b564603c7a1d14bc [term 0 FOLLOWER]: Advancing to term 1
I20260713 09:07:01.766649 22820 tablet_service.cc:1917] Received RequestConsensusVote() RPC: tablet_id: "267f709d142044aeb05d95ae943a4d00" candidate_uuid: "f39fa13fb8294548b564603c7a1d14bc" candidate_term: 1 candidate_status { last_received { term: 0 index: 0 } } ignore_live_leader: false dest_uuid: "34d5c85225a04ca1a487258c662d1788" is_pre_election: true
I20260713 09:07:01.768440 23012 tablet_bootstrap.cc:492] T 32d7f51c4f7f467781a2b284e85bcaac P f39fa13fb8294548b564603c7a1d14bc: No bootstrap required, opened a new log
I20260713 09:07:01.764046 22896 tablet_service.cc:1917] Received RequestConsensusVote() RPC: tablet_id: "f2a76a0aca484c56bf2e8e82a1ccf1f5" candidate_uuid: "34d5c85225a04ca1a487258c662d1788" candidate_term: 1 candidate_status { last_received { term: 0 index: 0 } } ignore_live_leader: false dest_uuid: "f39fa13fb8294548b564603c7a1d14bc" is_pre_election: true
I20260713 09:07:01.768915 22820 raft_consensus.cc:2468] T 267f709d142044aeb05d95ae943a4d00 P 34d5c85225a04ca1a487258c662d1788 [term 0 FOLLOWER]: Leader pre-election vote request: Granting yes vote for candidate f39fa13fb8294548b564603c7a1d14bc in term 0.
I20260713 09:07:01.771062 22822 tablet_service.cc:1917] Received RequestConsensusVote() RPC: tablet_id: "58d2a8f77e18479ebf4d45ef40763b52" candidate_uuid: "f39fa13fb8294548b564603c7a1d14bc" candidate_term: 1 candidate_status { last_received { term: 0 index: 0 } } ignore_live_leader: false dest_uuid: "34d5c85225a04ca1a487258c662d1788" is_pre_election: true
W20260713 09:07:01.775355 22788 leader_election.cc:343] T f2a76a0aca484c56bf2e8e82a1ccf1f5 P 34d5c85225a04ca1a487258c662d1788 [CANDIDATE]: Term 1 pre-election: Tablet error from VoteRequest() call to peer f39fa13fb8294548b564603c7a1d14bc (127.21.56.2:39663): Illegal state: must be running to vote when last-logged opid is not known
I20260713 09:07:01.776006 23049 raft_consensus.cc:493] T 8c71eccb555e4345b8d7f2f9e8f6b7a1 P 34d5c85225a04ca1a487258c662d1788 [term 0 FOLLOWER]: Starting pre-election (no leader contacted us within the election timeout)
I20260713 09:07:01.774375 23012 ts_tablet_manager.cc:1403] T 32d7f51c4f7f467781a2b284e85bcaac P f39fa13fb8294548b564603c7a1d14bc: Time spent bootstrapping tablet: real 0.062s	user 0.020s	sys 0.011s
I20260713 09:07:01.779737 22969 tablet_service.cc:1917] Received RequestConsensusVote() RPC: tablet_id: "13dbd27919b5460c9e68b83b7556c5c5" candidate_uuid: "34d5c85225a04ca1a487258c662d1788" candidate_term: 1 candidate_status { last_received { term: 0 index: 0 } } ignore_live_leader: false dest_uuid: "8a6586cd61d64d588c54a487842e2007" is_pre_election: true
I20260713 09:07:01.781924 22969 raft_consensus.cc:2468] T 13dbd27919b5460c9e68b83b7556c5c5 P 8a6586cd61d64d588c54a487842e2007 [term 0 FOLLOWER]: Leader pre-election vote request: Granting yes vote for candidate 34d5c85225a04ca1a487258c662d1788 in term 0.
I20260713 09:07:01.782024 22970 tablet_service.cc:1917] Received RequestConsensusVote() RPC: tablet_id: "02984fa17a2742328d8f537506c7e219" candidate_uuid: "34d5c85225a04ca1a487258c662d1788" candidate_term: 1 candidate_status { last_received { term: 0 index: 0 } } ignore_live_leader: false dest_uuid: "8a6586cd61d64d588c54a487842e2007" is_pre_election: true
I20260713 09:07:01.783828 22968 tablet_service.cc:1917] Received RequestConsensusVote() RPC: tablet_id: "f2a76a0aca484c56bf2e8e82a1ccf1f5" candidate_uuid: "34d5c85225a04ca1a487258c662d1788" candidate_term: 1 candidate_status { last_received { term: 0 index: 0 } } ignore_live_leader: false dest_uuid: "8a6586cd61d64d588c54a487842e2007" is_pre_election: true
I20260713 09:07:01.784806 22863 leader_election.cc:304] T 267f709d142044aeb05d95ae943a4d00 P f39fa13fb8294548b564603c7a1d14bc [CANDIDATE]: Term 1 pre-election: Election decided. Result: candidate won. Election summary: received 2 responses out of 3 voters: 2 yes votes; 0 no votes. yes voters: 34d5c85225a04ca1a487258c662d1788, f39fa13fb8294548b564603c7a1d14bc; no voters: 
I20260713 09:07:01.780370 22971 tablet_service.cc:1917] Received RequestConsensusVote() RPC: tablet_id: "089cae630a284fd28934762b3ac86b8f" candidate_uuid: "34d5c85225a04ca1a487258c662d1788" candidate_term: 1 candidate_status { last_received { term: 0 index: 0 } } ignore_live_leader: false dest_uuid: "8a6586cd61d64d588c54a487842e2007" is_pre_election: true
W20260713 09:07:01.786955 22786 leader_election.cc:343] T 02984fa17a2742328d8f537506c7e219 P 34d5c85225a04ca1a487258c662d1788 [CANDIDATE]: Term 1 pre-election: Tablet error from VoteRequest() call to peer 8a6586cd61d64d588c54a487842e2007 (127.21.56.3:34005): Illegal state: must be running to vote when last-logged opid is not known
I20260713 09:07:01.787437 22786 leader_election.cc:304] T 02984fa17a2742328d8f537506c7e219 P 34d5c85225a04ca1a487258c662d1788 [CANDIDATE]: Term 1 pre-election: Election decided. Result: candidate lost. Election summary: received 3 responses out of 3 voters: 1 yes votes; 2 no votes. yes voters: 34d5c85225a04ca1a487258c662d1788; no voters: 8a6586cd61d64d588c54a487842e2007, f39fa13fb8294548b564603c7a1d14bc
I20260713 09:07:01.787724 22971 tablet_service.cc:1917] Received RequestConsensusVote() RPC: tablet_id: "13dbd27919b5460c9e68b83b7556c5c5" candidate_uuid: "34d5c85225a04ca1a487258c662d1788" candidate_term: 1 candidate_status { last_received { term: 0 index: 0 } } ignore_live_leader: false dest_uuid: "8a6586cd61d64d588c54a487842e2007"
I20260713 09:07:01.787552 23012 raft_consensus.cc:359] T 32d7f51c4f7f467781a2b284e85bcaac P f39fa13fb8294548b564603c7a1d14bc [term 0 FOLLOWER]: Replica starting. Triggering 0 pending ops. Active config: opid_index: -1 OBSOLETE_local: false peers { permanent_uuid: "34d5c85225a04ca1a487258c662d1788" member_type: VOTER last_known_addr { host: "127.21.56.1" port: 38307 } } peers { permanent_uuid: "f39fa13fb8294548b564603c7a1d14bc" member_type: VOTER last_known_addr { host: "127.21.56.2" port: 39663 } } peers { permanent_uuid: "8a6586cd61d64d588c54a487842e2007" member_type: VOTER last_known_addr { host: "127.21.56.3" port: 34005 } }
I20260713 09:07:01.788321 22971 raft_consensus.cc:3060] T 13dbd27919b5460c9e68b83b7556c5c5 P 8a6586cd61d64d588c54a487842e2007 [term 0 FOLLOWER]: Advancing to term 1
I20260713 09:07:01.788506 23012 raft_consensus.cc:385] T 32d7f51c4f7f467781a2b284e85bcaac P f39fa13fb8294548b564603c7a1d14bc [term 0 FOLLOWER]: Consensus starting up: Expiring failure detector timer to make a prompt election more likely
I20260713 09:07:01.789526 23047 raft_consensus.cc:493] T b23eabce34774a71b93d6298784de293 P f39fa13fb8294548b564603c7a1d14bc [term 0 FOLLOWER]: Starting pre-election (no leader contacted us within the election timeout)
I20260713 09:07:01.776467 23049 raft_consensus.cc:515] T 8c71eccb555e4345b8d7f2f9e8f6b7a1 P 34d5c85225a04ca1a487258c662d1788 [term 0 FOLLOWER]: Starting pre-election with config: opid_index: -1 OBSOLETE_local: false peers { permanent_uuid: "8a6586cd61d64d588c54a487842e2007" member_type: VOTER last_known_addr { host: "127.21.56.3" port: 34005 } } peers { permanent_uuid: "34d5c85225a04ca1a487258c662d1788" member_type: VOTER last_known_addr { host: "127.21.56.1" port: 38307 } } peers { permanent_uuid: "f39fa13fb8294548b564603c7a1d14bc" member_type: VOTER last_known_addr { host: "127.21.56.2" port: 39663 } }
I20260713 09:07:01.786046 23018 raft_consensus.cc:515] T f2a76a0aca484c56bf2e8e82a1ccf1f5 P 8a6586cd61d64d588c54a487842e2007 [term 1 FOLLOWER]: Starting leader election with config: opid_index: -1 OBSOLETE_local: false peers { permanent_uuid: "34d5c85225a04ca1a487258c662d1788" member_type: VOTER last_known_addr { host: "127.21.56.1" port: 38307 } } peers { permanent_uuid: "f39fa13fb8294548b564603c7a1d14bc" member_type: VOTER last_known_addr { host: "127.21.56.2" port: 39663 } } peers { permanent_uuid: "8a6586cd61d64d588c54a487842e2007" member_type: VOTER last_known_addr { host: "127.21.56.3" port: 34005 } }
I20260713 09:07:01.796839 23047 raft_consensus.cc:515] T b23eabce34774a71b93d6298784de293 P f39fa13fb8294548b564603c7a1d14bc [term 0 FOLLOWER]: Starting pre-election with config: opid_index: -1 OBSOLETE_local: false peers { permanent_uuid: "34d5c85225a04ca1a487258c662d1788" member_type: VOTER last_known_addr { host: "127.21.56.1" port: 38307 } } peers { permanent_uuid: "f39fa13fb8294548b564603c7a1d14bc" member_type: VOTER last_known_addr { host: "127.21.56.2" port: 39663 } } peers { permanent_uuid: "8a6586cd61d64d588c54a487842e2007" member_type: VOTER last_known_addr { host: "127.21.56.3" port: 34005 } }
W20260713 09:07:01.788600 22786 leader_election.cc:343] T 089cae630a284fd28934762b3ac86b8f P 34d5c85225a04ca1a487258c662d1788 [CANDIDATE]: Term 1 pre-election: Tablet error from VoteRequest() call to peer 8a6586cd61d64d588c54a487842e2007 (127.21.56.3:34005): Illegal state: must be running to vote when last-logged opid is not known
I20260713 09:07:01.790689 23043 raft_consensus.cc:2749] T 02984fa17a2742328d8f537506c7e219 P 34d5c85225a04ca1a487258c662d1788 [term 0 FOLLOWER]: Leader pre-election lost for term 1. Reason: could not achieve majority
I20260713 09:07:01.791325 23020 raft_consensus.cc:2804] T 267f709d142044aeb05d95ae943a4d00 P f39fa13fb8294548b564603c7a1d14bc [term 0 FOLLOWER]: Leader pre-election won for term 1
W20260713 09:07:01.791898 22863 leader_election.cc:343] T 58d2a8f77e18479ebf4d45ef40763b52 P f39fa13fb8294548b564603c7a1d14bc [CANDIDATE]: Term 1 pre-election: Tablet error from VoteRequest() call to peer 34d5c85225a04ca1a487258c662d1788 (127.21.56.1:38307): Illegal state: must be running to vote when last-logged opid is not known
I20260713 09:07:01.792788 22897 raft_consensus.cc:2468] T 13dbd27919b5460c9e68b83b7556c5c5 P f39fa13fb8294548b564603c7a1d14bc [term 1 FOLLOWER]: Leader election vote request: Granting yes vote for candidate 34d5c85225a04ca1a487258c662d1788 in term 1.
I20260713 09:07:01.799315 23020 raft_consensus.cc:493] T 267f709d142044aeb05d95ae943a4d00 P f39fa13fb8294548b564603c7a1d14bc [term 0 FOLLOWER]: Starting leader election (no leader contacted us within the election timeout)
I20260713 09:07:01.799991 22968 raft_consensus.cc:2393] T f2a76a0aca484c56bf2e8e82a1ccf1f5 P 8a6586cd61d64d588c54a487842e2007 [term 1 FOLLOWER]: Leader pre-election vote request: Denying vote to candidate 34d5c85225a04ca1a487258c662d1788 in current term 1: Already voted for candidate 8a6586cd61d64d588c54a487842e2007 in this term.
I20260713 09:07:01.800056 22969 tablet_service.cc:1917] Received RequestConsensusVote() RPC: tablet_id: "13dbd27919b5460c9e68b83b7556c5c5" candidate_uuid: "f39fa13fb8294548b564603c7a1d14bc" candidate_term: 1 candidate_status { last_received { term: 0 index: 0 } } ignore_live_leader: false dest_uuid: "8a6586cd61d64d588c54a487842e2007" is_pre_election: true
I20260713 09:07:01.794879 22971 raft_consensus.cc:2468] T 13dbd27919b5460c9e68b83b7556c5c5 P 8a6586cd61d64d588c54a487842e2007 [term 1 FOLLOWER]: Leader election vote request: Granting yes vote for candidate 34d5c85225a04ca1a487258c662d1788 in term 1.
I20260713 09:07:01.800576 22788 leader_election.cc:304] T 13dbd27919b5460c9e68b83b7556c5c5 P 34d5c85225a04ca1a487258c662d1788 [CANDIDATE]: Term 1 election: Election decided. Result: candidate won. Election summary: received 2 responses out of 3 voters: 2 yes votes; 0 no votes. yes voters: 34d5c85225a04ca1a487258c662d1788, f39fa13fb8294548b564603c7a1d14bc; no voters: 
I20260713 09:07:01.800122 23020 raft_consensus.cc:3060] T 267f709d142044aeb05d95ae943a4d00 P f39fa13fb8294548b564603c7a1d14bc [term 0 FOLLOWER]: Advancing to term 1
I20260713 09:07:01.801460 23050 raft_consensus.cc:2764] T 13dbd27919b5460c9e68b83b7556c5c5 P 8a6586cd61d64d588c54a487842e2007 [term 1 FOLLOWER]: Leader pre-election decision vote started in defunct term 0: won
I20260713 09:07:01.795336 23013 raft_consensus.cc:359] T 089cae630a284fd28934762b3ac86b8f P 8a6586cd61d64d588c54a487842e2007 [term 0 FOLLOWER]: Replica starting. Triggering 0 pending ops. Active config: opid_index: -1 OBSOLETE_local: false peers { permanent_uuid: "34d5c85225a04ca1a487258c662d1788" member_type: VOTER last_known_addr { host: "127.21.56.1" port: 38307 } } peers { permanent_uuid: "f39fa13fb8294548b564603c7a1d14bc" member_type: VOTER last_known_addr { host: "127.21.56.2" port: 39663 } } peers { permanent_uuid: "8a6586cd61d64d588c54a487842e2007" member_type: VOTER last_known_addr { host: "127.21.56.3" port: 34005 } }
I20260713 09:07:01.784440 23017 leader_election.cc:290] T 13dbd27919b5460c9e68b83b7556c5c5 P 34d5c85225a04ca1a487258c662d1788 [CANDIDATE]: Term 1 election: Requested vote from peers f39fa13fb8294548b564603c7a1d14bc (127.21.56.2:39663), 8a6586cd61d64d588c54a487842e2007 (127.21.56.3:34005)
I20260713 09:07:01.796414 23012 raft_consensus.cc:740] T 32d7f51c4f7f467781a2b284e85bcaac P f39fa13fb8294548b564603c7a1d14bc [term 0 FOLLOWER]: Becoming Follower/Learner. State: Replica: f39fa13fb8294548b564603c7a1d14bc, State: Initialized, Role: FOLLOWER
I20260713 09:07:01.804616 23013 raft_consensus.cc:385] T 089cae630a284fd28934762b3ac86b8f P 8a6586cd61d64d588c54a487842e2007 [term 0 FOLLOWER]: Consensus starting up: Expiring failure detector timer to make a prompt election more likely
I20260713 09:07:01.798604 23018 leader_election.cc:290] T f2a76a0aca484c56bf2e8e82a1ccf1f5 P 8a6586cd61d64d588c54a487842e2007 [CANDIDATE]: Term 1 election: Requested vote from peers 34d5c85225a04ca1a487258c662d1788 (127.21.56.1:38307), f39fa13fb8294548b564603c7a1d14bc (127.21.56.2:39663)
I20260713 09:07:01.802284 23011 ts_tablet_manager.cc:1434] T 55c90487515349c8ac510d63174e8b88 P 34d5c85225a04ca1a487258c662d1788: Time spent starting tablet: real 0.059s	user 0.014s	sys 0.012s
I20260713 09:07:01.802624 22861 leader_election.cc:304] T 13dbd27919b5460c9e68b83b7556c5c5 P f39fa13fb8294548b564603c7a1d14bc [CANDIDATE]: Term 1 pre-election: Election decided. Result: candidate lost. Election summary: received 3 responses out of 3 voters: 1 yes votes; 2 no votes. yes voters: f39fa13fb8294548b564603c7a1d14bc; no voters: 34d5c85225a04ca1a487258c662d1788, 8a6586cd61d64d588c54a487842e2007
I20260713 09:07:01.799400 22970 tablet_service.cc:1917] Received RequestConsensusVote() RPC: tablet_id: "58d2a8f77e18479ebf4d45ef40763b52" candidate_uuid: "f39fa13fb8294548b564603c7a1d14bc" candidate_term: 1 candidate_status { last_received { term: 0 index: 0 } } ignore_live_leader: false dest_uuid: "8a6586cd61d64d588c54a487842e2007" is_pre_election: true
I20260713 09:07:01.806339 22970 raft_consensus.cc:2468] T 58d2a8f77e18479ebf4d45ef40763b52 P 8a6586cd61d64d588c54a487842e2007 [term 0 FOLLOWER]: Leader pre-election vote request: Granting yes vote for candidate f39fa13fb8294548b564603c7a1d14bc in term 0.
I20260713 09:07:01.806955 22822 tablet_service.cc:1917] Received RequestConsensusVote() RPC: tablet_id: "b23eabce34774a71b93d6298784de293" candidate_uuid: "f39fa13fb8294548b564603c7a1d14bc" candidate_term: 1 candidate_status { last_received { term: 0 index: 0 } } ignore_live_leader: false dest_uuid: "34d5c85225a04ca1a487258c662d1788" is_pre_election: true
I20260713 09:07:01.805310 23012 consensus_queue.cc:260] T 32d7f51c4f7f467781a2b284e85bcaac P f39fa13fb8294548b564603c7a1d14bc [NON_LEADER]: Queue going to NON_LEADER mode. State: All replicated index: 0, Majority replicated index: 0, Committed index: 0, Last appended: 0.0, Last appended by leader: 0, Current term: 0, Majority size: -1, State: 0, Mode: NON_LEADER, active raft config: opid_index: -1 OBSOLETE_local: false peers { permanent_uuid: "34d5c85225a04ca1a487258c662d1788" member_type: VOTER last_known_addr { host: "127.21.56.1" port: 38307 } } peers { permanent_uuid: "f39fa13fb8294548b564603c7a1d14bc" member_type: VOTER last_known_addr { host: "127.21.56.2" port: 39663 } } peers { permanent_uuid: "8a6586cd61d64d588c54a487842e2007" member_type: VOTER last_known_addr { host: "127.21.56.3" port: 34005 } }
I20260713 09:07:01.808441 23011 tablet_bootstrap.cc:492] T a74e535879c542de840d82950c55a178 P 34d5c85225a04ca1a487258c662d1788: Bootstrap starting.
I20260713 09:07:01.809183 22897 tablet_service.cc:1917] Received RequestConsensusVote() RPC: tablet_id: "f2a76a0aca484c56bf2e8e82a1ccf1f5" candidate_uuid: "8a6586cd61d64d588c54a487842e2007" candidate_term: 1 candidate_status { last_received { term: 0 index: 0 } } ignore_live_leader: false dest_uuid: "f39fa13fb8294548b564603c7a1d14bc"
W20260713 09:07:01.809355 22863 leader_election.cc:343] T b23eabce34774a71b93d6298784de293 P f39fa13fb8294548b564603c7a1d14bc [CANDIDATE]: Term 1 pre-election: Tablet error from VoteRequest() call to peer 34d5c85225a04ca1a487258c662d1788 (127.21.56.1:38307): Illegal state: must be running to vote when last-logged opid is not known
W20260713 09:07:01.810429 22937 leader_election.cc:343] T f2a76a0aca484c56bf2e8e82a1ccf1f5 P 8a6586cd61d64d588c54a487842e2007 [CANDIDATE]: Term 1 election: Tablet error from VoteRequest() call to peer f39fa13fb8294548b564603c7a1d14bc (127.21.56.2:39663): Illegal state: must be running to vote when last-logged opid is not known
I20260713 09:07:01.803249 23049 leader_election.cc:290] T 8c71eccb555e4345b8d7f2f9e8f6b7a1 P 34d5c85225a04ca1a487258c662d1788 [CANDIDATE]: Term 1 pre-election: Requested pre-vote from peers 8a6586cd61d64d588c54a487842e2007 (127.21.56.3:34005), f39fa13fb8294548b564603c7a1d14bc (127.21.56.2:39663)
I20260713 09:07:01.803479 23047 leader_election.cc:290] T b23eabce34774a71b93d6298784de293 P f39fa13fb8294548b564603c7a1d14bc [CANDIDATE]: Term 1 pre-election: Requested pre-vote from peers 34d5c85225a04ca1a487258c662d1788 (127.21.56.1:38307), 8a6586cd61d64d588c54a487842e2007 (127.21.56.3:34005)
I20260713 09:07:01.813524 23047 raft_consensus.cc:2749] T 13dbd27919b5460c9e68b83b7556c5c5 P f39fa13fb8294548b564603c7a1d14bc [term 1 FOLLOWER]: Leader pre-election lost for term 1. Reason: could not achieve majority
I20260713 09:07:01.804018 23043 raft_consensus.cc:2804] T 13dbd27919b5460c9e68b83b7556c5c5 P 34d5c85225a04ca1a487258c662d1788 [term 1 FOLLOWER]: Leader election won for term 1
I20260713 09:07:01.814711 23043 raft_consensus.cc:697] T 13dbd27919b5460c9e68b83b7556c5c5 P 34d5c85225a04ca1a487258c662d1788 [term 1 LEADER]: Becoming Leader. State: Replica: 34d5c85225a04ca1a487258c662d1788, State: Running, Role: LEADER
