I20260713 09:06:59.851238 23249 raft_consensus.cc:740] T 8fab098aa5f34e399dd665dd159cb347 P ff7c750605d04b42818d4e012dca1b42 [term 0 FOLLOWER]: Becoming Follower/Learner. State: Replica: ff7c750605d04b42818d4e012dca1b42, State: Initialized, Role: FOLLOWER
I20260713 09:06:59.851269 23253 raft_consensus.cc:359] T 8c05bafe969242f19c5acb38e3ec82af P 09818c9979e74ee98266b3d5f163e250 [term 0 FOLLOWER]: Replica starting. Triggering 0 pending ops. Active config: opid_index: -1 OBSOLETE_local: false peers { permanent_uuid: "b8eec8afb59b4921b18e3c8fd03aa79b" member_type: VOTER last_known_addr { host: "127.21.109.193" port: 45527 } } peers { permanent_uuid: "ff7c750605d04b42818d4e012dca1b42" member_type: VOTER last_known_addr { host: "127.21.109.194" port: 43035 } } peers { permanent_uuid: "09818c9979e74ee98266b3d5f163e250" member_type: VOTER last_known_addr { host: "127.21.109.195" port: 46851 } }
I20260713 09:06:59.852062 23253 raft_consensus.cc:385] T 8c05bafe969242f19c5acb38e3ec82af P 09818c9979e74ee98266b3d5f163e250 [term 0 FOLLOWER]: Consensus starting up: Expiring failure detector timer to make a prompt election more likely
I20260713 09:06:59.852356 23253 raft_consensus.cc:740] T 8c05bafe969242f19c5acb38e3ec82af P 09818c9979e74ee98266b3d5f163e250 [term 0 FOLLOWER]: Becoming Follower/Learner. State: Replica: 09818c9979e74ee98266b3d5f163e250, State: Initialized, Role: FOLLOWER
I20260713 09:06:59.852147 23249 consensus_queue.cc:260] T 8fab098aa5f34e399dd665dd159cb347 P ff7c750605d04b42818d4e012dca1b42 [NON_LEADER]: Queue going to NON_LEADER mode. State: All replicated index: 0, Majority replicated index: 0, Committed index: 0, Last appended: 0.0, Last appended by leader: 0, Current term: 0, Majority size: -1, State: 0, Mode: NON_LEADER, active raft config: opid_index: -1 OBSOLETE_local: false peers { permanent_uuid: "b8eec8afb59b4921b18e3c8fd03aa79b" member_type: VOTER last_known_addr { host: "127.21.109.193" port: 45527 } } peers { permanent_uuid: "ff7c750605d04b42818d4e012dca1b42" member_type: VOTER last_known_addr { host: "127.21.109.194" port: 43035 } } peers { permanent_uuid: "09818c9979e74ee98266b3d5f163e250" member_type: VOTER last_known_addr { host: "127.21.109.195" port: 46851 } }
I20260713 09:06:59.853062 23253 consensus_queue.cc:260] T 8c05bafe969242f19c5acb38e3ec82af P 09818c9979e74ee98266b3d5f163e250 [NON_LEADER]: Queue going to NON_LEADER mode. State: All replicated index: 0, Majority replicated index: 0, Committed index: 0, Last appended: 0.0, Last appended by leader: 0, Current term: 0, Majority size: -1, State: 0, Mode: NON_LEADER, active raft config: opid_index: -1 OBSOLETE_local: false peers { permanent_uuid: "b8eec8afb59b4921b18e3c8fd03aa79b" member_type: VOTER last_known_addr { host: "127.21.109.193" port: 45527 } } peers { permanent_uuid: "ff7c750605d04b42818d4e012dca1b42" member_type: VOTER last_known_addr { host: "127.21.109.194" port: 43035 } } peers { permanent_uuid: "09818c9979e74ee98266b3d5f163e250" member_type: VOTER last_known_addr { host: "127.21.109.195" port: 46851 } }
I20260713 09:06:59.854903 23249 ts_tablet_manager.cc:1434] T 8fab098aa5f34e399dd665dd159cb347 P ff7c750605d04b42818d4e012dca1b42: Time spent starting tablet: real 0.007s	user 0.006s	sys 0.000s
I20260713 09:06:59.855605 23253 ts_tablet_manager.cc:1434] T 8c05bafe969242f19c5acb38e3ec82af P 09818c9979e74ee98266b3d5f163e250: Time spent starting tablet: real 0.007s	user 0.006s	sys 0.001s
I20260713 09:06:59.855949 23249 tablet_bootstrap.cc:492] T 969000a89d1b4ca09e483212af6bb6f2 P ff7c750605d04b42818d4e012dca1b42: Bootstrap starting.
I20260713 09:06:59.856534 23253 tablet_bootstrap.cc:492] T ccba3e5b60bd4e8e8422ff2947e70d3c P 09818c9979e74ee98266b3d5f163e250: Bootstrap starting.
I20260713 09:06:59.860201 22958 catalog_manager.cc:5697] T 917dad5706e145daaa74a06c3adf2d60 P b8eec8afb59b4921b18e3c8fd03aa79b reported cstate change: term changed from 0 to 1, leader changed from <none> to b8eec8afb59b4921b18e3c8fd03aa79b (127.21.109.193). New cstate: current_term: 1 leader_uuid: "b8eec8afb59b4921b18e3c8fd03aa79b" committed_config { opid_index: -1 OBSOLETE_local: false peers { permanent_uuid: "b8eec8afb59b4921b18e3c8fd03aa79b" member_type: VOTER last_known_addr { host: "127.21.109.193" port: 45527 } health_report { overall_health: HEALTHY } } peers { permanent_uuid: "ff7c750605d04b42818d4e012dca1b42" member_type: VOTER last_known_addr { host: "127.21.109.194" port: 43035 } health_report { overall_health: UNKNOWN } } peers { permanent_uuid: "09818c9979e74ee98266b3d5f163e250" member_type: VOTER last_known_addr { host: "127.21.109.195" port: 46851 } health_report { overall_health: UNKNOWN } } }
I20260713 09:06:59.863044 23249 tablet_bootstrap.cc:654] T 969000a89d1b4ca09e483212af6bb6f2 P ff7c750605d04b42818d4e012dca1b42: Neither blocks nor log segments found. Creating new log.
I20260713 09:06:59.863117 23253 tablet_bootstrap.cc:654] T ccba3e5b60bd4e8e8422ff2947e70d3c P 09818c9979e74ee98266b3d5f163e250: Neither blocks nor log segments found. Creating new log.
I20260713 09:06:59.867267 23251 raft_consensus.cc:493] T 8fab098aa5f34e399dd665dd159cb347 P ff7c750605d04b42818d4e012dca1b42 [term 0 FOLLOWER]: Starting pre-election (no leader contacted us within the election timeout)
I20260713 09:06:59.867857 23251 raft_consensus.cc:515] T 8fab098aa5f34e399dd665dd159cb347 P ff7c750605d04b42818d4e012dca1b42 [term 0 FOLLOWER]: Starting pre-election with config: opid_index: -1 OBSOLETE_local: false peers { permanent_uuid: "b8eec8afb59b4921b18e3c8fd03aa79b" member_type: VOTER last_known_addr { host: "127.21.109.193" port: 45527 } } peers { permanent_uuid: "ff7c750605d04b42818d4e012dca1b42" member_type: VOTER last_known_addr { host: "127.21.109.194" port: 43035 } } peers { permanent_uuid: "09818c9979e74ee98266b3d5f163e250" member_type: VOTER last_known_addr { host: "127.21.109.195" port: 46851 } }
I20260713 09:06:59.870093 23249 tablet_bootstrap.cc:492] T 969000a89d1b4ca09e483212af6bb6f2 P ff7c750605d04b42818d4e012dca1b42: No bootstrap required, opened a new log
I20260713 09:06:59.870738 23249 ts_tablet_manager.cc:1403] T 969000a89d1b4ca09e483212af6bb6f2 P ff7c750605d04b42818d4e012dca1b42: Time spent bootstrapping tablet: real 0.015s	user 0.013s	sys 0.000s
I20260713 09:06:59.870158 23251 leader_election.cc:290] T 8fab098aa5f34e399dd665dd159cb347 P ff7c750605d04b42818d4e012dca1b42 [CANDIDATE]: Term 1 pre-election: Requested pre-vote from peers b8eec8afb59b4921b18e3c8fd03aa79b (127.21.109.193:45527), 09818c9979e74ee98266b3d5f163e250 (127.21.109.195:46851)
I20260713 09:06:59.871873 23252 tablet_bootstrap.cc:492] T 8fab098aa5f34e399dd665dd159cb347 P b8eec8afb59b4921b18e3c8fd03aa79b: No bootstrap required, opened a new log
I20260713 09:06:59.872736 23056 tablet_service.cc:1917] Received RequestConsensusVote() RPC: tablet_id: "8fab098aa5f34e399dd665dd159cb347" candidate_uuid: "ff7c750605d04b42818d4e012dca1b42" candidate_term: 1 candidate_status { last_received { term: 0 index: 0 } } ignore_live_leader: false dest_uuid: "b8eec8afb59b4921b18e3c8fd03aa79b" is_pre_election: true
I20260713 09:06:59.874389 23252 ts_tablet_manager.cc:1403] T 8fab098aa5f34e399dd665dd159cb347 P b8eec8afb59b4921b18e3c8fd03aa79b: Time spent bootstrapping tablet: real 0.074s	user 0.009s	sys 0.009s
I20260713 09:06:59.873613 23249 raft_consensus.cc:359] T 969000a89d1b4ca09e483212af6bb6f2 P ff7c750605d04b42818d4e012dca1b42 [term 0 FOLLOWER]: Replica starting. Triggering 0 pending ops. Active config: opid_index: -1 OBSOLETE_local: false peers { permanent_uuid: "b8eec8afb59b4921b18e3c8fd03aa79b" member_type: VOTER last_known_addr { host: "127.21.109.193" port: 45527 } } peers { permanent_uuid: "ff7c750605d04b42818d4e012dca1b42" member_type: VOTER last_known_addr { host: "127.21.109.194" port: 43035 } } peers { permanent_uuid: "09818c9979e74ee98266b3d5f163e250" member_type: VOTER last_known_addr { host: "127.21.109.195" port: 46851 } }
I20260713 09:06:59.875921 23249 raft_consensus.cc:385] T 969000a89d1b4ca09e483212af6bb6f2 P ff7c750605d04b42818d4e012dca1b42 [term 0 FOLLOWER]: Consensus starting up: Expiring failure detector timer to make a prompt election more likely
I20260713 09:06:59.876274 23249 raft_consensus.cc:740] T 969000a89d1b4ca09e483212af6bb6f2 P ff7c750605d04b42818d4e012dca1b42 [term 0 FOLLOWER]: Becoming Follower/Learner. State: Replica: ff7c750605d04b42818d4e012dca1b42, State: Initialized, Role: FOLLOWER
I20260713 09:06:59.873617 23208 tablet_service.cc:1917] Received RequestConsensusVote() RPC: tablet_id: "8fab098aa5f34e399dd665dd159cb347" candidate_uuid: "ff7c750605d04b42818d4e012dca1b42" candidate_term: 1 candidate_status { last_received { term: 0 index: 0 } } ignore_live_leader: false dest_uuid: "09818c9979e74ee98266b3d5f163e250" is_pre_election: true
I20260713 09:06:59.877120 23249 consensus_queue.cc:260] T 969000a89d1b4ca09e483212af6bb6f2 P ff7c750605d04b42818d4e012dca1b42 [NON_LEADER]: Queue going to NON_LEADER mode. State: All replicated index: 0, Majority replicated index: 0, Committed index: 0, Last appended: 0.0, Last appended by leader: 0, Current term: 0, Majority size: -1, State: 0, Mode: NON_LEADER, active raft config: opid_index: -1 OBSOLETE_local: false peers { permanent_uuid: "b8eec8afb59b4921b18e3c8fd03aa79b" member_type: VOTER last_known_addr { host: "127.21.109.193" port: 45527 } } peers { permanent_uuid: "ff7c750605d04b42818d4e012dca1b42" member_type: VOTER last_known_addr { host: "127.21.109.194" port: 43035 } } peers { permanent_uuid: "09818c9979e74ee98266b3d5f163e250" member_type: VOTER last_known_addr { host: "127.21.109.195" port: 46851 } }
I20260713 09:06:59.878376 23208 raft_consensus.cc:2468] T 8fab098aa5f34e399dd665dd159cb347 P 09818c9979e74ee98266b3d5f163e250 [term 0 FOLLOWER]: Leader pre-election vote request: Granting yes vote for candidate ff7c750605d04b42818d4e012dca1b42 in term 0.
I20260713 09:06:59.878161 23252 raft_consensus.cc:359] T 8fab098aa5f34e399dd665dd159cb347 P b8eec8afb59b4921b18e3c8fd03aa79b [term 0 FOLLOWER]: Replica starting. Triggering 0 pending ops. Active config: opid_index: -1 OBSOLETE_local: false peers { permanent_uuid: "b8eec8afb59b4921b18e3c8fd03aa79b" member_type: VOTER last_known_addr { host: "127.21.109.193" port: 45527 } } peers { permanent_uuid: "ff7c750605d04b42818d4e012dca1b42" member_type: VOTER last_known_addr { host: "127.21.109.194" port: 43035 } } peers { permanent_uuid: "09818c9979e74ee98266b3d5f163e250" member_type: VOTER last_known_addr { host: "127.21.109.195" port: 46851 } }
I20260713 09:06:59.880800 23253 tablet_bootstrap.cc:492] T ccba3e5b60bd4e8e8422ff2947e70d3c P 09818c9979e74ee98266b3d5f163e250: No bootstrap required, opened a new log
I20260713 09:06:59.880811 23249 ts_tablet_manager.cc:1434] T 969000a89d1b4ca09e483212af6bb6f2 P ff7c750605d04b42818d4e012dca1b42: Time spent starting tablet: real 0.010s	user 0.007s	sys 0.000s
I20260713 09:06:59.881423 23253 ts_tablet_manager.cc:1403] T ccba3e5b60bd4e8e8422ff2947e70d3c P 09818c9979e74ee98266b3d5f163e250: Time spent bootstrapping tablet: real 0.025s	user 0.009s	sys 0.007s
I20260713 09:06:59.881986 23249 tablet_bootstrap.cc:492] T a98f483780614895905a9d583778198a P ff7c750605d04b42818d4e012dca1b42: Bootstrap starting.
W20260713 09:06:59.879729 23100 leader_election.cc:343] T 8fab098aa5f34e399dd665dd159cb347 P ff7c750605d04b42818d4e012dca1b42 [CANDIDATE]: Term 1 pre-election: Tablet error from VoteRequest() call to peer b8eec8afb59b4921b18e3c8fd03aa79b (127.21.109.193:45527): Illegal state: must be running to vote when last-logged opid is not known
I20260713 09:06:59.880832 23252 raft_consensus.cc:385] T 8fab098aa5f34e399dd665dd159cb347 P b8eec8afb59b4921b18e3c8fd03aa79b [term 0 FOLLOWER]: Consensus starting up: Expiring failure detector timer to make a prompt election more likely
I20260713 09:06:59.883919 23252 raft_consensus.cc:740] T 8fab098aa5f34e399dd665dd159cb347 P b8eec8afb59b4921b18e3c8fd03aa79b [term 0 FOLLOWER]: Becoming Follower/Learner. State: Replica: b8eec8afb59b4921b18e3c8fd03aa79b, State: Initialized, Role: FOLLOWER
I20260713 09:06:59.885080 23099 leader_election.cc:304] T 8fab098aa5f34e399dd665dd159cb347 P ff7c750605d04b42818d4e012dca1b42 [CANDIDATE]: Term 1 pre-election: Election decided. Result: candidate won. Election summary: received 3 responses out of 3 voters: 2 yes votes; 1 no votes. yes voters: 09818c9979e74ee98266b3d5f163e250, ff7c750605d04b42818d4e012dca1b42; no voters: b8eec8afb59b4921b18e3c8fd03aa79b
I20260713 09:06:59.884770 23252 consensus_queue.cc:260] T 8fab098aa5f34e399dd665dd159cb347 P b8eec8afb59b4921b18e3c8fd03aa79b [NON_LEADER]: Queue going to NON_LEADER mode. State: All replicated index: 0, Majority replicated index: 0, Committed index: 0, Last appended: 0.0, Last appended by leader: 0, Current term: 0, Majority size: -1, State: 0, Mode: NON_LEADER, active raft config: opid_index: -1 OBSOLETE_local: false peers { permanent_uuid: "b8eec8afb59b4921b18e3c8fd03aa79b" member_type: VOTER last_known_addr { host: "127.21.109.193" port: 45527 } } peers { permanent_uuid: "ff7c750605d04b42818d4e012dca1b42" member_type: VOTER last_known_addr { host: "127.21.109.194" port: 43035 } } peers { permanent_uuid: "09818c9979e74ee98266b3d5f163e250" member_type: VOTER last_known_addr { host: "127.21.109.195" port: 46851 } }
I20260713 09:06:59.887372 23252 ts_tablet_manager.cc:1434] T 8fab098aa5f34e399dd665dd159cb347 P b8eec8afb59b4921b18e3c8fd03aa79b: Time spent starting tablet: real 0.013s	user 0.005s	sys 0.004s
I20260713 09:06:59.884717 23253 raft_consensus.cc:359] T ccba3e5b60bd4e8e8422ff2947e70d3c P 09818c9979e74ee98266b3d5f163e250 [term 0 FOLLOWER]: Replica starting. Triggering 0 pending ops. Active config: opid_index: -1 OBSOLETE_local: false peers { permanent_uuid: "b8eec8afb59b4921b18e3c8fd03aa79b" member_type: VOTER last_known_addr { host: "127.21.109.193" port: 45527 } } peers { permanent_uuid: "ff7c750605d04b42818d4e012dca1b42" member_type: VOTER last_known_addr { host: "127.21.109.194" port: 43035 } } peers { permanent_uuid: "09818c9979e74ee98266b3d5f163e250" member_type: VOTER last_known_addr { host: "127.21.109.195" port: 46851 } }
I20260713 09:06:59.887879 23253 raft_consensus.cc:385] T ccba3e5b60bd4e8e8422ff2947e70d3c P 09818c9979e74ee98266b3d5f163e250 [term 0 FOLLOWER]: Consensus starting up: Expiring failure detector timer to make a prompt election more likely
I20260713 09:06:59.889209 23253 raft_consensus.cc:740] T ccba3e5b60bd4e8e8422ff2947e70d3c P 09818c9979e74ee98266b3d5f163e250 [term 0 FOLLOWER]: Becoming Follower/Learner. State: Replica: 09818c9979e74ee98266b3d5f163e250, State: Initialized, Role: FOLLOWER
I20260713 09:06:59.889364 23249 tablet_bootstrap.cc:654] T a98f483780614895905a9d583778198a P ff7c750605d04b42818d4e012dca1b42: Neither blocks nor log segments found. Creating new log.
I20260713 09:06:59.890041 23251 raft_consensus.cc:2804] T 8fab098aa5f34e399dd665dd159cb347 P ff7c750605d04b42818d4e012dca1b42 [term 0 FOLLOWER]: Leader pre-election won for term 1
I20260713 09:06:59.890519 23251 raft_consensus.cc:493] T 8fab098aa5f34e399dd665dd159cb347 P ff7c750605d04b42818d4e012dca1b42 [term 0 FOLLOWER]: Starting leader election (no leader contacted us within the election timeout)
I20260713 09:06:59.890192 23253 consensus_queue.cc:260] T ccba3e5b60bd4e8e8422ff2947e70d3c P 09818c9979e74ee98266b3d5f163e250 [NON_LEADER]: Queue going to NON_LEADER mode. State: All replicated index: 0, Majority replicated index: 0, Committed index: 0, Last appended: 0.0, Last appended by leader: 0, Current term: 0, Majority size: -1, State: 0, Mode: NON_LEADER, active raft config: opid_index: -1 OBSOLETE_local: false peers { permanent_uuid: "b8eec8afb59b4921b18e3c8fd03aa79b" member_type: VOTER last_known_addr { host: "127.21.109.193" port: 45527 } } peers { permanent_uuid: "ff7c750605d04b42818d4e012dca1b42" member_type: VOTER last_known_addr { host: "127.21.109.194" port: 43035 } } peers { permanent_uuid: "09818c9979e74ee98266b3d5f163e250" member_type: VOTER last_known_addr { host: "127.21.109.195" port: 46851 } }
I20260713 09:06:59.890993 23251 raft_consensus.cc:3060] T 8fab098aa5f34e399dd665dd159cb347 P ff7c750605d04b42818d4e012dca1b42 [term 0 FOLLOWER]: Advancing to term 1
I20260713 09:06:59.892585 23253 ts_tablet_manager.cc:1434] T ccba3e5b60bd4e8e8422ff2947e70d3c P 09818c9979e74ee98266b3d5f163e250: Time spent starting tablet: real 0.011s	user 0.005s	sys 0.003s
I20260713 09:06:59.893527 23253 tablet_bootstrap.cc:492] T 42f6ed62837041a58d4fe2cc6ddd58b5 P 09818c9979e74ee98266b3d5f163e250: Bootstrap starting.
I20260713 09:06:59.888938 23252 tablet_bootstrap.cc:492] T a98f483780614895905a9d583778198a P b8eec8afb59b4921b18e3c8fd03aa79b: Bootstrap starting.
I20260713 09:06:59.899859 23253 tablet_bootstrap.cc:654] T 42f6ed62837041a58d4fe2cc6ddd58b5 P 09818c9979e74ee98266b3d5f163e250: Neither blocks nor log segments found. Creating new log.
I20260713 09:06:59.901938 23252 tablet_bootstrap.cc:654] T a98f483780614895905a9d583778198a P b8eec8afb59b4921b18e3c8fd03aa79b: Neither blocks nor log segments found. Creating new log.
I20260713 09:06:59.920423 23251 raft_consensus.cc:515] T 8fab098aa5f34e399dd665dd159cb347 P ff7c750605d04b42818d4e012dca1b42 [term 1 FOLLOWER]: Starting leader election with config: opid_index: -1 OBSOLETE_local: false peers { permanent_uuid: "b8eec8afb59b4921b18e3c8fd03aa79b" member_type: VOTER last_known_addr { host: "127.21.109.193" port: 45527 } } peers { permanent_uuid: "ff7c750605d04b42818d4e012dca1b42" member_type: VOTER last_known_addr { host: "127.21.109.194" port: 43035 } } peers { permanent_uuid: "09818c9979e74ee98266b3d5f163e250" member_type: VOTER last_known_addr { host: "127.21.109.195" port: 46851 } }
I20260713 09:06:59.926119 23208 tablet_service.cc:1917] Received RequestConsensusVote() RPC: tablet_id: "8fab098aa5f34e399dd665dd159cb347" candidate_uuid: "ff7c750605d04b42818d4e012dca1b42" candidate_term: 1 candidate_status { last_received { term: 0 index: 0 } } ignore_live_leader: false dest_uuid: "09818c9979e74ee98266b3d5f163e250"
I20260713 09:06:59.926966 23208 raft_consensus.cc:3060] T 8fab098aa5f34e399dd665dd159cb347 P 09818c9979e74ee98266b3d5f163e250 [term 0 FOLLOWER]: Advancing to term 1
I20260713 09:06:59.928124 23361 raft_consensus.cc:493] T 8c05bafe969242f19c5acb38e3ec82af P 09818c9979e74ee98266b3d5f163e250 [term 0 FOLLOWER]: Starting pre-election (no leader contacted us within the election timeout)
I20260713 09:06:59.928977 23361 raft_consensus.cc:515] T 8c05bafe969242f19c5acb38e3ec82af P 09818c9979e74ee98266b3d5f163e250 [term 0 FOLLOWER]: Starting pre-election with config: opid_index: -1 OBSOLETE_local: false peers { permanent_uuid: "b8eec8afb59b4921b18e3c8fd03aa79b" member_type: VOTER last_known_addr { host: "127.21.109.193" port: 45527 } } peers { permanent_uuid: "ff7c750605d04b42818d4e012dca1b42" member_type: VOTER last_known_addr { host: "127.21.109.194" port: 43035 } } peers { permanent_uuid: "09818c9979e74ee98266b3d5f163e250" member_type: VOTER last_known_addr { host: "127.21.109.195" port: 46851 } }
I20260713 09:06:59.926119 23056 tablet_service.cc:1917] Received RequestConsensusVote() RPC: tablet_id: "8fab098aa5f34e399dd665dd159cb347" candidate_uuid: "ff7c750605d04b42818d4e012dca1b42" candidate_term: 1 candidate_status { last_received { term: 0 index: 0 } } ignore_live_leader: false dest_uuid: "b8eec8afb59b4921b18e3c8fd03aa79b"
I20260713 09:06:59.931244 23056 raft_consensus.cc:3060] T 8fab098aa5f34e399dd665dd159cb347 P b8eec8afb59b4921b18e3c8fd03aa79b [term 0 FOLLOWER]: Advancing to term 1
I20260713 09:06:59.933538 23059 tablet_service.cc:1917] Received RequestConsensusVote() RPC: tablet_id: "8c05bafe969242f19c5acb38e3ec82af" candidate_uuid: "09818c9979e74ee98266b3d5f163e250" candidate_term: 1 candidate_status { last_received { term: 0 index: 0 } } ignore_live_leader: false dest_uuid: "b8eec8afb59b4921b18e3c8fd03aa79b" is_pre_election: true
I20260713 09:06:59.934466 23059 raft_consensus.cc:2468] T 8c05bafe969242f19c5acb38e3ec82af P b8eec8afb59b4921b18e3c8fd03aa79b [term 0 FOLLOWER]: Leader pre-election vote request: Granting yes vote for candidate 09818c9979e74ee98266b3d5f163e250 in term 0.
I20260713 09:06:59.937304 23174 leader_election.cc:304] T 8c05bafe969242f19c5acb38e3ec82af P 09818c9979e74ee98266b3d5f163e250 [CANDIDATE]: Term 1 pre-election: Election decided. Result: candidate won. Election summary: received 2 responses out of 3 voters: 2 yes votes; 0 no votes. yes voters: 09818c9979e74ee98266b3d5f163e250, b8eec8afb59b4921b18e3c8fd03aa79b; no voters: 
I20260713 09:06:59.938504 23314 raft_consensus.cc:2804] T 8c05bafe969242f19c5acb38e3ec82af P 09818c9979e74ee98266b3d5f163e250 [term 0 FOLLOWER]: Leader pre-election won for term 1
I20260713 09:06:59.938885 23314 raft_consensus.cc:493] T 8c05bafe969242f19c5acb38e3ec82af P 09818c9979e74ee98266b3d5f163e250 [term 0 FOLLOWER]: Starting leader election (no leader contacted us within the election timeout)
I20260713 09:06:59.939586 23314 raft_consensus.cc:3060] T 8c05bafe969242f19c5acb38e3ec82af P 09818c9979e74ee98266b3d5f163e250 [term 0 FOLLOWER]: Advancing to term 1
I20260713 09:06:59.939482 23361 leader_election.cc:290] T 8c05bafe969242f19c5acb38e3ec82af P 09818c9979e74ee98266b3d5f163e250 [CANDIDATE]: Term 1 pre-election: Requested pre-vote from peers b8eec8afb59b4921b18e3c8fd03aa79b (127.21.109.193:45527), ff7c750605d04b42818d4e012dca1b42 (127.21.109.194:43035)
I20260713 09:06:59.944489 23208 raft_consensus.cc:2468] T 8fab098aa5f34e399dd665dd159cb347 P 09818c9979e74ee98266b3d5f163e250 [term 1 FOLLOWER]: Leader election vote request: Granting yes vote for candidate ff7c750605d04b42818d4e012dca1b42 in term 1.
I20260713 09:06:59.945957 23099 leader_election.cc:304] T 8fab098aa5f34e399dd665dd159cb347 P ff7c750605d04b42818d4e012dca1b42 [CANDIDATE]: Term 1 election: Election decided. Result: candidate won. Election summary: received 2 responses out of 3 voters: 2 yes votes; 0 no votes. yes voters: 09818c9979e74ee98266b3d5f163e250, ff7c750605d04b42818d4e012dca1b42; no voters: 
I20260713 09:06:59.946038 23134 tablet_service.cc:1917] Received RequestConsensusVote() RPC: tablet_id: "8c05bafe969242f19c5acb38e3ec82af" candidate_uuid: "09818c9979e74ee98266b3d5f163e250" candidate_term: 1 candidate_status { last_received { term: 0 index: 0 } } ignore_live_leader: false dest_uuid: "ff7c750605d04b42818d4e012dca1b42" is_pre_election: true
I20260713 09:06:59.946899 23251 leader_election.cc:290] T 8fab098aa5f34e399dd665dd159cb347 P ff7c750605d04b42818d4e012dca1b42 [CANDIDATE]: Term 1 election: Requested vote from peers b8eec8afb59b4921b18e3c8fd03aa79b (127.21.109.193:45527), 09818c9979e74ee98266b3d5f163e250 (127.21.109.195:46851)
I20260713 09:06:59.946949 23345 raft_consensus.cc:2804] T 8fab098aa5f34e399dd665dd159cb347 P ff7c750605d04b42818d4e012dca1b42 [term 1 FOLLOWER]: Leader election won for term 1
I20260713 09:06:59.947751 23345 raft_consensus.cc:697] T 8fab098aa5f34e399dd665dd159cb347 P ff7c750605d04b42818d4e012dca1b42 [term 1 LEADER]: Becoming Leader. State: Replica: ff7c750605d04b42818d4e012dca1b42, State: Running, Role: LEADER
I20260713 09:06:59.949081 23056 raft_consensus.cc:2468] T 8fab098aa5f34e399dd665dd159cb347 P b8eec8afb59b4921b18e3c8fd03aa79b [term 1 FOLLOWER]: Leader election vote request: Granting yes vote for candidate ff7c750605d04b42818d4e012dca1b42 in term 1.
W20260713 09:06:59.949390 23175 leader_election.cc:343] T 8c05bafe969242f19c5acb38e3ec82af P 09818c9979e74ee98266b3d5f163e250 [CANDIDATE]: Term 1 pre-election: Tablet error from VoteRequest() call to peer ff7c750605d04b42818d4e012dca1b42 (127.21.109.194:43035): Illegal state: must be running to vote when last-logged opid is not known
I20260713 09:06:59.948980 23345 consensus_queue.cc:237] T 8fab098aa5f34e399dd665dd159cb347 P ff7c750605d04b42818d4e012dca1b42 [LEADER]: Queue going to LEADER mode. State: All replicated index: 0, Majority replicated index: 0, Committed index: 0, Last appended: 0.0, Last appended by leader: 0, Current term: 1, Majority size: 2, State: 0, Mode: LEADER, active raft config: opid_index: -1 OBSOLETE_local: false peers { permanent_uuid: "b8eec8afb59b4921b18e3c8fd03aa79b" member_type: VOTER last_known_addr { host: "127.21.109.193" port: 45527 } } peers { permanent_uuid: "ff7c750605d04b42818d4e012dca1b42" member_type: VOTER last_known_addr { host: "127.21.109.194" port: 43035 } } peers { permanent_uuid: "09818c9979e74ee98266b3d5f163e250" member_type: VOTER last_known_addr { host: "127.21.109.195" port: 46851 } }
I20260713 09:06:59.954275 23253 tablet_bootstrap.cc:492] T 42f6ed62837041a58d4fe2cc6ddd58b5 P 09818c9979e74ee98266b3d5f163e250: No bootstrap required, opened a new log
I20260713 09:06:59.954833 23253 ts_tablet_manager.cc:1403] T 42f6ed62837041a58d4fe2cc6ddd58b5 P 09818c9979e74ee98266b3d5f163e250: Time spent bootstrapping tablet: real 0.061s	user 0.018s	sys 0.026s
I20260713 09:06:59.955679 23314 raft_consensus.cc:515] T 8c05bafe969242f19c5acb38e3ec82af P 09818c9979e74ee98266b3d5f163e250 [term 1 FOLLOWER]: Starting leader election with config: opid_index: -1 OBSOLETE_local: false peers { permanent_uuid: "b8eec8afb59b4921b18e3c8fd03aa79b" member_type: VOTER last_known_addr { host: "127.21.109.193" port: 45527 } } peers { permanent_uuid: "ff7c750605d04b42818d4e012dca1b42" member_type: VOTER last_known_addr { host: "127.21.109.194" port: 43035 } } peers { permanent_uuid: "09818c9979e74ee98266b3d5f163e250" member_type: VOTER last_known_addr { host: "127.21.109.195" port: 46851 } }
I20260713 09:06:59.956327 23252 tablet_bootstrap.cc:492] T a98f483780614895905a9d583778198a P b8eec8afb59b4921b18e3c8fd03aa79b: No bootstrap required, opened a new log
I20260713 09:06:59.956918 23252 ts_tablet_manager.cc:1403] T a98f483780614895905a9d583778198a P b8eec8afb59b4921b18e3c8fd03aa79b: Time spent bootstrapping tablet: real 0.068s	user 0.002s	sys 0.033s
I20260713 09:06:59.957684 23253 raft_consensus.cc:359] T 42f6ed62837041a58d4fe2cc6ddd58b5 P 09818c9979e74ee98266b3d5f163e250 [term 0 FOLLOWER]: Replica starting. Triggering 0 pending ops. Active config: opid_index: -1 OBSOLETE_local: false peers { permanent_uuid: "b8eec8afb59b4921b18e3c8fd03aa79b" member_type: VOTER last_known_addr { host: "127.21.109.193" port: 45527 } } peers { permanent_uuid: "ff7c750605d04b42818d4e012dca1b42" member_type: VOTER last_known_addr { host: "127.21.109.194" port: 43035 } } peers { permanent_uuid: "09818c9979e74ee98266b3d5f163e250" member_type: VOTER last_known_addr { host: "127.21.109.195" port: 46851 } }
I20260713 09:06:59.958425 23253 raft_consensus.cc:385] T 42f6ed62837041a58d4fe2cc6ddd58b5 P 09818c9979e74ee98266b3d5f163e250 [term 0 FOLLOWER]: Consensus starting up: Expiring failure detector timer to make a prompt election more likely
I20260713 09:06:59.958765 23253 raft_consensus.cc:740] T 42f6ed62837041a58d4fe2cc6ddd58b5 P 09818c9979e74ee98266b3d5f163e250 [term 0 FOLLOWER]: Becoming Follower/Learner. State: Replica: 09818c9979e74ee98266b3d5f163e250, State: Initialized, Role: FOLLOWER
I20260713 09:06:59.958880 23056 tablet_service.cc:1917] Received RequestConsensusVote() RPC: tablet_id: "8c05bafe969242f19c5acb38e3ec82af" candidate_uuid: "09818c9979e74ee98266b3d5f163e250" candidate_term: 1 candidate_status { last_received { term: 0 index: 0 } } ignore_live_leader: false dest_uuid: "b8eec8afb59b4921b18e3c8fd03aa79b"
I20260713 09:06:59.959553 23056 raft_consensus.cc:3060] T 8c05bafe969242f19c5acb38e3ec82af P b8eec8afb59b4921b18e3c8fd03aa79b [term 0 FOLLOWER]: Advancing to term 1
I20260713 09:06:59.959753 23253 consensus_queue.cc:260] T 42f6ed62837041a58d4fe2cc6ddd58b5 P 09818c9979e74ee98266b3d5f163e250 [NON_LEADER]: Queue going to NON_LEADER mode. State: All replicated index: 0, Majority replicated index: 0, Committed index: 0, Last appended: 0.0, Last appended by leader: 0, Current term: 0, Majority size: -1, State: 0, Mode: NON_LEADER, active raft config: opid_index: -1 OBSOLETE_local: false peers { permanent_uuid: "b8eec8afb59b4921b18e3c8fd03aa79b" member_type: VOTER last_known_addr { host: "127.21.109.193" port: 45527 } } peers { permanent_uuid: "ff7c750605d04b42818d4e012dca1b42" member_type: VOTER last_known_addr { host: "127.21.109.194" port: 43035 } } peers { permanent_uuid: "09818c9979e74ee98266b3d5f163e250" member_type: VOTER last_known_addr { host: "127.21.109.195" port: 46851 } }
I20260713 09:06:59.961171 23252 raft_consensus.cc:359] T a98f483780614895905a9d583778198a P b8eec8afb59b4921b18e3c8fd03aa79b [term 0 FOLLOWER]: Replica starting. Triggering 0 pending ops. Active config: opid_index: -1 OBSOLETE_local: false peers { permanent_uuid: "b8eec8afb59b4921b18e3c8fd03aa79b" member_type: VOTER last_known_addr { host: "127.21.109.193" port: 45527 } } peers { permanent_uuid: "ff7c750605d04b42818d4e012dca1b42" member_type: VOTER last_known_addr { host: "127.21.109.194" port: 43035 } } peers { permanent_uuid: "09818c9979e74ee98266b3d5f163e250" member_type: VOTER last_known_addr { host: "127.21.109.195" port: 46851 } }
I20260713 09:06:59.961777 23252 raft_consensus.cc:385] T a98f483780614895905a9d583778198a P b8eec8afb59b4921b18e3c8fd03aa79b [term 0 FOLLOWER]: Consensus starting up: Expiring failure detector timer to make a prompt election more likely
I20260713 09:06:59.961995 23253 ts_tablet_manager.cc:1434] T 42f6ed62837041a58d4fe2cc6ddd58b5 P 09818c9979e74ee98266b3d5f163e250: Time spent starting tablet: real 0.007s	user 0.005s	sys 0.000s
I20260713 09:06:59.962059 23252 raft_consensus.cc:740] T a98f483780614895905a9d583778198a P b8eec8afb59b4921b18e3c8fd03aa79b [term 0 FOLLOWER]: Becoming Follower/Learner. State: Replica: b8eec8afb59b4921b18e3c8fd03aa79b, State: Initialized, Role: FOLLOWER
I20260713 09:06:59.963114 23253 tablet_bootstrap.cc:492] T 917dad5706e145daaa74a06c3adf2d60 P 09818c9979e74ee98266b3d5f163e250: Bootstrap starting.
I20260713 09:06:59.962842 23252 consensus_queue.cc:260] T a98f483780614895905a9d583778198a P b8eec8afb59b4921b18e3c8fd03aa79b [NON_LEADER]: Queue going to NON_LEADER mode. State: All replicated index: 0, Majority replicated index: 0, Committed index: 0, Last appended: 0.0, Last appended by leader: 0, Current term: 0, Majority size: -1, State: 0, Mode: NON_LEADER, active raft config: opid_index: -1 OBSOLETE_local: false peers { permanent_uuid: "b8eec8afb59b4921b18e3c8fd03aa79b" member_type: VOTER last_known_addr { host: "127.21.109.193" port: 45527 } } peers { permanent_uuid: "ff7c750605d04b42818d4e012dca1b42" member_type: VOTER last_known_addr { host: "127.21.109.194" port: 43035 } } peers { permanent_uuid: "09818c9979e74ee98266b3d5f163e250" member_type: VOTER last_known_addr { host: "127.21.109.195" port: 46851 } }
I20260713 09:06:59.960718 22956 catalog_manager.cc:5697] T 8fab098aa5f34e399dd665dd159cb347 P ff7c750605d04b42818d4e012dca1b42 reported cstate change: term changed from 0 to 1, leader changed from <none> to ff7c750605d04b42818d4e012dca1b42 (127.21.109.194). New cstate: current_term: 1 leader_uuid: "ff7c750605d04b42818d4e012dca1b42" committed_config { opid_index: -1 OBSOLETE_local: false peers { permanent_uuid: "b8eec8afb59b4921b18e3c8fd03aa79b" member_type: VOTER last_known_addr { host: "127.21.109.193" port: 45527 } health_report { overall_health: UNKNOWN } } peers { permanent_uuid: "ff7c750605d04b42818d4e012dca1b42" member_type: VOTER last_known_addr { host: "127.21.109.194" port: 43035 } health_report { overall_health: HEALTHY } } peers { permanent_uuid: "09818c9979e74ee98266b3d5f163e250" member_type: VOTER last_known_addr { host: "127.21.109.195" port: 46851 } health_report { overall_health: UNKNOWN } } }
I20260713 09:06:59.968490 23134 tablet_service.cc:1917] Received RequestConsensusVote() RPC: tablet_id: "8c05bafe969242f19c5acb38e3ec82af" candidate_uuid: "09818c9979e74ee98266b3d5f163e250" candidate_term: 1 candidate_status { last_received { term: 0 index: 0 } } ignore_live_leader: false dest_uuid: "ff7c750605d04b42818d4e012dca1b42"
W20260713 09:06:59.970273 23175 leader_election.cc:343] T 8c05bafe969242f19c5acb38e3ec82af P 09818c9979e74ee98266b3d5f163e250 [CANDIDATE]: Term 1 election: Tablet error from VoteRequest() call to peer ff7c750605d04b42818d4e012dca1b42 (127.21.109.194:43035): Illegal state: must be running to vote when last-logged opid is not known
I20260713 09:06:59.968490 23252 ts_tablet_manager.cc:1434] T a98f483780614895905a9d583778198a P b8eec8afb59b4921b18e3c8fd03aa79b: Time spent starting tablet: real 0.011s	user 0.002s	sys 0.005s
I20260713 09:06:59.975221 23056 raft_consensus.cc:2468] T 8c05bafe969242f19c5acb38e3ec82af P b8eec8afb59b4921b18e3c8fd03aa79b [term 1 FOLLOWER]: Leader election vote request: Granting yes vote for candidate 09818c9979e74ee98266b3d5f163e250 in term 1.
I20260713 09:06:59.976750 23314 leader_election.cc:290] T 8c05bafe969242f19c5acb38e3ec82af P 09818c9979e74ee98266b3d5f163e250 [CANDIDATE]: Term 1 election: Requested vote from peers b8eec8afb59b4921b18e3c8fd03aa79b (127.21.109.193:45527), ff7c750605d04b42818d4e012dca1b42 (127.21.109.194:43035)
I20260713 09:06:59.976781 23174 leader_election.cc:304] T 8c05bafe969242f19c5acb38e3ec82af P 09818c9979e74ee98266b3d5f163e250 [CANDIDATE]: Term 1 election: Election decided. Result: candidate won. Election summary: received 3 responses out of 3 voters: 2 yes votes; 1 no votes. yes voters: 09818c9979e74ee98266b3d5f163e250, b8eec8afb59b4921b18e3c8fd03aa79b; no voters: ff7c750605d04b42818d4e012dca1b42
I20260713 09:06:59.977735 23314 raft_consensus.cc:2804] T 8c05bafe969242f19c5acb38e3ec82af P 09818c9979e74ee98266b3d5f163e250 [term 1 FOLLOWER]: Leader election won for term 1
I20260713 09:06:59.978240 23314 raft_consensus.cc:697] T 8c05bafe969242f19c5acb38e3ec82af P 09818c9979e74ee98266b3d5f163e250 [term 1 LEADER]: Becoming Leader. State: Replica: 09818c9979e74ee98266b3d5f163e250, State: Running, Role: LEADER
I20260713 09:06:59.979305 23314 consensus_queue.cc:237] T 8c05bafe969242f19c5acb38e3ec82af P 09818c9979e74ee98266b3d5f163e250 [LEADER]: Queue going to LEADER mode. State: All replicated index: 0, Majority replicated index: 0, Committed index: 0, Last appended: 0.0, Last appended by leader: 0, Current term: 1, Majority size: 2, State: 0, Mode: LEADER, active raft config: opid_index: -1 OBSOLETE_local: false peers { permanent_uuid: "b8eec8afb59b4921b18e3c8fd03aa79b" member_type: VOTER last_known_addr { host: "127.21.109.193" port: 45527 } } peers { permanent_uuid: "ff7c750605d04b42818d4e012dca1b42" member_type: VOTER last_known_addr { host: "127.21.109.194" port: 43035 } } peers { permanent_uuid: "09818c9979e74ee98266b3d5f163e250" member_type: VOTER last_known_addr { host: "127.21.109.195" port: 46851 } }
I20260713 09:06:59.988600 22957 catalog_manager.cc:5697] T 8c05bafe969242f19c5acb38e3ec82af P 09818c9979e74ee98266b3d5f163e250 reported cstate change: term changed from 0 to 1, leader changed from <none> to 09818c9979e74ee98266b3d5f163e250 (127.21.109.195). New cstate: current_term: 1 leader_uuid: "09818c9979e74ee98266b3d5f163e250" committed_config { opid_index: -1 OBSOLETE_local: false peers { permanent_uuid: "b8eec8afb59b4921b18e3c8fd03aa79b" member_type: VOTER last_known_addr { host: "127.21.109.193" port: 45527 } health_report { overall_health: UNKNOWN } } peers { permanent_uuid: "ff7c750605d04b42818d4e012dca1b42" member_type: VOTER last_known_addr { host: "127.21.109.194" port: 43035 } health_report { overall_health: UNKNOWN } } peers { permanent_uuid: "09818c9979e74ee98266b3d5f163e250" member_type: VOTER last_known_addr { host: "127.21.109.195" port: 46851 } health_report { overall_health: HEALTHY } } }
I20260713 09:06:59.990658 23253 tablet_bootstrap.cc:654] T 917dad5706e145daaa74a06c3adf2d60 P 09818c9979e74ee98266b3d5f163e250: Neither blocks nor log segments found. Creating new log.
I20260713 09:06:59.991561 23249 tablet_bootstrap.cc:492] T a98f483780614895905a9d583778198a P ff7c750605d04b42818d4e012dca1b42: No bootstrap required, opened a new log
I20260713 09:06:59.992758 23249 ts_tablet_manager.cc:1403] T a98f483780614895905a9d583778198a P ff7c750605d04b42818d4e012dca1b42: Time spent bootstrapping tablet: real 0.111s	user 0.034s	sys 0.011s
I20260713 09:06:59.995493 23249 raft_consensus.cc:359] T a98f483780614895905a9d583778198a P ff7c750605d04b42818d4e012dca1b42 [term 0 FOLLOWER]: Replica starting. Triggering 0 pending ops. Active config: opid_index: -1 OBSOLETE_local: false peers { permanent_uuid: "b8eec8afb59b4921b18e3c8fd03aa79b" member_type: VOTER last_known_addr { host: "127.21.109.193" port: 45527 } } peers { permanent_uuid: "ff7c750605d04b42818d4e012dca1b42" member_type: VOTER last_known_addr { host: "127.21.109.194" port: 43035 } } peers { permanent_uuid: "09818c9979e74ee98266b3d5f163e250" member_type: VOTER last_known_addr { host: "127.21.109.195" port: 46851 } }
I20260713 09:06:59.996151 23249 raft_consensus.cc:385] T a98f483780614895905a9d583778198a P ff7c750605d04b42818d4e012dca1b42 [term 0 FOLLOWER]: Consensus starting up: Expiring failure detector timer to make a prompt election more likely
I20260713 09:06:59.996426 23249 raft_consensus.cc:740] T a98f483780614895905a9d583778198a P ff7c750605d04b42818d4e012dca1b42 [term 0 FOLLOWER]: Becoming Follower/Learner. State: Replica: ff7c750605d04b42818d4e012dca1b42, State: Initialized, Role: FOLLOWER
I20260713 09:06:59.996865 23253 tablet_bootstrap.cc:492] T 917dad5706e145daaa74a06c3adf2d60 P 09818c9979e74ee98266b3d5f163e250: No bootstrap required, opened a new log
I20260713 09:06:59.997032 23249 consensus_queue.cc:260] T a98f483780614895905a9d583778198a P ff7c750605d04b42818d4e012dca1b42 [NON_LEADER]: Queue going to NON_LEADER mode. State: All replicated index: 0, Majority replicated index: 0, Committed index: 0, Last appended: 0.0, Last appended by leader: 0, Current term: 0, Majority size: -1, State: 0, Mode: NON_LEADER, active raft config: opid_index: -1 OBSOLETE_local: false peers { permanent_uuid: "b8eec8afb59b4921b18e3c8fd03aa79b" member_type: VOTER last_known_addr { host: "127.21.109.193" port: 45527 } } peers { permanent_uuid: "ff7c750605d04b42818d4e012dca1b42" member_type: VOTER last_known_addr { host: "127.21.109.194" port: 43035 } } peers { permanent_uuid: "09818c9979e74ee98266b3d5f163e250" member_type: VOTER last_known_addr { host: "127.21.109.195" port: 46851 } }
I20260713 09:06:59.997419 23253 ts_tablet_manager.cc:1403] T 917dad5706e145daaa74a06c3adf2d60 P 09818c9979e74ee98266b3d5f163e250: Time spent bootstrapping tablet: real 0.035s	user 0.004s	sys 0.009s
I20260713 09:06:59.999096 23249 ts_tablet_manager.cc:1434] T a98f483780614895905a9d583778198a P ff7c750605d04b42818d4e012dca1b42: Time spent starting tablet: real 0.006s	user 0.005s	sys 0.000s
I20260713 09:07:00.000820 23249 tablet_bootstrap.cc:492] T ccba3e5b60bd4e8e8422ff2947e70d3c P ff7c750605d04b42818d4e012dca1b42: Bootstrap starting.
I20260713 09:07:00.001183 23253 raft_consensus.cc:359] T 917dad5706e145daaa74a06c3adf2d60 P 09818c9979e74ee98266b3d5f163e250 [term 0 FOLLOWER]: Replica starting. Triggering 0 pending ops. Active config: opid_index: -1 OBSOLETE_local: false peers { permanent_uuid: "b8eec8afb59b4921b18e3c8fd03aa79b" member_type: VOTER last_known_addr { host: "127.21.109.193" port: 45527 } } peers { permanent_uuid: "ff7c750605d04b42818d4e012dca1b42" member_type: VOTER last_known_addr { host: "127.21.109.194" port: 43035 } } peers { permanent_uuid: "09818c9979e74ee98266b3d5f163e250" member_type: VOTER last_known_addr { host: "127.21.109.195" port: 46851 } }
I20260713 09:07:00.001912 23253 raft_consensus.cc:385] T 917dad5706e145daaa74a06c3adf2d60 P 09818c9979e74ee98266b3d5f163e250 [term 0 FOLLOWER]: Consensus starting up: Expiring failure detector timer to make a prompt election more likely
I20260713 09:07:00.002209 23253 raft_consensus.cc:740] T 917dad5706e145daaa74a06c3adf2d60 P 09818c9979e74ee98266b3d5f163e250 [term 0 FOLLOWER]: Becoming Follower/Learner. State: Replica: 09818c9979e74ee98266b3d5f163e250, State: Initialized, Role: FOLLOWER
I20260713 09:07:00.003006 23253 consensus_queue.cc:260] T 917dad5706e145daaa74a06c3adf2d60 P 09818c9979e74ee98266b3d5f163e250 [NON_LEADER]: Queue going to NON_LEADER mode. State: All replicated index: 0, Majority replicated index: 0, Committed index: 0, Last appended: 0.0, Last appended by leader: 0, Current term: 0, Majority size: -1, State: 0, Mode: NON_LEADER, active raft config: opid_index: -1 OBSOLETE_local: false peers { permanent_uuid: "b8eec8afb59b4921b18e3c8fd03aa79b" member_type: VOTER last_known_addr { host: "127.21.109.193" port: 45527 } } peers { permanent_uuid: "ff7c750605d04b42818d4e012dca1b42" member_type: VOTER last_known_addr { host: "127.21.109.194" port: 43035 } } peers { permanent_uuid: "09818c9979e74ee98266b3d5f163e250" member_type: VOTER last_known_addr { host: "127.21.109.195" port: 46851 } }
I20260713 09:07:00.008178 23249 tablet_bootstrap.cc:654] T ccba3e5b60bd4e8e8422ff2947e70d3c P ff7c750605d04b42818d4e012dca1b42: Neither blocks nor log segments found. Creating new log.
I20260713 09:07:00.007851 23345 consensus_queue.cc:1048] T 4c44def3f5e44fe78283fec0032e66f3 P ff7c750605d04b42818d4e012dca1b42 [LEADER]: Connected to new peer: Peer: permanent_uuid: "b8eec8afb59b4921b18e3c8fd03aa79b" member_type: VOTER last_known_addr { host: "127.21.109.193" port: 45527 }, Status: LMP_MISMATCH, Last received: 0.0, Next index: 1, Last known committed idx: 0, Time since last communication: 0.000s
I20260713 09:07:00.009671 23253 ts_tablet_manager.cc:1434] T 917dad5706e145daaa74a06c3adf2d60 P 09818c9979e74ee98266b3d5f163e250: Time spent starting tablet: real 0.012s	user 0.006s	sys 0.000s
I20260713 09:07:00.010628 23253 tablet_bootstrap.cc:492] T ff819c731835403e9828065a9e6e2d75 P 09818c9979e74ee98266b3d5f163e250: Bootstrap starting.
I20260713 09:07:00.018312 23253 tablet_bootstrap.cc:654] T ff819c731835403e9828065a9e6e2d75 P 09818c9979e74ee98266b3d5f163e250: Neither blocks nor log segments found. Creating new log.
I20260713 09:07:00.022790 23345 raft_consensus.cc:493] T a98f483780614895905a9d583778198a P ff7c750605d04b42818d4e012dca1b42 [term 0 FOLLOWER]: Starting pre-election (no leader contacted us within the election timeout)
I20260713 09:07:00.023399 23345 raft_consensus.cc:515] T a98f483780614895905a9d583778198a P ff7c750605d04b42818d4e012dca1b42 [term 0 FOLLOWER]: Starting pre-election with config: opid_index: -1 OBSOLETE_local: false peers { permanent_uuid: "b8eec8afb59b4921b18e3c8fd03aa79b" member_type: VOTER last_known_addr { host: "127.21.109.193" port: 45527 } } peers { permanent_uuid: "ff7c750605d04b42818d4e012dca1b42" member_type: VOTER last_known_addr { host: "127.21.109.194" port: 43035 } } peers { permanent_uuid: "09818c9979e74ee98266b3d5f163e250" member_type: VOTER last_known_addr { host: "127.21.109.195" port: 46851 } }
I20260713 09:07:00.024618 23249 tablet_bootstrap.cc:492] T ccba3e5b60bd4e8e8422ff2947e70d3c P ff7c750605d04b42818d4e012dca1b42: No bootstrap required, opened a new log
I20260713 09:07:00.025091 23249 ts_tablet_manager.cc:1403] T ccba3e5b60bd4e8e8422ff2947e70d3c P ff7c750605d04b42818d4e012dca1b42: Time spent bootstrapping tablet: real 0.024s	user 0.016s	sys 0.005s
I20260713 09:07:00.026778 23208 tablet_service.cc:1917] Received RequestConsensusVote() RPC: tablet_id: "a98f483780614895905a9d583778198a" candidate_uuid: "ff7c750605d04b42818d4e012dca1b42" candidate_term: 1 candidate_status { last_received { term: 0 index: 0 } } ignore_live_leader: false dest_uuid: "09818c9979e74ee98266b3d5f163e250" is_pre_election: true
I20260713 09:07:00.027493 23208 raft_consensus.cc:2468] T a98f483780614895905a9d583778198a P 09818c9979e74ee98266b3d5f163e250 [term 0 FOLLOWER]: Leader pre-election vote request: Granting yes vote for candidate ff7c750605d04b42818d4e012dca1b42 in term 0.
I20260713 09:07:00.027878 23249 raft_consensus.cc:359] T ccba3e5b60bd4e8e8422ff2947e70d3c P ff7c750605d04b42818d4e012dca1b42 [term 0 FOLLOWER]: Replica starting. Triggering 0 pending ops. Active config: opid_index: -1 OBSOLETE_local: false peers { permanent_uuid: "b8eec8afb59b4921b18e3c8fd03aa79b" member_type: VOTER last_known_addr { host: "127.21.109.193" port: 45527 } } peers { permanent_uuid: "ff7c750605d04b42818d4e012dca1b42" member_type: VOTER last_known_addr { host: "127.21.109.194" port: 43035 } } peers { permanent_uuid: "09818c9979e74ee98266b3d5f163e250" member_type: VOTER last_known_addr { host: "127.21.109.195" port: 46851 } }
I20260713 09:07:00.028584 23249 raft_consensus.cc:385] T ccba3e5b60bd4e8e8422ff2947e70d3c P ff7c750605d04b42818d4e012dca1b42 [term 0 FOLLOWER]: Consensus starting up: Expiring failure detector timer to make a prompt election more likely
I20260713 09:07:00.028878 23249 raft_consensus.cc:740] T ccba3e5b60bd4e8e8422ff2947e70d3c P ff7c750605d04b42818d4e012dca1b42 [term 0 FOLLOWER]: Becoming Follower/Learner. State: Replica: ff7c750605d04b42818d4e012dca1b42, State: Initialized, Role: FOLLOWER
I20260713 09:07:00.028997 23099 leader_election.cc:304] T a98f483780614895905a9d583778198a P ff7c750605d04b42818d4e012dca1b42 [CANDIDATE]: Term 1 pre-election: Election decided. Result: candidate won. Election summary: received 2 responses out of 3 voters: 2 yes votes; 0 no votes. yes voters: 09818c9979e74ee98266b3d5f163e250, ff7c750605d04b42818d4e012dca1b42; no voters: 
I20260713 09:07:00.029603 23249 consensus_queue.cc:260] T ccba3e5b60bd4e8e8422ff2947e70d3c P ff7c750605d04b42818d4e012dca1b42 [NON_LEADER]: Queue going to NON_LEADER mode. State: All replicated index: 0, Majority replicated index: 0, Committed index: 0, Last appended: 0.0, Last appended by leader: 0, Current term: 0, Majority size: -1, State: 0, Mode: NON_LEADER, active raft config: opid_index: -1 OBSOLETE_local: false peers { permanent_uuid: "b8eec8afb59b4921b18e3c8fd03aa79b" member_type: VOTER last_known_addr { host: "127.21.109.193" port: 45527 } } peers { permanent_uuid: "ff7c750605d04b42818d4e012dca1b42" member_type: VOTER last_known_addr { host: "127.21.109.194" port: 43035 } } peers { permanent_uuid: "09818c9979e74ee98266b3d5f163e250" member_type: VOTER last_known_addr { host: "127.21.109.195" port: 46851 } }
I20260713 09:07:00.030160 23251 raft_consensus.cc:2804] T a98f483780614895905a9d583778198a P ff7c750605d04b42818d4e012dca1b42 [term 0 FOLLOWER]: Leader pre-election won for term 1
I20260713 09:07:00.030565 23251 raft_consensus.cc:493] T a98f483780614895905a9d583778198a P ff7c750605d04b42818d4e012dca1b42 [term 0 FOLLOWER]: Starting leader election (no leader contacted us within the election timeout)
I20260713 09:07:00.030910 23251 raft_consensus.cc:3060] T a98f483780614895905a9d583778198a P ff7c750605d04b42818d4e012dca1b42 [term 0 FOLLOWER]: Advancing to term 1
I20260713 09:07:00.030836 23345 leader_election.cc:290] T a98f483780614895905a9d583778198a P ff7c750605d04b42818d4e012dca1b42 [CANDIDATE]: Term 1 pre-election: Requested pre-vote from peers b8eec8afb59b4921b18e3c8fd03aa79b (127.21.109.193:45527), 09818c9979e74ee98266b3d5f163e250 (127.21.109.195:46851)
I20260713 09:07:00.031391 23249 ts_tablet_manager.cc:1434] T ccba3e5b60bd4e8e8422ff2947e70d3c P ff7c750605d04b42818d4e012dca1b42: Time spent starting tablet: real 0.006s	user 0.008s	sys 0.000s
I20260713 09:07:00.032248 23249 tablet_bootstrap.cc:492] T ff819c731835403e9828065a9e6e2d75 P ff7c750605d04b42818d4e012dca1b42: Bootstrap starting.
I20260713 09:07:00.033452 23059 tablet_service.cc:1917] Received RequestConsensusVote() RPC: tablet_id: "a98f483780614895905a9d583778198a" candidate_uuid: "ff7c750605d04b42818d4e012dca1b42" candidate_term: 1 candidate_status { last_received { term: 0 index: 0 } } ignore_live_leader: false dest_uuid: "b8eec8afb59b4921b18e3c8fd03aa79b" is_pre_election: true
I20260713 09:07:00.034081 23059 raft_consensus.cc:2468] T a98f483780614895905a9d583778198a P b8eec8afb59b4921b18e3c8fd03aa79b [term 0 FOLLOWER]: Leader pre-election vote request: Granting yes vote for candidate ff7c750605d04b42818d4e012dca1b42 in term 0.
I20260713 09:07:00.035310 23353 raft_consensus.cc:493] T b13a0d02eea5424eb22776df5e0afb0f P ff7c750605d04b42818d4e012dca1b42 [term 0 FOLLOWER]: Starting pre-election (no leader contacted us within the election timeout)
I20260713 09:07:00.035753 23353 raft_consensus.cc:515] T b13a0d02eea5424eb22776df5e0afb0f P ff7c750605d04b42818d4e012dca1b42 [term 0 FOLLOWER]: Starting pre-election with config: opid_index: -1 OBSOLETE_local: false peers { permanent_uuid: "b8eec8afb59b4921b18e3c8fd03aa79b" member_type: VOTER last_known_addr { host: "127.21.109.193" port: 45527 } } peers { permanent_uuid: "ff7c750605d04b42818d4e012dca1b42" member_type: VOTER last_known_addr { host: "127.21.109.194" port: 43035 } } peers { permanent_uuid: "09818c9979e74ee98266b3d5f163e250" member_type: VOTER last_known_addr { host: "127.21.109.195" port: 46851 } }
I20260713 09:07:00.037879 23353 leader_election.cc:290] T b13a0d02eea5424eb22776df5e0afb0f P ff7c750605d04b42818d4e012dca1b42 [CANDIDATE]: Term 1 pre-election: Requested pre-vote from peers b8eec8afb59b4921b18e3c8fd03aa79b (127.21.109.193:45527), 09818c9979e74ee98266b3d5f163e250 (127.21.109.195:46851)
I20260713 09:07:00.037940 23251 raft_consensus.cc:515] T a98f483780614895905a9d583778198a P ff7c750605d04b42818d4e012dca1b42 [term 1 FOLLOWER]: Starting leader election with config: opid_index: -1 OBSOLETE_local: false peers { permanent_uuid: "b8eec8afb59b4921b18e3c8fd03aa79b" member_type: VOTER last_known_addr { host: "127.21.109.193" port: 45527 } } peers { permanent_uuid: "ff7c750605d04b42818d4e012dca1b42" member_type: VOTER last_known_addr { host: "127.21.109.194" port: 43035 } } peers { permanent_uuid: "09818c9979e74ee98266b3d5f163e250" member_type: VOTER last_known_addr { host: "127.21.109.195" port: 46851 } }
I20260713 09:07:00.038548 23249 tablet_bootstrap.cc:654] T ff819c731835403e9828065a9e6e2d75 P ff7c750605d04b42818d4e012dca1b42: Neither blocks nor log segments found. Creating new log.
