I20260713 09:07:03.379918 17570 catalog_manager.cc:5697] T ea5ddebfb7b6461dbb3d7ea799748072 P 4c9bef29d2da45499928e510df542c3a reported cstate change: config changed from index 2 to 3, 9596203f43f84bcfb1a9e17751e4f9c6 (127.16.44.132) changed from NON_VOTER to VOTER. New cstate: current_term: 1 leader_uuid: "4c9bef29d2da45499928e510df542c3a" committed_config { opid_index: 3 OBSOLETE_local: false peers { permanent_uuid: "99c535c1966e4910984bfe3a59481cea" member_type: VOTER last_known_addr { host: "127.16.44.129" port: 38347 } health_report { overall_health: HEALTHY } } peers { permanent_uuid: "4c9bef29d2da45499928e510df542c3a" member_type: VOTER last_known_addr { host: "127.16.44.130" port: 37395 } health_report { overall_health: HEALTHY } } peers { permanent_uuid: "9a22d91c1f524171b454e8b3cda01f13" member_type: VOTER last_known_addr { host: "127.16.44.131" port: 39365 } attrs { replace: true } health_report { overall_health: HEALTHY } } peers { permanent_uuid: "9596203f43f84bcfb1a9e17751e4f9c6" member_type: VOTER last_known_addr { host: "127.16.44.132" port: 41713 } attrs { promote: false } health_report { overall_health: UNKNOWN } } }
I20260713 09:07:03.383368 17673 raft_consensus.cc:1275] T 5a7a54d9ce4f49d7a9580edd961a8978 P 99c535c1966e4910984bfe3a59481cea [term 1 FOLLOWER]: Refusing update from remote peer 4c9bef29d2da45499928e510df542c3a: Log matching property violated. Preceding OpId in replica: term: 1 index: 2. Preceding OpId from leader: term: 1 index: 3. (index mismatch)
I20260713 09:07:03.383591 18092 raft_consensus.cc:1275] T 5a7a54d9ce4f49d7a9580edd961a8978 P 9596203f43f84bcfb1a9e17751e4f9c6 [term 1 LEARNER]: Refusing update from remote peer 4c9bef29d2da45499928e510df542c3a: Log matching property violated. Preceding OpId in replica: term: 1 index: 2. Preceding OpId from leader: term: 1 index: 3. (index mismatch)
I20260713 09:07:03.385869 17822 raft_consensus.cc:1275] T 5a7a54d9ce4f49d7a9580edd961a8978 P 9a22d91c1f524171b454e8b3cda01f13 [term 1 FOLLOWER]: Refusing update from remote peer 4c9bef29d2da45499928e510df542c3a: Log matching property violated. Preceding OpId in replica: term: 1 index: 2. Preceding OpId from leader: term: 1 index: 3. (index mismatch)
I20260713 09:07:03.385922 18253 consensus_queue.cc:1048] T 5a7a54d9ce4f49d7a9580edd961a8978 P 4c9bef29d2da45499928e510df542c3a [LEADER]: Connected to new peer: Peer: permanent_uuid: "99c535c1966e4910984bfe3a59481cea" member_type: VOTER last_known_addr { host: "127.16.44.129" port: 38347 }, Status: LMP_MISMATCH, Last received: 0.0, Next index: 3, Last known committed idx: 2, Time since last communication: 0.001s
I20260713 09:07:03.387954 18253 consensus_queue.cc:1048] T 5a7a54d9ce4f49d7a9580edd961a8978 P 4c9bef29d2da45499928e510df542c3a [LEADER]: Connected to new peer: Peer: permanent_uuid: "9a22d91c1f524171b454e8b3cda01f13" member_type: VOTER last_known_addr { host: "127.16.44.131" port: 39365 } attrs { replace: true }, Status: LMP_MISMATCH, Last received: 0.0, Next index: 3, Last known committed idx: 2, Time since last communication: 0.000s
I20260713 09:07:03.392092 17822 consensus_queue.cc:237] T b77ba7d691e3405190e97d81b08912e1 P 9a22d91c1f524171b454e8b3cda01f13 [LEADER]: Queue going to LEADER mode. State: All replicated index: 0, Majority replicated index: 3, Committed index: 3, Last appended: 1.3, Last appended by leader: 0, Current term: 1, Majority size: 2, State: 0, Mode: LEADER, active raft config: opid_index: 4 OBSOLETE_local: false peers { permanent_uuid: "4c9bef29d2da45499928e510df542c3a" member_type: VOTER last_known_addr { host: "127.16.44.130" port: 37395 } } peers { permanent_uuid: "9a22d91c1f524171b454e8b3cda01f13" member_type: VOTER last_known_addr { host: "127.16.44.131" port: 39365 } } peers { permanent_uuid: "9596203f43f84bcfb1a9e17751e4f9c6" member_type: VOTER last_known_addr { host: "127.16.44.132" port: 41713 } attrs { promote: false } }
I20260713 09:07:03.402009 18092 raft_consensus.cc:1275] T b77ba7d691e3405190e97d81b08912e1 P 9596203f43f84bcfb1a9e17751e4f9c6 [term 1 FOLLOWER]: Refusing update from remote peer 9a22d91c1f524171b454e8b3cda01f13: Log matching property violated. Preceding OpId in replica: term: 1 index: 3. Preceding OpId from leader: term: 1 index: 4. (index mismatch)
I20260713 09:07:03.398950 17746 raft_consensus.cc:2955] T fd55dbd1fd744837b5ae0beddc0f3ae5 P 4c9bef29d2da45499928e510df542c3a [term 1 FOLLOWER]: Committing config change with OpId 1.3: config changed from index 2 to 3, 9596203f43f84bcfb1a9e17751e4f9c6 (127.16.44.132) changed from NON_VOTER to VOTER. New config: { opid_index: 3 OBSOLETE_local: false peers { permanent_uuid: "99c535c1966e4910984bfe3a59481cea" member_type: VOTER last_known_addr { host: "127.16.44.129" port: 38347 } } peers { permanent_uuid: "4c9bef29d2da45499928e510df542c3a" member_type: VOTER last_known_addr { host: "127.16.44.130" port: 37395 } attrs { replace: true } } peers { permanent_uuid: "9a22d91c1f524171b454e8b3cda01f13" member_type: VOTER last_known_addr { host: "127.16.44.131" port: 39365 } } peers { permanent_uuid: "9596203f43f84bcfb1a9e17751e4f9c6" member_type: VOTER last_known_addr { host: "127.16.44.132" port: 41713 } attrs { promote: false } } }
I20260713 09:07:03.404690 18195 consensus_queue.cc:1048] T b77ba7d691e3405190e97d81b08912e1 P 9a22d91c1f524171b454e8b3cda01f13 [LEADER]: Connected to new peer: Peer: permanent_uuid: "9596203f43f84bcfb1a9e17751e4f9c6" member_type: VOTER last_known_addr { host: "127.16.44.132" port: 41713 } attrs { promote: false }, Status: LMP_MISMATCH, Last received: 0.0, Next index: 4, Last known committed idx: 3, Time since last communication: 0.000s
I20260713 09:07:03.409578 17747 raft_consensus.cc:1275] T b77ba7d691e3405190e97d81b08912e1 P 4c9bef29d2da45499928e510df542c3a [term 1 FOLLOWER]: Refusing update from remote peer 9a22d91c1f524171b454e8b3cda01f13: Log matching property violated. Preceding OpId in replica: term: 1 index: 3. Preceding OpId from leader: term: 1 index: 4. (index mismatch)
I20260713 09:07:03.409528 18233 consensus_queue.cc:1048] T 5a7a54d9ce4f49d7a9580edd961a8978 P 4c9bef29d2da45499928e510df542c3a [LEADER]: Connected to new peer: Peer: permanent_uuid: "9596203f43f84bcfb1a9e17751e4f9c6" member_type: VOTER last_known_addr { host: "127.16.44.132" port: 41713 } attrs { promote: false }, Status: LMP_MISMATCH, Last received: 0.0, Next index: 3, Last known committed idx: 2, Time since last communication: 0.001s
I20260713 09:07:03.413208 18234 consensus_queue.cc:1048] T b77ba7d691e3405190e97d81b08912e1 P 9a22d91c1f524171b454e8b3cda01f13 [LEADER]: Connected to new peer: Peer: permanent_uuid: "4c9bef29d2da45499928e510df542c3a" member_type: VOTER last_known_addr { host: "127.16.44.130" port: 37395 }, Status: LMP_MISMATCH, Last received: 0.0, Next index: 4, Last known committed idx: 3, Time since last communication: 0.000s
I20260713 09:07:03.424396 18195 raft_consensus.cc:2955] T b77ba7d691e3405190e97d81b08912e1 P 9a22d91c1f524171b454e8b3cda01f13 [term 1 LEADER]: Committing config change with OpId 1.4: config changed from index 3 to 4, VOTER 99c535c1966e4910984bfe3a59481cea (127.16.44.129) evicted. New config: { opid_index: 4 OBSOLETE_local: false peers { permanent_uuid: "4c9bef29d2da45499928e510df542c3a" member_type: VOTER last_known_addr { host: "127.16.44.130" port: 37395 } } peers { permanent_uuid: "9a22d91c1f524171b454e8b3cda01f13" member_type: VOTER last_known_addr { host: "127.16.44.131" port: 39365 } } peers { permanent_uuid: "9596203f43f84bcfb1a9e17751e4f9c6" member_type: VOTER last_known_addr { host: "127.16.44.132" port: 41713 } attrs { promote: false } } }
I20260713 09:07:03.425951 17747 raft_consensus.cc:2955] T b77ba7d691e3405190e97d81b08912e1 P 4c9bef29d2da45499928e510df542c3a [term 1 FOLLOWER]: Committing config change with OpId 1.4: config changed from index 3 to 4, VOTER 99c535c1966e4910984bfe3a59481cea (127.16.44.129) evicted. New config: { opid_index: 4 OBSOLETE_local: false peers { permanent_uuid: "4c9bef29d2da45499928e510df542c3a" member_type: VOTER last_known_addr { host: "127.16.44.130" port: 37395 } } peers { permanent_uuid: "9a22d91c1f524171b454e8b3cda01f13" member_type: VOTER last_known_addr { host: "127.16.44.131" port: 39365 } } peers { permanent_uuid: "9596203f43f84bcfb1a9e17751e4f9c6" member_type: VOTER last_known_addr { host: "127.16.44.132" port: 41713 } attrs { promote: false } } }
I20260713 09:07:03.432971 17671 raft_consensus.cc:2955] T fd55dbd1fd744837b5ae0beddc0f3ae5 P 99c535c1966e4910984bfe3a59481cea [term 1 FOLLOWER]: Committing config change with OpId 1.3: config changed from index 2 to 3, 9596203f43f84bcfb1a9e17751e4f9c6 (127.16.44.132) changed from NON_VOTER to VOTER. New config: { opid_index: 3 OBSOLETE_local: false peers { permanent_uuid: "99c535c1966e4910984bfe3a59481cea" member_type: VOTER last_known_addr { host: "127.16.44.129" port: 38347 } } peers { permanent_uuid: "4c9bef29d2da45499928e510df542c3a" member_type: VOTER last_known_addr { host: "127.16.44.130" port: 37395 } attrs { replace: true } } peers { permanent_uuid: "9a22d91c1f524171b454e8b3cda01f13" member_type: VOTER last_known_addr { host: "127.16.44.131" port: 39365 } } peers { permanent_uuid: "9596203f43f84bcfb1a9e17751e4f9c6" member_type: VOTER last_known_addr { host: "127.16.44.132" port: 41713 } attrs { promote: false } } }
I20260713 09:07:03.439744 17570 catalog_manager.cc:5697] T fd55dbd1fd744837b5ae0beddc0f3ae5 P 9a22d91c1f524171b454e8b3cda01f13 reported cstate change: config changed from index 2 to 3, 9596203f43f84bcfb1a9e17751e4f9c6 (127.16.44.132) changed from NON_VOTER to VOTER. New cstate: current_term: 1 leader_uuid: "9a22d91c1f524171b454e8b3cda01f13" committed_config { opid_index: 3 OBSOLETE_local: false peers { permanent_uuid: "99c535c1966e4910984bfe3a59481cea" member_type: VOTER last_known_addr { host: "127.16.44.129" port: 38347 } health_report { overall_health: HEALTHY } } peers { permanent_uuid: "4c9bef29d2da45499928e510df542c3a" member_type: VOTER last_known_addr { host: "127.16.44.130" port: 37395 } attrs { replace: true } health_report { overall_health: HEALTHY } } peers { permanent_uuid: "9a22d91c1f524171b454e8b3cda01f13" member_type: VOTER last_known_addr { host: "127.16.44.131" port: 39365 } health_report { overall_health: HEALTHY } } peers { permanent_uuid: "9596203f43f84bcfb1a9e17751e4f9c6" member_type: VOTER last_known_addr { host: "127.16.44.132" port: 41713 } attrs { promote: false } health_report { overall_health: UNKNOWN } } }
I20260713 09:07:03.422464 18092 raft_consensus.cc:2955] T ea5ddebfb7b6461dbb3d7ea799748072 P 9596203f43f84bcfb1a9e17751e4f9c6 [term 1 FOLLOWER]: Committing config change with OpId 1.3: config changed from index 2 to 3, 9596203f43f84bcfb1a9e17751e4f9c6 (127.16.44.132) changed from NON_VOTER to VOTER. New config: { opid_index: 3 OBSOLETE_local: false peers { permanent_uuid: "99c535c1966e4910984bfe3a59481cea" member_type: VOTER last_known_addr { host: "127.16.44.129" port: 38347 } } peers { permanent_uuid: "4c9bef29d2da45499928e510df542c3a" member_type: VOTER last_known_addr { host: "127.16.44.130" port: 37395 } } peers { permanent_uuid: "9a22d91c1f524171b454e8b3cda01f13" member_type: VOTER last_known_addr { host: "127.16.44.131" port: 39365 } attrs { replace: true } } peers { permanent_uuid: "9596203f43f84bcfb1a9e17751e4f9c6" member_type: VOTER last_known_addr { host: "127.16.44.132" port: 41713 } attrs { promote: false } } }
I20260713 09:07:03.463902 17557 catalog_manager.cc:5210] ChangeConfig:REMOVE_PEER RPC for tablet b77ba7d691e3405190e97d81b08912e1 with cas_config_opid_index 3: ChangeConfig:REMOVE_PEER succeeded (attempt 1)
I20260713 09:07:03.477702 18091 raft_consensus.cc:2955] T b77ba7d691e3405190e97d81b08912e1 P 9596203f43f84bcfb1a9e17751e4f9c6 [term 1 FOLLOWER]: Committing config change with OpId 1.4: config changed from index 3 to 4, VOTER 99c535c1966e4910984bfe3a59481cea (127.16.44.129) evicted. New config: { opid_index: 4 OBSOLETE_local: false peers { permanent_uuid: "4c9bef29d2da45499928e510df542c3a" member_type: VOTER last_known_addr { host: "127.16.44.130" port: 37395 } } peers { permanent_uuid: "9a22d91c1f524171b454e8b3cda01f13" member_type: VOTER last_known_addr { host: "127.16.44.131" port: 39365 } } peers { permanent_uuid: "9596203f43f84bcfb1a9e17751e4f9c6" member_type: VOTER last_known_addr { host: "127.16.44.132" port: 41713 } attrs { promote: false } } }
W20260713 09:07:03.488045 17785 outbound_call.cc:321] RPC callback for RPC call kudu.consensus.ConsensusService.UpdateConsensus -> {remote=127.16.44.130:37395, user_credentials={real_user=slave}} blocked reactor thread for 51448us
I20260713 09:07:03.494580 18255 raft_consensus.cc:2955] T 5a7a54d9ce4f49d7a9580edd961a8978 P 4c9bef29d2da45499928e510df542c3a [term 1 LEADER]: Committing config change with OpId 1.3: config changed from index 2 to 3, 9596203f43f84bcfb1a9e17751e4f9c6 (127.16.44.132) changed from NON_VOTER to VOTER. New config: { opid_index: 3 OBSOLETE_local: false peers { permanent_uuid: "99c535c1966e4910984bfe3a59481cea" member_type: VOTER last_known_addr { host: "127.16.44.129" port: 38347 } } peers { permanent_uuid: "4c9bef29d2da45499928e510df542c3a" member_type: VOTER last_known_addr { host: "127.16.44.130" port: 37395 } } peers { permanent_uuid: "9a22d91c1f524171b454e8b3cda01f13" member_type: VOTER last_known_addr { host: "127.16.44.131" port: 39365 } attrs { replace: true } } peers { permanent_uuid: "9596203f43f84bcfb1a9e17751e4f9c6" member_type: VOTER last_known_addr { host: "127.16.44.132" port: 41713 } attrs { promote: false } } }
I20260713 09:07:03.496296 17673 raft_consensus.cc:2955] T 5a7a54d9ce4f49d7a9580edd961a8978 P 99c535c1966e4910984bfe3a59481cea [term 1 FOLLOWER]: Committing config change with OpId 1.3: config changed from index 2 to 3, 9596203f43f84bcfb1a9e17751e4f9c6 (127.16.44.132) changed from NON_VOTER to VOTER. New config: { opid_index: 3 OBSOLETE_local: false peers { permanent_uuid: "99c535c1966e4910984bfe3a59481cea" member_type: VOTER last_known_addr { host: "127.16.44.129" port: 38347 } } peers { permanent_uuid: "4c9bef29d2da45499928e510df542c3a" member_type: VOTER last_known_addr { host: "127.16.44.130" port: 37395 } } peers { permanent_uuid: "9a22d91c1f524171b454e8b3cda01f13" member_type: VOTER last_known_addr { host: "127.16.44.131" port: 39365 } attrs { replace: true } } peers { permanent_uuid: "9596203f43f84bcfb1a9e17751e4f9c6" member_type: VOTER last_known_addr { host: "127.16.44.132" port: 41713 } attrs { promote: false } } }
W20260713 09:07:03.490931 18258 log.cc:927] Time spent T 5a7a54d9ce4f49d7a9580edd961a8978 P 9596203f43f84bcfb1a9e17751e4f9c6: Append to log took a long time: real 0.059s	user 0.001s	sys 0.000s
I20260713 09:07:03.483076 18090 raft_consensus.cc:2955] T fd55dbd1fd744837b5ae0beddc0f3ae5 P 9596203f43f84bcfb1a9e17751e4f9c6 [term 1 FOLLOWER]: Committing config change with OpId 1.3: config changed from index 2 to 3, 9596203f43f84bcfb1a9e17751e4f9c6 (127.16.44.132) changed from NON_VOTER to VOTER. New config: { opid_index: 3 OBSOLETE_local: false peers { permanent_uuid: "99c535c1966e4910984bfe3a59481cea" member_type: VOTER last_known_addr { host: "127.16.44.129" port: 38347 } } peers { permanent_uuid: "4c9bef29d2da45499928e510df542c3a" member_type: VOTER last_known_addr { host: "127.16.44.130" port: 37395 } attrs { replace: true } } peers { permanent_uuid: "9a22d91c1f524171b454e8b3cda01f13" member_type: VOTER last_known_addr { host: "127.16.44.131" port: 39365 } } peers { permanent_uuid: "9596203f43f84bcfb1a9e17751e4f9c6" member_type: VOTER last_known_addr { host: "127.16.44.132" port: 41713 } attrs { promote: false } } }
I20260713 09:07:03.508185 18089 raft_consensus.cc:2955] T 5a7a54d9ce4f49d7a9580edd961a8978 P 9596203f43f84bcfb1a9e17751e4f9c6 [term 1 FOLLOWER]: Committing config change with OpId 1.3: config changed from index 2 to 3, 9596203f43f84bcfb1a9e17751e4f9c6 (127.16.44.132) changed from NON_VOTER to VOTER. New config: { opid_index: 3 OBSOLETE_local: false peers { permanent_uuid: "99c535c1966e4910984bfe3a59481cea" member_type: VOTER last_known_addr { host: "127.16.44.129" port: 38347 } } peers { permanent_uuid: "4c9bef29d2da45499928e510df542c3a" member_type: VOTER last_known_addr { host: "127.16.44.130" port: 37395 } } peers { permanent_uuid: "9a22d91c1f524171b454e8b3cda01f13" member_type: VOTER last_known_addr { host: "127.16.44.131" port: 39365 } attrs { replace: true } } peers { permanent_uuid: "9596203f43f84bcfb1a9e17751e4f9c6" member_type: VOTER last_known_addr { host: "127.16.44.132" port: 41713 } attrs { promote: false } } }
I20260713 09:07:03.518291 17570 catalog_manager.cc:5697] T 5a7a54d9ce4f49d7a9580edd961a8978 P 99c535c1966e4910984bfe3a59481cea reported cstate change: config changed from index 2 to 3, 9596203f43f84bcfb1a9e17751e4f9c6 (127.16.44.132) changed from NON_VOTER to VOTER. New cstate: current_term: 1 leader_uuid: "4c9bef29d2da45499928e510df542c3a" committed_config { opid_index: 3 OBSOLETE_local: false peers { permanent_uuid: "99c535c1966e4910984bfe3a59481cea" member_type: VOTER last_known_addr { host: "127.16.44.129" port: 38347 } } peers { permanent_uuid: "4c9bef29d2da45499928e510df542c3a" member_type: VOTER last_known_addr { host: "127.16.44.130" port: 37395 } } peers { permanent_uuid: "9a22d91c1f524171b454e8b3cda01f13" member_type: VOTER last_known_addr { host: "127.16.44.131" port: 39365 } attrs { replace: true } } peers { permanent_uuid: "9596203f43f84bcfb1a9e17751e4f9c6" member_type: VOTER last_known_addr { host: "127.16.44.132" port: 41713 } attrs { promote: false } } }
I20260713 09:07:03.514549 17569 catalog_manager.cc:5697] T b77ba7d691e3405190e97d81b08912e1 P 9a22d91c1f524171b454e8b3cda01f13 reported cstate change: config changed from index 3 to 4, VOTER 99c535c1966e4910984bfe3a59481cea (127.16.44.129) evicted. New cstate: current_term: 1 leader_uuid: "9a22d91c1f524171b454e8b3cda01f13" committed_config { opid_index: 4 OBSOLETE_local: false peers { permanent_uuid: "4c9bef29d2da45499928e510df542c3a" member_type: VOTER last_known_addr { host: "127.16.44.130" port: 37395 } health_report { overall_health: HEALTHY } } peers { permanent_uuid: "9a22d91c1f524171b454e8b3cda01f13" member_type: VOTER last_known_addr { host: "127.16.44.131" port: 39365 } health_report { overall_health: HEALTHY } } peers { permanent_uuid: "9596203f43f84bcfb1a9e17751e4f9c6" member_type: VOTER last_known_addr { host: "127.16.44.132" port: 41713 } attrs { promote: false } health_report { overall_health: HEALTHY } } }
I20260713 09:07:03.525380 17820 raft_consensus.cc:2955] T 5a7a54d9ce4f49d7a9580edd961a8978 P 9a22d91c1f524171b454e8b3cda01f13 [term 1 FOLLOWER]: Committing config change with OpId 1.3: config changed from index 2 to 3, 9596203f43f84bcfb1a9e17751e4f9c6 (127.16.44.132) changed from NON_VOTER to VOTER. New config: { opid_index: 3 OBSOLETE_local: false peers { permanent_uuid: "99c535c1966e4910984bfe3a59481cea" member_type: VOTER last_known_addr { host: "127.16.44.129" port: 38347 } } peers { permanent_uuid: "4c9bef29d2da45499928e510df542c3a" member_type: VOTER last_known_addr { host: "127.16.44.130" port: 37395 } } peers { permanent_uuid: "9a22d91c1f524171b454e8b3cda01f13" member_type: VOTER last_known_addr { host: "127.16.44.131" port: 39365 } attrs { replace: true } } peers { permanent_uuid: "9596203f43f84bcfb1a9e17751e4f9c6" member_type: VOTER last_known_addr { host: "127.16.44.132" port: 41713 } attrs { promote: false } } }
I20260713 09:07:03.541313 17657 tablet_service.cc:1558] Processing DeleteTablet for tablet b77ba7d691e3405190e97d81b08912e1 with delete_type TABLET_DATA_TOMBSTONED (TS 99c535c1966e4910984bfe3a59481cea not found in new config with opid_index 4) from {username='slave'} at 127.0.0.1:44442
I20260713 09:07:03.545298 17820 consensus_queue.cc:237] T fd55dbd1fd744837b5ae0beddc0f3ae5 P 9a22d91c1f524171b454e8b3cda01f13 [LEADER]: Queue going to LEADER mode. State: All replicated index: 0, Majority replicated index: 3, Committed index: 3, Last appended: 1.3, Last appended by leader: 0, Current term: 1, Majority size: 2, State: 0, Mode: LEADER, active raft config: opid_index: 4 OBSOLETE_local: false peers { permanent_uuid: "99c535c1966e4910984bfe3a59481cea" member_type: VOTER last_known_addr { host: "127.16.44.129" port: 38347 } } peers { permanent_uuid: "9a22d91c1f524171b454e8b3cda01f13" member_type: VOTER last_known_addr { host: "127.16.44.131" port: 39365 } } peers { permanent_uuid: "9596203f43f84bcfb1a9e17751e4f9c6" member_type: VOTER last_known_addr { host: "127.16.44.132" port: 41713 } attrs { promote: false } }
I20260713 09:07:03.553022 18262 tablet_replica.cc:333] T b77ba7d691e3405190e97d81b08912e1 P 99c535c1966e4910984bfe3a59481cea: stopping tablet replica
I20260713 09:07:03.555392 17673 raft_consensus.cc:1275] T fd55dbd1fd744837b5ae0beddc0f3ae5 P 99c535c1966e4910984bfe3a59481cea [term 1 FOLLOWER]: Refusing update from remote peer 9a22d91c1f524171b454e8b3cda01f13: Log matching property violated. Preceding OpId in replica: term: 1 index: 3. Preceding OpId from leader: term: 1 index: 4. (index mismatch)
I20260713 09:07:03.560031 18195 consensus_queue.cc:1048] T fd55dbd1fd744837b5ae0beddc0f3ae5 P 9a22d91c1f524171b454e8b3cda01f13 [LEADER]: Connected to new peer: Peer: permanent_uuid: "99c535c1966e4910984bfe3a59481cea" member_type: VOTER last_known_addr { host: "127.16.44.129" port: 38347 }, Status: LMP_MISMATCH, Last received: 0.0, Next index: 4, Last known committed idx: 3, Time since last communication: 0.000s
I20260713 09:07:03.566937 18090 raft_consensus.cc:1275] T fd55dbd1fd744837b5ae0beddc0f3ae5 P 9596203f43f84bcfb1a9e17751e4f9c6 [term 1 FOLLOWER]: Refusing update from remote peer 9a22d91c1f524171b454e8b3cda01f13: Log matching property violated. Preceding OpId in replica: term: 1 index: 3. Preceding OpId from leader: term: 1 index: 4. (index mismatch)
I20260713 09:07:03.569456 18195 consensus_queue.cc:1048] T fd55dbd1fd744837b5ae0beddc0f3ae5 P 9a22d91c1f524171b454e8b3cda01f13 [LEADER]: Connected to new peer: Peer: permanent_uuid: "9596203f43f84bcfb1a9e17751e4f9c6" member_type: VOTER last_known_addr { host: "127.16.44.132" port: 41713 } attrs { promote: false }, Status: LMP_MISMATCH, Last received: 0.0, Next index: 4, Last known committed idx: 3, Time since last communication: 0.000s
I20260713 09:07:03.574442 17747 consensus_queue.cc:237] T ea5ddebfb7b6461dbb3d7ea799748072 P 4c9bef29d2da45499928e510df542c3a [LEADER]: Queue going to LEADER mode. State: All replicated index: 0, Majority replicated index: 3, Committed index: 3, Last appended: 1.3, Last appended by leader: 0, Current term: 1, Majority size: 2, State: 0, Mode: LEADER, active raft config: opid_index: 4 OBSOLETE_local: false peers { permanent_uuid: "99c535c1966e4910984bfe3a59481cea" member_type: VOTER last_known_addr { host: "127.16.44.129" port: 38347 } } peers { permanent_uuid: "4c9bef29d2da45499928e510df542c3a" member_type: VOTER last_known_addr { host: "127.16.44.130" port: 37395 } } peers { permanent_uuid: "9596203f43f84bcfb1a9e17751e4f9c6" member_type: VOTER last_known_addr { host: "127.16.44.132" port: 41713 } attrs { promote: false } }
I20260713 09:07:03.583140 17673 raft_consensus.cc:1275] T ea5ddebfb7b6461dbb3d7ea799748072 P 99c535c1966e4910984bfe3a59481cea [term 1 FOLLOWER]: Refusing update from remote peer 4c9bef29d2da45499928e510df542c3a: Log matching property violated. Preceding OpId in replica: term: 1 index: 3. Preceding OpId from leader: term: 1 index: 4. (index mismatch)
I20260713 09:07:03.583220 18259 raft_consensus.cc:2955] T fd55dbd1fd744837b5ae0beddc0f3ae5 P 9a22d91c1f524171b454e8b3cda01f13 [term 1 LEADER]: Committing config change with OpId 1.4: config changed from index 3 to 4, VOTER 4c9bef29d2da45499928e510df542c3a (127.16.44.130) evicted. New config: { opid_index: 4 OBSOLETE_local: false peers { permanent_uuid: "99c535c1966e4910984bfe3a59481cea" member_type: VOTER last_known_addr { host: "127.16.44.129" port: 38347 } } peers { permanent_uuid: "9a22d91c1f524171b454e8b3cda01f13" member_type: VOTER last_known_addr { host: "127.16.44.131" port: 39365 } } peers { permanent_uuid: "9596203f43f84bcfb1a9e17751e4f9c6" member_type: VOTER last_known_addr { host: "127.16.44.132" port: 41713 } attrs { promote: false } } }
I20260713 09:07:03.585434 18262 raft_consensus.cc:2243] T b77ba7d691e3405190e97d81b08912e1 P 99c535c1966e4910984bfe3a59481cea [term 1 FOLLOWER]: Raft consensus shutting down.
I20260713 09:07:03.586956 18090 raft_consensus.cc:1275] T ea5ddebfb7b6461dbb3d7ea799748072 P 9596203f43f84bcfb1a9e17751e4f9c6 [term 1 FOLLOWER]: Refusing update from remote peer 4c9bef29d2da45499928e510df542c3a: Log matching property violated. Preceding OpId in replica: term: 1 index: 3. Preceding OpId from leader: term: 1 index: 4. (index mismatch)
I20260713 09:07:03.587402 18255 consensus_queue.cc:1048] T ea5ddebfb7b6461dbb3d7ea799748072 P 4c9bef29d2da45499928e510df542c3a [LEADER]: Connected to new peer: Peer: permanent_uuid: "99c535c1966e4910984bfe3a59481cea" member_type: VOTER last_known_addr { host: "127.16.44.129" port: 38347 }, Status: LMP_MISMATCH, Last received: 0.0, Next index: 4, Last known committed idx: 3, Time since last communication: 0.000s
I20260713 09:07:03.587301 18262 raft_consensus.cc:2272] T b77ba7d691e3405190e97d81b08912e1 P 99c535c1966e4910984bfe3a59481cea [term 1 FOLLOWER]: Raft consensus is shut down!
I20260713 09:07:03.588778 17747 consensus_queue.cc:237] T 5a7a54d9ce4f49d7a9580edd961a8978 P 4c9bef29d2da45499928e510df542c3a [LEADER]: Queue going to LEADER mode. State: All replicated index: 0, Majority replicated index: 3, Committed index: 3, Last appended: 1.3, Last appended by leader: 0, Current term: 1, Majority size: 2, State: 0, Mode: LEADER, active raft config: opid_index: 4 OBSOLETE_local: false peers { permanent_uuid: "99c535c1966e4910984bfe3a59481cea" member_type: VOTER last_known_addr { host: "127.16.44.129" port: 38347 } } peers { permanent_uuid: "4c9bef29d2da45499928e510df542c3a" member_type: VOTER last_known_addr { host: "127.16.44.130" port: 37395 } } peers { permanent_uuid: "9596203f43f84bcfb1a9e17751e4f9c6" member_type: VOTER last_known_addr { host: "127.16.44.132" port: 41713 } attrs { promote: false } }
I20260713 09:07:03.590390 18233 consensus_queue.cc:1048] T ea5ddebfb7b6461dbb3d7ea799748072 P 4c9bef29d2da45499928e510df542c3a [LEADER]: Connected to new peer: Peer: permanent_uuid: "9596203f43f84bcfb1a9e17751e4f9c6" member_type: VOTER last_known_addr { host: "127.16.44.132" port: 41713 } attrs { promote: false }, Status: LMP_MISMATCH, Last received: 0.0, Next index: 4, Last known committed idx: 3, Time since last communication: 0.000s
I20260713 09:07:03.592566 17671 raft_consensus.cc:2955] T fd55dbd1fd744837b5ae0beddc0f3ae5 P 99c535c1966e4910984bfe3a59481cea [term 1 FOLLOWER]: Committing config change with OpId 1.4: config changed from index 3 to 4, VOTER 4c9bef29d2da45499928e510df542c3a (127.16.44.130) evicted. New config: { opid_index: 4 OBSOLETE_local: false peers { permanent_uuid: "99c535c1966e4910984bfe3a59481cea" member_type: VOTER last_known_addr { host: "127.16.44.129" port: 38347 } } peers { permanent_uuid: "9a22d91c1f524171b454e8b3cda01f13" member_type: VOTER last_known_addr { host: "127.16.44.131" port: 39365 } } peers { permanent_uuid: "9596203f43f84bcfb1a9e17751e4f9c6" member_type: VOTER last_known_addr { host: "127.16.44.132" port: 41713 } attrs { promote: false } } }
I20260713 09:07:03.593497 18262 ts_tablet_manager.cc:1916] T b77ba7d691e3405190e97d81b08912e1 P 99c535c1966e4910984bfe3a59481cea: Deleting tablet data with delete state TABLET_DATA_TOMBSTONED
I20260713 09:07:03.601217 18255 raft_consensus.cc:2955] T ea5ddebfb7b6461dbb3d7ea799748072 P 4c9bef29d2da45499928e510df542c3a [term 1 LEADER]: Committing config change with OpId 1.4: config changed from index 3 to 4, VOTER 9a22d91c1f524171b454e8b3cda01f13 (127.16.44.131) evicted. New config: { opid_index: 4 OBSOLETE_local: false peers { permanent_uuid: "99c535c1966e4910984bfe3a59481cea" member_type: VOTER last_known_addr { host: "127.16.44.129" port: 38347 } } peers { permanent_uuid: "4c9bef29d2da45499928e510df542c3a" member_type: VOTER last_known_addr { host: "127.16.44.130" port: 37395 } } peers { permanent_uuid: "9596203f43f84bcfb1a9e17751e4f9c6" member_type: VOTER last_known_addr { host: "127.16.44.132" port: 41713 } attrs { promote: false } } }
I20260713 09:07:03.602813 17557 catalog_manager.cc:5210] ChangeConfig:REMOVE_PEER RPC for tablet fd55dbd1fd744837b5ae0beddc0f3ae5 with cas_config_opid_index 3: ChangeConfig:REMOVE_PEER succeeded (attempt 1)
I20260713 09:07:03.602041 18090 raft_consensus.cc:2955] T fd55dbd1fd744837b5ae0beddc0f3ae5 P 9596203f43f84bcfb1a9e17751e4f9c6 [term 1 FOLLOWER]: Committing config change with OpId 1.4: config changed from index 3 to 4, VOTER 4c9bef29d2da45499928e510df542c3a (127.16.44.130) evicted. New config: { opid_index: 4 OBSOLETE_local: false peers { permanent_uuid: "99c535c1966e4910984bfe3a59481cea" member_type: VOTER last_known_addr { host: "127.16.44.129" port: 38347 } } peers { permanent_uuid: "9a22d91c1f524171b454e8b3cda01f13" member_type: VOTER last_known_addr { host: "127.16.44.131" port: 39365 } } peers { permanent_uuid: "9596203f43f84bcfb1a9e17751e4f9c6" member_type: VOTER last_known_addr { host: "127.16.44.132" port: 41713 } attrs { promote: false } } }
I20260713 09:07:03.603668 17673 raft_consensus.cc:2955] T ea5ddebfb7b6461dbb3d7ea799748072 P 99c535c1966e4910984bfe3a59481cea [term 1 FOLLOWER]: Committing config change with OpId 1.4: config changed from index 3 to 4, VOTER 9a22d91c1f524171b454e8b3cda01f13 (127.16.44.131) evicted. New config: { opid_index: 4 OBSOLETE_local: false peers { permanent_uuid: "99c535c1966e4910984bfe3a59481cea" member_type: VOTER last_known_addr { host: "127.16.44.129" port: 38347 } } peers { permanent_uuid: "4c9bef29d2da45499928e510df542c3a" member_type: VOTER last_known_addr { host: "127.16.44.130" port: 37395 } } peers { permanent_uuid: "9596203f43f84bcfb1a9e17751e4f9c6" member_type: VOTER last_known_addr { host: "127.16.44.132" port: 41713 } attrs { promote: false } } }
I20260713 09:07:03.605227 18089 raft_consensus.cc:2955] T ea5ddebfb7b6461dbb3d7ea799748072 P 9596203f43f84bcfb1a9e17751e4f9c6 [term 1 FOLLOWER]: Committing config change with OpId 1.4: config changed from index 3 to 4, VOTER 9a22d91c1f524171b454e8b3cda01f13 (127.16.44.131) evicted. New config: { opid_index: 4 OBSOLETE_local: false peers { permanent_uuid: "99c535c1966e4910984bfe3a59481cea" member_type: VOTER last_known_addr { host: "127.16.44.129" port: 38347 } } peers { permanent_uuid: "4c9bef29d2da45499928e510df542c3a" member_type: VOTER last_known_addr { host: "127.16.44.130" port: 37395 } } peers { permanent_uuid: "9596203f43f84bcfb1a9e17751e4f9c6" member_type: VOTER last_known_addr { host: "127.16.44.132" port: 41713 } attrs { promote: false } } }
I20260713 09:07:03.622509 17568 catalog_manager.cc:5697] T fd55dbd1fd744837b5ae0beddc0f3ae5 P 9a22d91c1f524171b454e8b3cda01f13 reported cstate change: config changed from index 3 to 4, VOTER 4c9bef29d2da45499928e510df542c3a (127.16.44.130) evicted. New cstate: current_term: 1 leader_uuid: "9a22d91c1f524171b454e8b3cda01f13" committed_config { opid_index: 4 OBSOLETE_local: false peers { permanent_uuid: "99c535c1966e4910984bfe3a59481cea" member_type: VOTER last_known_addr { host: "127.16.44.129" port: 38347 } health_report { overall_health: HEALTHY } } peers { permanent_uuid: "9a22d91c1f524171b454e8b3cda01f13" member_type: VOTER last_known_addr { host: "127.16.44.131" port: 39365 } health_report { overall_health: HEALTHY } } peers { permanent_uuid: "9596203f43f84bcfb1a9e17751e4f9c6" member_type: VOTER last_known_addr { host: "127.16.44.132" port: 41713 } attrs { promote: false } health_report { overall_health: HEALTHY } } }
I20260713 09:07:03.630956 18262 ts_tablet_manager.cc:1929] T b77ba7d691e3405190e97d81b08912e1 P 99c535c1966e4910984bfe3a59481cea: tablet deleted with delete type TABLET_DATA_TOMBSTONED: last-logged OpId 1.3
I20260713 09:07:03.631089 18090 raft_consensus.cc:1275] T 5a7a54d9ce4f49d7a9580edd961a8978 P 9596203f43f84bcfb1a9e17751e4f9c6 [term 1 FOLLOWER]: Refusing update from remote peer 4c9bef29d2da45499928e510df542c3a: Log matching property violated. Preceding OpId in replica: term: 1 index: 3. Preceding OpId from leader: term: 1 index: 4. (index mismatch)
I20260713 09:07:03.631021 17555 catalog_manager.cc:5210] ChangeConfig:REMOVE_PEER RPC for tablet ea5ddebfb7b6461dbb3d7ea799748072 with cas_config_opid_index 3: ChangeConfig:REMOVE_PEER succeeded (attempt 1)
I20260713 09:07:03.628599 17571 catalog_manager.cc:5697] T ea5ddebfb7b6461dbb3d7ea799748072 P 99c535c1966e4910984bfe3a59481cea reported cstate change: config changed from index 3 to 4, VOTER 9a22d91c1f524171b454e8b3cda01f13 (127.16.44.131) evicted. New cstate: current_term: 1 leader_uuid: "4c9bef29d2da45499928e510df542c3a" committed_config { opid_index: 4 OBSOLETE_local: false peers { permanent_uuid: "99c535c1966e4910984bfe3a59481cea" member_type: VOTER last_known_addr { host: "127.16.44.129" port: 38347 } } peers { permanent_uuid: "4c9bef29d2da45499928e510df542c3a" member_type: VOTER last_known_addr { host: "127.16.44.130" port: 37395 } } peers { permanent_uuid: "9596203f43f84bcfb1a9e17751e4f9c6" member_type: VOTER last_known_addr { host: "127.16.44.132" port: 41713 } attrs { promote: false } } }
I20260713 09:07:03.631628 18262 log.cc:1199] T b77ba7d691e3405190e97d81b08912e1 P 99c535c1966e4910984bfe3a59481cea: Deleting WAL directory at /tmp/dist-test-taskFuum1Q/test-tmp/auto_leader_rebalancer-test.0.LeaderRebalancerTest.AddTserver.1783933590777335-16562-0/minicluster-data/ts-0-root/wals/b77ba7d691e3405190e97d81b08912e1
I20260713 09:07:03.633623 17670 raft_consensus.cc:1275] T 5a7a54d9ce4f49d7a9580edd961a8978 P 99c535c1966e4910984bfe3a59481cea [term 1 FOLLOWER]: Refusing update from remote peer 4c9bef29d2da45499928e510df542c3a: Log matching property violated. Preceding OpId in replica: term: 1 index: 3. Preceding OpId from leader: term: 1 index: 4. (index mismatch)
I20260713 09:07:03.642982 18232 consensus_queue.cc:1048] T 5a7a54d9ce4f49d7a9580edd961a8978 P 4c9bef29d2da45499928e510df542c3a [LEADER]: Connected to new peer: Peer: permanent_uuid: "99c535c1966e4910984bfe3a59481cea" member_type: VOTER last_known_addr { host: "127.16.44.129" port: 38347 }, Status: LMP_MISMATCH, Last received: 0.0, Next index: 4, Last known committed idx: 3, Time since last communication: 0.000s
I20260713 09:07:03.643419 17557 catalog_manager.cc:5028] TS 99c535c1966e4910984bfe3a59481cea (127.16.44.129:38347): tablet b77ba7d691e3405190e97d81b08912e1 (table test-workload [id=052e9f0bbbc245beba84eac5ec91a595]) successfully deleted
I20260713 09:07:03.644088 18256 consensus_queue.cc:1048] T 5a7a54d9ce4f49d7a9580edd961a8978 P 4c9bef29d2da45499928e510df542c3a [LEADER]: Connected to new peer: Peer: permanent_uuid: "9596203f43f84bcfb1a9e17751e4f9c6" member_type: VOTER last_known_addr { host: "127.16.44.132" port: 41713 } attrs { promote: false }, Status: LMP_MISMATCH, Last received: 0.0, Next index: 4, Last known committed idx: 3, Time since last communication: 0.002s
I20260713 09:07:03.654436 17811 tablet_service.cc:1558] Processing DeleteTablet for tablet ea5ddebfb7b6461dbb3d7ea799748072 with delete_type TABLET_DATA_TOMBSTONED (TS 9a22d91c1f524171b454e8b3cda01f13 not found in new config with opid_index 4) from {username='slave'} at 127.0.0.1:33018
I20260713 09:07:03.654197 18090 raft_consensus.cc:2955] T 5a7a54d9ce4f49d7a9580edd961a8978 P 9596203f43f84bcfb1a9e17751e4f9c6 [term 1 FOLLOWER]: Committing config change with OpId 1.4: config changed from index 3 to 4, VOTER 9a22d91c1f524171b454e8b3cda01f13 (127.16.44.131) evicted. New config: { opid_index: 4 OBSOLETE_local: false peers { permanent_uuid: "99c535c1966e4910984bfe3a59481cea" member_type: VOTER last_known_addr { host: "127.16.44.129" port: 38347 } } peers { permanent_uuid: "4c9bef29d2da45499928e510df542c3a" member_type: VOTER last_known_addr { host: "127.16.44.130" port: 37395 } } peers { permanent_uuid: "9596203f43f84bcfb1a9e17751e4f9c6" member_type: VOTER last_known_addr { host: "127.16.44.132" port: 41713 } attrs { promote: false } } }
I20260713 09:07:03.652551 18256 raft_consensus.cc:2955] T 5a7a54d9ce4f49d7a9580edd961a8978 P 4c9bef29d2da45499928e510df542c3a [term 1 LEADER]: Committing config change with OpId 1.4: config changed from index 3 to 4, VOTER 9a22d91c1f524171b454e8b3cda01f13 (127.16.44.131) evicted. New config: { opid_index: 4 OBSOLETE_local: false peers { permanent_uuid: "99c535c1966e4910984bfe3a59481cea" member_type: VOTER last_known_addr { host: "127.16.44.129" port: 38347 } } peers { permanent_uuid: "4c9bef29d2da45499928e510df542c3a" member_type: VOTER last_known_addr { host: "127.16.44.130" port: 37395 } } peers { permanent_uuid: "9596203f43f84bcfb1a9e17751e4f9c6" member_type: VOTER last_known_addr { host: "127.16.44.132" port: 41713 } attrs { promote: false } } }
I20260713 09:07:03.671520 18263 tablet_replica.cc:333] T ea5ddebfb7b6461dbb3d7ea799748072 P 9a22d91c1f524171b454e8b3cda01f13: stopping tablet replica
I20260713 09:07:03.672696 18263 raft_consensus.cc:2243] T ea5ddebfb7b6461dbb3d7ea799748072 P 9a22d91c1f524171b454e8b3cda01f13 [term 1 FOLLOWER]: Raft consensus shutting down.
I20260713 09:07:03.673491 18263 raft_consensus.cc:2272] T ea5ddebfb7b6461dbb3d7ea799748072 P 9a22d91c1f524171b454e8b3cda01f13 [term 1 FOLLOWER]: Raft consensus is shut down!
I20260713 09:07:03.678735 17555 catalog_manager.cc:5210] ChangeConfig:REMOVE_PEER RPC for tablet 5a7a54d9ce4f49d7a9580edd961a8978 with cas_config_opid_index 3: ChangeConfig:REMOVE_PEER succeeded (attempt 1)
I20260713 09:07:03.681524 17736 tablet_service.cc:1558] Processing DeleteTablet for tablet fd55dbd1fd744837b5ae0beddc0f3ae5 with delete_type TABLET_DATA_TOMBSTONED (TS 4c9bef29d2da45499928e510df542c3a not found in new config with opid_index 4) from {username='slave'} at 127.0.0.1:50748
I20260713 09:07:03.682708 18263 ts_tablet_manager.cc:1916] T ea5ddebfb7b6461dbb3d7ea799748072 P 9a22d91c1f524171b454e8b3cda01f13: Deleting tablet data with delete state TABLET_DATA_TOMBSTONED
I20260713 09:07:03.691367 18264 tablet_replica.cc:333] T fd55dbd1fd744837b5ae0beddc0f3ae5 P 4c9bef29d2da45499928e510df542c3a: stopping tablet replica
I20260713 09:07:03.692485 18264 raft_consensus.cc:2243] T fd55dbd1fd744837b5ae0beddc0f3ae5 P 4c9bef29d2da45499928e510df542c3a [term 1 FOLLOWER]: Raft consensus shutting down.
I20260713 09:07:03.693307 18264 raft_consensus.cc:2272] T fd55dbd1fd744837b5ae0beddc0f3ae5 P 4c9bef29d2da45499928e510df542c3a [term 1 FOLLOWER]: Raft consensus is shut down!
I20260713 09:07:03.693145 17567 catalog_manager.cc:5697] T 5a7a54d9ce4f49d7a9580edd961a8978 P 4c9bef29d2da45499928e510df542c3a reported cstate change: config changed from index 3 to 4, VOTER 9a22d91c1f524171b454e8b3cda01f13 (127.16.44.131) evicted. New cstate: current_term: 1 leader_uuid: "4c9bef29d2da45499928e510df542c3a" committed_config { opid_index: 4 OBSOLETE_local: false peers { permanent_uuid: "99c535c1966e4910984bfe3a59481cea" member_type: VOTER last_known_addr { host: "127.16.44.129" port: 38347 } health_report { overall_health: UNKNOWN } } peers { permanent_uuid: "4c9bef29d2da45499928e510df542c3a" member_type: VOTER last_known_addr { host: "127.16.44.130" port: 37395 } health_report { overall_health: HEALTHY } } peers { permanent_uuid: "9596203f43f84bcfb1a9e17751e4f9c6" member_type: VOTER last_known_addr { host: "127.16.44.132" port: 41713 } attrs { promote: false } health_report { overall_health: HEALTHY } } }
I20260713 09:07:03.693594 17671 raft_consensus.cc:2955] T 5a7a54d9ce4f49d7a9580edd961a8978 P 99c535c1966e4910984bfe3a59481cea [term 1 FOLLOWER]: Committing config change with OpId 1.4: config changed from index 3 to 4, VOTER 9a22d91c1f524171b454e8b3cda01f13 (127.16.44.131) evicted. New config: { opid_index: 4 OBSOLETE_local: false peers { permanent_uuid: "99c535c1966e4910984bfe3a59481cea" member_type: VOTER last_known_addr { host: "127.16.44.129" port: 38347 } } peers { permanent_uuid: "4c9bef29d2da45499928e510df542c3a" member_type: VOTER last_known_addr { host: "127.16.44.130" port: 37395 } } peers { permanent_uuid: "9596203f43f84bcfb1a9e17751e4f9c6" member_type: VOTER last_known_addr { host: "127.16.44.132" port: 41713 } attrs { promote: false } } }
I20260713 09:07:03.700553 18264 ts_tablet_manager.cc:1916] T fd55dbd1fd744837b5ae0beddc0f3ae5 P 4c9bef29d2da45499928e510df542c3a: Deleting tablet data with delete state TABLET_DATA_TOMBSTONED
I20260713 09:07:03.703425 18263 ts_tablet_manager.cc:1929] T ea5ddebfb7b6461dbb3d7ea799748072 P 9a22d91c1f524171b454e8b3cda01f13: tablet deleted with delete type TABLET_DATA_TOMBSTONED: last-logged OpId 1.3
I20260713 09:07:03.703949 18263 log.cc:1199] T ea5ddebfb7b6461dbb3d7ea799748072 P 9a22d91c1f524171b454e8b3cda01f13: Deleting WAL directory at /tmp/dist-test-taskFuum1Q/test-tmp/auto_leader_rebalancer-test.0.LeaderRebalancerTest.AddTserver.1783933590777335-16562-0/minicluster-data/ts-2-root/wals/ea5ddebfb7b6461dbb3d7ea799748072
I20260713 09:07:03.705632 17557 catalog_manager.cc:5028] TS 9a22d91c1f524171b454e8b3cda01f13 (127.16.44.131:39365): tablet ea5ddebfb7b6461dbb3d7ea799748072 (table test-workload [id=052e9f0bbbc245beba84eac5ec91a595]) successfully deleted
I20260713 09:07:03.712288 17811 tablet_service.cc:1558] Processing DeleteTablet for tablet 5a7a54d9ce4f49d7a9580edd961a8978 with delete_type TABLET_DATA_TOMBSTONED (TS 9a22d91c1f524171b454e8b3cda01f13 not found in new config with opid_index 4) from {username='slave'} at 127.0.0.1:33018
I20260713 09:07:03.713308 18263 tablet_replica.cc:333] T 5a7a54d9ce4f49d7a9580edd961a8978 P 9a22d91c1f524171b454e8b3cda01f13: stopping tablet replica
I20260713 09:07:03.714406 18263 raft_consensus.cc:2243] T 5a7a54d9ce4f49d7a9580edd961a8978 P 9a22d91c1f524171b454e8b3cda01f13 [term 1 FOLLOWER]: Raft consensus shutting down.
I20260713 09:07:03.715185 18263 raft_consensus.cc:2272] T 5a7a54d9ce4f49d7a9580edd961a8978 P 9a22d91c1f524171b454e8b3cda01f13 [term 1 FOLLOWER]: Raft consensus is shut down!
I20260713 09:07:03.718025 18263 ts_tablet_manager.cc:1916] T 5a7a54d9ce4f49d7a9580edd961a8978 P 9a22d91c1f524171b454e8b3cda01f13: Deleting tablet data with delete state TABLET_DATA_TOMBSTONED
I20260713 09:07:03.723675 18264 ts_tablet_manager.cc:1929] T fd55dbd1fd744837b5ae0beddc0f3ae5 P 4c9bef29d2da45499928e510df542c3a: tablet deleted with delete type TABLET_DATA_TOMBSTONED: last-logged OpId 1.3
I20260713 09:07:03.724179 18264 log.cc:1199] T fd55dbd1fd744837b5ae0beddc0f3ae5 P 4c9bef29d2da45499928e510df542c3a: Deleting WAL directory at /tmp/dist-test-taskFuum1Q/test-tmp/auto_leader_rebalancer-test.0.LeaderRebalancerTest.AddTserver.1783933590777335-16562-0/minicluster-data/ts-1-root/wals/fd55dbd1fd744837b5ae0beddc0f3ae5
I20260713 09:07:03.725764 17555 catalog_manager.cc:5028] TS 4c9bef29d2da45499928e510df542c3a (127.16.44.130:37395): tablet fd55dbd1fd744837b5ae0beddc0f3ae5 (table test-workload [id=052e9f0bbbc245beba84eac5ec91a595]) successfully deleted
I20260713 09:07:03.730598 18263 ts_tablet_manager.cc:1929] T 5a7a54d9ce4f49d7a9580edd961a8978 P 9a22d91c1f524171b454e8b3cda01f13: tablet deleted with delete type TABLET_DATA_TOMBSTONED: last-logged OpId 1.3
I20260713 09:07:03.730998 18263 log.cc:1199] T 5a7a54d9ce4f49d7a9580edd961a8978 P 9a22d91c1f524171b454e8b3cda01f13: Deleting WAL directory at /tmp/dist-test-taskFuum1Q/test-tmp/auto_leader_rebalancer-test.0.LeaderRebalancerTest.AddTserver.1783933590777335-16562-0/minicluster-data/ts-2-root/wals/5a7a54d9ce4f49d7a9580edd961a8978
I20260713 09:07:03.732257 17557 catalog_manager.cc:5028] TS 9a22d91c1f524171b454e8b3cda01f13 (127.16.44.131:39365): tablet 5a7a54d9ce4f49d7a9580edd961a8978 (table test-workload [id=052e9f0bbbc245beba84eac5ec91a595]) successfully deleted
I20260713 09:07:04.753928 17746 consensus_queue.cc:237] T b4645de01ba84fdc9f7fa1d09f12139b P 4c9bef29d2da45499928e510df542c3a [LEADER]: Queue going to LEADER mode. State: All replicated index: 0, Majority replicated index: 1, Committed index: 1, Last appended: 1.1, Last appended by leader: 0, Current term: 1, Majority size: 2, State: 0, Mode: LEADER, active raft config: opid_index: 2 OBSOLETE_local: false peers { permanent_uuid: "99c535c1966e4910984bfe3a59481cea" member_type: VOTER last_known_addr { host: "127.16.44.129" port: 38347 } attrs { replace: true } } peers { permanent_uuid: "4c9bef29d2da45499928e510df542c3a" member_type: VOTER last_known_addr { host: "127.16.44.130" port: 37395 } } peers { permanent_uuid: "9a22d91c1f524171b454e8b3cda01f13" member_type: VOTER last_known_addr { host: "127.16.44.131" port: 39365 } } peers { permanent_uuid: "9596203f43f84bcfb1a9e17751e4f9c6" member_type: NON_VOTER last_known_addr { host: "127.16.44.132" port: 41713 } attrs { promote: true } }
W20260713 09:07:04.760241 17713 consensus_peers.cc:597] T b4645de01ba84fdc9f7fa1d09f12139b P 4c9bef29d2da45499928e510df542c3a -> Peer 9596203f43f84bcfb1a9e17751e4f9c6 (127.16.44.132:41713): Couldn't send request to peer 9596203f43f84bcfb1a9e17751e4f9c6. Error code: TABLET_NOT_FOUND (6). Status: Not found: Tablet not found: b4645de01ba84fdc9f7fa1d09f12139b. This is attempt 1: this message will repeat every 5th retry.
I20260713 09:07:04.761309 17821 raft_consensus.cc:1275] T b4645de01ba84fdc9f7fa1d09f12139b P 9a22d91c1f524171b454e8b3cda01f13 [term 1 FOLLOWER]: Refusing update from remote peer 4c9bef29d2da45499928e510df542c3a: Log matching property violated. Preceding OpId in replica: term: 1 index: 1. Preceding OpId from leader: term: 1 index: 2. (index mismatch)
I20260713 09:07:04.762101 17670 raft_consensus.cc:1275] T b4645de01ba84fdc9f7fa1d09f12139b P 99c535c1966e4910984bfe3a59481cea [term 1 FOLLOWER]: Refusing update from remote peer 4c9bef29d2da45499928e510df542c3a: Log matching property violated. Preceding OpId in replica: term: 1 index: 1. Preceding OpId from leader: term: 1 index: 2. (index mismatch)
I20260713 09:07:04.762928 18268 consensus_queue.cc:1048] T b4645de01ba84fdc9f7fa1d09f12139b P 4c9bef29d2da45499928e510df542c3a [LEADER]: Connected to new peer: Peer: permanent_uuid: "9a22d91c1f524171b454e8b3cda01f13" member_type: VOTER last_known_addr { host: "127.16.44.131" port: 39365 }, Status: LMP_MISMATCH, Last received: 0.0, Next index: 2, Last known committed idx: 1, Time since last communication: 0.001s
I20260713 09:07:04.763885 18232 consensus_queue.cc:1048] T b4645de01ba84fdc9f7fa1d09f12139b P 4c9bef29d2da45499928e510df542c3a [LEADER]: Connected to new peer: Peer: permanent_uuid: "99c535c1966e4910984bfe3a59481cea" member_type: VOTER last_known_addr { host: "127.16.44.129" port: 38347 } attrs { replace: true }, Status: LMP_MISMATCH, Last received: 0.0, Next index: 2, Last known committed idx: 1, Time since last communication: 0.000s
I20260713 09:07:04.773772 18267 raft_consensus.cc:2955] T b4645de01ba84fdc9f7fa1d09f12139b P 4c9bef29d2da45499928e510df542c3a [term 1 LEADER]: Committing config change with OpId 1.2: config changed from index -1 to 2, NON_VOTER 9596203f43f84bcfb1a9e17751e4f9c6 (127.16.44.132) added. New config: { opid_index: 2 OBSOLETE_local: false peers { permanent_uuid: "99c535c1966e4910984bfe3a59481cea" member_type: VOTER last_known_addr { host: "127.16.44.129" port: 38347 } attrs { replace: true } } peers { permanent_uuid: "4c9bef29d2da45499928e510df542c3a" member_type: VOTER last_known_addr { host: "127.16.44.130" port: 37395 } } peers { permanent_uuid: "9a22d91c1f524171b454e8b3cda01f13" member_type: VOTER last_known_addr { host: "127.16.44.131" port: 39365 } } peers { permanent_uuid: "9596203f43f84bcfb1a9e17751e4f9c6" member_type: NON_VOTER last_known_addr { host: "127.16.44.132" port: 41713 } attrs { promote: true } } }
I20260713 09:07:04.783839 17821 raft_consensus.cc:2955] T b4645de01ba84fdc9f7fa1d09f12139b P 9a22d91c1f524171b454e8b3cda01f13 [term 1 FOLLOWER]: Committing config change with OpId 1.2: config changed from index -1 to 2, NON_VOTER 9596203f43f84bcfb1a9e17751e4f9c6 (127.16.44.132) added. New config: { opid_index: 2 OBSOLETE_local: false peers { permanent_uuid: "99c535c1966e4910984bfe3a59481cea" member_type: VOTER last_known_addr { host: "127.16.44.129" port: 38347 } attrs { replace: true } } peers { permanent_uuid: "4c9bef29d2da45499928e510df542c3a" member_type: VOTER last_known_addr { host: "127.16.44.130" port: 37395 } } peers { permanent_uuid: "9a22d91c1f524171b454e8b3cda01f13" member_type: VOTER last_known_addr { host: "127.16.44.131" port: 39365 } } peers { permanent_uuid: "9596203f43f84bcfb1a9e17751e4f9c6" member_type: NON_VOTER last_known_addr { host: "127.16.44.132" port: 41713 } attrs { promote: true } } }
I20260713 09:07:04.787928 17671 consensus_queue.cc:237] T e3d39fedd95f43129f9685b4e3b50654 P 99c535c1966e4910984bfe3a59481cea [LEADER]: Queue going to LEADER mode. State: All replicated index: 0, Majority replicated index: 1, Committed index: 1, Last appended: 1.1, Last appended by leader: 0, Current term: 1, Majority size: 2, State: 0, Mode: LEADER, active raft config: opid_index: 2 OBSOLETE_local: false peers { permanent_uuid: "99c535c1966e4910984bfe3a59481cea" member_type: VOTER last_known_addr { host: "127.16.44.129" port: 38347 } } peers { permanent_uuid: "4c9bef29d2da45499928e510df542c3a" member_type: VOTER last_known_addr { host: "127.16.44.130" port: 37395 } attrs { replace: true } } peers { permanent_uuid: "9a22d91c1f524171b454e8b3cda01f13" member_type: VOTER last_known_addr { host: "127.16.44.131" port: 39365 } } peers { permanent_uuid: "9596203f43f84bcfb1a9e17751e4f9c6" member_type: NON_VOTER last_known_addr { host: "127.16.44.132" port: 41713 } attrs { promote: true } }
