I20260713 09:06:33.895174 16890 consensus_queue.cc:260] T 8288db079c034a75ba48ddb2ed61d1ee P 27a3d6553a4140c19428b5601ace72ea [NON_LEADER]: Queue going to NON_LEADER mode. State: All replicated index: 0, Majority replicated index: 0, Committed index: 0, Last appended: 0.0, Last appended by leader: 0, Current term: 0, Majority size: -1, State: 0, Mode: NON_LEADER, active raft config: opid_index: -1 OBSOLETE_local: false peers { permanent_uuid: "f8d97e789d544035808eab74a4674518" member_type: VOTER last_known_addr { host: "127.16.44.131" port: 42109 } } peers { permanent_uuid: "411de7ab4cf5423997c6e10054122263" member_type: VOTER last_known_addr { host: "127.16.44.129" port: 36875 } } peers { permanent_uuid: "27a3d6553a4140c19428b5601ace72ea" member_type: VOTER last_known_addr { host: "127.16.44.130" port: 36507 } }
W20260713 09:06:33.893021 16809 leader_election.cc:343] T aa2aa29eac764b8baac81b663a25947e P f8d97e789d544035808eab74a4674518 [CANDIDATE]: Term 1 pre-election: Tablet error from VoteRequest() call to peer 27a3d6553a4140c19428b5601ace72ea (127.16.44.130:36507): Illegal state: must be running to vote when last-logged opid is not known
I20260713 09:06:33.897727 16809 leader_election.cc:304] T aa2aa29eac764b8baac81b663a25947e P f8d97e789d544035808eab74a4674518 [CANDIDATE]: Term 1 pre-election: Election decided. Result: candidate lost. Election summary: received 3 responses out of 3 voters: 1 yes votes; 2 no votes. yes voters: f8d97e789d544035808eab74a4674518; no voters: 27a3d6553a4140c19428b5601ace72ea, 411de7ab4cf5423997c6e10054122263
I20260713 09:06:33.900357 16896 raft_consensus.cc:2749] T aa2aa29eac764b8baac81b663a25947e P f8d97e789d544035808eab74a4674518 [term 0 FOLLOWER]: Leader pre-election lost for term 1. Reason: could not achieve majority
I20260713 09:06:33.916381 16919 raft_consensus.cc:697] T b65afa17354847df9daff2ec73e3a410 P f8d97e789d544035808eab74a4674518 [term 1 LEADER]: Becoming Leader. State: Replica: f8d97e789d544035808eab74a4674518, State: Running, Role: LEADER
I20260713 09:06:33.919543 16891 ts_tablet_manager.cc:1434] T 7034f54b9bd144ecb5cf4401398abb72 P f8d97e789d544035808eab74a4674518: Time spent starting tablet: real 0.062s	user 0.011s	sys 0.009s
I20260713 09:06:33.921154 16889 tablet_bootstrap.cc:492] T 99b8446319574b3896b665fe4d0f30a7 P 411de7ab4cf5423997c6e10054122263: No bootstrap required, opened a new log
I20260713 09:06:33.922641 16890 ts_tablet_manager.cc:1434] T 8288db079c034a75ba48ddb2ed61d1ee P 27a3d6553a4140c19428b5601ace72ea: Time spent starting tablet: real 0.051s	user 0.006s	sys 0.003s
I20260713 09:06:33.925748 16889 ts_tablet_manager.cc:1403] T 99b8446319574b3896b665fe4d0f30a7 P 411de7ab4cf5423997c6e10054122263: Time spent bootstrapping tablet: real 0.068s	user 0.028s	sys 0.032s
I20260713 09:06:33.926321 16891 tablet_bootstrap.cc:492] T 8288db079c034a75ba48ddb2ed61d1ee P f8d97e789d544035808eab74a4674518: Bootstrap starting.
I20260713 09:06:33.929751 16890 tablet_bootstrap.cc:492] T 65c3f532cbec4beebdd1ff91e3dc222d P 27a3d6553a4140c19428b5601ace72ea: Bootstrap starting.
I20260713 09:06:33.924681 16919 consensus_queue.cc:237] T b65afa17354847df9daff2ec73e3a410 P f8d97e789d544035808eab74a4674518 [LEADER]: Queue going to LEADER mode. State: All replicated index: 0, Majority replicated index: 0, Committed index: 0, Last appended: 0.0, Last appended by leader: 0, Current term: 1, Majority size: 2, State: 0, Mode: LEADER, active raft config: opid_index: -1 OBSOLETE_local: false peers { permanent_uuid: "411de7ab4cf5423997c6e10054122263" member_type: VOTER last_known_addr { host: "127.16.44.129" port: 36875 } } peers { permanent_uuid: "27a3d6553a4140c19428b5601ace72ea" member_type: VOTER last_known_addr { host: "127.16.44.130" port: 36507 } } peers { permanent_uuid: "f8d97e789d544035808eab74a4674518" member_type: VOTER last_known_addr { host: "127.16.44.131" port: 42109 } }
I20260713 09:06:33.929927 16889 raft_consensus.cc:359] T 99b8446319574b3896b665fe4d0f30a7 P 411de7ab4cf5423997c6e10054122263 [term 0 FOLLOWER]: Replica starting. Triggering 0 pending ops. Active config: opid_index: -1 OBSOLETE_local: false peers { permanent_uuid: "411de7ab4cf5423997c6e10054122263" member_type: VOTER last_known_addr { host: "127.16.44.129" port: 36875 } } peers { permanent_uuid: "27a3d6553a4140c19428b5601ace72ea" member_type: VOTER last_known_addr { host: "127.16.44.130" port: 36507 } } peers { permanent_uuid: "f8d97e789d544035808eab74a4674518" member_type: VOTER last_known_addr { host: "127.16.44.131" port: 42109 } }
I20260713 09:06:33.931346 16889 raft_consensus.cc:385] T 99b8446319574b3896b665fe4d0f30a7 P 411de7ab4cf5423997c6e10054122263 [term 0 FOLLOWER]: Consensus starting up: Expiring failure detector timer to make a prompt election more likely
I20260713 09:06:33.931739 16889 raft_consensus.cc:740] T 99b8446319574b3896b665fe4d0f30a7 P 411de7ab4cf5423997c6e10054122263 [term 0 FOLLOWER]: Becoming Follower/Learner. State: Replica: 411de7ab4cf5423997c6e10054122263, State: Initialized, Role: FOLLOWER
I20260713 09:06:33.935570 16889 consensus_queue.cc:260] T 99b8446319574b3896b665fe4d0f30a7 P 411de7ab4cf5423997c6e10054122263 [NON_LEADER]: Queue going to NON_LEADER mode. State: All replicated index: 0, Majority replicated index: 0, Committed index: 0, Last appended: 0.0, Last appended by leader: 0, Current term: 0, Majority size: -1, State: 0, Mode: NON_LEADER, active raft config: opid_index: -1 OBSOLETE_local: false peers { permanent_uuid: "411de7ab4cf5423997c6e10054122263" member_type: VOTER last_known_addr { host: "127.16.44.129" port: 36875 } } peers { permanent_uuid: "27a3d6553a4140c19428b5601ace72ea" member_type: VOTER last_known_addr { host: "127.16.44.130" port: 36507 } } peers { permanent_uuid: "f8d97e789d544035808eab74a4674518" member_type: VOTER last_known_addr { host: "127.16.44.131" port: 42109 } }
I20260713 09:06:33.940236 16889 ts_tablet_manager.cc:1434] T 99b8446319574b3896b665fe4d0f30a7 P 411de7ab4cf5423997c6e10054122263: Time spent starting tablet: real 0.014s	user 0.006s	sys 0.001s
I20260713 09:06:33.941131 16889 tablet_bootstrap.cc:492] T 71e007cc3cd346eab944bfdc98fa17b5 P 411de7ab4cf5423997c6e10054122263: Bootstrap starting.
I20260713 09:06:33.950914 16663 leader_election.cc:304] T b65afa17354847df9daff2ec73e3a410 P 411de7ab4cf5423997c6e10054122263 [CANDIDATE]: Term 1 pre-election: Election decided. Result: candidate lost. Election summary: received 3 responses out of 3 voters: 1 yes votes; 2 no votes. yes voters: 411de7ab4cf5423997c6e10054122263; no voters: 27a3d6553a4140c19428b5601ace72ea, f8d97e789d544035808eab74a4674518
I20260713 09:06:33.952308 16895 raft_consensus.cc:3060] T b65afa17354847df9daff2ec73e3a410 P 411de7ab4cf5423997c6e10054122263 [term 0 FOLLOWER]: Advancing to term 1
I20260713 09:06:33.957520 16889 tablet_bootstrap.cc:654] T 71e007cc3cd346eab944bfdc98fa17b5 P 411de7ab4cf5423997c6e10054122263: Neither blocks nor log segments found. Creating new log.
I20260713 09:06:33.960400 16895 raft_consensus.cc:2749] T b65afa17354847df9daff2ec73e3a410 P 411de7ab4cf5423997c6e10054122263 [term 1 FOLLOWER]: Leader pre-election lost for term 1. Reason: could not achieve majority
I20260713 09:06:33.962296 16591 catalog_manager.cc:5697] T b65afa17354847df9daff2ec73e3a410 P f8d97e789d544035808eab74a4674518 reported cstate change: term changed from 0 to 1, leader changed from <none> to f8d97e789d544035808eab74a4674518 (127.16.44.131). New cstate: current_term: 1 leader_uuid: "f8d97e789d544035808eab74a4674518" committed_config { opid_index: -1 OBSOLETE_local: false peers { permanent_uuid: "411de7ab4cf5423997c6e10054122263" member_type: VOTER last_known_addr { host: "127.16.44.129" port: 36875 } health_report { overall_health: UNKNOWN } } peers { permanent_uuid: "27a3d6553a4140c19428b5601ace72ea" member_type: VOTER last_known_addr { host: "127.16.44.130" port: 36507 } health_report { overall_health: UNKNOWN } } peers { permanent_uuid: "f8d97e789d544035808eab74a4674518" member_type: VOTER last_known_addr { host: "127.16.44.131" port: 42109 } health_report { overall_health: HEALTHY } } }
I20260713 09:06:33.966955 16846 tablet_service.cc:1917] Received RequestConsensusVote() RPC: tablet_id: "71e007cc3cd346eab944bfdc98fa17b5" candidate_uuid: "27a3d6553a4140c19428b5601ace72ea" candidate_term: 1 candidate_status { last_received { term: 0 index: 0 } } ignore_live_leader: false dest_uuid: "f8d97e789d544035808eab74a4674518" is_pre_election: true
W20260713 09:06:33.968667 16738 leader_election.cc:343] T 71e007cc3cd346eab944bfdc98fa17b5 P 27a3d6553a4140c19428b5601ace72ea [CANDIDATE]: Term 1 pre-election: Tablet error from VoteRequest() call to peer f8d97e789d544035808eab74a4674518 (127.16.44.131:42109): Illegal state: must be running to vote when last-logged opid is not known
I20260713 09:06:33.969759 16891 tablet_bootstrap.cc:654] T 8288db079c034a75ba48ddb2ed61d1ee P f8d97e789d544035808eab74a4674518: Neither blocks nor log segments found. Creating new log.
I20260713 09:06:33.976888 16890 tablet_bootstrap.cc:654] T 65c3f532cbec4beebdd1ff91e3dc222d P 27a3d6553a4140c19428b5601ace72ea: Neither blocks nor log segments found. Creating new log.
I20260713 09:06:33.984838 16889 tablet_bootstrap.cc:492] T 71e007cc3cd346eab944bfdc98fa17b5 P 411de7ab4cf5423997c6e10054122263: No bootstrap required, opened a new log
I20260713 09:06:33.985445 16889 ts_tablet_manager.cc:1403] T 71e007cc3cd346eab944bfdc98fa17b5 P 411de7ab4cf5423997c6e10054122263: Time spent bootstrapping tablet: real 0.045s	user 0.009s	sys 0.005s
I20260713 09:06:33.987192 16697 tablet_service.cc:1917] Received RequestConsensusVote() RPC: tablet_id: "71e007cc3cd346eab944bfdc98fa17b5" candidate_uuid: "27a3d6553a4140c19428b5601ace72ea" candidate_term: 1 candidate_status { last_received { term: 0 index: 0 } } ignore_live_leader: false dest_uuid: "411de7ab4cf5423997c6e10054122263" is_pre_election: true
W20260713 09:06:33.988596 16737 leader_election.cc:343] T 71e007cc3cd346eab944bfdc98fa17b5 P 27a3d6553a4140c19428b5601ace72ea [CANDIDATE]: Term 1 pre-election: Tablet error from VoteRequest() call to peer 411de7ab4cf5423997c6e10054122263 (127.16.44.129:36875): Illegal state: must be running to vote when last-logged opid is not known
I20260713 09:06:33.989001 16737 leader_election.cc:304] T 71e007cc3cd346eab944bfdc98fa17b5 P 27a3d6553a4140c19428b5601ace72ea [CANDIDATE]: Term 1 pre-election: Election decided. Result: candidate lost. Election summary: received 3 responses out of 3 voters: 1 yes votes; 2 no votes. yes voters: 27a3d6553a4140c19428b5601ace72ea; no voters: 411de7ab4cf5423997c6e10054122263, f8d97e789d544035808eab74a4674518
I20260713 09:06:33.989030 16889 raft_consensus.cc:359] T 71e007cc3cd346eab944bfdc98fa17b5 P 411de7ab4cf5423997c6e10054122263 [term 0 FOLLOWER]: Replica starting. Triggering 0 pending ops. Active config: opid_index: -1 OBSOLETE_local: false peers { permanent_uuid: "411de7ab4cf5423997c6e10054122263" member_type: VOTER last_known_addr { host: "127.16.44.129" port: 36875 } } peers { permanent_uuid: "27a3d6553a4140c19428b5601ace72ea" member_type: VOTER last_known_addr { host: "127.16.44.130" port: 36507 } } peers { permanent_uuid: "f8d97e789d544035808eab74a4674518" member_type: VOTER last_known_addr { host: "127.16.44.131" port: 42109 } }
I20260713 09:06:33.990001 16897 raft_consensus.cc:2749] T 71e007cc3cd346eab944bfdc98fa17b5 P 27a3d6553a4140c19428b5601ace72ea [term 0 FOLLOWER]: Leader pre-election lost for term 1. Reason: could not achieve majority
I20260713 09:06:33.990008 16889 raft_consensus.cc:385] T 71e007cc3cd346eab944bfdc98fa17b5 P 411de7ab4cf5423997c6e10054122263 [term 0 FOLLOWER]: Consensus starting up: Expiring failure detector timer to make a prompt election more likely
I20260713 09:06:33.991125 16889 raft_consensus.cc:740] T 71e007cc3cd346eab944bfdc98fa17b5 P 411de7ab4cf5423997c6e10054122263 [term 0 FOLLOWER]: Becoming Follower/Learner. State: Replica: 411de7ab4cf5423997c6e10054122263, State: Initialized, Role: FOLLOWER
I20260713 09:06:33.991776 16889 consensus_queue.cc:260] T 71e007cc3cd346eab944bfdc98fa17b5 P 411de7ab4cf5423997c6e10054122263 [NON_LEADER]: Queue going to NON_LEADER mode. State: All replicated index: 0, Majority replicated index: 0, Committed index: 0, Last appended: 0.0, Last appended by leader: 0, Current term: 0, Majority size: -1, State: 0, Mode: NON_LEADER, active raft config: opid_index: -1 OBSOLETE_local: false peers { permanent_uuid: "411de7ab4cf5423997c6e10054122263" member_type: VOTER last_known_addr { host: "127.16.44.129" port: 36875 } } peers { permanent_uuid: "27a3d6553a4140c19428b5601ace72ea" member_type: VOTER last_known_addr { host: "127.16.44.130" port: 36507 } } peers { permanent_uuid: "f8d97e789d544035808eab74a4674518" member_type: VOTER last_known_addr { host: "127.16.44.131" port: 42109 } }
I20260713 09:06:33.993280 16891 tablet_bootstrap.cc:492] T 8288db079c034a75ba48ddb2ed61d1ee P f8d97e789d544035808eab74a4674518: No bootstrap required, opened a new log
I20260713 09:06:33.993796 16891 ts_tablet_manager.cc:1403] T 8288db079c034a75ba48ddb2ed61d1ee P f8d97e789d544035808eab74a4674518: Time spent bootstrapping tablet: real 0.068s	user 0.017s	sys 0.009s
I20260713 09:06:33.994889 16890 tablet_bootstrap.cc:492] T 65c3f532cbec4beebdd1ff91e3dc222d P 27a3d6553a4140c19428b5601ace72ea: No bootstrap required, opened a new log
I20260713 09:06:33.995293 16890 ts_tablet_manager.cc:1403] T 65c3f532cbec4beebdd1ff91e3dc222d P 27a3d6553a4140c19428b5601ace72ea: Time spent bootstrapping tablet: real 0.066s	user 0.011s	sys 0.003s
I20260713 09:06:33.996922 16891 raft_consensus.cc:359] T 8288db079c034a75ba48ddb2ed61d1ee P f8d97e789d544035808eab74a4674518 [term 0 FOLLOWER]: Replica starting. Triggering 0 pending ops. Active config: opid_index: -1 OBSOLETE_local: false peers { permanent_uuid: "f8d97e789d544035808eab74a4674518" member_type: VOTER last_known_addr { host: "127.16.44.131" port: 42109 } } peers { permanent_uuid: "411de7ab4cf5423997c6e10054122263" member_type: VOTER last_known_addr { host: "127.16.44.129" port: 36875 } } peers { permanent_uuid: "27a3d6553a4140c19428b5601ace72ea" member_type: VOTER last_known_addr { host: "127.16.44.130" port: 36507 } }
I20260713 09:06:33.997681 16891 raft_consensus.cc:385] T 8288db079c034a75ba48ddb2ed61d1ee P f8d97e789d544035808eab74a4674518 [term 0 FOLLOWER]: Consensus starting up: Expiring failure detector timer to make a prompt election more likely
I20260713 09:06:33.998036 16891 raft_consensus.cc:740] T 8288db079c034a75ba48ddb2ed61d1ee P f8d97e789d544035808eab74a4674518 [term 0 FOLLOWER]: Becoming Follower/Learner. State: Replica: f8d97e789d544035808eab74a4674518, State: Initialized, Role: FOLLOWER
I20260713 09:06:33.997891 16890 raft_consensus.cc:359] T 65c3f532cbec4beebdd1ff91e3dc222d P 27a3d6553a4140c19428b5601ace72ea [term 0 FOLLOWER]: Replica starting. Triggering 0 pending ops. Active config: opid_index: -1 OBSOLETE_local: false peers { permanent_uuid: "411de7ab4cf5423997c6e10054122263" member_type: VOTER last_known_addr { host: "127.16.44.129" port: 36875 } } peers { permanent_uuid: "27a3d6553a4140c19428b5601ace72ea" member_type: VOTER last_known_addr { host: "127.16.44.130" port: 36507 } } peers { permanent_uuid: "f8d97e789d544035808eab74a4674518" member_type: VOTER last_known_addr { host: "127.16.44.131" port: 42109 } }
I20260713 09:06:33.998586 16890 raft_consensus.cc:385] T 65c3f532cbec4beebdd1ff91e3dc222d P 27a3d6553a4140c19428b5601ace72ea [term 0 FOLLOWER]: Consensus starting up: Expiring failure detector timer to make a prompt election more likely
I20260713 09:06:33.998857 16890 raft_consensus.cc:740] T 65c3f532cbec4beebdd1ff91e3dc222d P 27a3d6553a4140c19428b5601ace72ea [term 0 FOLLOWER]: Becoming Follower/Learner. State: Replica: 27a3d6553a4140c19428b5601ace72ea, State: Initialized, Role: FOLLOWER
I20260713 09:06:33.999078 16891 consensus_queue.cc:260] T 8288db079c034a75ba48ddb2ed61d1ee P f8d97e789d544035808eab74a4674518 [NON_LEADER]: Queue going to NON_LEADER mode. State: All replicated index: 0, Majority replicated index: 0, Committed index: 0, Last appended: 0.0, Last appended by leader: 0, Current term: 0, Majority size: -1, State: 0, Mode: NON_LEADER, active raft config: opid_index: -1 OBSOLETE_local: false peers { permanent_uuid: "f8d97e789d544035808eab74a4674518" member_type: VOTER last_known_addr { host: "127.16.44.131" port: 42109 } } peers { permanent_uuid: "411de7ab4cf5423997c6e10054122263" member_type: VOTER last_known_addr { host: "127.16.44.129" port: 36875 } } peers { permanent_uuid: "27a3d6553a4140c19428b5601ace72ea" member_type: VOTER last_known_addr { host: "127.16.44.130" port: 36507 } }
I20260713 09:06:33.999758 16890 consensus_queue.cc:260] T 65c3f532cbec4beebdd1ff91e3dc222d P 27a3d6553a4140c19428b5601ace72ea [NON_LEADER]: Queue going to NON_LEADER mode. State: All replicated index: 0, Majority replicated index: 0, Committed index: 0, Last appended: 0.0, Last appended by leader: 0, Current term: 0, Majority size: -1, State: 0, Mode: NON_LEADER, active raft config: opid_index: -1 OBSOLETE_local: false peers { permanent_uuid: "411de7ab4cf5423997c6e10054122263" member_type: VOTER last_known_addr { host: "127.16.44.129" port: 36875 } } peers { permanent_uuid: "27a3d6553a4140c19428b5601ace72ea" member_type: VOTER last_known_addr { host: "127.16.44.130" port: 36507 } } peers { permanent_uuid: "f8d97e789d544035808eab74a4674518" member_type: VOTER last_known_addr { host: "127.16.44.131" port: 42109 } }
I20260713 09:06:34.000993 16889 ts_tablet_manager.cc:1434] T 71e007cc3cd346eab944bfdc98fa17b5 P 411de7ab4cf5423997c6e10054122263: Time spent starting tablet: real 0.015s	user 0.004s	sys 0.006s
I20260713 09:06:34.003938 16890 ts_tablet_manager.cc:1434] T 65c3f532cbec4beebdd1ff91e3dc222d P 27a3d6553a4140c19428b5601ace72ea: Time spent starting tablet: real 0.008s	user 0.006s	sys 0.000s
I20260713 09:06:34.004868 16890 tablet_bootstrap.cc:492] T 0ea5a09aced84cae93b163b844212bab P 27a3d6553a4140c19428b5601ace72ea: Bootstrap starting.
I20260713 09:06:34.010943 16889 tablet_bootstrap.cc:492] T 7034f54b9bd144ecb5cf4401398abb72 P 411de7ab4cf5423997c6e10054122263: Bootstrap starting.
I20260713 09:06:34.013823 16890 tablet_bootstrap.cc:654] T 0ea5a09aced84cae93b163b844212bab P 27a3d6553a4140c19428b5601ace72ea: Neither blocks nor log segments found. Creating new log.
I20260713 09:06:34.015731 16891 ts_tablet_manager.cc:1434] T 8288db079c034a75ba48ddb2ed61d1ee P f8d97e789d544035808eab74a4674518: Time spent starting tablet: real 0.022s	user 0.003s	sys 0.003s
I20260713 09:06:34.016804 16891 tablet_bootstrap.cc:492] T 71e007cc3cd346eab944bfdc98fa17b5 P f8d97e789d544035808eab74a4674518: Bootstrap starting.
I20260713 09:06:34.025467 16897 raft_consensus.cc:493] T 8288db079c034a75ba48ddb2ed61d1ee P 27a3d6553a4140c19428b5601ace72ea [term 0 FOLLOWER]: Starting pre-election (no leader contacted us within the election timeout)
I20260713 09:06:34.025997 16897 raft_consensus.cc:515] T 8288db079c034a75ba48ddb2ed61d1ee P 27a3d6553a4140c19428b5601ace72ea [term 0 FOLLOWER]: Starting pre-election with config: opid_index: -1 OBSOLETE_local: false peers { permanent_uuid: "f8d97e789d544035808eab74a4674518" member_type: VOTER last_known_addr { host: "127.16.44.131" port: 42109 } } peers { permanent_uuid: "411de7ab4cf5423997c6e10054122263" member_type: VOTER last_known_addr { host: "127.16.44.129" port: 36875 } } peers { permanent_uuid: "27a3d6553a4140c19428b5601ace72ea" member_type: VOTER last_known_addr { host: "127.16.44.130" port: 36507 } }
I20260713 09:06:34.028069 16897 leader_election.cc:290] T 8288db079c034a75ba48ddb2ed61d1ee P 27a3d6553a4140c19428b5601ace72ea [CANDIDATE]: Term 1 pre-election: Requested pre-vote from peers f8d97e789d544035808eab74a4674518 (127.16.44.131:42109), 411de7ab4cf5423997c6e10054122263 (127.16.44.129:36875)
I20260713 09:06:34.028694 16889 tablet_bootstrap.cc:654] T 7034f54b9bd144ecb5cf4401398abb72 P 411de7ab4cf5423997c6e10054122263: Neither blocks nor log segments found. Creating new log.
I20260713 09:06:34.028828 16846 tablet_service.cc:1917] Received RequestConsensusVote() RPC: tablet_id: "8288db079c034a75ba48ddb2ed61d1ee" candidate_uuid: "27a3d6553a4140c19428b5601ace72ea" candidate_term: 1 candidate_status { last_received { term: 0 index: 0 } } ignore_live_leader: false dest_uuid: "f8d97e789d544035808eab74a4674518" is_pre_election: true
I20260713 09:06:34.029073 16697 tablet_service.cc:1917] Received RequestConsensusVote() RPC: tablet_id: "8288db079c034a75ba48ddb2ed61d1ee" candidate_uuid: "27a3d6553a4140c19428b5601ace72ea" candidate_term: 1 candidate_status { last_received { term: 0 index: 0 } } ignore_live_leader: false dest_uuid: "411de7ab4cf5423997c6e10054122263" is_pre_election: true
I20260713 09:06:34.029441 16846 raft_consensus.cc:2468] T 8288db079c034a75ba48ddb2ed61d1ee P f8d97e789d544035808eab74a4674518 [term 0 FOLLOWER]: Leader pre-election vote request: Granting yes vote for candidate 27a3d6553a4140c19428b5601ace72ea in term 0.
W20260713 09:06:34.030469 16737 leader_election.cc:343] T 8288db079c034a75ba48ddb2ed61d1ee P 27a3d6553a4140c19428b5601ace72ea [CANDIDATE]: Term 1 pre-election: Tablet error from VoteRequest() call to peer 411de7ab4cf5423997c6e10054122263 (127.16.44.129:36875): Illegal state: must be running to vote when last-logged opid is not known
I20260713 09:06:34.030990 16738 leader_election.cc:304] T 8288db079c034a75ba48ddb2ed61d1ee P 27a3d6553a4140c19428b5601ace72ea [CANDIDATE]: Term 1 pre-election: Election decided. Result: candidate won. Election summary: received 3 responses out of 3 voters: 2 yes votes; 1 no votes. yes voters: 27a3d6553a4140c19428b5601ace72ea, f8d97e789d544035808eab74a4674518; no voters: 411de7ab4cf5423997c6e10054122263
I20260713 09:06:34.031896 16897 raft_consensus.cc:2804] T 8288db079c034a75ba48ddb2ed61d1ee P 27a3d6553a4140c19428b5601ace72ea [term 0 FOLLOWER]: Leader pre-election won for term 1
I20260713 09:06:34.032227 16891 tablet_bootstrap.cc:654] T 71e007cc3cd346eab944bfdc98fa17b5 P f8d97e789d544035808eab74a4674518: Neither blocks nor log segments found. Creating new log.
I20260713 09:06:34.032354 16897 raft_consensus.cc:493] T 8288db079c034a75ba48ddb2ed61d1ee P 27a3d6553a4140c19428b5601ace72ea [term 0 FOLLOWER]: Starting leader election (no leader contacted us within the election timeout)
I20260713 09:06:34.032816 16897 raft_consensus.cc:3060] T 8288db079c034a75ba48ddb2ed61d1ee P 27a3d6553a4140c19428b5601ace72ea [term 0 FOLLOWER]: Advancing to term 1
I20260713 09:06:34.038926 16890 tablet_bootstrap.cc:492] T 0ea5a09aced84cae93b163b844212bab P 27a3d6553a4140c19428b5601ace72ea: No bootstrap required, opened a new log
I20260713 09:06:34.039433 16890 ts_tablet_manager.cc:1403] T 0ea5a09aced84cae93b163b844212bab P 27a3d6553a4140c19428b5601ace72ea: Time spent bootstrapping tablet: real 0.035s	user 0.018s	sys 0.012s
I20260713 09:06:34.041929 16897 raft_consensus.cc:515] T 8288db079c034a75ba48ddb2ed61d1ee P 27a3d6553a4140c19428b5601ace72ea [term 1 FOLLOWER]: Starting leader election with config: opid_index: -1 OBSOLETE_local: false peers { permanent_uuid: "f8d97e789d544035808eab74a4674518" member_type: VOTER last_known_addr { host: "127.16.44.131" port: 42109 } } peers { permanent_uuid: "411de7ab4cf5423997c6e10054122263" member_type: VOTER last_known_addr { host: "127.16.44.129" port: 36875 } } peers { permanent_uuid: "27a3d6553a4140c19428b5601ace72ea" member_type: VOTER last_known_addr { host: "127.16.44.130" port: 36507 } }
I20260713 09:06:34.042222 16890 raft_consensus.cc:359] T 0ea5a09aced84cae93b163b844212bab P 27a3d6553a4140c19428b5601ace72ea [term 0 FOLLOWER]: Replica starting. Triggering 0 pending ops. Active config: opid_index: -1 OBSOLETE_local: false peers { permanent_uuid: "411de7ab4cf5423997c6e10054122263" member_type: VOTER last_known_addr { host: "127.16.44.129" port: 36875 } } peers { permanent_uuid: "27a3d6553a4140c19428b5601ace72ea" member_type: VOTER last_known_addr { host: "127.16.44.130" port: 36507 } } peers { permanent_uuid: "f8d97e789d544035808eab74a4674518" member_type: VOTER last_known_addr { host: "127.16.44.131" port: 42109 } }
I20260713 09:06:34.042946 16890 raft_consensus.cc:385] T 0ea5a09aced84cae93b163b844212bab P 27a3d6553a4140c19428b5601ace72ea [term 0 FOLLOWER]: Consensus starting up: Expiring failure detector timer to make a prompt election more likely
I20260713 09:06:34.043237 16890 raft_consensus.cc:740] T 0ea5a09aced84cae93b163b844212bab P 27a3d6553a4140c19428b5601ace72ea [term 0 FOLLOWER]: Becoming Follower/Learner. State: Replica: 27a3d6553a4140c19428b5601ace72ea, State: Initialized, Role: FOLLOWER
I20260713 09:06:34.044426 16897 leader_election.cc:290] T 8288db079c034a75ba48ddb2ed61d1ee P 27a3d6553a4140c19428b5601ace72ea [CANDIDATE]: Term 1 election: Requested vote from peers f8d97e789d544035808eab74a4674518 (127.16.44.131:42109), 411de7ab4cf5423997c6e10054122263 (127.16.44.129:36875)
I20260713 09:06:34.045420 16697 tablet_service.cc:1917] Received RequestConsensusVote() RPC: tablet_id: "8288db079c034a75ba48ddb2ed61d1ee" candidate_uuid: "27a3d6553a4140c19428b5601ace72ea" candidate_term: 1 candidate_status { last_received { term: 0 index: 0 } } ignore_live_leader: false dest_uuid: "411de7ab4cf5423997c6e10054122263"
W20260713 09:06:34.046860 16737 leader_election.cc:343] T 8288db079c034a75ba48ddb2ed61d1ee P 27a3d6553a4140c19428b5601ace72ea [CANDIDATE]: Term 1 election: Tablet error from VoteRequest() call to peer 411de7ab4cf5423997c6e10054122263 (127.16.44.129:36875): Illegal state: must be running to vote when last-logged opid is not known
I20260713 09:06:34.045331 16846 tablet_service.cc:1917] Received RequestConsensusVote() RPC: tablet_id: "8288db079c034a75ba48ddb2ed61d1ee" candidate_uuid: "27a3d6553a4140c19428b5601ace72ea" candidate_term: 1 candidate_status { last_received { term: 0 index: 0 } } ignore_live_leader: false dest_uuid: "f8d97e789d544035808eab74a4674518"
I20260713 09:06:34.047544 16846 raft_consensus.cc:3060] T 8288db079c034a75ba48ddb2ed61d1ee P f8d97e789d544035808eab74a4674518 [term 0 FOLLOWER]: Advancing to term 1
I20260713 09:06:34.050644 16891 tablet_bootstrap.cc:492] T 71e007cc3cd346eab944bfdc98fa17b5 P f8d97e789d544035808eab74a4674518: No bootstrap required, opened a new log
I20260713 09:06:34.051363 16891 ts_tablet_manager.cc:1403] T 71e007cc3cd346eab944bfdc98fa17b5 P f8d97e789d544035808eab74a4674518: Time spent bootstrapping tablet: real 0.035s	user 0.011s	sys 0.010s
I20260713 09:06:34.054047 16846 raft_consensus.cc:2468] T 8288db079c034a75ba48ddb2ed61d1ee P f8d97e789d544035808eab74a4674518 [term 1 FOLLOWER]: Leader election vote request: Granting yes vote for candidate 27a3d6553a4140c19428b5601ace72ea in term 1.
I20260713 09:06:34.054435 16889 tablet_bootstrap.cc:492] T 7034f54b9bd144ecb5cf4401398abb72 P 411de7ab4cf5423997c6e10054122263: No bootstrap required, opened a new log
I20260713 09:06:34.054921 16889 ts_tablet_manager.cc:1403] T 7034f54b9bd144ecb5cf4401398abb72 P 411de7ab4cf5423997c6e10054122263: Time spent bootstrapping tablet: real 0.044s	user 0.011s	sys 0.007s
I20260713 09:06:34.054642 16891 raft_consensus.cc:359] T 71e007cc3cd346eab944bfdc98fa17b5 P f8d97e789d544035808eab74a4674518 [term 0 FOLLOWER]: Replica starting. Triggering 0 pending ops. Active config: opid_index: -1 OBSOLETE_local: false peers { permanent_uuid: "411de7ab4cf5423997c6e10054122263" member_type: VOTER last_known_addr { host: "127.16.44.129" port: 36875 } } peers { permanent_uuid: "27a3d6553a4140c19428b5601ace72ea" member_type: VOTER last_known_addr { host: "127.16.44.130" port: 36507 } } peers { permanent_uuid: "f8d97e789d544035808eab74a4674518" member_type: VOTER last_known_addr { host: "127.16.44.131" port: 42109 } }
I20260713 09:06:34.055228 16738 leader_election.cc:304] T 8288db079c034a75ba48ddb2ed61d1ee P 27a3d6553a4140c19428b5601ace72ea [CANDIDATE]: Term 1 election: Election decided. Result: candidate won. Election summary: received 3 responses out of 3 voters: 2 yes votes; 1 no votes. yes voters: 27a3d6553a4140c19428b5601ace72ea, f8d97e789d544035808eab74a4674518; no voters: 411de7ab4cf5423997c6e10054122263
I20260713 09:06:34.055521 16891 raft_consensus.cc:385] T 71e007cc3cd346eab944bfdc98fa17b5 P f8d97e789d544035808eab74a4674518 [term 0 FOLLOWER]: Consensus starting up: Expiring failure detector timer to make a prompt election more likely
I20260713 09:06:34.056010 16891 raft_consensus.cc:740] T 71e007cc3cd346eab944bfdc98fa17b5 P f8d97e789d544035808eab74a4674518 [term 0 FOLLOWER]: Becoming Follower/Learner. State: Replica: f8d97e789d544035808eab74a4674518, State: Initialized, Role: FOLLOWER
I20260713 09:06:34.056070 16897 raft_consensus.cc:2804] T 8288db079c034a75ba48ddb2ed61d1ee P 27a3d6553a4140c19428b5601ace72ea [term 1 FOLLOWER]: Leader election won for term 1
I20260713 09:06:34.044028 16890 consensus_queue.cc:260] T 0ea5a09aced84cae93b163b844212bab P 27a3d6553a4140c19428b5601ace72ea [NON_LEADER]: Queue going to NON_LEADER mode. State: All replicated index: 0, Majority replicated index: 0, Committed index: 0, Last appended: 0.0, Last appended by leader: 0, Current term: 0, Majority size: -1, State: 0, Mode: NON_LEADER, active raft config: opid_index: -1 OBSOLETE_local: false peers { permanent_uuid: "411de7ab4cf5423997c6e10054122263" member_type: VOTER last_known_addr { host: "127.16.44.129" port: 36875 } } peers { permanent_uuid: "27a3d6553a4140c19428b5601ace72ea" member_type: VOTER last_known_addr { host: "127.16.44.130" port: 36507 } } peers { permanent_uuid: "f8d97e789d544035808eab74a4674518" member_type: VOTER last_known_addr { host: "127.16.44.131" port: 42109 } }
I20260713 09:06:34.057142 16891 consensus_queue.cc:260] T 71e007cc3cd346eab944bfdc98fa17b5 P f8d97e789d544035808eab74a4674518 [NON_LEADER]: Queue going to NON_LEADER mode. State: All replicated index: 0, Majority replicated index: 0, Committed index: 0, Last appended: 0.0, Last appended by leader: 0, Current term: 0, Majority size: -1, State: 0, Mode: NON_LEADER, active raft config: opid_index: -1 OBSOLETE_local: false peers { permanent_uuid: "411de7ab4cf5423997c6e10054122263" member_type: VOTER last_known_addr { host: "127.16.44.129" port: 36875 } } peers { permanent_uuid: "27a3d6553a4140c19428b5601ace72ea" member_type: VOTER last_known_addr { host: "127.16.44.130" port: 36507 } } peers { permanent_uuid: "f8d97e789d544035808eab74a4674518" member_type: VOTER last_known_addr { host: "127.16.44.131" port: 42109 } }
I20260713 09:06:34.061450 16890 ts_tablet_manager.cc:1434] T 0ea5a09aced84cae93b163b844212bab P 27a3d6553a4140c19428b5601ace72ea: Time spent starting tablet: real 0.022s	user 0.009s	sys 0.000s
I20260713 09:06:34.062547 16890 tablet_bootstrap.cc:492] T aa2aa29eac764b8baac81b663a25947e P 27a3d6553a4140c19428b5601ace72ea: Bootstrap starting.
I20260713 09:06:34.064950 16895 raft_consensus.cc:493] T 65c3f532cbec4beebdd1ff91e3dc222d P 411de7ab4cf5423997c6e10054122263 [term 0 FOLLOWER]: Starting pre-election (no leader contacted us within the election timeout)
I20260713 09:06:34.065412 16895 raft_consensus.cc:515] T 65c3f532cbec4beebdd1ff91e3dc222d P 411de7ab4cf5423997c6e10054122263 [term 0 FOLLOWER]: Starting pre-election with config: opid_index: -1 OBSOLETE_local: false peers { permanent_uuid: "411de7ab4cf5423997c6e10054122263" member_type: VOTER last_known_addr { host: "127.16.44.129" port: 36875 } } peers { permanent_uuid: "27a3d6553a4140c19428b5601ace72ea" member_type: VOTER last_known_addr { host: "127.16.44.130" port: 36507 } } peers { permanent_uuid: "f8d97e789d544035808eab74a4674518" member_type: VOTER last_known_addr { host: "127.16.44.131" port: 42109 } }
I20260713 09:06:34.067803 16895 leader_election.cc:290] T 65c3f532cbec4beebdd1ff91e3dc222d P 411de7ab4cf5423997c6e10054122263 [CANDIDATE]: Term 1 pre-election: Requested pre-vote from peers 27a3d6553a4140c19428b5601ace72ea (127.16.44.130:36507), f8d97e789d544035808eab74a4674518 (127.16.44.131:42109)
I20260713 09:06:34.069741 16891 ts_tablet_manager.cc:1434] T 71e007cc3cd346eab944bfdc98fa17b5 P f8d97e789d544035808eab74a4674518: Time spent starting tablet: real 0.018s	user 0.003s	sys 0.003s
I20260713 09:06:34.069810 16890 tablet_bootstrap.cc:654] T aa2aa29eac764b8baac81b663a25947e P 27a3d6553a4140c19428b5601ace72ea: Neither blocks nor log segments found. Creating new log.
I20260713 09:06:34.069867 16846 tablet_service.cc:1917] Received RequestConsensusVote() RPC: tablet_id: "65c3f532cbec4beebdd1ff91e3dc222d" candidate_uuid: "411de7ab4cf5423997c6e10054122263" candidate_term: 1 candidate_status { last_received { term: 0 index: 0 } } ignore_live_leader: false dest_uuid: "f8d97e789d544035808eab74a4674518" is_pre_election: true
I20260713 09:06:34.071516 16931 raft_consensus.cc:493] T e7639e3fd76d4948bbe452d4045a24c2 P 27a3d6553a4140c19428b5601ace72ea [term 0 FOLLOWER]: Starting pre-election (no leader contacted us within the election timeout)
I20260713 09:06:34.071549 16772 tablet_service.cc:1917] Received RequestConsensusVote() RPC: tablet_id: "65c3f532cbec4beebdd1ff91e3dc222d" candidate_uuid: "411de7ab4cf5423997c6e10054122263" candidate_term: 1 candidate_status { last_received { term: 0 index: 0 } } ignore_live_leader: false dest_uuid: "27a3d6553a4140c19428b5601ace72ea" is_pre_election: true
I20260713 09:06:34.072214 16772 raft_consensus.cc:2468] T 65c3f532cbec4beebdd1ff91e3dc222d P 27a3d6553a4140c19428b5601ace72ea [term 0 FOLLOWER]: Leader pre-election vote request: Granting yes vote for candidate 411de7ab4cf5423997c6e10054122263 in term 0.
I20260713 09:06:34.072296 16897 raft_consensus.cc:697] T 8288db079c034a75ba48ddb2ed61d1ee P 27a3d6553a4140c19428b5601ace72ea [term 1 LEADER]: Becoming Leader. State: Replica: 27a3d6553a4140c19428b5601ace72ea, State: Running, Role: LEADER
I20260713 09:06:34.067765 16889 raft_consensus.cc:359] T 7034f54b9bd144ecb5cf4401398abb72 P 411de7ab4cf5423997c6e10054122263 [term 0 FOLLOWER]: Replica starting. Triggering 0 pending ops. Active config: opid_index: -1 OBSOLETE_local: false peers { permanent_uuid: "411de7ab4cf5423997c6e10054122263" member_type: VOTER last_known_addr { host: "127.16.44.129" port: 36875 } } peers { permanent_uuid: "27a3d6553a4140c19428b5601ace72ea" member_type: VOTER last_known_addr { host: "127.16.44.130" port: 36507 } } peers { permanent_uuid: "f8d97e789d544035808eab74a4674518" member_type: VOTER last_known_addr { host: "127.16.44.131" port: 42109 } }
I20260713 09:06:34.072060 16931 raft_consensus.cc:515] T e7639e3fd76d4948bbe452d4045a24c2 P 27a3d6553a4140c19428b5601ace72ea [term 0 FOLLOWER]: Starting pre-election with config: opid_index: -1 OBSOLETE_local: false peers { permanent_uuid: "411de7ab4cf5423997c6e10054122263" member_type: VOTER last_known_addr { host: "127.16.44.129" port: 36875 } } peers { permanent_uuid: "27a3d6553a4140c19428b5601ace72ea" member_type: VOTER last_known_addr { host: "127.16.44.130" port: 36507 } } peers { permanent_uuid: "f8d97e789d544035808eab74a4674518" member_type: VOTER last_known_addr { host: "127.16.44.131" port: 42109 } }
I20260713 09:06:34.073252 16897 consensus_queue.cc:237] T 8288db079c034a75ba48ddb2ed61d1ee P 27a3d6553a4140c19428b5601ace72ea [LEADER]: Queue going to LEADER mode. State: All replicated index: 0, Majority replicated index: 0, Committed index: 0, Last appended: 0.0, Last appended by leader: 0, Current term: 1, Majority size: 2, State: 0, Mode: LEADER, active raft config: opid_index: -1 OBSOLETE_local: false peers { permanent_uuid: "f8d97e789d544035808eab74a4674518" member_type: VOTER last_known_addr { host: "127.16.44.131" port: 42109 } } peers { permanent_uuid: "411de7ab4cf5423997c6e10054122263" member_type: VOTER last_known_addr { host: "127.16.44.129" port: 36875 } } peers { permanent_uuid: "27a3d6553a4140c19428b5601ace72ea" member_type: VOTER last_known_addr { host: "127.16.44.130" port: 36507 } }
I20260713 09:06:34.075044 16889 raft_consensus.cc:385] T 7034f54b9bd144ecb5cf4401398abb72 P 411de7ab4cf5423997c6e10054122263 [term 0 FOLLOWER]: Consensus starting up: Expiring failure detector timer to make a prompt election more likely
I20260713 09:06:34.075380 16889 raft_consensus.cc:740] T 7034f54b9bd144ecb5cf4401398abb72 P 411de7ab4cf5423997c6e10054122263 [term 0 FOLLOWER]: Becoming Follower/Learner. State: Replica: 411de7ab4cf5423997c6e10054122263, State: Initialized, Role: FOLLOWER
W20260713 09:06:34.072186 16663 leader_election.cc:343] T 65c3f532cbec4beebdd1ff91e3dc222d P 411de7ab4cf5423997c6e10054122263 [CANDIDATE]: Term 1 pre-election: Tablet error from VoteRequest() call to peer f8d97e789d544035808eab74a4674518 (127.16.44.131:42109): Illegal state: must be running to vote when last-logged opid is not known
I20260713 09:06:34.076089 16889 consensus_queue.cc:260] T 7034f54b9bd144ecb5cf4401398abb72 P 411de7ab4cf5423997c6e10054122263 [NON_LEADER]: Queue going to NON_LEADER mode. State: All replicated index: 0, Majority replicated index: 0, Committed index: 0, Last appended: 0.0, Last appended by leader: 0, Current term: 0, Majority size: -1, State: 0, Mode: NON_LEADER, active raft config: opid_index: -1 OBSOLETE_local: false peers { permanent_uuid: "411de7ab4cf5423997c6e10054122263" member_type: VOTER last_known_addr { host: "127.16.44.129" port: 36875 } } peers { permanent_uuid: "27a3d6553a4140c19428b5601ace72ea" member_type: VOTER last_known_addr { host: "127.16.44.130" port: 36507 } } peers { permanent_uuid: "f8d97e789d544035808eab74a4674518" member_type: VOTER last_known_addr { host: "127.16.44.131" port: 42109 } }
I20260713 09:06:34.078521 16931 leader_election.cc:290] T e7639e3fd76d4948bbe452d4045a24c2 P 27a3d6553a4140c19428b5601ace72ea [CANDIDATE]: Term 1 pre-election: Requested pre-vote from peers 411de7ab4cf5423997c6e10054122263 (127.16.44.129:36875), f8d97e789d544035808eab74a4674518 (127.16.44.131:42109)
I20260713 09:06:34.078810 16660 leader_election.cc:304] T 65c3f532cbec4beebdd1ff91e3dc222d P 411de7ab4cf5423997c6e10054122263 [CANDIDATE]: Term 1 pre-election: Election decided. Result: candidate won. Election summary: received 3 responses out of 3 voters: 2 yes votes; 1 no votes. yes voters: 27a3d6553a4140c19428b5601ace72ea, 411de7ab4cf5423997c6e10054122263; no voters: f8d97e789d544035808eab74a4674518
I20260713 09:06:34.079519 16846 tablet_service.cc:1917] Received RequestConsensusVote() RPC: tablet_id: "e7639e3fd76d4948bbe452d4045a24c2" candidate_uuid: "27a3d6553a4140c19428b5601ace72ea" candidate_term: 1 candidate_status { last_received { term: 0 index: 0 } } ignore_live_leader: false dest_uuid: "f8d97e789d544035808eab74a4674518" is_pre_election: true
W20260713 09:06:34.080999 16738 leader_election.cc:343] T e7639e3fd76d4948bbe452d4045a24c2 P 27a3d6553a4140c19428b5601ace72ea [CANDIDATE]: Term 1 pre-election: Tablet error from VoteRequest() call to peer f8d97e789d544035808eab74a4674518 (127.16.44.131:42109): Illegal state: must be running to vote when last-logged opid is not known
I20260713 09:06:34.083900 16889 ts_tablet_manager.cc:1434] T 7034f54b9bd144ecb5cf4401398abb72 P 411de7ab4cf5423997c6e10054122263: Time spent starting tablet: real 0.029s	user 0.007s	sys 0.000s
I20260713 09:06:34.084860 16889 tablet_bootstrap.cc:492] T 8288db079c034a75ba48ddb2ed61d1ee P 411de7ab4cf5423997c6e10054122263: Bootstrap starting.
I20260713 09:06:34.086396 16895 raft_consensus.cc:2804] T 65c3f532cbec4beebdd1ff91e3dc222d P 411de7ab4cf5423997c6e10054122263 [term 0 FOLLOWER]: Leader pre-election won for term 1
I20260713 09:06:34.086793 16895 raft_consensus.cc:493] T 65c3f532cbec4beebdd1ff91e3dc222d P 411de7ab4cf5423997c6e10054122263 [term 0 FOLLOWER]: Starting leader election (no leader contacted us within the election timeout)
I20260713 09:06:34.087145 16895 raft_consensus.cc:3060] T 65c3f532cbec4beebdd1ff91e3dc222d P 411de7ab4cf5423997c6e10054122263 [term 0 FOLLOWER]: Advancing to term 1
I20260713 09:06:34.098308 16890 tablet_bootstrap.cc:492] T aa2aa29eac764b8baac81b663a25947e P 27a3d6553a4140c19428b5601ace72ea: No bootstrap required, opened a new log
I20260713 09:06:34.098842 16890 ts_tablet_manager.cc:1403] T aa2aa29eac764b8baac81b663a25947e P 27a3d6553a4140c19428b5601ace72ea: Time spent bootstrapping tablet: real 0.037s	user 0.009s	sys 0.012s
I20260713 09:06:34.099349 16697 tablet_service.cc:1917] Received RequestConsensusVote() RPC: tablet_id: "e7639e3fd76d4948bbe452d4045a24c2" candidate_uuid: "27a3d6553a4140c19428b5601ace72ea" candidate_term: 1 candidate_status { last_received { term: 0 index: 0 } } ignore_live_leader: false dest_uuid: "411de7ab4cf5423997c6e10054122263" is_pre_election: true
I20260713 09:06:34.100240 16697 raft_consensus.cc:2468] T e7639e3fd76d4948bbe452d4045a24c2 P 411de7ab4cf5423997c6e10054122263 [term 0 FOLLOWER]: Leader pre-election vote request: Granting yes vote for candidate 27a3d6553a4140c19428b5601ace72ea in term 0.
I20260713 09:06:34.101562 16737 leader_election.cc:304] T e7639e3fd76d4948bbe452d4045a24c2 P 27a3d6553a4140c19428b5601ace72ea [CANDIDATE]: Term 1 pre-election: Election decided. Result: candidate won. Election summary: received 3 responses out of 3 voters: 2 yes votes; 1 no votes. yes voters: 27a3d6553a4140c19428b5601ace72ea, 411de7ab4cf5423997c6e10054122263; no voters: f8d97e789d544035808eab74a4674518
I20260713 09:06:34.101723 16890 raft_consensus.cc:359] T aa2aa29eac764b8baac81b663a25947e P 27a3d6553a4140c19428b5601ace72ea [term 0 FOLLOWER]: Replica starting. Triggering 0 pending ops. Active config: opid_index: -1 OBSOLETE_local: false peers { permanent_uuid: "411de7ab4cf5423997c6e10054122263" member_type: VOTER last_known_addr { host: "127.16.44.129" port: 36875 } } peers { permanent_uuid: "27a3d6553a4140c19428b5601ace72ea" member_type: VOTER last_known_addr { host: "127.16.44.130" port: 36507 } } peers { permanent_uuid: "f8d97e789d544035808eab74a4674518" member_type: VOTER last_known_addr { host: "127.16.44.131" port: 42109 } }
I20260713 09:06:34.102514 16890 raft_consensus.cc:385] T aa2aa29eac764b8baac81b663a25947e P 27a3d6553a4140c19428b5601ace72ea [term 0 FOLLOWER]: Consensus starting up: Expiring failure detector timer to make a prompt election more likely
I20260713 09:06:34.102828 16890 raft_consensus.cc:740] T aa2aa29eac764b8baac81b663a25947e P 27a3d6553a4140c19428b5601ace72ea [term 0 FOLLOWER]: Becoming Follower/Learner. State: Replica: 27a3d6553a4140c19428b5601ace72ea, State: Initialized, Role: FOLLOWER
I20260713 09:06:34.103582 16890 consensus_queue.cc:260] T aa2aa29eac764b8baac81b663a25947e P 27a3d6553a4140c19428b5601ace72ea [NON_LEADER]: Queue going to NON_LEADER mode. State: All replicated index: 0, Majority replicated index: 0, Committed index: 0, Last appended: 0.0, Last appended by leader: 0, Current term: 0, Majority size: -1, State: 0, Mode: NON_LEADER, active raft config: opid_index: -1 OBSOLETE_local: false peers { permanent_uuid: "411de7ab4cf5423997c6e10054122263" member_type: VOTER last_known_addr { host: "127.16.44.129" port: 36875 } } peers { permanent_uuid: "27a3d6553a4140c19428b5601ace72ea" member_type: VOTER last_known_addr { host: "127.16.44.130" port: 36507 } } peers { permanent_uuid: "f8d97e789d544035808eab74a4674518" member_type: VOTER last_known_addr { host: "127.16.44.131" port: 42109 } }
I20260713 09:06:34.105746 16891 tablet_bootstrap.cc:492] T e7639e3fd76d4948bbe452d4045a24c2 P f8d97e789d544035808eab74a4674518: Bootstrap starting.
I20260713 09:06:34.109282 16931 raft_consensus.cc:2804] T e7639e3fd76d4948bbe452d4045a24c2 P 27a3d6553a4140c19428b5601ace72ea [term 0 FOLLOWER]: Leader pre-election won for term 1
I20260713 09:06:34.109715 16931 raft_consensus.cc:493] T e7639e3fd76d4948bbe452d4045a24c2 P 27a3d6553a4140c19428b5601ace72ea [term 0 FOLLOWER]: Starting leader election (no leader contacted us within the election timeout)
I20260713 09:06:34.110061 16931 raft_consensus.cc:3060] T e7639e3fd76d4948bbe452d4045a24c2 P 27a3d6553a4140c19428b5601ace72ea [term 0 FOLLOWER]: Advancing to term 1
I20260713 09:06:34.113638 16890 ts_tablet_manager.cc:1434] T aa2aa29eac764b8baac81b663a25947e P 27a3d6553a4140c19428b5601ace72ea: Time spent starting tablet: real 0.014s	user 0.006s	sys 0.000s
I20260713 09:06:34.113464 16591 catalog_manager.cc:5697] T 8288db079c034a75ba48ddb2ed61d1ee P 27a3d6553a4140c19428b5601ace72ea reported cstate change: term changed from 0 to 1, leader changed from <none> to 27a3d6553a4140c19428b5601ace72ea (127.16.44.130). New cstate: current_term: 1 leader_uuid: "27a3d6553a4140c19428b5601ace72ea" committed_config { opid_index: -1 OBSOLETE_local: false peers { permanent_uuid: "f8d97e789d544035808eab74a4674518" member_type: VOTER last_known_addr { host: "127.16.44.131" port: 42109 } health_report { overall_health: UNKNOWN } } peers { permanent_uuid: "411de7ab4cf5423997c6e10054122263" member_type: VOTER last_known_addr { host: "127.16.44.129" port: 36875 } health_report { overall_health: UNKNOWN } } peers { permanent_uuid: "27a3d6553a4140c19428b5601ace72ea" member_type: VOTER last_known_addr { host: "127.16.44.130" port: 36507 } health_report { overall_health: HEALTHY } } }
I20260713 09:06:34.114737 16891 tablet_bootstrap.cc:654] T e7639e3fd76d4948bbe452d4045a24c2 P f8d97e789d544035808eab74a4674518: Neither blocks nor log segments found. Creating new log.
I20260713 09:06:34.115465 16895 raft_consensus.cc:515] T 65c3f532cbec4beebdd1ff91e3dc222d P 411de7ab4cf5423997c6e10054122263 [term 1 FOLLOWER]: Starting leader election with config: opid_index: -1 OBSOLETE_local: false peers { permanent_uuid: "411de7ab4cf5423997c6e10054122263" member_type: VOTER last_known_addr { host: "127.16.44.129" port: 36875 } } peers { permanent_uuid: "27a3d6553a4140c19428b5601ace72ea" member_type: VOTER last_known_addr { host: "127.16.44.130" port: 36507 } } peers { permanent_uuid: "f8d97e789d544035808eab74a4674518" member_type: VOTER last_known_addr { host: "127.16.44.131" port: 42109 } }
I20260713 09:06:34.118386 16890 tablet_bootstrap.cc:492] T 99b8446319574b3896b665fe4d0f30a7 P 27a3d6553a4140c19428b5601ace72ea: Bootstrap starting.
I20260713 09:06:34.119185 16772 tablet_service.cc:1917] Received RequestConsensusVote() RPC: tablet_id: "65c3f532cbec4beebdd1ff91e3dc222d" candidate_uuid: "411de7ab4cf5423997c6e10054122263" candidate_term: 1 candidate_status { last_received { term: 0 index: 0 } } ignore_live_leader: false dest_uuid: "27a3d6553a4140c19428b5601ace72ea"
I20260713 09:06:34.119740 16772 raft_consensus.cc:3060] T 65c3f532cbec4beebdd1ff91e3dc222d P 27a3d6553a4140c19428b5601ace72ea [term 0 FOLLOWER]: Advancing to term 1
I20260713 09:06:34.122545 16897 raft_consensus.cc:493] T 7034f54b9bd144ecb5cf4401398abb72 P 27a3d6553a4140c19428b5601ace72ea [term 0 FOLLOWER]: Starting pre-election (no leader contacted us within the election timeout)
I20260713 09:06:34.123003 16897 raft_consensus.cc:515] T 7034f54b9bd144ecb5cf4401398abb72 P 27a3d6553a4140c19428b5601ace72ea [term 0 FOLLOWER]: Starting pre-election with config: opid_index: -1 OBSOLETE_local: false peers { permanent_uuid: "411de7ab4cf5423997c6e10054122263" member_type: VOTER last_known_addr { host: "127.16.44.129" port: 36875 } } peers { permanent_uuid: "27a3d6553a4140c19428b5601ace72ea" member_type: VOTER last_known_addr { host: "127.16.44.130" port: 36507 } } peers { permanent_uuid: "f8d97e789d544035808eab74a4674518" member_type: VOTER last_known_addr { host: "127.16.44.131" port: 42109 } }
I20260713 09:06:34.126351 16846 tablet_service.cc:1917] Received RequestConsensusVote() RPC: tablet_id: "65c3f532cbec4beebdd1ff91e3dc222d" candidate_uuid: "411de7ab4cf5423997c6e10054122263" candidate_term: 1 candidate_status { last_received { term: 0 index: 0 } } ignore_live_leader: false dest_uuid: "f8d97e789d544035808eab74a4674518"
I20260713 09:06:34.125874 16895 leader_election.cc:290] T 65c3f532cbec4beebdd1ff91e3dc222d P 411de7ab4cf5423997c6e10054122263 [CANDIDATE]: Term 1 election: Requested vote from peers 27a3d6553a4140c19428b5601ace72ea (127.16.44.130:36507), f8d97e789d544035808eab74a4674518 (127.16.44.131:42109)
W20260713 09:06:34.128119 16663 leader_election.cc:343] T 65c3f532cbec4beebdd1ff91e3dc222d P 411de7ab4cf5423997c6e10054122263 [CANDIDATE]: Term 1 election: Tablet error from VoteRequest() call to peer f8d97e789d544035808eab74a4674518 (127.16.44.131:42109): Illegal state: must be running to vote when last-logged opid is not known
I20260713 09:06:34.131697 16897 leader_election.cc:290] T 7034f54b9bd144ecb5cf4401398abb72 P 27a3d6553a4140c19428b5601ace72ea [CANDIDATE]: Term 1 pre-election: Requested pre-vote from peers 411de7ab4cf5423997c6e10054122263 (127.16.44.129:36875), f8d97e789d544035808eab74a4674518 (127.16.44.131:42109)
I20260713 09:06:34.132356 16931 raft_consensus.cc:515] T e7639e3fd76d4948bbe452d4045a24c2 P 27a3d6553a4140c19428b5601ace72ea [term 1 FOLLOWER]: Starting leader election with config: opid_index: -1 OBSOLETE_local: false peers { permanent_uuid: "411de7ab4cf5423997c6e10054122263" member_type: VOTER last_known_addr { host: "127.16.44.129" port: 36875 } } peers { permanent_uuid: "27a3d6553a4140c19428b5601ace72ea" member_type: VOTER last_known_addr { host: "127.16.44.130" port: 36507 } } peers { permanent_uuid: "f8d97e789d544035808eab74a4674518" member_type: VOTER last_known_addr { host: "127.16.44.131" port: 42109 } }
I20260713 09:06:34.132711 16846 tablet_service.cc:1917] Received RequestConsensusVote() RPC: tablet_id: "7034f54b9bd144ecb5cf4401398abb72" candidate_uuid: "27a3d6553a4140c19428b5601ace72ea" candidate_term: 1 candidate_status { last_received { term: 0 index: 0 } } ignore_live_leader: false dest_uuid: "f8d97e789d544035808eab74a4674518" is_pre_election: true
I20260713 09:06:34.133416 16846 raft_consensus.cc:2468] T 7034f54b9bd144ecb5cf4401398abb72 P f8d97e789d544035808eab74a4674518 [term 0 FOLLOWER]: Leader pre-election vote request: Granting yes vote for candidate 27a3d6553a4140c19428b5601ace72ea in term 0.
I20260713 09:06:34.142355 16889 tablet_bootstrap.cc:654] T 8288db079c034a75ba48ddb2ed61d1ee P 411de7ab4cf5423997c6e10054122263: Neither blocks nor log segments found. Creating new log.
