I20260713 09:00:07.247860  1647 tablet_service.cc:1511] Processing CreateTablet for tablet d9edcd3b7ed64154a691ada35cdd99db (DEFAULT_TABLE table=test-workload [id=6951df746332462388f3c5aa5b61d599]), partition=RANGE (key) PARTITION 805306365 <= VALUES < 894784850
I20260713 09:00:07.249289  1647 data_dirs.cc:400] Could only allocate 1 dirs of requested 3 for tablet d9edcd3b7ed64154a691ada35cdd99db. 1 dirs total, 0 dirs full, 0 dirs failed
I20260713 09:00:07.280133  1578 tablet_service.cc:1511] Processing CreateTablet for tablet 1b1d45f4575643008287902173638748 (DEFAULT_TABLE table=test-workload [id=6951df746332462388f3c5aa5b61d599]), partition=RANGE (key) PARTITION 1073741820 <= VALUES < 1163220305
I20260713 09:00:07.281507  1578 data_dirs.cc:400] Could only allocate 1 dirs of requested 3 for tablet 1b1d45f4575643008287902173638748. 1 dirs total, 0 dirs full, 0 dirs failed
I20260713 09:00:07.311460  1650 tablet_service.cc:1511] Processing CreateTablet for tablet 8e81d4591838471b8515bf50cc28bb8c (DEFAULT_TABLE table=test-workload [id=6951df746332462388f3c5aa5b61d599]), partition=RANGE (key) PARTITION 894784850 <= VALUES < 984263335
I20260713 09:00:07.312820  1650 data_dirs.cc:400] Could only allocate 1 dirs of requested 3 for tablet 8e81d4591838471b8515bf50cc28bb8c. 1 dirs total, 0 dirs full, 0 dirs failed
I20260713 09:00:07.313567  1581 tablet_service.cc:1511] Processing CreateTablet for tablet 81d225ba38664cd59669c8d076ac6e53 (DEFAULT_TABLE table=test-workload [id=6951df746332462388f3c5aa5b61d599]), partition=RANGE (key) PARTITION 984263335 <= VALUES < 1073741820
I20260713 09:00:07.314976  1581 data_dirs.cc:400] Could only allocate 1 dirs of requested 3 for tablet 81d225ba38664cd59669c8d076ac6e53. 1 dirs total, 0 dirs full, 0 dirs failed
I20260713 09:00:07.316802  1654 tablet_service.cc:1511] Processing CreateTablet for tablet 81d225ba38664cd59669c8d076ac6e53 (DEFAULT_TABLE table=test-workload [id=6951df746332462388f3c5aa5b61d599]), partition=RANGE (key) PARTITION 984263335 <= VALUES < 1073741820
I20260713 09:00:07.318018  1654 data_dirs.cc:400] Could only allocate 1 dirs of requested 3 for tablet 81d225ba38664cd59669c8d076ac6e53. 1 dirs total, 0 dirs full, 0 dirs failed
I20260713 09:00:07.278080  1580 tablet_service.cc:1511] Processing CreateTablet for tablet 8e81d4591838471b8515bf50cc28bb8c (DEFAULT_TABLE table=test-workload [id=6951df746332462388f3c5aa5b61d599]), partition=RANGE (key) PARTITION 894784850 <= VALUES < 984263335
I20260713 09:00:07.333613  1580 data_dirs.cc:400] Could only allocate 1 dirs of requested 3 for tablet 8e81d4591838471b8515bf50cc28bb8c. 1 dirs total, 0 dirs full, 0 dirs failed
I20260713 09:00:07.331620  1652 tablet_service.cc:1511] Processing CreateTablet for tablet 1b1d45f4575643008287902173638748 (DEFAULT_TABLE table=test-workload [id=6951df746332462388f3c5aa5b61d599]), partition=RANGE (key) PARTITION 1073741820 <= VALUES < 1163220305
I20260713 09:00:07.348695  1781 tablet_bootstrap.cc:492] T 547c1f776d8446eea9ff7862d03688f1 P 39cead7c461f4de5a937ea46d9033d95: Bootstrap starting.
I20260713 09:00:07.348963  1579 tablet_service.cc:1511] Processing CreateTablet for tablet 8f370241684942d39f89153555520b29 (DEFAULT_TABLE table=test-workload [id=6951df746332462388f3c5aa5b61d599]), partition=RANGE (key) PARTITION 1163220305 <= VALUES < 1252698790
I20260713 09:00:07.371574  1780 tablet_bootstrap.cc:492] T 8053fc192f1e4325a367a708c06747a2 P 17ba00d4ebe04d39a448a3bf9b9f162b: Bootstrap starting.
I20260713 09:00:07.374552  1730 tablet_service.cc:1511] Processing CreateTablet for tablet 81d225ba38664cd59669c8d076ac6e53 (DEFAULT_TABLE table=test-workload [id=6951df746332462388f3c5aa5b61d599]), partition=RANGE (key) PARTITION 984263335 <= VALUES < 1073741820
I20260713 09:00:07.375319  1724 tablet_service.cc:1511] Processing CreateTablet for tablet 8f370241684942d39f89153555520b29 (DEFAULT_TABLE table=test-workload [id=6951df746332462388f3c5aa5b61d599]), partition=RANGE (key) PARTITION 1163220305 <= VALUES < 1252698790
I20260713 09:00:07.375873  1730 data_dirs.cc:400] Could only allocate 1 dirs of requested 3 for tablet 81d225ba38664cd59669c8d076ac6e53. 1 dirs total, 0 dirs full, 0 dirs failed
I20260713 09:00:07.376531  1724 data_dirs.cc:400] Could only allocate 1 dirs of requested 3 for tablet 8f370241684942d39f89153555520b29. 1 dirs total, 0 dirs full, 0 dirs failed
I20260713 09:00:07.377673  1656 tablet_service.cc:1511] Processing CreateTablet for tablet 939ecbe52c054e56a4f3e4f0fe60d10c (DEFAULT_TABLE table=test-workload [id=6951df746332462388f3c5aa5b61d599]), partition=RANGE (key) PARTITION 1342177275 <= VALUES < 1431655760
I20260713 09:00:07.368707  1652 data_dirs.cc:400] Could only allocate 1 dirs of requested 3 for tablet 1b1d45f4575643008287902173638748. 1 dirs total, 0 dirs full, 0 dirs failed
I20260713 09:00:07.380748  1653 tablet_service.cc:1511] Processing CreateTablet for tablet 8e3759d459dc41fe8e25393dae990af8 (DEFAULT_TABLE table=test-workload [id=6951df746332462388f3c5aa5b61d599]), partition=RANGE (key) PARTITION 1252698790 <= VALUES < 1342177275
I20260713 09:00:07.382014  1653 data_dirs.cc:400] Could only allocate 1 dirs of requested 3 for tablet 8e3759d459dc41fe8e25393dae990af8. 1 dirs total, 0 dirs full, 0 dirs failed
I20260713 09:00:07.386044  1780 tablet_bootstrap.cc:654] T 8053fc192f1e4325a367a708c06747a2 P 17ba00d4ebe04d39a448a3bf9b9f162b: Neither blocks nor log segments found. Creating new log.
I20260713 09:00:07.399112  1651 tablet_service.cc:1511] Processing CreateTablet for tablet 1f3987b055224edcb27b87d95d128de5 (DEFAULT_TABLE table=test-workload [id=6951df746332462388f3c5aa5b61d599]), partition=RANGE (key) PARTITION 1431655760 <= VALUES < 1521134245
I20260713 09:00:07.400970  1656 data_dirs.cc:400] Could only allocate 1 dirs of requested 3 for tablet 939ecbe52c054e56a4f3e4f0fe60d10c. 1 dirs total, 0 dirs full, 0 dirs failed
I20260713 09:00:07.379506  1579 data_dirs.cc:400] Could only allocate 1 dirs of requested 3 for tablet 8f370241684942d39f89153555520b29. 1 dirs total, 0 dirs full, 0 dirs failed
I20260713 09:00:07.388610  1782 tablet_bootstrap.cc:492] T 66da80cd8e5047c7b1477431684d7897 P 69c28c978cd345fda0dd3ca03ff6667a: Bootstrap starting.
I20260713 09:00:07.396696  1781 tablet_bootstrap.cc:654] T 547c1f776d8446eea9ff7862d03688f1 P 39cead7c461f4de5a937ea46d9033d95: Neither blocks nor log segments found. Creating new log.
I20260713 09:00:07.410281  1651 data_dirs.cc:400] Could only allocate 1 dirs of requested 3 for tablet 1f3987b055224edcb27b87d95d128de5. 1 dirs total, 0 dirs full, 0 dirs failed
I20260713 09:00:07.396497  1574 tablet_service.cc:1511] Processing CreateTablet for tablet 8e3759d459dc41fe8e25393dae990af8 (DEFAULT_TABLE table=test-workload [id=6951df746332462388f3c5aa5b61d599]), partition=RANGE (key) PARTITION 1252698790 <= VALUES < 1342177275
I20260713 09:00:07.417377  1574 data_dirs.cc:400] Could only allocate 1 dirs of requested 3 for tablet 8e3759d459dc41fe8e25393dae990af8. 1 dirs total, 0 dirs full, 0 dirs failed
I20260713 09:00:07.418701  1576 tablet_service.cc:1511] Processing CreateTablet for tablet 939ecbe52c054e56a4f3e4f0fe60d10c (DEFAULT_TABLE table=test-workload [id=6951df746332462388f3c5aa5b61d599]), partition=RANGE (key) PARTITION 1342177275 <= VALUES < 1431655760
I20260713 09:00:07.419081  1655 tablet_service.cc:1511] Processing CreateTablet for tablet 8f370241684942d39f89153555520b29 (DEFAULT_TABLE table=test-workload [id=6951df746332462388f3c5aa5b61d599]), partition=RANGE (key) PARTITION 1163220305 <= VALUES < 1252698790
I20260713 09:00:07.419958  1576 data_dirs.cc:400] Could only allocate 1 dirs of requested 3 for tablet 939ecbe52c054e56a4f3e4f0fe60d10c. 1 dirs total, 0 dirs full, 0 dirs failed
I20260713 09:00:07.398257  1728 tablet_service.cc:1511] Processing CreateTablet for tablet 1b1d45f4575643008287902173638748 (DEFAULT_TABLE table=test-workload [id=6951df746332462388f3c5aa5b61d599]), partition=RANGE (key) PARTITION 1073741820 <= VALUES < 1163220305
I20260713 09:00:07.422989  1728 data_dirs.cc:400] Could only allocate 1 dirs of requested 3 for tablet 1b1d45f4575643008287902173638748. 1 dirs total, 0 dirs full, 0 dirs failed
I20260713 09:00:07.424736  1655 data_dirs.cc:400] Could only allocate 1 dirs of requested 3 for tablet 8f370241684942d39f89153555520b29. 1 dirs total, 0 dirs full, 0 dirs failed
I20260713 09:00:07.424968  1577 tablet_service.cc:1511] Processing CreateTablet for tablet 1f3987b055224edcb27b87d95d128de5 (DEFAULT_TABLE table=test-workload [id=6951df746332462388f3c5aa5b61d599]), partition=RANGE (key) PARTITION 1431655760 <= VALUES < 1521134245
I20260713 09:00:07.427135  1648 tablet_service.cc:1511] Processing CreateTablet for tablet c37120b15f8849f7ab52679202788007 (DEFAULT_TABLE table=test-workload [id=6951df746332462388f3c5aa5b61d599]), partition=RANGE (key) PARTITION 1521134245 <= VALUES < 1610612730
I20260713 09:00:07.428653  1648 data_dirs.cc:400] Could only allocate 1 dirs of requested 3 for tablet c37120b15f8849f7ab52679202788007. 1 dirs total, 0 dirs full, 0 dirs failed
I20260713 09:00:07.432611  1727 tablet_service.cc:1511] Processing CreateTablet for tablet 8e3759d459dc41fe8e25393dae990af8 (DEFAULT_TABLE table=test-workload [id=6951df746332462388f3c5aa5b61d599]), partition=RANGE (key) PARTITION 1252698790 <= VALUES < 1342177275
I20260713 09:00:07.412865  1647 tablet_service.cc:1511] Processing CreateTablet for tablet 592122b9140d47db8e8c30cfd1fcaf1a (DEFAULT_TABLE table=test-workload [id=6951df746332462388f3c5aa5b61d599]), partition=RANGE (key) PARTITION 1610612730 <= VALUES < 1700091215
I20260713 09:00:07.439873  1647 data_dirs.cc:400] Could only allocate 1 dirs of requested 3 for tablet 592122b9140d47db8e8c30cfd1fcaf1a. 1 dirs total, 0 dirs full, 0 dirs failed
I20260713 09:00:07.439682  1729 tablet_service.cc:1511] Processing CreateTablet for tablet 1f3987b055224edcb27b87d95d128de5 (DEFAULT_TABLE table=test-workload [id=6951df746332462388f3c5aa5b61d599]), partition=RANGE (key) PARTITION 1431655760 <= VALUES < 1521134245
I20260713 09:00:07.437583  1725 tablet_service.cc:1511] Processing CreateTablet for tablet 939ecbe52c054e56a4f3e4f0fe60d10c (DEFAULT_TABLE table=test-workload [id=6951df746332462388f3c5aa5b61d599]), partition=RANGE (key) PARTITION 1342177275 <= VALUES < 1431655760
I20260713 09:00:07.441928  1572 tablet_service.cc:1511] Processing CreateTablet for tablet c37120b15f8849f7ab52679202788007 (DEFAULT_TABLE table=test-workload [id=6951df746332462388f3c5aa5b61d599]), partition=RANGE (key) PARTITION 1521134245 <= VALUES < 1610612730
I20260713 09:00:07.445959  1726 tablet_service.cc:1511] Processing CreateTablet for tablet c37120b15f8849f7ab52679202788007 (DEFAULT_TABLE table=test-workload [id=6951df746332462388f3c5aa5b61d599]), partition=RANGE (key) PARTITION 1521134245 <= VALUES < 1610612730
I20260713 09:00:07.426128  1577 data_dirs.cc:400] Could only allocate 1 dirs of requested 3 for tablet 1f3987b055224edcb27b87d95d128de5. 1 dirs total, 0 dirs full, 0 dirs failed
I20260713 09:00:07.448103  1723 tablet_service.cc:1511] Processing CreateTablet for tablet ba6341d73afc4530a76cf1ad7288da40 (DEFAULT_TABLE table=test-workload [id=6951df746332462388f3c5aa5b61d599]), partition=RANGE (key) PARTITION 1700091215 <= VALUES < 1789569700
I20260713 09:00:07.450327  1727 data_dirs.cc:400] Could only allocate 1 dirs of requested 3 for tablet 8e3759d459dc41fe8e25393dae990af8. 1 dirs total, 0 dirs full, 0 dirs failed
I20260713 09:00:07.450956  1729 data_dirs.cc:400] Could only allocate 1 dirs of requested 3 for tablet 1f3987b055224edcb27b87d95d128de5. 1 dirs total, 0 dirs full, 0 dirs failed
I20260713 09:00:07.455111  1573 tablet_service.cc:1511] Processing CreateTablet for tablet 592122b9140d47db8e8c30cfd1fcaf1a (DEFAULT_TABLE table=test-workload [id=6951df746332462388f3c5aa5b61d599]), partition=RANGE (key) PARTITION 1610612730 <= VALUES < 1700091215
I20260713 09:00:07.456418  1573 data_dirs.cc:400] Could only allocate 1 dirs of requested 3 for tablet 592122b9140d47db8e8c30cfd1fcaf1a. 1 dirs total, 0 dirs full, 0 dirs failed
I20260713 09:00:07.458490  1725 data_dirs.cc:400] Could only allocate 1 dirs of requested 3 for tablet 939ecbe52c054e56a4f3e4f0fe60d10c. 1 dirs total, 0 dirs full, 0 dirs failed
I20260713 09:00:07.462518  1723 data_dirs.cc:400] Could only allocate 1 dirs of requested 3 for tablet ba6341d73afc4530a76cf1ad7288da40. 1 dirs total, 0 dirs full, 0 dirs failed
I20260713 09:00:07.463716  1575 tablet_service.cc:1511] Processing CreateTablet for tablet ba6341d73afc4530a76cf1ad7288da40 (DEFAULT_TABLE table=test-workload [id=6951df746332462388f3c5aa5b61d599]), partition=RANGE (key) PARTITION 1700091215 <= VALUES < 1789569700
I20260713 09:00:07.465080  1575 data_dirs.cc:400] Could only allocate 1 dirs of requested 3 for tablet ba6341d73afc4530a76cf1ad7288da40. 1 dirs total, 0 dirs full, 0 dirs failed
I20260713 09:00:07.466490  1572 data_dirs.cc:400] Could only allocate 1 dirs of requested 3 for tablet c37120b15f8849f7ab52679202788007. 1 dirs total, 0 dirs full, 0 dirs failed
I20260713 09:00:07.466832  1722 tablet_service.cc:1511] Processing CreateTablet for tablet 592122b9140d47db8e8c30cfd1fcaf1a (DEFAULT_TABLE table=test-workload [id=6951df746332462388f3c5aa5b61d599]), partition=RANGE (key) PARTITION 1610612730 <= VALUES < 1700091215
I20260713 09:00:07.468147  1722 data_dirs.cc:400] Could only allocate 1 dirs of requested 3 for tablet 592122b9140d47db8e8c30cfd1fcaf1a. 1 dirs total, 0 dirs full, 0 dirs failed
I20260713 09:00:07.470485  1726 data_dirs.cc:400] Could only allocate 1 dirs of requested 3 for tablet c37120b15f8849f7ab52679202788007. 1 dirs total, 0 dirs full, 0 dirs failed
I20260713 09:00:07.471457  1781 tablet_bootstrap.cc:492] T 547c1f776d8446eea9ff7862d03688f1 P 39cead7c461f4de5a937ea46d9033d95: No bootstrap required, opened a new log
I20260713 09:00:07.472229  1781 ts_tablet_manager.cc:1403] T 547c1f776d8446eea9ff7862d03688f1 P 39cead7c461f4de5a937ea46d9033d95: Time spent bootstrapping tablet: real 0.124s	user 0.008s	sys 0.009s
I20260713 09:00:07.472887  1780 tablet_bootstrap.cc:492] T 8053fc192f1e4325a367a708c06747a2 P 17ba00d4ebe04d39a448a3bf9b9f162b: No bootstrap required, opened a new log
I20260713 09:00:07.473413  1780 ts_tablet_manager.cc:1403] T 8053fc192f1e4325a367a708c06747a2 P 17ba00d4ebe04d39a448a3bf9b9f162b: Time spent bootstrapping tablet: real 0.102s	user 0.013s	sys 0.000s
I20260713 09:00:07.485512  1780 raft_consensus.cc:359] T 8053fc192f1e4325a367a708c06747a2 P 17ba00d4ebe04d39a448a3bf9b9f162b [term 0 FOLLOWER]: Replica starting. Triggering 0 pending ops. Active config: opid_index: -1 OBSOLETE_local: false peers { permanent_uuid: "39cead7c461f4de5a937ea46d9033d95" member_type: VOTER last_known_addr { host: "127.0.107.193" port: 33073 } } peers { permanent_uuid: "69c28c978cd345fda0dd3ca03ff6667a" member_type: VOTER last_known_addr { host: "127.0.107.194" port: 42597 } } peers { permanent_uuid: "17ba00d4ebe04d39a448a3bf9b9f162b" member_type: VOTER last_known_addr { host: "127.0.107.195" port: 40435 } }
I20260713 09:00:07.415869  1649 tablet_service.cc:1511] Processing CreateTablet for tablet ba6341d73afc4530a76cf1ad7288da40 (DEFAULT_TABLE table=test-workload [id=6951df746332462388f3c5aa5b61d599]), partition=RANGE (key) PARTITION 1700091215 <= VALUES < 1789569700
I20260713 09:00:07.516511  1649 data_dirs.cc:400] Could only allocate 1 dirs of requested 3 for tablet ba6341d73afc4530a76cf1ad7288da40. 1 dirs total, 0 dirs full, 0 dirs failed
I20260713 09:00:07.464186  1782 tablet_bootstrap.cc:654] T 66da80cd8e5047c7b1477431684d7897 P 69c28c978cd345fda0dd3ca03ff6667a: Neither blocks nor log segments found. Creating new log.
I20260713 09:00:07.471719  1721 tablet_service.cc:1511] Processing CreateTablet for tablet f9a3b4da0d964348aadf2101782966bd (DEFAULT_TABLE table=test-workload [id=6951df746332462388f3c5aa5b61d599]), partition=RANGE (key) PARTITION 1789569700 <= VALUES < 1879048185
I20260713 09:00:07.518401  1721 data_dirs.cc:400] Could only allocate 1 dirs of requested 3 for tablet f9a3b4da0d964348aadf2101782966bd. 1 dirs total, 0 dirs full, 0 dirs failed
I20260713 09:00:07.520315  1780 raft_consensus.cc:385] T 8053fc192f1e4325a367a708c06747a2 P 17ba00d4ebe04d39a448a3bf9b9f162b [term 0 FOLLOWER]: Consensus starting up: Expiring failure detector timer to make a prompt election more likely
I20260713 09:00:07.520875  1780 raft_consensus.cc:740] T 8053fc192f1e4325a367a708c06747a2 P 17ba00d4ebe04d39a448a3bf9b9f162b [term 0 FOLLOWER]: Becoming Follower/Learner. State: Replica: 17ba00d4ebe04d39a448a3bf9b9f162b, State: Initialized, Role: FOLLOWER
I20260713 09:00:07.521926  1780 consensus_queue.cc:260] T 8053fc192f1e4325a367a708c06747a2 P 17ba00d4ebe04d39a448a3bf9b9f162b [NON_LEADER]: Queue going to NON_LEADER mode. State: All replicated index: 0, Majority replicated index: 0, Committed index: 0, Last appended: 0.0, Last appended by leader: 0, Current term: 0, Majority size: -1, State: 0, Mode: NON_LEADER, active raft config: opid_index: -1 OBSOLETE_local: false peers { permanent_uuid: "39cead7c461f4de5a937ea46d9033d95" member_type: VOTER last_known_addr { host: "127.0.107.193" port: 33073 } } peers { permanent_uuid: "69c28c978cd345fda0dd3ca03ff6667a" member_type: VOTER last_known_addr { host: "127.0.107.194" port: 42597 } } peers { permanent_uuid: "17ba00d4ebe04d39a448a3bf9b9f162b" member_type: VOTER last_known_addr { host: "127.0.107.195" port: 40435 } }
I20260713 09:00:07.489820  1652 tablet_service.cc:1511] Processing CreateTablet for tablet f9a3b4da0d964348aadf2101782966bd (DEFAULT_TABLE table=test-workload [id=6951df746332462388f3c5aa5b61d599]), partition=RANGE (key) PARTITION 1789569700 <= VALUES < 1879048185
I20260713 09:00:07.502568  1650 tablet_service.cc:1511] Processing CreateTablet for tablet ef99938443f5460d9c0d1ac4896fda9f (DEFAULT_TABLE table=test-workload [id=6951df746332462388f3c5aa5b61d599]), partition=RANGE (key) PARTITION 1879048185 <= VALUES < 1968526670
I20260713 09:00:07.528340  1650 data_dirs.cc:400] Could only allocate 1 dirs of requested 3 for tablet ef99938443f5460d9c0d1ac4896fda9f. 1 dirs total, 0 dirs full, 0 dirs failed
I20260713 09:00:07.530776  1652 data_dirs.cc:400] Could only allocate 1 dirs of requested 3 for tablet f9a3b4da0d964348aadf2101782966bd. 1 dirs total, 0 dirs full, 0 dirs failed
I20260713 09:00:07.538529  1578 tablet_service.cc:1511] Processing CreateTablet for tablet f9a3b4da0d964348aadf2101782966bd (DEFAULT_TABLE table=test-workload [id=6951df746332462388f3c5aa5b61d599]), partition=RANGE (key) PARTITION 1789569700 <= VALUES < 1879048185
I20260713 09:00:07.543236  1781 raft_consensus.cc:359] T 547c1f776d8446eea9ff7862d03688f1 P 39cead7c461f4de5a937ea46d9033d95 [term 0 FOLLOWER]: Replica starting. Triggering 0 pending ops. Active config: opid_index: -1 OBSOLETE_local: false peers { permanent_uuid: "39cead7c461f4de5a937ea46d9033d95" member_type: VOTER last_known_addr { host: "127.0.107.193" port: 33073 } } peers { permanent_uuid: "69c28c978cd345fda0dd3ca03ff6667a" member_type: VOTER last_known_addr { host: "127.0.107.194" port: 42597 } } peers { permanent_uuid: "17ba00d4ebe04d39a448a3bf9b9f162b" member_type: VOTER last_known_addr { host: "127.0.107.195" port: 40435 } }
I20260713 09:00:07.547727  1781 raft_consensus.cc:385] T 547c1f776d8446eea9ff7862d03688f1 P 39cead7c461f4de5a937ea46d9033d95 [term 0 FOLLOWER]: Consensus starting up: Expiring failure detector timer to make a prompt election more likely
W20260713 09:00:07.589702  1537 auto_rebalancer.cc:288] Could not retrieve cluster info: Service unavailable: Tablet not running
I20260713 09:00:07.591341  1781 raft_consensus.cc:740] T 547c1f776d8446eea9ff7862d03688f1 P 39cead7c461f4de5a937ea46d9033d95 [term 0 FOLLOWER]: Becoming Follower/Learner. State: Replica: 39cead7c461f4de5a937ea46d9033d95, State: Initialized, Role: FOLLOWER
I20260713 09:00:07.606428  1580 tablet_service.cc:1511] Processing CreateTablet for tablet ef99938443f5460d9c0d1ac4896fda9f (DEFAULT_TABLE table=test-workload [id=6951df746332462388f3c5aa5b61d599]), partition=RANGE (key) PARTITION 1879048185 <= VALUES < 1968526670
I20260713 09:00:07.609935  1656 tablet_service.cc:1511] Processing CreateTablet for tablet b53407d0b11146189782e8bc47f3fc0d (DEFAULT_TABLE table=test-workload [id=6951df746332462388f3c5aa5b61d599]), partition=RANGE (key) PARTITION 1968526670 <= VALUES < 2058005155
I20260713 09:00:07.609978  1572 tablet_service.cc:1511] Processing CreateTablet for tablet b53407d0b11146189782e8bc47f3fc0d (DEFAULT_TABLE table=test-workload [id=6951df746332462388f3c5aa5b61d599]), partition=RANGE (key) PARTITION 1968526670 <= VALUES < 2058005155
I20260713 09:00:07.611413  1656 data_dirs.cc:400] Could only allocate 1 dirs of requested 3 for tablet b53407d0b11146189782e8bc47f3fc0d. 1 dirs total, 0 dirs full, 0 dirs failed
I20260713 09:00:07.611825  1728 tablet_service.cc:1511] Processing CreateTablet for tablet ef99938443f5460d9c0d1ac4896fda9f (DEFAULT_TABLE table=test-workload [id=6951df746332462388f3c5aa5b61d599]), partition=RANGE (key) PARTITION 1879048185 <= VALUES < 1968526670
I20260713 09:00:07.612768  1728 data_dirs.cc:400] Could only allocate 1 dirs of requested 3 for tablet ef99938443f5460d9c0d1ac4896fda9f. 1 dirs total, 0 dirs full, 0 dirs failed
I20260713 09:00:07.616405  1781 consensus_queue.cc:260] T 547c1f776d8446eea9ff7862d03688f1 P 39cead7c461f4de5a937ea46d9033d95 [NON_LEADER]: Queue going to NON_LEADER mode. State: All replicated index: 0, Majority replicated index: 0, Committed index: 0, Last appended: 0.0, Last appended by leader: 0, Current term: 0, Majority size: -1, State: 0, Mode: NON_LEADER, active raft config: opid_index: -1 OBSOLETE_local: false peers { permanent_uuid: "39cead7c461f4de5a937ea46d9033d95" member_type: VOTER last_known_addr { host: "127.0.107.193" port: 33073 } } peers { permanent_uuid: "69c28c978cd345fda0dd3ca03ff6667a" member_type: VOTER last_known_addr { host: "127.0.107.194" port: 42597 } } peers { permanent_uuid: "17ba00d4ebe04d39a448a3bf9b9f162b" member_type: VOTER last_known_addr { host: "127.0.107.195" port: 40435 } }
I20260713 09:00:07.619498  1780 ts_tablet_manager.cc:1434] T 8053fc192f1e4325a367a708c06747a2 P 17ba00d4ebe04d39a448a3bf9b9f162b: Time spent starting tablet: real 0.137s	user 0.024s	sys 0.026s
I20260713 09:00:07.620793  1722 tablet_service.cc:1511] Processing CreateTablet for tablet b53407d0b11146189782e8bc47f3fc0d (DEFAULT_TABLE table=test-workload [id=6951df746332462388f3c5aa5b61d599]), partition=RANGE (key) PARTITION 1968526670 <= VALUES < 2058005155
I20260713 09:00:07.621598  1765 heartbeater.cc:499] Master 127.0.107.254:46179 was elected leader, sending a full tablet report...
I20260713 09:00:07.626762  1654 tablet_service.cc:1511] Processing CreateTablet for tablet 912fa59ecca04824b06be740a5253aae (DEFAULT_TABLE table=test-workload [id=6951df746332462388f3c5aa5b61d599]), partition=RANGE (key) PARTITION 2058005155 <= VALUES
I20260713 09:00:07.627000  1727 tablet_service.cc:1511] Processing CreateTablet for tablet 912fa59ecca04824b06be740a5253aae (DEFAULT_TABLE table=test-workload [id=6951df746332462388f3c5aa5b61d599]), partition=RANGE (key) PARTITION 2058005155 <= VALUES
I20260713 09:00:07.628252  1654 data_dirs.cc:400] Could only allocate 1 dirs of requested 3 for tablet 912fa59ecca04824b06be740a5253aae. 1 dirs total, 0 dirs full, 0 dirs failed
I20260713 09:00:07.628322  1727 data_dirs.cc:400] Could only allocate 1 dirs of requested 3 for tablet 912fa59ecca04824b06be740a5253aae. 1 dirs total, 0 dirs full, 0 dirs failed
I20260713 09:00:07.631049  1581 tablet_service.cc:1511] Processing CreateTablet for tablet 912fa59ecca04824b06be740a5253aae (DEFAULT_TABLE table=test-workload [id=6951df746332462388f3c5aa5b61d599]), partition=RANGE (key) PARTITION 2058005155 <= VALUES
I20260713 09:00:07.634136  1782 tablet_bootstrap.cc:492] T 66da80cd8e5047c7b1477431684d7897 P 69c28c978cd345fda0dd3ca03ff6667a: No bootstrap required, opened a new log
I20260713 09:00:07.634691  1782 ts_tablet_manager.cc:1403] T 66da80cd8e5047c7b1477431684d7897 P 69c28c978cd345fda0dd3ca03ff6667a: Time spent bootstrapping tablet: real 0.247s	user 0.016s	sys 0.011s
I20260713 09:00:07.637425  1782 raft_consensus.cc:359] T 66da80cd8e5047c7b1477431684d7897 P 69c28c978cd345fda0dd3ca03ff6667a [term 0 FOLLOWER]: Replica starting. Triggering 0 pending ops. Active config: opid_index: -1 OBSOLETE_local: false peers { permanent_uuid: "39cead7c461f4de5a937ea46d9033d95" member_type: VOTER last_known_addr { host: "127.0.107.193" port: 33073 } } peers { permanent_uuid: "69c28c978cd345fda0dd3ca03ff6667a" member_type: VOTER last_known_addr { host: "127.0.107.194" port: 42597 } } peers { permanent_uuid: "17ba00d4ebe04d39a448a3bf9b9f162b" member_type: VOTER last_known_addr { host: "127.0.107.195" port: 40435 } }
I20260713 09:00:07.618291  1578 data_dirs.cc:400] Could only allocate 1 dirs of requested 3 for tablet f9a3b4da0d964348aadf2101782966bd. 1 dirs total, 0 dirs full, 0 dirs failed
I20260713 09:00:07.638123  1782 raft_consensus.cc:385] T 66da80cd8e5047c7b1477431684d7897 P 69c28c978cd345fda0dd3ca03ff6667a [term 0 FOLLOWER]: Consensus starting up: Expiring failure detector timer to make a prompt election more likely
I20260713 09:00:07.654691  1782 raft_consensus.cc:740] T 66da80cd8e5047c7b1477431684d7897 P 69c28c978cd345fda0dd3ca03ff6667a [term 0 FOLLOWER]: Becoming Follower/Learner. State: Replica: 69c28c978cd345fda0dd3ca03ff6667a, State: Initialized, Role: FOLLOWER
I20260713 09:00:07.655758  1782 consensus_queue.cc:260] T 66da80cd8e5047c7b1477431684d7897 P 69c28c978cd345fda0dd3ca03ff6667a [NON_LEADER]: Queue going to NON_LEADER mode. State: All replicated index: 0, Majority replicated index: 0, Committed index: 0, Last appended: 0.0, Last appended by leader: 0, Current term: 0, Majority size: -1, State: 0, Mode: NON_LEADER, active raft config: opid_index: -1 OBSOLETE_local: false peers { permanent_uuid: "39cead7c461f4de5a937ea46d9033d95" member_type: VOTER last_known_addr { host: "127.0.107.193" port: 33073 } } peers { permanent_uuid: "69c28c978cd345fda0dd3ca03ff6667a" member_type: VOTER last_known_addr { host: "127.0.107.194" port: 42597 } } peers { permanent_uuid: "17ba00d4ebe04d39a448a3bf9b9f162b" member_type: VOTER last_known_addr { host: "127.0.107.195" port: 40435 } }
I20260713 09:00:07.622339  1780 tablet_bootstrap.cc:492] T 547c1f776d8446eea9ff7862d03688f1 P 17ba00d4ebe04d39a448a3bf9b9f162b: Bootstrap starting.
I20260713 09:00:07.688143  1722 data_dirs.cc:400] Could only allocate 1 dirs of requested 3 for tablet b53407d0b11146189782e8bc47f3fc0d. 1 dirs total, 0 dirs full, 0 dirs failed
I20260713 09:00:07.693547  1580 data_dirs.cc:400] Could only allocate 1 dirs of requested 3 for tablet ef99938443f5460d9c0d1ac4896fda9f. 1 dirs total, 0 dirs full, 0 dirs failed
I20260713 09:00:07.706696  1616 heartbeater.cc:499] Master 127.0.107.254:46179 was elected leader, sending a full tablet report...
I20260713 09:00:07.708854  1572 data_dirs.cc:400] Could only allocate 1 dirs of requested 3 for tablet b53407d0b11146189782e8bc47f3fc0d. 1 dirs total, 0 dirs full, 0 dirs failed
I20260713 09:00:07.709540  1581 data_dirs.cc:400] Could only allocate 1 dirs of requested 3 for tablet 912fa59ecca04824b06be740a5253aae. 1 dirs total, 0 dirs full, 0 dirs failed
I20260713 09:00:07.718994  1781 ts_tablet_manager.cc:1434] T 547c1f776d8446eea9ff7862d03688f1 P 39cead7c461f4de5a937ea46d9033d95: Time spent starting tablet: real 0.246s	user 0.018s	sys 0.035s
I20260713 09:00:07.719180  1782 ts_tablet_manager.cc:1434] T 66da80cd8e5047c7b1477431684d7897 P 69c28c978cd345fda0dd3ca03ff6667a: Time spent starting tablet: real 0.084s	user 0.005s	sys 0.018s
I20260713 09:00:07.720062  1781 tablet_bootstrap.cc:492] T d877d8f270c94539b3b8e45531a8d977 P 39cead7c461f4de5a937ea46d9033d95: Bootstrap starting.
I20260713 09:00:07.727535  1691 heartbeater.cc:499] Master 127.0.107.254:46179 was elected leader, sending a full tablet report...
I20260713 09:00:07.726004  1781 tablet_bootstrap.cc:654] T d877d8f270c94539b3b8e45531a8d977 P 39cead7c461f4de5a937ea46d9033d95: Neither blocks nor log segments found. Creating new log.
I20260713 09:00:07.734555  1780 tablet_bootstrap.cc:654] T 547c1f776d8446eea9ff7862d03688f1 P 17ba00d4ebe04d39a448a3bf9b9f162b: Neither blocks nor log segments found. Creating new log.
I20260713 09:00:07.738265  1782 tablet_bootstrap.cc:492] T 55053e4e77dd449494c7952499253326 P 69c28c978cd345fda0dd3ca03ff6667a: Bootstrap starting.
I20260713 09:00:07.750054  1782 tablet_bootstrap.cc:654] T 55053e4e77dd449494c7952499253326 P 69c28c978cd345fda0dd3ca03ff6667a: Neither blocks nor log segments found. Creating new log.
I20260713 09:00:07.758673  1780 tablet_bootstrap.cc:492] T 547c1f776d8446eea9ff7862d03688f1 P 17ba00d4ebe04d39a448a3bf9b9f162b: No bootstrap required, opened a new log
I20260713 09:00:07.759235  1780 ts_tablet_manager.cc:1403] T 547c1f776d8446eea9ff7862d03688f1 P 17ba00d4ebe04d39a448a3bf9b9f162b: Time spent bootstrapping tablet: real 0.137s	user 0.017s	sys 0.010s
I20260713 09:00:07.759346  1781 tablet_bootstrap.cc:492] T d877d8f270c94539b3b8e45531a8d977 P 39cead7c461f4de5a937ea46d9033d95: No bootstrap required, opened a new log
I20260713 09:00:07.759852  1782 tablet_bootstrap.cc:492] T 55053e4e77dd449494c7952499253326 P 69c28c978cd345fda0dd3ca03ff6667a: No bootstrap required, opened a new log
I20260713 09:00:07.759976  1781 ts_tablet_manager.cc:1403] T d877d8f270c94539b3b8e45531a8d977 P 39cead7c461f4de5a937ea46d9033d95: Time spent bootstrapping tablet: real 0.040s	user 0.014s	sys 0.003s
I20260713 09:00:07.760319  1782 ts_tablet_manager.cc:1403] T 55053e4e77dd449494c7952499253326 P 69c28c978cd345fda0dd3ca03ff6667a: Time spent bootstrapping tablet: real 0.022s	user 0.010s	sys 0.005s
I20260713 09:00:07.762487  1780 raft_consensus.cc:359] T 547c1f776d8446eea9ff7862d03688f1 P 17ba00d4ebe04d39a448a3bf9b9f162b [term 0 FOLLOWER]: Replica starting. Triggering 0 pending ops. Active config: opid_index: -1 OBSOLETE_local: false peers { permanent_uuid: "39cead7c461f4de5a937ea46d9033d95" member_type: VOTER last_known_addr { host: "127.0.107.193" port: 33073 } } peers { permanent_uuid: "69c28c978cd345fda0dd3ca03ff6667a" member_type: VOTER last_known_addr { host: "127.0.107.194" port: 42597 } } peers { permanent_uuid: "17ba00d4ebe04d39a448a3bf9b9f162b" member_type: VOTER last_known_addr { host: "127.0.107.195" port: 40435 } }
I20260713 09:00:07.763410  1781 raft_consensus.cc:359] T d877d8f270c94539b3b8e45531a8d977 P 39cead7c461f4de5a937ea46d9033d95 [term 0 FOLLOWER]: Replica starting. Triggering 0 pending ops. Active config: opid_index: -1 OBSOLETE_local: false peers { permanent_uuid: "39cead7c461f4de5a937ea46d9033d95" member_type: VOTER last_known_addr { host: "127.0.107.193" port: 33073 } } peers { permanent_uuid: "17ba00d4ebe04d39a448a3bf9b9f162b" member_type: VOTER last_known_addr { host: "127.0.107.195" port: 40435 } } peers { permanent_uuid: "69c28c978cd345fda0dd3ca03ff6667a" member_type: VOTER last_known_addr { host: "127.0.107.194" port: 42597 } }
I20260713 09:00:07.763492  1782 raft_consensus.cc:359] T 55053e4e77dd449494c7952499253326 P 69c28c978cd345fda0dd3ca03ff6667a [term 0 FOLLOWER]: Replica starting. Triggering 0 pending ops. Active config: opid_index: -1 OBSOLETE_local: false peers { permanent_uuid: "39cead7c461f4de5a937ea46d9033d95" member_type: VOTER last_known_addr { host: "127.0.107.193" port: 33073 } } peers { permanent_uuid: "69c28c978cd345fda0dd3ca03ff6667a" member_type: VOTER last_known_addr { host: "127.0.107.194" port: 42597 } } peers { permanent_uuid: "17ba00d4ebe04d39a448a3bf9b9f162b" member_type: VOTER last_known_addr { host: "127.0.107.195" port: 40435 } }
I20260713 09:00:07.764535  1781 raft_consensus.cc:385] T d877d8f270c94539b3b8e45531a8d977 P 39cead7c461f4de5a937ea46d9033d95 [term 0 FOLLOWER]: Consensus starting up: Expiring failure detector timer to make a prompt election more likely
I20260713 09:00:07.764575  1782 raft_consensus.cc:385] T 55053e4e77dd449494c7952499253326 P 69c28c978cd345fda0dd3ca03ff6667a [term 0 FOLLOWER]: Consensus starting up: Expiring failure detector timer to make a prompt election more likely
I20260713 09:00:07.765136  1781 raft_consensus.cc:740] T d877d8f270c94539b3b8e45531a8d977 P 39cead7c461f4de5a937ea46d9033d95 [term 0 FOLLOWER]: Becoming Follower/Learner. State: Replica: 39cead7c461f4de5a937ea46d9033d95, State: Initialized, Role: FOLLOWER
I20260713 09:00:07.765156  1782 raft_consensus.cc:740] T 55053e4e77dd449494c7952499253326 P 69c28c978cd345fda0dd3ca03ff6667a [term 0 FOLLOWER]: Becoming Follower/Learner. State: Replica: 69c28c978cd345fda0dd3ca03ff6667a, State: Initialized, Role: FOLLOWER
I20260713 09:00:07.766358  1782 consensus_queue.cc:260] T 55053e4e77dd449494c7952499253326 P 69c28c978cd345fda0dd3ca03ff6667a [NON_LEADER]: Queue going to NON_LEADER mode. State: All replicated index: 0, Majority replicated index: 0, Committed index: 0, Last appended: 0.0, Last appended by leader: 0, Current term: 0, Majority size: -1, State: 0, Mode: NON_LEADER, active raft config: opid_index: -1 OBSOLETE_local: false peers { permanent_uuid: "39cead7c461f4de5a937ea46d9033d95" member_type: VOTER last_known_addr { host: "127.0.107.193" port: 33073 } } peers { permanent_uuid: "69c28c978cd345fda0dd3ca03ff6667a" member_type: VOTER last_known_addr { host: "127.0.107.194" port: 42597 } } peers { permanent_uuid: "17ba00d4ebe04d39a448a3bf9b9f162b" member_type: VOTER last_known_addr { host: "127.0.107.195" port: 40435 } }
I20260713 09:00:07.766618  1781 consensus_queue.cc:260] T d877d8f270c94539b3b8e45531a8d977 P 39cead7c461f4de5a937ea46d9033d95 [NON_LEADER]: Queue going to NON_LEADER mode. State: All replicated index: 0, Majority replicated index: 0, Committed index: 0, Last appended: 0.0, Last appended by leader: 0, Current term: 0, Majority size: -1, State: 0, Mode: NON_LEADER, active raft config: opid_index: -1 OBSOLETE_local: false peers { permanent_uuid: "39cead7c461f4de5a937ea46d9033d95" member_type: VOTER last_known_addr { host: "127.0.107.193" port: 33073 } } peers { permanent_uuid: "17ba00d4ebe04d39a448a3bf9b9f162b" member_type: VOTER last_known_addr { host: "127.0.107.195" port: 40435 } } peers { permanent_uuid: "69c28c978cd345fda0dd3ca03ff6667a" member_type: VOTER last_known_addr { host: "127.0.107.194" port: 42597 } }
I20260713 09:00:07.768687  1782 ts_tablet_manager.cc:1434] T 55053e4e77dd449494c7952499253326 P 69c28c978cd345fda0dd3ca03ff6667a: Time spent starting tablet: real 0.008s	user 0.004s	sys 0.004s
I20260713 09:00:07.769713  1782 tablet_bootstrap.cc:492] T 547c1f776d8446eea9ff7862d03688f1 P 69c28c978cd345fda0dd3ca03ff6667a: Bootstrap starting.
I20260713 09:00:07.770032  1781 ts_tablet_manager.cc:1434] T d877d8f270c94539b3b8e45531a8d977 P 39cead7c461f4de5a937ea46d9033d95: Time spent starting tablet: real 0.010s	user 0.007s	sys 0.001s
I20260713 09:00:07.763350  1780 raft_consensus.cc:385] T 547c1f776d8446eea9ff7862d03688f1 P 17ba00d4ebe04d39a448a3bf9b9f162b [term 0 FOLLOWER]: Consensus starting up: Expiring failure detector timer to make a prompt election more likely
I20260713 09:00:07.770684  1780 raft_consensus.cc:740] T 547c1f776d8446eea9ff7862d03688f1 P 17ba00d4ebe04d39a448a3bf9b9f162b [term 0 FOLLOWER]: Becoming Follower/Learner. State: Replica: 17ba00d4ebe04d39a448a3bf9b9f162b, State: Initialized, Role: FOLLOWER
I20260713 09:00:07.771306  1781 tablet_bootstrap.cc:492] T dd72f9fb581b4534a550440fccaec88c P 39cead7c461f4de5a937ea46d9033d95: Bootstrap starting.
I20260713 09:00:07.771742  1780 consensus_queue.cc:260] T 547c1f776d8446eea9ff7862d03688f1 P 17ba00d4ebe04d39a448a3bf9b9f162b [NON_LEADER]: Queue going to NON_LEADER mode. State: All replicated index: 0, Majority replicated index: 0, Committed index: 0, Last appended: 0.0, Last appended by leader: 0, Current term: 0, Majority size: -1, State: 0, Mode: NON_LEADER, active raft config: opid_index: -1 OBSOLETE_local: false peers { permanent_uuid: "39cead7c461f4de5a937ea46d9033d95" member_type: VOTER last_known_addr { host: "127.0.107.193" port: 33073 } } peers { permanent_uuid: "69c28c978cd345fda0dd3ca03ff6667a" member_type: VOTER last_known_addr { host: "127.0.107.194" port: 42597 } } peers { permanent_uuid: "17ba00d4ebe04d39a448a3bf9b9f162b" member_type: VOTER last_known_addr { host: "127.0.107.195" port: 40435 } }
I20260713 09:00:07.774323  1780 ts_tablet_manager.cc:1434] T 547c1f776d8446eea9ff7862d03688f1 P 17ba00d4ebe04d39a448a3bf9b9f162b: Time spent starting tablet: real 0.015s	user 0.009s	sys 0.000s
I20260713 09:00:07.775414  1780 tablet_bootstrap.cc:492] T d877d8f270c94539b3b8e45531a8d977 P 17ba00d4ebe04d39a448a3bf9b9f162b: Bootstrap starting.
I20260713 09:00:07.776993  1782 tablet_bootstrap.cc:654] T 547c1f776d8446eea9ff7862d03688f1 P 69c28c978cd345fda0dd3ca03ff6667a: Neither blocks nor log segments found. Creating new log.
I20260713 09:00:07.779685  1781 tablet_bootstrap.cc:654] T dd72f9fb581b4534a550440fccaec88c P 39cead7c461f4de5a937ea46d9033d95: Neither blocks nor log segments found. Creating new log.
I20260713 09:00:07.783422  1780 tablet_bootstrap.cc:654] T d877d8f270c94539b3b8e45531a8d977 P 17ba00d4ebe04d39a448a3bf9b9f162b: Neither blocks nor log segments found. Creating new log.
I20260713 09:00:07.792860  1787 raft_consensus.cc:493] T 547c1f776d8446eea9ff7862d03688f1 P 39cead7c461f4de5a937ea46d9033d95 [term 0 FOLLOWER]: Starting pre-election (no leader contacted us within the election timeout)
I20260713 09:00:07.793643  1787 raft_consensus.cc:515] T 547c1f776d8446eea9ff7862d03688f1 P 39cead7c461f4de5a937ea46d9033d95 [term 0 FOLLOWER]: Starting pre-election with config: opid_index: -1 OBSOLETE_local: false peers { permanent_uuid: "39cead7c461f4de5a937ea46d9033d95" member_type: VOTER last_known_addr { host: "127.0.107.193" port: 33073 } } peers { permanent_uuid: "69c28c978cd345fda0dd3ca03ff6667a" member_type: VOTER last_known_addr { host: "127.0.107.194" port: 42597 } } peers { permanent_uuid: "17ba00d4ebe04d39a448a3bf9b9f162b" member_type: VOTER last_known_addr { host: "127.0.107.195" port: 40435 } }
I20260713 09:00:07.807533  1787 leader_election.cc:290] T 547c1f776d8446eea9ff7862d03688f1 P 39cead7c461f4de5a937ea46d9033d95 [CANDIDATE]: Term 1 pre-election: Requested pre-vote from peers 69c28c978cd345fda0dd3ca03ff6667a (127.0.107.194:42597), 17ba00d4ebe04d39a448a3bf9b9f162b (127.0.107.195:40435)
I20260713 09:00:07.812592  1781 tablet_bootstrap.cc:492] T dd72f9fb581b4534a550440fccaec88c P 39cead7c461f4de5a937ea46d9033d95: No bootstrap required, opened a new log
I20260713 09:00:07.813359  1781 ts_tablet_manager.cc:1403] T dd72f9fb581b4534a550440fccaec88c P 39cead7c461f4de5a937ea46d9033d95: Time spent bootstrapping tablet: real 0.042s	user 0.016s	sys 0.005s
I20260713 09:00:07.825150  1782 tablet_bootstrap.cc:492] T 547c1f776d8446eea9ff7862d03688f1 P 69c28c978cd345fda0dd3ca03ff6667a: No bootstrap required, opened a new log
I20260713 09:00:07.825218  1788 raft_consensus.cc:493] T 66da80cd8e5047c7b1477431684d7897 P 69c28c978cd345fda0dd3ca03ff6667a [term 0 FOLLOWER]: Starting pre-election (no leader contacted us within the election timeout)
I20260713 09:00:07.825781  1782 ts_tablet_manager.cc:1403] T 547c1f776d8446eea9ff7862d03688f1 P 69c28c978cd345fda0dd3ca03ff6667a: Time spent bootstrapping tablet: real 0.056s	user 0.014s	sys 0.039s
I20260713 09:00:07.825733  1788 raft_consensus.cc:515] T 66da80cd8e5047c7b1477431684d7897 P 69c28c978cd345fda0dd3ca03ff6667a [term 0 FOLLOWER]: Starting pre-election with config: opid_index: -1 OBSOLETE_local: false peers { permanent_uuid: "39cead7c461f4de5a937ea46d9033d95" member_type: VOTER last_known_addr { host: "127.0.107.193" port: 33073 } } peers { permanent_uuid: "69c28c978cd345fda0dd3ca03ff6667a" member_type: VOTER last_known_addr { host: "127.0.107.194" port: 42597 } } peers { permanent_uuid: "17ba00d4ebe04d39a448a3bf9b9f162b" member_type: VOTER last_known_addr { host: "127.0.107.195" port: 40435 } }
I20260713 09:00:07.828940  1782 raft_consensus.cc:359] T 547c1f776d8446eea9ff7862d03688f1 P 69c28c978cd345fda0dd3ca03ff6667a [term 0 FOLLOWER]: Replica starting. Triggering 0 pending ops. Active config: opid_index: -1 OBSOLETE_local: false peers { permanent_uuid: "39cead7c461f4de5a937ea46d9033d95" member_type: VOTER last_known_addr { host: "127.0.107.193" port: 33073 } } peers { permanent_uuid: "69c28c978cd345fda0dd3ca03ff6667a" member_type: VOTER last_known_addr { host: "127.0.107.194" port: 42597 } } peers { permanent_uuid: "17ba00d4ebe04d39a448a3bf9b9f162b" member_type: VOTER last_known_addr { host: "127.0.107.195" port: 40435 } }
I20260713 09:00:07.829727  1782 raft_consensus.cc:385] T 547c1f776d8446eea9ff7862d03688f1 P 69c28c978cd345fda0dd3ca03ff6667a [term 0 FOLLOWER]: Consensus starting up: Expiring failure detector timer to make a prompt election more likely
I20260713 09:00:07.829941  1788 leader_election.cc:290] T 66da80cd8e5047c7b1477431684d7897 P 69c28c978cd345fda0dd3ca03ff6667a [CANDIDATE]: Term 1 pre-election: Requested pre-vote from peers 39cead7c461f4de5a937ea46d9033d95 (127.0.107.193:33073), 17ba00d4ebe04d39a448a3bf9b9f162b (127.0.107.195:40435)
I20260713 09:00:07.830036  1782 raft_consensus.cc:740] T 547c1f776d8446eea9ff7862d03688f1 P 69c28c978cd345fda0dd3ca03ff6667a [term 0 FOLLOWER]: Becoming Follower/Learner. State: Replica: 69c28c978cd345fda0dd3ca03ff6667a, State: Initialized, Role: FOLLOWER
I20260713 09:00:07.831036  1782 consensus_queue.cc:260] T 547c1f776d8446eea9ff7862d03688f1 P 69c28c978cd345fda0dd3ca03ff6667a [NON_LEADER]: Queue going to NON_LEADER mode. State: All replicated index: 0, Majority replicated index: 0, Committed index: 0, Last appended: 0.0, Last appended by leader: 0, Current term: 0, Majority size: -1, State: 0, Mode: NON_LEADER, active raft config: opid_index: -1 OBSOLETE_local: false peers { permanent_uuid: "39cead7c461f4de5a937ea46d9033d95" member_type: VOTER last_known_addr { host: "127.0.107.193" port: 33073 } } peers { permanent_uuid: "69c28c978cd345fda0dd3ca03ff6667a" member_type: VOTER last_known_addr { host: "127.0.107.194" port: 42597 } } peers { permanent_uuid: "17ba00d4ebe04d39a448a3bf9b9f162b" member_type: VOTER last_known_addr { host: "127.0.107.195" port: 40435 } }
I20260713 09:00:07.834756  1782 ts_tablet_manager.cc:1434] T 547c1f776d8446eea9ff7862d03688f1 P 69c28c978cd345fda0dd3ca03ff6667a: Time spent starting tablet: real 0.009s	user 0.010s	sys 0.000s
I20260713 09:00:07.836017  1782 tablet_bootstrap.cc:492] T 9b6609c362ef4635b1254b0d4e8cbc32 P 69c28c978cd345fda0dd3ca03ff6667a: Bootstrap starting.
I20260713 09:00:07.843617  1782 tablet_bootstrap.cc:654] T 9b6609c362ef4635b1254b0d4e8cbc32 P 69c28c978cd345fda0dd3ca03ff6667a: Neither blocks nor log segments found. Creating new log.
I20260713 09:00:07.817760  1781 raft_consensus.cc:359] T dd72f9fb581b4534a550440fccaec88c P 39cead7c461f4de5a937ea46d9033d95 [term 0 FOLLOWER]: Replica starting. Triggering 0 pending ops. Active config: opid_index: -1 OBSOLETE_local: false peers { permanent_uuid: "39cead7c461f4de5a937ea46d9033d95" member_type: VOTER last_known_addr { host: "127.0.107.193" port: 33073 } } peers { permanent_uuid: "69c28c978cd345fda0dd3ca03ff6667a" member_type: VOTER last_known_addr { host: "127.0.107.194" port: 42597 } } peers { permanent_uuid: "17ba00d4ebe04d39a448a3bf9b9f162b" member_type: VOTER last_known_addr { host: "127.0.107.195" port: 40435 } }
I20260713 09:00:07.848507  1780 tablet_bootstrap.cc:492] T d877d8f270c94539b3b8e45531a8d977 P 17ba00d4ebe04d39a448a3bf9b9f162b: No bootstrap required, opened a new log
I20260713 09:00:07.848832  1781 raft_consensus.cc:385] T dd72f9fb581b4534a550440fccaec88c P 39cead7c461f4de5a937ea46d9033d95 [term 0 FOLLOWER]: Consensus starting up: Expiring failure detector timer to make a prompt election more likely
I20260713 09:00:07.849191  1780 ts_tablet_manager.cc:1403] T d877d8f270c94539b3b8e45531a8d977 P 17ba00d4ebe04d39a448a3bf9b9f162b: Time spent bootstrapping tablet: real 0.074s	user 0.026s	sys 0.044s
I20260713 09:00:07.853048  1780 raft_consensus.cc:359] T d877d8f270c94539b3b8e45531a8d977 P 17ba00d4ebe04d39a448a3bf9b9f162b [term 0 FOLLOWER]: Replica starting. Triggering 0 pending ops. Active config: opid_index: -1 OBSOLETE_local: false peers { permanent_uuid: "39cead7c461f4de5a937ea46d9033d95" member_type: VOTER last_known_addr { host: "127.0.107.193" port: 33073 } } peers { permanent_uuid: "17ba00d4ebe04d39a448a3bf9b9f162b" member_type: VOTER last_known_addr { host: "127.0.107.195" port: 40435 } } peers { permanent_uuid: "69c28c978cd345fda0dd3ca03ff6667a" member_type: VOTER last_known_addr { host: "127.0.107.194" port: 42597 } }
I20260713 09:00:07.854223  1780 raft_consensus.cc:385] T d877d8f270c94539b3b8e45531a8d977 P 17ba00d4ebe04d39a448a3bf9b9f162b [term 0 FOLLOWER]: Consensus starting up: Expiring failure detector timer to make a prompt election more likely
I20260713 09:00:07.854650  1780 raft_consensus.cc:740] T d877d8f270c94539b3b8e45531a8d977 P 17ba00d4ebe04d39a448a3bf9b9f162b [term 0 FOLLOWER]: Becoming Follower/Learner. State: Replica: 17ba00d4ebe04d39a448a3bf9b9f162b, State: Initialized, Role: FOLLOWER
I20260713 09:00:07.855546  1780 consensus_queue.cc:260] T d877d8f270c94539b3b8e45531a8d977 P 17ba00d4ebe04d39a448a3bf9b9f162b [NON_LEADER]: Queue going to NON_LEADER mode. State: All replicated index: 0, Majority replicated index: 0, Committed index: 0, Last appended: 0.0, Last appended by leader: 0, Current term: 0, Majority size: -1, State: 0, Mode: NON_LEADER, active raft config: opid_index: -1 OBSOLETE_local: false peers { permanent_uuid: "39cead7c461f4de5a937ea46d9033d95" member_type: VOTER last_known_addr { host: "127.0.107.193" port: 33073 } } peers { permanent_uuid: "17ba00d4ebe04d39a448a3bf9b9f162b" member_type: VOTER last_known_addr { host: "127.0.107.195" port: 40435 } } peers { permanent_uuid: "69c28c978cd345fda0dd3ca03ff6667a" member_type: VOTER last_known_addr { host: "127.0.107.194" port: 42597 } }
I20260713 09:00:07.857028  1782 tablet_bootstrap.cc:492] T 9b6609c362ef4635b1254b0d4e8cbc32 P 69c28c978cd345fda0dd3ca03ff6667a: No bootstrap required, opened a new log
I20260713 09:00:07.857501  1782 ts_tablet_manager.cc:1403] T 9b6609c362ef4635b1254b0d4e8cbc32 P 69c28c978cd345fda0dd3ca03ff6667a: Time spent bootstrapping tablet: real 0.022s	user 0.008s	sys 0.010s
I20260713 09:00:07.858274  1780 ts_tablet_manager.cc:1434] T d877d8f270c94539b3b8e45531a8d977 P 17ba00d4ebe04d39a448a3bf9b9f162b: Time spent starting tablet: real 0.009s	user 0.008s	sys 0.000s
I20260713 09:00:07.859370  1780 tablet_bootstrap.cc:492] T 8e81d4591838471b8515bf50cc28bb8c P 17ba00d4ebe04d39a448a3bf9b9f162b: Bootstrap starting.
I20260713 09:00:07.849172  1781 raft_consensus.cc:740] T dd72f9fb581b4534a550440fccaec88c P 39cead7c461f4de5a937ea46d9033d95 [term 0 FOLLOWER]: Becoming Follower/Learner. State: Replica: 39cead7c461f4de5a937ea46d9033d95, State: Initialized, Role: FOLLOWER
I20260713 09:00:07.860402  1782 raft_consensus.cc:359] T 9b6609c362ef4635b1254b0d4e8cbc32 P 69c28c978cd345fda0dd3ca03ff6667a [term 0 FOLLOWER]: Replica starting. Triggering 0 pending ops. Active config: opid_index: -1 OBSOLETE_local: false peers { permanent_uuid: "39cead7c461f4de5a937ea46d9033d95" member_type: VOTER last_known_addr { host: "127.0.107.193" port: 33073 } } peers { permanent_uuid: "69c28c978cd345fda0dd3ca03ff6667a" member_type: VOTER last_known_addr { host: "127.0.107.194" port: 42597 } } peers { permanent_uuid: "17ba00d4ebe04d39a448a3bf9b9f162b" member_type: VOTER last_known_addr { host: "127.0.107.195" port: 40435 } }
I20260713 09:00:07.861141  1782 raft_consensus.cc:385] T 9b6609c362ef4635b1254b0d4e8cbc32 P 69c28c978cd345fda0dd3ca03ff6667a [term 0 FOLLOWER]: Consensus starting up: Expiring failure detector timer to make a prompt election more likely
I20260713 09:00:07.861589  1782 raft_consensus.cc:740] T 9b6609c362ef4635b1254b0d4e8cbc32 P 69c28c978cd345fda0dd3ca03ff6667a [term 0 FOLLOWER]: Becoming Follower/Learner. State: Replica: 69c28c978cd345fda0dd3ca03ff6667a, State: Initialized, Role: FOLLOWER
I20260713 09:00:07.862426  1782 consensus_queue.cc:260] T 9b6609c362ef4635b1254b0d4e8cbc32 P 69c28c978cd345fda0dd3ca03ff6667a [NON_LEADER]: Queue going to NON_LEADER mode. State: All replicated index: 0, Majority replicated index: 0, Committed index: 0, Last appended: 0.0, Last appended by leader: 0, Current term: 0, Majority size: -1, State: 0, Mode: NON_LEADER, active raft config: opid_index: -1 OBSOLETE_local: false peers { permanent_uuid: "39cead7c461f4de5a937ea46d9033d95" member_type: VOTER last_known_addr { host: "127.0.107.193" port: 33073 } } peers { permanent_uuid: "69c28c978cd345fda0dd3ca03ff6667a" member_type: VOTER last_known_addr { host: "127.0.107.194" port: 42597 } } peers { permanent_uuid: "17ba00d4ebe04d39a448a3bf9b9f162b" member_type: VOTER last_known_addr { host: "127.0.107.195" port: 40435 } }
I20260713 09:00:07.865554  1782 ts_tablet_manager.cc:1434] T 9b6609c362ef4635b1254b0d4e8cbc32 P 69c28c978cd345fda0dd3ca03ff6667a: Time spent starting tablet: real 0.008s	user 0.008s	sys 0.000s
I20260713 09:00:07.866891  1782 tablet_bootstrap.cc:492] T 8053fc192f1e4325a367a708c06747a2 P 69c28c978cd345fda0dd3ca03ff6667a: Bootstrap starting.
I20260713 09:00:07.868386  1780 tablet_bootstrap.cc:654] T 8e81d4591838471b8515bf50cc28bb8c P 17ba00d4ebe04d39a448a3bf9b9f162b: Neither blocks nor log segments found. Creating new log.
I20260713 09:00:07.873385  1782 tablet_bootstrap.cc:654] T 8053fc192f1e4325a367a708c06747a2 P 69c28c978cd345fda0dd3ca03ff6667a: Neither blocks nor log segments found. Creating new log.
