I20260713 09:06:32.832093 16949 raft_consensus.cc:493] T f460cfdd75df4b36a011d3975ddc025b P 851bf4dd3f844e3881e87e53e9d763bc [term 0 FOLLOWER]: Starting pre-election (no leader contacted us within the election timeout)
I20260713 09:06:32.832830 16928 raft_consensus.cc:2804] T b73b95a5037a4244855bef556bce1589 P 851bf4dd3f844e3881e87e53e9d763bc [term 0 FOLLOWER]: Leader pre-election won for term 1
I20260713 09:06:32.829954 16922 raft_consensus.cc:359] T e19850c5b39e40c98867876f11aace9e P 851bf4dd3f844e3881e87e53e9d763bc [term 0 FOLLOWER]: Replica starting. Triggering 0 pending ops. Active config: opid_index: -1 OBSOLETE_local: false peers { permanent_uuid: "851bf4dd3f844e3881e87e53e9d763bc" member_type: VOTER last_known_addr { host: "127.16.52.129" port: 43185 } } peers { permanent_uuid: "8b0fc3344cfc455c8e90abefb57ea538" member_type: VOTER last_known_addr { host: "127.16.52.130" port: 46603 } } peers { permanent_uuid: "71e978779b9c46a1bb64210879e6393b" member_type: VOTER last_known_addr { host: "127.16.52.131" port: 43363 } }
I20260713 09:06:32.833535 16928 raft_consensus.cc:493] T b73b95a5037a4244855bef556bce1589 P 851bf4dd3f844e3881e87e53e9d763bc [term 0 FOLLOWER]: Starting leader election (no leader contacted us within the election timeout)
I20260713 09:06:32.833361 16949 raft_consensus.cc:515] T f460cfdd75df4b36a011d3975ddc025b P 851bf4dd3f844e3881e87e53e9d763bc [term 0 FOLLOWER]: Starting pre-election with config: opid_index: -1 OBSOLETE_local: false peers { permanent_uuid: "851bf4dd3f844e3881e87e53e9d763bc" member_type: VOTER last_known_addr { host: "127.16.52.129" port: 43185 } } peers { permanent_uuid: "8b0fc3344cfc455c8e90abefb57ea538" member_type: VOTER last_known_addr { host: "127.16.52.130" port: 46603 } } peers { permanent_uuid: "71e978779b9c46a1bb64210879e6393b" member_type: VOTER last_known_addr { host: "127.16.52.131" port: 43363 } }
I20260713 09:06:32.834586 16928 raft_consensus.cc:3060] T b73b95a5037a4244855bef556bce1589 P 851bf4dd3f844e3881e87e53e9d763bc [term 0 FOLLOWER]: Advancing to term 1
I20260713 09:06:32.834322 16922 raft_consensus.cc:385] T e19850c5b39e40c98867876f11aace9e P 851bf4dd3f844e3881e87e53e9d763bc [term 0 FOLLOWER]: Consensus starting up: Expiring failure detector timer to make a prompt election more likely
I20260713 09:06:32.836216 16922 raft_consensus.cc:740] T e19850c5b39e40c98867876f11aace9e P 851bf4dd3f844e3881e87e53e9d763bc [term 0 FOLLOWER]: Becoming Follower/Learner. State: Replica: 851bf4dd3f844e3881e87e53e9d763bc, State: Initialized, Role: FOLLOWER
I20260713 09:06:32.839633 16804 tablet_service.cc:1917] Received RequestConsensusVote() RPC: tablet_id: "f460cfdd75df4b36a011d3975ddc025b" candidate_uuid: "851bf4dd3f844e3881e87e53e9d763bc" candidate_term: 1 candidate_status { last_received { term: 0 index: 0 } } ignore_live_leader: false dest_uuid: "8b0fc3344cfc455c8e90abefb57ea538" is_pre_election: true
I20260713 09:06:32.840287 16949 leader_election.cc:290] T f460cfdd75df4b36a011d3975ddc025b P 851bf4dd3f844e3881e87e53e9d763bc [CANDIDATE]: Term 1 pre-election: Requested pre-vote from peers 8b0fc3344cfc455c8e90abefb57ea538 (127.16.52.130:46603), 71e978779b9c46a1bb64210879e6393b (127.16.52.131:43363)
I20260713 09:06:32.841091 16922 consensus_queue.cc:260] T e19850c5b39e40c98867876f11aace9e P 851bf4dd3f844e3881e87e53e9d763bc [NON_LEADER]: Queue going to NON_LEADER mode. State: All replicated index: 0, Majority replicated index: 0, Committed index: 0, Last appended: 0.0, Last appended by leader: 0, Current term: 0, Majority size: -1, State: 0, Mode: NON_LEADER, active raft config: opid_index: -1 OBSOLETE_local: false peers { permanent_uuid: "851bf4dd3f844e3881e87e53e9d763bc" member_type: VOTER last_known_addr { host: "127.16.52.129" port: 43185 } } peers { permanent_uuid: "8b0fc3344cfc455c8e90abefb57ea538" member_type: VOTER last_known_addr { host: "127.16.52.130" port: 46603 } } peers { permanent_uuid: "71e978779b9c46a1bb64210879e6393b" member_type: VOTER last_known_addr { host: "127.16.52.131" port: 43363 } }
W20260713 09:06:32.841459 16692 leader_election.cc:343] T f460cfdd75df4b36a011d3975ddc025b P 851bf4dd3f844e3881e87e53e9d763bc [CANDIDATE]: Term 1 pre-election: Tablet error from VoteRequest() call to peer 8b0fc3344cfc455c8e90abefb57ea538 (127.16.52.130:46603): Illegal state: must be running to vote when last-logged opid is not known
I20260713 09:06:32.841524 16921 tablet_bootstrap.cc:492] T 2f3faaa86c5e4ec387bd04d72461719d P 71e978779b9c46a1bb64210879e6393b: No bootstrap required, opened a new log
I20260713 09:06:32.842545 16921 ts_tablet_manager.cc:1403] T 2f3faaa86c5e4ec387bd04d72461719d P 71e978779b9c46a1bb64210879e6393b: Time spent bootstrapping tablet: real 0.075s	user 0.012s	sys 0.012s
I20260713 09:06:32.845672 16922 ts_tablet_manager.cc:1434] T e19850c5b39e40c98867876f11aace9e P 851bf4dd3f844e3881e87e53e9d763bc: Time spent starting tablet: real 0.037s	user 0.007s	sys 0.002s
I20260713 09:06:32.846622 16922 tablet_bootstrap.cc:492] T e4fc442adadc40f98a45bee2a3019a84 P 851bf4dd3f844e3881e87e53e9d763bc: Bootstrap starting.
I20260713 09:06:32.850047 16878 tablet_service.cc:1917] Received RequestConsensusVote() RPC: tablet_id: "f460cfdd75df4b36a011d3975ddc025b" candidate_uuid: "851bf4dd3f844e3881e87e53e9d763bc" candidate_term: 1 candidate_status { last_received { term: 0 index: 0 } } ignore_live_leader: false dest_uuid: "71e978779b9c46a1bb64210879e6393b" is_pre_election: true
I20260713 09:06:32.850832 16878 raft_consensus.cc:2468] T f460cfdd75df4b36a011d3975ddc025b P 71e978779b9c46a1bb64210879e6393b [term 0 FOLLOWER]: Leader pre-election vote request: Granting yes vote for candidate 851bf4dd3f844e3881e87e53e9d763bc in term 0.
I20260713 09:06:32.851531 16926 raft_consensus.cc:493] T 536ef72e4734404e840659b72d53fafb P 71e978779b9c46a1bb64210879e6393b [term 0 FOLLOWER]: Starting pre-election (no leader contacted us within the election timeout)
I20260713 09:06:32.851476 16729 tablet_service.cc:1917] Received RequestConsensusVote() RPC: tablet_id: "f460cfdd75df4b36a011d3975ddc025b" candidate_uuid: "71e978779b9c46a1bb64210879e6393b" candidate_term: 1 candidate_status { last_received { term: 0 index: 0 } } ignore_live_leader: false dest_uuid: "851bf4dd3f844e3881e87e53e9d763bc" is_pre_election: true
I20260713 09:06:32.851859 16693 leader_election.cc:304] T f460cfdd75df4b36a011d3975ddc025b P 851bf4dd3f844e3881e87e53e9d763bc [CANDIDATE]: Term 1 pre-election: Election decided. Result: candidate won. Election summary: received 3 responses out of 3 voters: 2 yes votes; 1 no votes. yes voters: 71e978779b9c46a1bb64210879e6393b, 851bf4dd3f844e3881e87e53e9d763bc; no voters: 8b0fc3344cfc455c8e90abefb57ea538
I20260713 09:06:32.852171 16729 raft_consensus.cc:2468] T f460cfdd75df4b36a011d3975ddc025b P 851bf4dd3f844e3881e87e53e9d763bc [term 0 FOLLOWER]: Leader pre-election vote request: Granting yes vote for candidate 71e978779b9c46a1bb64210879e6393b in term 0.
I20260713 09:06:32.852057 16926 raft_consensus.cc:515] T 536ef72e4734404e840659b72d53fafb P 71e978779b9c46a1bb64210879e6393b [term 0 FOLLOWER]: Starting pre-election with config: opid_index: -1 OBSOLETE_local: false peers { permanent_uuid: "851bf4dd3f844e3881e87e53e9d763bc" member_type: VOTER last_known_addr { host: "127.16.52.129" port: 43185 } } peers { permanent_uuid: "8b0fc3344cfc455c8e90abefb57ea538" member_type: VOTER last_known_addr { host: "127.16.52.130" port: 46603 } } peers { permanent_uuid: "71e978779b9c46a1bb64210879e6393b" member_type: VOTER last_known_addr { host: "127.16.52.131" port: 43363 } }
I20260713 09:06:32.852639 16949 raft_consensus.cc:2804] T f460cfdd75df4b36a011d3975ddc025b P 851bf4dd3f844e3881e87e53e9d763bc [term 0 FOLLOWER]: Leader pre-election won for term 1
I20260713 09:06:32.853011 16949 raft_consensus.cc:493] T f460cfdd75df4b36a011d3975ddc025b P 851bf4dd3f844e3881e87e53e9d763bc [term 0 FOLLOWER]: Starting leader election (no leader contacted us within the election timeout)
I20260713 09:06:32.853418 16949 raft_consensus.cc:3060] T f460cfdd75df4b36a011d3975ddc025b P 851bf4dd3f844e3881e87e53e9d763bc [term 0 FOLLOWER]: Advancing to term 1
I20260713 09:06:32.853542 16843 leader_election.cc:304] T f460cfdd75df4b36a011d3975ddc025b P 71e978779b9c46a1bb64210879e6393b [CANDIDATE]: Term 1 pre-election: Election decided. Result: candidate won. Election summary: received 2 responses out of 3 voters: 2 yes votes; 0 no votes. yes voters: 71e978779b9c46a1bb64210879e6393b, 851bf4dd3f844e3881e87e53e9d763bc; no voters: 
I20260713 09:06:32.855065 16926 leader_election.cc:290] T 536ef72e4734404e840659b72d53fafb P 71e978779b9c46a1bb64210879e6393b [CANDIDATE]: Term 1 pre-election: Requested pre-vote from peers 851bf4dd3f844e3881e87e53e9d763bc (127.16.52.129:43185), 8b0fc3344cfc455c8e90abefb57ea538 (127.16.52.130:46603)
I20260713 09:06:32.853243 16921 raft_consensus.cc:359] T 2f3faaa86c5e4ec387bd04d72461719d P 71e978779b9c46a1bb64210879e6393b [term 0 FOLLOWER]: Replica starting. Triggering 0 pending ops. Active config: opid_index: -1 OBSOLETE_local: false peers { permanent_uuid: "851bf4dd3f844e3881e87e53e9d763bc" member_type: VOTER last_known_addr { host: "127.16.52.129" port: 43185 } } peers { permanent_uuid: "8b0fc3344cfc455c8e90abefb57ea538" member_type: VOTER last_known_addr { host: "127.16.52.130" port: 46603 } } peers { permanent_uuid: "71e978779b9c46a1bb64210879e6393b" member_type: VOTER last_known_addr { host: "127.16.52.131" port: 43363 } }
I20260713 09:06:32.860734 16926 raft_consensus.cc:2804] T f460cfdd75df4b36a011d3975ddc025b P 71e978779b9c46a1bb64210879e6393b [term 0 FOLLOWER]: Leader pre-election won for term 1
I20260713 09:06:32.860571 16921 raft_consensus.cc:385] T 2f3faaa86c5e4ec387bd04d72461719d P 71e978779b9c46a1bb64210879e6393b [term 0 FOLLOWER]: Consensus starting up: Expiring failure detector timer to make a prompt election more likely
I20260713 09:06:32.861102 16926 raft_consensus.cc:493] T f460cfdd75df4b36a011d3975ddc025b P 71e978779b9c46a1bb64210879e6393b [term 0 FOLLOWER]: Starting leader election (no leader contacted us within the election timeout)
I20260713 09:06:32.861450 16921 raft_consensus.cc:740] T 2f3faaa86c5e4ec387bd04d72461719d P 71e978779b9c46a1bb64210879e6393b [term 0 FOLLOWER]: Becoming Follower/Learner. State: Replica: 71e978779b9c46a1bb64210879e6393b, State: Initialized, Role: FOLLOWER
I20260713 09:06:32.861896 16923 tablet_bootstrap.cc:654] T f460cfdd75df4b36a011d3975ddc025b P 8b0fc3344cfc455c8e90abefb57ea538: Neither blocks nor log segments found. Creating new log.
I20260713 09:06:32.861500 16926 raft_consensus.cc:3060] T f460cfdd75df4b36a011d3975ddc025b P 71e978779b9c46a1bb64210879e6393b [term 0 FOLLOWER]: Advancing to term 1
I20260713 09:06:32.868230 16729 tablet_service.cc:1917] Received RequestConsensusVote() RPC: tablet_id: "536ef72e4734404e840659b72d53fafb" candidate_uuid: "71e978779b9c46a1bb64210879e6393b" candidate_term: 1 candidate_status { last_received { term: 0 index: 0 } } ignore_live_leader: false dest_uuid: "851bf4dd3f844e3881e87e53e9d763bc" is_pre_election: true
I20260713 09:06:32.869050 16729 raft_consensus.cc:2468] T 536ef72e4734404e840659b72d53fafb P 851bf4dd3f844e3881e87e53e9d763bc [term 0 FOLLOWER]: Leader pre-election vote request: Granting yes vote for candidate 71e978779b9c46a1bb64210879e6393b in term 0.
I20260713 09:06:32.870592 16928 raft_consensus.cc:515] T b73b95a5037a4244855bef556bce1589 P 851bf4dd3f844e3881e87e53e9d763bc [term 1 FOLLOWER]: Starting leader election with config: opid_index: -1 OBSOLETE_local: false peers { permanent_uuid: "851bf4dd3f844e3881e87e53e9d763bc" member_type: VOTER last_known_addr { host: "127.16.52.129" port: 43185 } } peers { permanent_uuid: "8b0fc3344cfc455c8e90abefb57ea538" member_type: VOTER last_known_addr { host: "127.16.52.130" port: 46603 } } peers { permanent_uuid: "71e978779b9c46a1bb64210879e6393b" member_type: VOTER last_known_addr { host: "127.16.52.131" port: 43363 } }
I20260713 09:06:32.874019 16928 leader_election.cc:290] T b73b95a5037a4244855bef556bce1589 P 851bf4dd3f844e3881e87e53e9d763bc [CANDIDATE]: Term 1 election: Requested vote from peers 8b0fc3344cfc455c8e90abefb57ea538 (127.16.52.130:46603), 71e978779b9c46a1bb64210879e6393b (127.16.52.131:43363)
I20260713 09:06:32.875591 16803 tablet_service.cc:1917] Received RequestConsensusVote() RPC: tablet_id: "536ef72e4734404e840659b72d53fafb" candidate_uuid: "71e978779b9c46a1bb64210879e6393b" candidate_term: 1 candidate_status { last_received { term: 0 index: 0 } } ignore_live_leader: false dest_uuid: "8b0fc3344cfc455c8e90abefb57ea538" is_pre_election: true
I20260713 09:06:32.875797 16843 leader_election.cc:304] T 536ef72e4734404e840659b72d53fafb P 71e978779b9c46a1bb64210879e6393b [CANDIDATE]: Term 1 pre-election: Election decided. Result: candidate won. Election summary: received 2 responses out of 3 voters: 2 yes votes; 0 no votes. yes voters: 71e978779b9c46a1bb64210879e6393b, 851bf4dd3f844e3881e87e53e9d763bc; no voters: 
I20260713 09:06:32.880927 16922 tablet_bootstrap.cc:654] T e4fc442adadc40f98a45bee2a3019a84 P 851bf4dd3f844e3881e87e53e9d763bc: Neither blocks nor log segments found. Creating new log.
I20260713 09:06:32.874030 16804 tablet_service.cc:1917] Received RequestConsensusVote() RPC: tablet_id: "f460cfdd75df4b36a011d3975ddc025b" candidate_uuid: "71e978779b9c46a1bb64210879e6393b" candidate_term: 1 candidate_status { last_received { term: 0 index: 0 } } ignore_live_leader: false dest_uuid: "8b0fc3344cfc455c8e90abefb57ea538" is_pre_election: true
I20260713 09:06:32.881479 16803 raft_consensus.cc:2468] T 536ef72e4734404e840659b72d53fafb P 8b0fc3344cfc455c8e90abefb57ea538 [term 0 FOLLOWER]: Leader pre-election vote request: Granting yes vote for candidate 71e978779b9c46a1bb64210879e6393b in term 0.
I20260713 09:06:32.882906 16802 tablet_service.cc:1917] Received RequestConsensusVote() RPC: tablet_id: "b73b95a5037a4244855bef556bce1589" candidate_uuid: "851bf4dd3f844e3881e87e53e9d763bc" candidate_term: 1 candidate_status { last_received { term: 0 index: 0 } } ignore_live_leader: false dest_uuid: "8b0fc3344cfc455c8e90abefb57ea538"
I20260713 09:06:32.880352 16921 consensus_queue.cc:260] T 2f3faaa86c5e4ec387bd04d72461719d P 71e978779b9c46a1bb64210879e6393b [NON_LEADER]: Queue going to NON_LEADER mode. State: All replicated index: 0, Majority replicated index: 0, Committed index: 0, Last appended: 0.0, Last appended by leader: 0, Current term: 0, Majority size: -1, State: 0, Mode: NON_LEADER, active raft config: opid_index: -1 OBSOLETE_local: false peers { permanent_uuid: "851bf4dd3f844e3881e87e53e9d763bc" member_type: VOTER last_known_addr { host: "127.16.52.129" port: 43185 } } peers { permanent_uuid: "8b0fc3344cfc455c8e90abefb57ea538" member_type: VOTER last_known_addr { host: "127.16.52.130" port: 46603 } } peers { permanent_uuid: "71e978779b9c46a1bb64210879e6393b" member_type: VOTER last_known_addr { host: "127.16.52.131" port: 43363 } }
W20260713 09:06:32.886801 16692 leader_election.cc:343] T b73b95a5037a4244855bef556bce1589 P 851bf4dd3f844e3881e87e53e9d763bc [CANDIDATE]: Term 1 election: Tablet error from VoteRequest() call to peer 8b0fc3344cfc455c8e90abefb57ea538 (127.16.52.130:46603): Illegal state: must be running to vote when last-logged opid is not known
W20260713 09:06:32.888940 16841 leader_election.cc:343] T f460cfdd75df4b36a011d3975ddc025b P 71e978779b9c46a1bb64210879e6393b [CANDIDATE]: Term 1 pre-election: Tablet error from VoteRequest() call to peer 8b0fc3344cfc455c8e90abefb57ea538 (127.16.52.130:46603): Illegal state: must be running to vote when last-logged opid is not known
I20260713 09:06:32.897807 16956 raft_consensus.cc:493] T e19850c5b39e40c98867876f11aace9e P 71e978779b9c46a1bb64210879e6393b [term 0 FOLLOWER]: Starting pre-election (no leader contacted us within the election timeout)
I20260713 09:06:32.899031 16956 raft_consensus.cc:515] T e19850c5b39e40c98867876f11aace9e P 71e978779b9c46a1bb64210879e6393b [term 0 FOLLOWER]: Starting pre-election with config: opid_index: -1 OBSOLETE_local: false peers { permanent_uuid: "851bf4dd3f844e3881e87e53e9d763bc" member_type: VOTER last_known_addr { host: "127.16.52.129" port: 43185 } } peers { permanent_uuid: "8b0fc3344cfc455c8e90abefb57ea538" member_type: VOTER last_known_addr { host: "127.16.52.130" port: 46603 } } peers { permanent_uuid: "71e978779b9c46a1bb64210879e6393b" member_type: VOTER last_known_addr { host: "127.16.52.131" port: 43363 } }
I20260713 09:06:32.901750 16949 raft_consensus.cc:515] T f460cfdd75df4b36a011d3975ddc025b P 851bf4dd3f844e3881e87e53e9d763bc [term 1 FOLLOWER]: Starting leader election with config: opid_index: -1 OBSOLETE_local: false peers { permanent_uuid: "851bf4dd3f844e3881e87e53e9d763bc" member_type: VOTER last_known_addr { host: "127.16.52.129" port: 43185 } } peers { permanent_uuid: "8b0fc3344cfc455c8e90abefb57ea538" member_type: VOTER last_known_addr { host: "127.16.52.130" port: 46603 } } peers { permanent_uuid: "71e978779b9c46a1bb64210879e6393b" member_type: VOTER last_known_addr { host: "127.16.52.131" port: 43363 } }
I20260713 09:06:32.902532 16956 leader_election.cc:290] T e19850c5b39e40c98867876f11aace9e P 71e978779b9c46a1bb64210879e6393b [CANDIDATE]: Term 1 pre-election: Requested pre-vote from peers 851bf4dd3f844e3881e87e53e9d763bc (127.16.52.129:43185), 8b0fc3344cfc455c8e90abefb57ea538 (127.16.52.130:46603)
I20260713 09:06:32.903252 16956 raft_consensus.cc:2804] T 536ef72e4734404e840659b72d53fafb P 71e978779b9c46a1bb64210879e6393b [term 0 FOLLOWER]: Leader pre-election won for term 1
I20260713 09:06:32.903765 16804 tablet_service.cc:1917] Received RequestConsensusVote() RPC: tablet_id: "e19850c5b39e40c98867876f11aace9e" candidate_uuid: "71e978779b9c46a1bb64210879e6393b" candidate_term: 1 candidate_status { last_received { term: 0 index: 0 } } ignore_live_leader: false dest_uuid: "8b0fc3344cfc455c8e90abefb57ea538" is_pre_election: true
I20260713 09:06:32.904385 16804 raft_consensus.cc:2468] T e19850c5b39e40c98867876f11aace9e P 8b0fc3344cfc455c8e90abefb57ea538 [term 0 FOLLOWER]: Leader pre-election vote request: Granting yes vote for candidate 71e978779b9c46a1bb64210879e6393b in term 0.
I20260713 09:06:32.903605 16956 raft_consensus.cc:493] T 536ef72e4734404e840659b72d53fafb P 71e978779b9c46a1bb64210879e6393b [term 0 FOLLOWER]: Starting leader election (no leader contacted us within the election timeout)
I20260713 09:06:32.905556 16956 raft_consensus.cc:3060] T 536ef72e4734404e840659b72d53fafb P 71e978779b9c46a1bb64210879e6393b [term 0 FOLLOWER]: Advancing to term 1
I20260713 09:06:32.906025 16804 tablet_service.cc:1917] Received RequestConsensusVote() RPC: tablet_id: "f460cfdd75df4b36a011d3975ddc025b" candidate_uuid: "851bf4dd3f844e3881e87e53e9d763bc" candidate_term: 1 candidate_status { last_received { term: 0 index: 0 } } ignore_live_leader: false dest_uuid: "8b0fc3344cfc455c8e90abefb57ea538"
W20260713 09:06:32.907351 16692 leader_election.cc:343] T f460cfdd75df4b36a011d3975ddc025b P 851bf4dd3f844e3881e87e53e9d763bc [CANDIDATE]: Term 1 election: Tablet error from VoteRequest() call to peer 8b0fc3344cfc455c8e90abefb57ea538 (127.16.52.130:46603): Illegal state: must be running to vote when last-logged opid is not known
I20260713 09:06:32.908126 16841 leader_election.cc:304] T e19850c5b39e40c98867876f11aace9e P 71e978779b9c46a1bb64210879e6393b [CANDIDATE]: Term 1 pre-election: Election decided. Result: candidate won. Election summary: received 2 responses out of 3 voters: 2 yes votes; 0 no votes. yes voters: 71e978779b9c46a1bb64210879e6393b, 8b0fc3344cfc455c8e90abefb57ea538; no voters: 
I20260713 09:06:32.916350 16923 tablet_bootstrap.cc:492] T f460cfdd75df4b36a011d3975ddc025b P 8b0fc3344cfc455c8e90abefb57ea538: No bootstrap required, opened a new log
I20260713 09:06:32.916887 16923 ts_tablet_manager.cc:1403] T f460cfdd75df4b36a011d3975ddc025b P 8b0fc3344cfc455c8e90abefb57ea538: Time spent bootstrapping tablet: real 0.131s	user 0.008s	sys 0.014s
I20260713 09:06:32.918272 16959 raft_consensus.cc:2804] T e19850c5b39e40c98867876f11aace9e P 71e978779b9c46a1bb64210879e6393b [term 0 FOLLOWER]: Leader pre-election won for term 1
I20260713 09:06:32.919000 16921 ts_tablet_manager.cc:1434] T 2f3faaa86c5e4ec387bd04d72461719d P 71e978779b9c46a1bb64210879e6393b: Time spent starting tablet: real 0.076s	user 0.007s	sys 0.007s
I20260713 09:06:32.921998 16959 raft_consensus.cc:493] T e19850c5b39e40c98867876f11aace9e P 71e978779b9c46a1bb64210879e6393b [term 0 FOLLOWER]: Starting leader election (no leader contacted us within the election timeout)
I20260713 09:06:32.922391 16959 raft_consensus.cc:3060] T e19850c5b39e40c98867876f11aace9e P 71e978779b9c46a1bb64210879e6393b [term 0 FOLLOWER]: Advancing to term 1
I20260713 09:06:32.922739 16921 tablet_bootstrap.cc:492] T 5279c867f859470cb25d9bc927fc75a5 P 71e978779b9c46a1bb64210879e6393b: Bootstrap starting.
I20260713 09:06:32.929162 16959 raft_consensus.cc:515] T e19850c5b39e40c98867876f11aace9e P 71e978779b9c46a1bb64210879e6393b [term 1 FOLLOWER]: Starting leader election with config: opid_index: -1 OBSOLETE_local: false peers { permanent_uuid: "851bf4dd3f844e3881e87e53e9d763bc" member_type: VOTER last_known_addr { host: "127.16.52.129" port: 43185 } } peers { permanent_uuid: "8b0fc3344cfc455c8e90abefb57ea538" member_type: VOTER last_known_addr { host: "127.16.52.130" port: 46603 } } peers { permanent_uuid: "71e978779b9c46a1bb64210879e6393b" member_type: VOTER last_known_addr { host: "127.16.52.131" port: 43363 } }
W20260713 09:06:32.920104 16843 outbound_call.cc:321] RPC callback for RPC call kudu.consensus.ConsensusService.RequestConsensusVote -> {remote=127.16.52.129:43185, user_credentials={real_user=slave}} blocked reactor thread for 47297.4us
I20260713 09:06:32.895246 16926 raft_consensus.cc:515] T f460cfdd75df4b36a011d3975ddc025b P 71e978779b9c46a1bb64210879e6393b [term 1 FOLLOWER]: Starting leader election with config: opid_index: -1 OBSOLETE_local: false peers { permanent_uuid: "851bf4dd3f844e3881e87e53e9d763bc" member_type: VOTER last_known_addr { host: "127.16.52.129" port: 43185 } } peers { permanent_uuid: "8b0fc3344cfc455c8e90abefb57ea538" member_type: VOTER last_known_addr { host: "127.16.52.130" port: 46603 } } peers { permanent_uuid: "71e978779b9c46a1bb64210879e6393b" member_type: VOTER last_known_addr { host: "127.16.52.131" port: 43363 } }
I20260713 09:06:32.930833 16922 tablet_bootstrap.cc:492] T e4fc442adadc40f98a45bee2a3019a84 P 851bf4dd3f844e3881e87e53e9d763bc: No bootstrap required, opened a new log
I20260713 09:06:32.931432 16922 ts_tablet_manager.cc:1403] T e4fc442adadc40f98a45bee2a3019a84 P 851bf4dd3f844e3881e87e53e9d763bc: Time spent bootstrapping tablet: real 0.085s	user 0.011s	sys 0.007s
I20260713 09:06:32.903924 16949 leader_election.cc:290] T f460cfdd75df4b36a011d3975ddc025b P 851bf4dd3f844e3881e87e53e9d763bc [CANDIDATE]: Term 1 election: Requested vote from peers 8b0fc3344cfc455c8e90abefb57ea538 (127.16.52.130:46603), 71e978779b9c46a1bb64210879e6393b (127.16.52.131:43363)
I20260713 09:06:32.932338 16804 tablet_service.cc:1917] Received RequestConsensusVote() RPC: tablet_id: "e19850c5b39e40c98867876f11aace9e" candidate_uuid: "71e978779b9c46a1bb64210879e6393b" candidate_term: 1 candidate_status { last_received { term: 0 index: 0 } } ignore_live_leader: false dest_uuid: "8b0fc3344cfc455c8e90abefb57ea538"
I20260713 09:06:32.932617 16926 leader_election.cc:290] T f460cfdd75df4b36a011d3975ddc025b P 71e978779b9c46a1bb64210879e6393b [CANDIDATE]: Term 1 election: Requested vote from peers 851bf4dd3f844e3881e87e53e9d763bc (127.16.52.129:43185), 8b0fc3344cfc455c8e90abefb57ea538 (127.16.52.130:46603)
I20260713 09:06:32.932915 16804 raft_consensus.cc:3060] T e19850c5b39e40c98867876f11aace9e P 8b0fc3344cfc455c8e90abefb57ea538 [term 0 FOLLOWER]: Advancing to term 1
I20260713 09:06:32.921299 16956 raft_consensus.cc:515] T 536ef72e4734404e840659b72d53fafb P 71e978779b9c46a1bb64210879e6393b [term 1 FOLLOWER]: Starting leader election with config: opid_index: -1 OBSOLETE_local: false peers { permanent_uuid: "851bf4dd3f844e3881e87e53e9d763bc" member_type: VOTER last_known_addr { host: "127.16.52.129" port: 43185 } } peers { permanent_uuid: "8b0fc3344cfc455c8e90abefb57ea538" member_type: VOTER last_known_addr { host: "127.16.52.130" port: 46603 } } peers { permanent_uuid: "71e978779b9c46a1bb64210879e6393b" member_type: VOTER last_known_addr { host: "127.16.52.131" port: 43363 } }
I20260713 09:06:32.934917 16922 raft_consensus.cc:359] T e4fc442adadc40f98a45bee2a3019a84 P 851bf4dd3f844e3881e87e53e9d763bc [term 0 FOLLOWER]: Replica starting. Triggering 0 pending ops. Active config: opid_index: -1 OBSOLETE_local: false peers { permanent_uuid: "851bf4dd3f844e3881e87e53e9d763bc" member_type: VOTER last_known_addr { host: "127.16.52.129" port: 43185 } } peers { permanent_uuid: "8b0fc3344cfc455c8e90abefb57ea538" member_type: VOTER last_known_addr { host: "127.16.52.130" port: 46603 } } peers { permanent_uuid: "71e978779b9c46a1bb64210879e6393b" member_type: VOTER last_known_addr { host: "127.16.52.131" port: 43363 } }
I20260713 09:06:32.935788 16922 raft_consensus.cc:385] T e4fc442adadc40f98a45bee2a3019a84 P 851bf4dd3f844e3881e87e53e9d763bc [term 0 FOLLOWER]: Consensus starting up: Expiring failure detector timer to make a prompt election more likely
I20260713 09:06:32.936149 16922 raft_consensus.cc:740] T e4fc442adadc40f98a45bee2a3019a84 P 851bf4dd3f844e3881e87e53e9d763bc [term 0 FOLLOWER]: Becoming Follower/Learner. State: Replica: 851bf4dd3f844e3881e87e53e9d763bc, State: Initialized, Role: FOLLOWER
I20260713 09:06:32.936836 16728 tablet_service.cc:1917] Received RequestConsensusVote() RPC: tablet_id: "e19850c5b39e40c98867876f11aace9e" candidate_uuid: "71e978779b9c46a1bb64210879e6393b" candidate_term: 1 candidate_status { last_received { term: 0 index: 0 } } ignore_live_leader: false dest_uuid: "851bf4dd3f844e3881e87e53e9d763bc"
I20260713 09:06:32.937482 16728 raft_consensus.cc:3060] T e19850c5b39e40c98867876f11aace9e P 851bf4dd3f844e3881e87e53e9d763bc [term 0 FOLLOWER]: Advancing to term 1
I20260713 09:06:32.937530 16727 tablet_service.cc:1917] Received RequestConsensusVote() RPC: tablet_id: "f460cfdd75df4b36a011d3975ddc025b" candidate_uuid: "71e978779b9c46a1bb64210879e6393b" candidate_term: 1 candidate_status { last_received { term: 0 index: 0 } } ignore_live_leader: false dest_uuid: "851bf4dd3f844e3881e87e53e9d763bc"
I20260713 09:06:32.935348 16956 leader_election.cc:290] T 536ef72e4734404e840659b72d53fafb P 71e978779b9c46a1bb64210879e6393b [CANDIDATE]: Term 1 election: Requested vote from peers 851bf4dd3f844e3881e87e53e9d763bc (127.16.52.129:43185), 8b0fc3344cfc455c8e90abefb57ea538 (127.16.52.130:46603)
I20260713 09:06:32.938529 16727 raft_consensus.cc:2393] T f460cfdd75df4b36a011d3975ddc025b P 851bf4dd3f844e3881e87e53e9d763bc [term 1 FOLLOWER]: Leader election vote request: Denying vote to candidate 71e978779b9c46a1bb64210879e6393b in current term 1: Already voted for candidate 851bf4dd3f844e3881e87e53e9d763bc in this term.
I20260713 09:06:32.930833 16921 tablet_bootstrap.cc:654] T 5279c867f859470cb25d9bc927fc75a5 P 71e978779b9c46a1bb64210879e6393b: Neither blocks nor log segments found. Creating new log.
I20260713 09:06:32.939486 16878 tablet_service.cc:1917] Received RequestConsensusVote() RPC: tablet_id: "b73b95a5037a4244855bef556bce1589" candidate_uuid: "851bf4dd3f844e3881e87e53e9d763bc" candidate_term: 1 candidate_status { last_received { term: 0 index: 0 } } ignore_live_leader: false dest_uuid: "71e978779b9c46a1bb64210879e6393b"
I20260713 09:06:32.940771 16878 raft_consensus.cc:3060] T b73b95a5037a4244855bef556bce1589 P 71e978779b9c46a1bb64210879e6393b [term 0 FOLLOWER]: Advancing to term 1
I20260713 09:06:32.941377 16877 tablet_service.cc:1917] Received RequestConsensusVote() RPC: tablet_id: "f460cfdd75df4b36a011d3975ddc025b" candidate_uuid: "851bf4dd3f844e3881e87e53e9d763bc" candidate_term: 1 candidate_status { last_received { term: 0 index: 0 } } ignore_live_leader: false dest_uuid: "71e978779b9c46a1bb64210879e6393b"
I20260713 09:06:32.936152 16729 tablet_service.cc:1917] Received RequestConsensusVote() RPC: tablet_id: "e19850c5b39e40c98867876f11aace9e" candidate_uuid: "71e978779b9c46a1bb64210879e6393b" candidate_term: 1 candidate_status { last_received { term: 0 index: 0 } } ignore_live_leader: false dest_uuid: "851bf4dd3f844e3881e87e53e9d763bc" is_pre_election: true
I20260713 09:06:32.943509 16877 raft_consensus.cc:2393] T f460cfdd75df4b36a011d3975ddc025b P 71e978779b9c46a1bb64210879e6393b [term 1 FOLLOWER]: Leader election vote request: Denying vote to candidate 851bf4dd3f844e3881e87e53e9d763bc in current term 1: Already voted for candidate 71e978779b9c46a1bb64210879e6393b in this term.
I20260713 09:06:32.940676 16959 leader_election.cc:290] T e19850c5b39e40c98867876f11aace9e P 71e978779b9c46a1bb64210879e6393b [CANDIDATE]: Term 1 election: Requested vote from peers 851bf4dd3f844e3881e87e53e9d763bc (127.16.52.129:43185), 8b0fc3344cfc455c8e90abefb57ea538 (127.16.52.130:46603)
I20260713 09:06:32.945322 16726 tablet_service.cc:1917] Received RequestConsensusVote() RPC: tablet_id: "536ef72e4734404e840659b72d53fafb" candidate_uuid: "71e978779b9c46a1bb64210879e6393b" candidate_term: 1 candidate_status { last_received { term: 0 index: 0 } } ignore_live_leader: false dest_uuid: "851bf4dd3f844e3881e87e53e9d763bc"
I20260713 09:06:32.947005 16726 raft_consensus.cc:3060] T 536ef72e4734404e840659b72d53fafb P 851bf4dd3f844e3881e87e53e9d763bc [term 0 FOLLOWER]: Advancing to term 1
I20260713 09:06:32.936944 16922 consensus_queue.cc:260] T e4fc442adadc40f98a45bee2a3019a84 P 851bf4dd3f844e3881e87e53e9d763bc [NON_LEADER]: Queue going to NON_LEADER mode. State: All replicated index: 0, Majority replicated index: 0, Committed index: 0, Last appended: 0.0, Last appended by leader: 0, Current term: 0, Majority size: -1, State: 0, Mode: NON_LEADER, active raft config: opid_index: -1 OBSOLETE_local: false peers { permanent_uuid: "851bf4dd3f844e3881e87e53e9d763bc" member_type: VOTER last_known_addr { host: "127.16.52.129" port: 43185 } } peers { permanent_uuid: "8b0fc3344cfc455c8e90abefb57ea538" member_type: VOTER last_known_addr { host: "127.16.52.130" port: 46603 } } peers { permanent_uuid: "71e978779b9c46a1bb64210879e6393b" member_type: VOTER last_known_addr { host: "127.16.52.131" port: 43363 } }
I20260713 09:06:32.954299 16802 tablet_service.cc:1917] Received RequestConsensusVote() RPC: tablet_id: "f460cfdd75df4b36a011d3975ddc025b" candidate_uuid: "71e978779b9c46a1bb64210879e6393b" candidate_term: 1 candidate_status { last_received { term: 0 index: 0 } } ignore_live_leader: false dest_uuid: "8b0fc3344cfc455c8e90abefb57ea538"
I20260713 09:06:32.952663 16693 leader_election.cc:304] T f460cfdd75df4b36a011d3975ddc025b P 851bf4dd3f844e3881e87e53e9d763bc [CANDIDATE]: Term 1 election: Election decided. Result: candidate lost. Election summary: received 3 responses out of 3 voters: 1 yes votes; 2 no votes. yes voters: 851bf4dd3f844e3881e87e53e9d763bc; no voters: 71e978779b9c46a1bb64210879e6393b, 8b0fc3344cfc455c8e90abefb57ea538
I20260713 09:06:32.955633 16949 raft_consensus.cc:2749] T f460cfdd75df4b36a011d3975ddc025b P 851bf4dd3f844e3881e87e53e9d763bc [term 1 FOLLOWER]: Leader election lost for term 1. Reason: could not achieve majority
I20260713 09:06:32.957175 16802 tablet_service.cc:1917] Received RequestConsensusVote() RPC: tablet_id: "536ef72e4734404e840659b72d53fafb" candidate_uuid: "71e978779b9c46a1bb64210879e6393b" candidate_term: 1 candidate_status { last_received { term: 0 index: 0 } } ignore_live_leader: false dest_uuid: "8b0fc3344cfc455c8e90abefb57ea538"
I20260713 09:06:32.957741 16802 raft_consensus.cc:3060] T 536ef72e4734404e840659b72d53fafb P 8b0fc3344cfc455c8e90abefb57ea538 [term 0 FOLLOWER]: Advancing to term 1
W20260713 09:06:32.959242 16841 leader_election.cc:343] T f460cfdd75df4b36a011d3975ddc025b P 71e978779b9c46a1bb64210879e6393b [CANDIDATE]: Term 1 election: Tablet error from VoteRequest() call to peer 8b0fc3344cfc455c8e90abefb57ea538 (127.16.52.130:46603): Illegal state: must be running to vote when last-logged opid is not known
I20260713 09:06:32.959681 16841 leader_election.cc:304] T f460cfdd75df4b36a011d3975ddc025b P 71e978779b9c46a1bb64210879e6393b [CANDIDATE]: Term 1 election: Election decided. Result: candidate lost. Election summary: received 3 responses out of 3 voters: 1 yes votes; 2 no votes. yes voters: 71e978779b9c46a1bb64210879e6393b; no voters: 851bf4dd3f844e3881e87e53e9d763bc, 8b0fc3344cfc455c8e90abefb57ea538
I20260713 09:06:32.960517 16922 ts_tablet_manager.cc:1434] T e4fc442adadc40f98a45bee2a3019a84 P 851bf4dd3f844e3881e87e53e9d763bc: Time spent starting tablet: real 0.029s	user 0.007s	sys 0.000s
I20260713 09:06:32.961524 16922 tablet_bootstrap.cc:492] T 89038a94c9fd46048f8a80873ce7ed23 P 851bf4dd3f844e3881e87e53e9d763bc: Bootstrap starting.
I20260713 09:06:32.962965 16949 raft_consensus.cc:493] T e4fc442adadc40f98a45bee2a3019a84 P 851bf4dd3f844e3881e87e53e9d763bc [term 0 FOLLOWER]: Starting pre-election (no leader contacted us within the election timeout)
I20260713 09:06:32.963691 16949 raft_consensus.cc:515] T e4fc442adadc40f98a45bee2a3019a84 P 851bf4dd3f844e3881e87e53e9d763bc [term 0 FOLLOWER]: Starting pre-election with config: opid_index: -1 OBSOLETE_local: false peers { permanent_uuid: "851bf4dd3f844e3881e87e53e9d763bc" member_type: VOTER last_known_addr { host: "127.16.52.129" port: 43185 } } peers { permanent_uuid: "8b0fc3344cfc455c8e90abefb57ea538" member_type: VOTER last_known_addr { host: "127.16.52.130" port: 46603 } } peers { permanent_uuid: "71e978779b9c46a1bb64210879e6393b" member_type: VOTER last_known_addr { host: "127.16.52.131" port: 43363 } }
I20260713 09:06:32.965873 16949 leader_election.cc:290] T e4fc442adadc40f98a45bee2a3019a84 P 851bf4dd3f844e3881e87e53e9d763bc [CANDIDATE]: Term 1 pre-election: Requested pre-vote from peers 8b0fc3344cfc455c8e90abefb57ea538 (127.16.52.130:46603), 71e978779b9c46a1bb64210879e6393b (127.16.52.131:43363)
I20260713 09:06:32.966703 16923 raft_consensus.cc:359] T f460cfdd75df4b36a011d3975ddc025b P 8b0fc3344cfc455c8e90abefb57ea538 [term 0 FOLLOWER]: Replica starting. Triggering 0 pending ops. Active config: opid_index: -1 OBSOLETE_local: false peers { permanent_uuid: "851bf4dd3f844e3881e87e53e9d763bc" member_type: VOTER last_known_addr { host: "127.16.52.129" port: 43185 } } peers { permanent_uuid: "8b0fc3344cfc455c8e90abefb57ea538" member_type: VOTER last_known_addr { host: "127.16.52.130" port: 46603 } } peers { permanent_uuid: "71e978779b9c46a1bb64210879e6393b" member_type: VOTER last_known_addr { host: "127.16.52.131" port: 43363 } }
I20260713 09:06:32.966934 16803 tablet_service.cc:1917] Received RequestConsensusVote() RPC: tablet_id: "e4fc442adadc40f98a45bee2a3019a84" candidate_uuid: "851bf4dd3f844e3881e87e53e9d763bc" candidate_term: 1 candidate_status { last_received { term: 0 index: 0 } } ignore_live_leader: false dest_uuid: "8b0fc3344cfc455c8e90abefb57ea538" is_pre_election: true
I20260713 09:06:32.967432 16923 raft_consensus.cc:385] T f460cfdd75df4b36a011d3975ddc025b P 8b0fc3344cfc455c8e90abefb57ea538 [term 0 FOLLOWER]: Consensus starting up: Expiring failure detector timer to make a prompt election more likely
I20260713 09:06:32.967646 16803 raft_consensus.cc:2468] T e4fc442adadc40f98a45bee2a3019a84 P 8b0fc3344cfc455c8e90abefb57ea538 [term 0 FOLLOWER]: Leader pre-election vote request: Granting yes vote for candidate 851bf4dd3f844e3881e87e53e9d763bc in term 0.
I20260713 09:06:32.967785 16923 raft_consensus.cc:740] T f460cfdd75df4b36a011d3975ddc025b P 8b0fc3344cfc455c8e90abefb57ea538 [term 0 FOLLOWER]: Becoming Follower/Learner. State: Replica: 8b0fc3344cfc455c8e90abefb57ea538, State: Initialized, Role: FOLLOWER
I20260713 09:06:32.968109 16877 tablet_service.cc:1917] Received RequestConsensusVote() RPC: tablet_id: "e4fc442adadc40f98a45bee2a3019a84" candidate_uuid: "851bf4dd3f844e3881e87e53e9d763bc" candidate_term: 1 candidate_status { last_received { term: 0 index: 0 } } ignore_live_leader: false dest_uuid: "71e978779b9c46a1bb64210879e6393b" is_pre_election: true
I20260713 09:06:32.966966 16728 raft_consensus.cc:2468] T e19850c5b39e40c98867876f11aace9e P 851bf4dd3f844e3881e87e53e9d763bc [term 1 FOLLOWER]: Leader election vote request: Granting yes vote for candidate 71e978779b9c46a1bb64210879e6393b in term 1.
I20260713 09:06:32.968497 16923 consensus_queue.cc:260] T f460cfdd75df4b36a011d3975ddc025b P 8b0fc3344cfc455c8e90abefb57ea538 [NON_LEADER]: Queue going to NON_LEADER mode. State: All replicated index: 0, Majority replicated index: 0, Committed index: 0, Last appended: 0.0, Last appended by leader: 0, Current term: 0, Majority size: -1, State: 0, Mode: NON_LEADER, active raft config: opid_index: -1 OBSOLETE_local: false peers { permanent_uuid: "851bf4dd3f844e3881e87e53e9d763bc" member_type: VOTER last_known_addr { host: "127.16.52.129" port: 43185 } } peers { permanent_uuid: "8b0fc3344cfc455c8e90abefb57ea538" member_type: VOTER last_known_addr { host: "127.16.52.130" port: 46603 } } peers { permanent_uuid: "71e978779b9c46a1bb64210879e6393b" member_type: VOTER last_known_addr { host: "127.16.52.131" port: 43363 } }
I20260713 09:06:32.969434 16692 leader_election.cc:304] T e4fc442adadc40f98a45bee2a3019a84 P 851bf4dd3f844e3881e87e53e9d763bc [CANDIDATE]: Term 1 pre-election: Election decided. Result: candidate won. Election summary: received 2 responses out of 3 voters: 2 yes votes; 0 no votes. yes voters: 851bf4dd3f844e3881e87e53e9d763bc, 8b0fc3344cfc455c8e90abefb57ea538; no voters: 
W20260713 09:06:32.971668 16693 leader_election.cc:343] T e4fc442adadc40f98a45bee2a3019a84 P 851bf4dd3f844e3881e87e53e9d763bc [CANDIDATE]: Term 1 pre-election: Tablet error from VoteRequest() call to peer 71e978779b9c46a1bb64210879e6393b (127.16.52.131:43363): Illegal state: must be running to vote when last-logged opid is not known
I20260713 09:06:32.977684 16726 raft_consensus.cc:2468] T 536ef72e4734404e840659b72d53fafb P 851bf4dd3f844e3881e87e53e9d763bc [term 1 FOLLOWER]: Leader election vote request: Granting yes vote for candidate 71e978779b9c46a1bb64210879e6393b in term 1.
I20260713 09:06:32.971928 16949 raft_consensus.cc:2804] T e4fc442adadc40f98a45bee2a3019a84 P 851bf4dd3f844e3881e87e53e9d763bc [term 0 FOLLOWER]: Leader pre-election won for term 1
I20260713 09:06:32.969899 16959 raft_consensus.cc:2749] T f460cfdd75df4b36a011d3975ddc025b P 71e978779b9c46a1bb64210879e6393b [term 1 FOLLOWER]: Leader election lost for term 1. Reason: could not achieve majority
I20260713 09:06:32.978435 16949 raft_consensus.cc:493] T e4fc442adadc40f98a45bee2a3019a84 P 851bf4dd3f844e3881e87e53e9d763bc [term 0 FOLLOWER]: Starting leader election (no leader contacted us within the election timeout)
I20260713 09:06:32.978942 16949 raft_consensus.cc:3060] T e4fc442adadc40f98a45bee2a3019a84 P 851bf4dd3f844e3881e87e53e9d763bc [term 0 FOLLOWER]: Advancing to term 1
I20260713 09:06:32.987700 16843 leader_election.cc:304] T e19850c5b39e40c98867876f11aace9e P 71e978779b9c46a1bb64210879e6393b [CANDIDATE]: Term 1 election: Election decided. Result: candidate won. Election summary: received 2 responses out of 3 voters: 2 yes votes; 0 no votes. yes voters: 71e978779b9c46a1bb64210879e6393b, 851bf4dd3f844e3881e87e53e9d763bc; no voters: 
I20260713 09:06:32.987926 16804 raft_consensus.cc:2468] T e19850c5b39e40c98867876f11aace9e P 8b0fc3344cfc455c8e90abefb57ea538 [term 1 FOLLOWER]: Leader election vote request: Granting yes vote for candidate 71e978779b9c46a1bb64210879e6393b in term 1.
I20260713 09:06:32.985396 16878 raft_consensus.cc:2468] T b73b95a5037a4244855bef556bce1589 P 71e978779b9c46a1bb64210879e6393b [term 1 FOLLOWER]: Leader election vote request: Granting yes vote for candidate 851bf4dd3f844e3881e87e53e9d763bc in term 1.
I20260713 09:06:32.989874 16843 leader_election.cc:304] T 536ef72e4734404e840659b72d53fafb P 71e978779b9c46a1bb64210879e6393b [CANDIDATE]: Term 1 election: Election decided. Result: candidate won. Election summary: received 2 responses out of 3 voters: 2 yes votes; 0 no votes. yes voters: 71e978779b9c46a1bb64210879e6393b, 851bf4dd3f844e3881e87e53e9d763bc; no voters: 
I20260713 09:06:32.991170 16956 raft_consensus.cc:2804] T 536ef72e4734404e840659b72d53fafb P 71e978779b9c46a1bb64210879e6393b [term 1 FOLLOWER]: Leader election won for term 1
I20260713 09:06:32.991251 16959 raft_consensus.cc:2804] T e19850c5b39e40c98867876f11aace9e P 71e978779b9c46a1bb64210879e6393b [term 1 FOLLOWER]: Leader election won for term 1
I20260713 09:06:32.991717 16956 raft_consensus.cc:697] T 536ef72e4734404e840659b72d53fafb P 71e978779b9c46a1bb64210879e6393b [term 1 LEADER]: Becoming Leader. State: Replica: 71e978779b9c46a1bb64210879e6393b, State: Running, Role: LEADER
I20260713 09:06:32.992735 16959 raft_consensus.cc:697] T e19850c5b39e40c98867876f11aace9e P 71e978779b9c46a1bb64210879e6393b [term 1 LEADER]: Becoming Leader. State: Replica: 71e978779b9c46a1bb64210879e6393b, State: Running, Role: LEADER
I20260713 09:06:32.992710 16956 consensus_queue.cc:237] T 536ef72e4734404e840659b72d53fafb P 71e978779b9c46a1bb64210879e6393b [LEADER]: Queue going to LEADER mode. State: All replicated index: 0, Majority replicated index: 0, Committed index: 0, Last appended: 0.0, Last appended by leader: 0, Current term: 1, Majority size: 2, State: 0, Mode: LEADER, active raft config: opid_index: -1 OBSOLETE_local: false peers { permanent_uuid: "851bf4dd3f844e3881e87e53e9d763bc" member_type: VOTER last_known_addr { host: "127.16.52.129" port: 43185 } } peers { permanent_uuid: "8b0fc3344cfc455c8e90abefb57ea538" member_type: VOTER last_known_addr { host: "127.16.52.130" port: 46603 } } peers { permanent_uuid: "71e978779b9c46a1bb64210879e6393b" member_type: VOTER last_known_addr { host: "127.16.52.131" port: 43363 } }
I20260713 09:06:32.993700 16959 consensus_queue.cc:237] T e19850c5b39e40c98867876f11aace9e P 71e978779b9c46a1bb64210879e6393b [LEADER]: Queue going to LEADER mode. State: All replicated index: 0, Majority replicated index: 0, Committed index: 0, Last appended: 0.0, Last appended by leader: 0, Current term: 1, Majority size: 2, State: 0, Mode: LEADER, active raft config: opid_index: -1 OBSOLETE_local: false peers { permanent_uuid: "851bf4dd3f844e3881e87e53e9d763bc" member_type: VOTER last_known_addr { host: "127.16.52.129" port: 43185 } } peers { permanent_uuid: "8b0fc3344cfc455c8e90abefb57ea538" member_type: VOTER last_known_addr { host: "127.16.52.130" port: 46603 } } peers { permanent_uuid: "71e978779b9c46a1bb64210879e6393b" member_type: VOTER last_known_addr { host: "127.16.52.131" port: 43363 } }
I20260713 09:06:32.990190 16921 tablet_bootstrap.cc:492] T 5279c867f859470cb25d9bc927fc75a5 P 71e978779b9c46a1bb64210879e6393b: No bootstrap required, opened a new log
I20260713 09:06:32.995414 16921 ts_tablet_manager.cc:1403] T 5279c867f859470cb25d9bc927fc75a5 P 71e978779b9c46a1bb64210879e6393b: Time spent bootstrapping tablet: real 0.073s	user 0.007s	sys 0.007s
I20260713 09:06:32.999508 16693 leader_election.cc:304] T b73b95a5037a4244855bef556bce1589 P 851bf4dd3f844e3881e87e53e9d763bc [CANDIDATE]: Term 1 election: Election decided. Result: candidate won. Election summary: received 3 responses out of 3 voters: 2 yes votes; 1 no votes. yes voters: 71e978779b9c46a1bb64210879e6393b, 851bf4dd3f844e3881e87e53e9d763bc; no voters: 8b0fc3344cfc455c8e90abefb57ea538
I20260713 09:06:33.000109 16802 raft_consensus.cc:2468] T 536ef72e4734404e840659b72d53fafb P 8b0fc3344cfc455c8e90abefb57ea538 [term 1 FOLLOWER]: Leader election vote request: Granting yes vote for candidate 71e978779b9c46a1bb64210879e6393b in term 1.
I20260713 09:06:33.000320 16928 raft_consensus.cc:2804] T b73b95a5037a4244855bef556bce1589 P 851bf4dd3f844e3881e87e53e9d763bc [term 1 FOLLOWER]: Leader election won for term 1
I20260713 09:06:32.998680 16923 ts_tablet_manager.cc:1434] T f460cfdd75df4b36a011d3975ddc025b P 8b0fc3344cfc455c8e90abefb57ea538: Time spent starting tablet: real 0.058s	user 0.006s	sys 0.001s
I20260713 09:06:33.009443 16921 raft_consensus.cc:359] T 5279c867f859470cb25d9bc927fc75a5 P 71e978779b9c46a1bb64210879e6393b [term 0 FOLLOWER]: Replica starting. Triggering 0 pending ops. Active config: opid_index: -1 OBSOLETE_local: false peers { permanent_uuid: "851bf4dd3f844e3881e87e53e9d763bc" member_type: VOTER last_known_addr { host: "127.16.52.129" port: 43185 } } peers { permanent_uuid: "8b0fc3344cfc455c8e90abefb57ea538" member_type: VOTER last_known_addr { host: "127.16.52.130" port: 46603 } } peers { permanent_uuid: "71e978779b9c46a1bb64210879e6393b" member_type: VOTER last_known_addr { host: "127.16.52.131" port: 43363 } }
I20260713 09:06:33.010324 16921 raft_consensus.cc:385] T 5279c867f859470cb25d9bc927fc75a5 P 71e978779b9c46a1bb64210879e6393b [term 0 FOLLOWER]: Consensus starting up: Expiring failure detector timer to make a prompt election more likely
I20260713 09:06:33.010622 16921 raft_consensus.cc:740] T 5279c867f859470cb25d9bc927fc75a5 P 71e978779b9c46a1bb64210879e6393b [term 0 FOLLOWER]: Becoming Follower/Learner. State: Replica: 71e978779b9c46a1bb64210879e6393b, State: Initialized, Role: FOLLOWER
I20260713 09:06:33.004758 16949 raft_consensus.cc:515] T e4fc442adadc40f98a45bee2a3019a84 P 851bf4dd3f844e3881e87e53e9d763bc [term 1 FOLLOWER]: Starting leader election with config: opid_index: -1 OBSOLETE_local: false peers { permanent_uuid: "851bf4dd3f844e3881e87e53e9d763bc" member_type: VOTER last_known_addr { host: "127.16.52.129" port: 43185 } } peers { permanent_uuid: "8b0fc3344cfc455c8e90abefb57ea538" member_type: VOTER last_known_addr { host: "127.16.52.130" port: 46603 } } peers { permanent_uuid: "71e978779b9c46a1bb64210879e6393b" member_type: VOTER last_known_addr { host: "127.16.52.131" port: 43363 } }
I20260713 09:06:33.014163 16949 leader_election.cc:290] T e4fc442adadc40f98a45bee2a3019a84 P 851bf4dd3f844e3881e87e53e9d763bc [CANDIDATE]: Term 1 election: Requested vote from peers 8b0fc3344cfc455c8e90abefb57ea538 (127.16.52.130:46603), 71e978779b9c46a1bb64210879e6393b (127.16.52.131:43363)
I20260713 09:06:33.016512 16923 tablet_bootstrap.cc:492] T 89038a94c9fd46048f8a80873ce7ed23 P 8b0fc3344cfc455c8e90abefb57ea538: Bootstrap starting.
I20260713 09:06:33.016852 16878 tablet_service.cc:1917] Received RequestConsensusVote() RPC: tablet_id: "e4fc442adadc40f98a45bee2a3019a84" candidate_uuid: "851bf4dd3f844e3881e87e53e9d763bc" candidate_term: 1 candidate_status { last_received { term: 0 index: 0 } } ignore_live_leader: false dest_uuid: "71e978779b9c46a1bb64210879e6393b"
I20260713 09:06:33.017014 16802 tablet_service.cc:1917] Received RequestConsensusVote() RPC: tablet_id: "e4fc442adadc40f98a45bee2a3019a84" candidate_uuid: "851bf4dd3f844e3881e87e53e9d763bc" candidate_term: 1 candidate_status { last_received { term: 0 index: 0 } } ignore_live_leader: false dest_uuid: "8b0fc3344cfc455c8e90abefb57ea538"
I20260713 09:06:33.017577 16802 raft_consensus.cc:3060] T e4fc442adadc40f98a45bee2a3019a84 P 8b0fc3344cfc455c8e90abefb57ea538 [term 0 FOLLOWER]: Advancing to term 1
W20260713 09:06:33.019984 16693 leader_election.cc:343] T e4fc442adadc40f98a45bee2a3019a84 P 851bf4dd3f844e3881e87e53e9d763bc [CANDIDATE]: Term 1 election: Tablet error from VoteRequest() call to peer 71e978779b9c46a1bb64210879e6393b (127.16.52.131:43363): Illegal state: must be running to vote when last-logged opid is not known
I20260713 09:06:33.020804 16922 tablet_bootstrap.cc:654] T 89038a94c9fd46048f8a80873ce7ed23 P 851bf4dd3f844e3881e87e53e9d763bc: Neither blocks nor log segments found. Creating new log.
I20260713 09:06:33.011257 16921 consensus_queue.cc:260] T 5279c867f859470cb25d9bc927fc75a5 P 71e978779b9c46a1bb64210879e6393b [NON_LEADER]: Queue going to NON_LEADER mode. State: All replicated index: 0, Majority replicated index: 0, Committed index: 0, Last appended: 0.0, Last appended by leader: 0, Current term: 0, Majority size: -1, State: 0, Mode: NON_LEADER, active raft config: opid_index: -1 OBSOLETE_local: false peers { permanent_uuid: "851bf4dd3f844e3881e87e53e9d763bc" member_type: VOTER last_known_addr { host: "127.16.52.129" port: 43185 } } peers { permanent_uuid: "8b0fc3344cfc455c8e90abefb57ea538" member_type: VOTER last_known_addr { host: "127.16.52.130" port: 46603 } } peers { permanent_uuid: "71e978779b9c46a1bb64210879e6393b" member_type: VOTER last_known_addr { host: "127.16.52.131" port: 43363 } }
I20260713 09:06:33.024158 16921 ts_tablet_manager.cc:1434] T 5279c867f859470cb25d9bc927fc75a5 P 71e978779b9c46a1bb64210879e6393b: Time spent starting tablet: real 0.028s	user 0.008s	sys 0.000s
I20260713 09:06:33.025238 16921 tablet_bootstrap.cc:492] T e4fc442adadc40f98a45bee2a3019a84 P 71e978779b9c46a1bb64210879e6393b: Bootstrap starting.
I20260713 09:06:33.032579 16802 raft_consensus.cc:2468] T e4fc442adadc40f98a45bee2a3019a84 P 8b0fc3344cfc455c8e90abefb57ea538 [term 1 FOLLOWER]: Leader election vote request: Granting yes vote for candidate 851bf4dd3f844e3881e87e53e9d763bc in term 1.
I20260713 09:06:33.034003 16692 leader_election.cc:304] T e4fc442adadc40f98a45bee2a3019a84 P 851bf4dd3f844e3881e87e53e9d763bc [CANDIDATE]: Term 1 election: Election decided. Result: candidate won. Election summary: received 3 responses out of 3 voters: 2 yes votes; 1 no votes. yes voters: 851bf4dd3f844e3881e87e53e9d763bc, 8b0fc3344cfc455c8e90abefb57ea538; no voters: 71e978779b9c46a1bb64210879e6393b
I20260713 09:06:33.034984 16964 raft_consensus.cc:2804] T e4fc442adadc40f98a45bee2a3019a84 P 851bf4dd3f844e3881e87e53e9d763bc [term 1 FOLLOWER]: Leader election won for term 1
I20260713 09:06:33.035566 16964 raft_consensus.cc:697] T e4fc442adadc40f98a45bee2a3019a84 P 851bf4dd3f844e3881e87e53e9d763bc [term 1 LEADER]: Becoming Leader. State: Replica: 851bf4dd3f844e3881e87e53e9d763bc, State: Running, Role: LEADER
