I20260713 09:06:31.561187 11687 raft_consensus.cc:359] T 0dbdcd19306c416e8b702880f3f9f4f6 P 9a628d1e9251427e9862d465b8767828 [term 0 FOLLOWER]: Replica starting. Triggering 0 pending ops. Active config: opid_index: -1 OBSOLETE_local: false peers { permanent_uuid: "5b7616dfb4474b42b632319e410bd9f3" member_type: VOTER last_known_addr { host: "127.11.24.65" port: 35925 } } peers { permanent_uuid: "9d34d1aa474b46948a4d541b25211990" member_type: VOTER last_known_addr { host: "127.11.24.66" port: 40589 } } peers { permanent_uuid: "9a628d1e9251427e9862d465b8767828" member_type: VOTER last_known_addr { host: "127.11.24.67" port: 39793 } }
I20260713 09:06:31.561299 11689 raft_consensus.cc:359] T b3d88f8c62d2469bb8f8dd2616fd1948 P 5b7616dfb4474b42b632319e410bd9f3 [term 0 FOLLOWER]: Replica starting. Triggering 0 pending ops. Active config: opid_index: -1 OBSOLETE_local: false peers { permanent_uuid: "5b7616dfb4474b42b632319e410bd9f3" member_type: VOTER last_known_addr { host: "127.11.24.65" port: 35925 } } peers { permanent_uuid: "9d34d1aa474b46948a4d541b25211990" member_type: VOTER last_known_addr { host: "127.11.24.66" port: 40589 } } peers { permanent_uuid: "9a628d1e9251427e9862d465b8767828" member_type: VOTER last_known_addr { host: "127.11.24.67" port: 39793 } }
I20260713 09:06:31.561935 11687 raft_consensus.cc:385] T 0dbdcd19306c416e8b702880f3f9f4f6 P 9a628d1e9251427e9862d465b8767828 [term 0 FOLLOWER]: Consensus starting up: Expiring failure detector timer to make a prompt election more likely
I20260713 09:06:31.562124 11689 raft_consensus.cc:385] T b3d88f8c62d2469bb8f8dd2616fd1948 P 5b7616dfb4474b42b632319e410bd9f3 [term 0 FOLLOWER]: Consensus starting up: Expiring failure detector timer to make a prompt election more likely
I20260713 09:06:31.562260 11687 raft_consensus.cc:740] T 0dbdcd19306c416e8b702880f3f9f4f6 P 9a628d1e9251427e9862d465b8767828 [term 0 FOLLOWER]: Becoming Follower/Learner. State: Replica: 9a628d1e9251427e9862d465b8767828, State: Initialized, Role: FOLLOWER
I20260713 09:06:31.562582 11689 raft_consensus.cc:740] T b3d88f8c62d2469bb8f8dd2616fd1948 P 5b7616dfb4474b42b632319e410bd9f3 [term 0 FOLLOWER]: Becoming Follower/Learner. State: Replica: 5b7616dfb4474b42b632319e410bd9f3, State: Initialized, Role: FOLLOWER
I20260713 09:06:31.563009 11687 consensus_queue.cc:260] T 0dbdcd19306c416e8b702880f3f9f4f6 P 9a628d1e9251427e9862d465b8767828 [NON_LEADER]: Queue going to NON_LEADER mode. State: All replicated index: 0, Majority replicated index: 0, Committed index: 0, Last appended: 0.0, Last appended by leader: 0, Current term: 0, Majority size: -1, State: 0, Mode: NON_LEADER, active raft config: opid_index: -1 OBSOLETE_local: false peers { permanent_uuid: "5b7616dfb4474b42b632319e410bd9f3" member_type: VOTER last_known_addr { host: "127.11.24.65" port: 35925 } } peers { permanent_uuid: "9d34d1aa474b46948a4d541b25211990" member_type: VOTER last_known_addr { host: "127.11.24.66" port: 40589 } } peers { permanent_uuid: "9a628d1e9251427e9862d465b8767828" member_type: VOTER last_known_addr { host: "127.11.24.67" port: 39793 } }
I20260713 09:06:31.563271 11689 consensus_queue.cc:260] T b3d88f8c62d2469bb8f8dd2616fd1948 P 5b7616dfb4474b42b632319e410bd9f3 [NON_LEADER]: Queue going to NON_LEADER mode. State: All replicated index: 0, Majority replicated index: 0, Committed index: 0, Last appended: 0.0, Last appended by leader: 0, Current term: 0, Majority size: -1, State: 0, Mode: NON_LEADER, active raft config: opid_index: -1 OBSOLETE_local: false peers { permanent_uuid: "5b7616dfb4474b42b632319e410bd9f3" member_type: VOTER last_known_addr { host: "127.11.24.65" port: 35925 } } peers { permanent_uuid: "9d34d1aa474b46948a4d541b25211990" member_type: VOTER last_known_addr { host: "127.11.24.66" port: 40589 } } peers { permanent_uuid: "9a628d1e9251427e9862d465b8767828" member_type: VOTER last_known_addr { host: "127.11.24.67" port: 39793 } }
I20260713 09:06:31.565348 11689 ts_tablet_manager.cc:1434] T b3d88f8c62d2469bb8f8dd2616fd1948 P 5b7616dfb4474b42b632319e410bd9f3: Time spent starting tablet: real 0.011s	user 0.003s	sys 0.002s
I20260713 09:06:31.565470 11687 ts_tablet_manager.cc:1434] T 0dbdcd19306c416e8b702880f3f9f4f6 P 9a628d1e9251427e9862d465b8767828: Time spent starting tablet: real 0.018s	user 0.005s	sys 0.000s
I20260713 09:06:31.566341 11687 tablet_bootstrap.cc:492] T 26ee2a2f63aa498b867d4691789be6c9 P 9a628d1e9251427e9862d465b8767828: Bootstrap starting.
I20260713 09:06:31.570271 11689 tablet_bootstrap.cc:492] T 0dbdcd19306c416e8b702880f3f9f4f6 P 5b7616dfb4474b42b632319e410bd9f3: Bootstrap starting.
I20260713 09:06:31.571466 11687 tablet_bootstrap.cc:654] T 26ee2a2f63aa498b867d4691789be6c9 P 9a628d1e9251427e9862d465b8767828: Neither blocks nor log segments found. Creating new log.
I20260713 09:06:31.580224 11689 tablet_bootstrap.cc:654] T 0dbdcd19306c416e8b702880f3f9f4f6 P 5b7616dfb4474b42b632319e410bd9f3: Neither blocks nor log segments found. Creating new log.
I20260713 09:06:31.583588 11687 tablet_bootstrap.cc:492] T 26ee2a2f63aa498b867d4691789be6c9 P 9a628d1e9251427e9862d465b8767828: No bootstrap required, opened a new log
I20260713 09:06:31.584120 11687 ts_tablet_manager.cc:1403] T 26ee2a2f63aa498b867d4691789be6c9 P 9a628d1e9251427e9862d465b8767828: Time spent bootstrapping tablet: real 0.018s	user 0.005s	sys 0.007s
I20260713 09:06:31.587221 11687 raft_consensus.cc:359] T 26ee2a2f63aa498b867d4691789be6c9 P 9a628d1e9251427e9862d465b8767828 [term 0 FOLLOWER]: Replica starting. Triggering 0 pending ops. Active config: opid_index: -1 OBSOLETE_local: false peers { permanent_uuid: "5b7616dfb4474b42b632319e410bd9f3" member_type: VOTER last_known_addr { host: "127.11.24.65" port: 35925 } } peers { permanent_uuid: "9d34d1aa474b46948a4d541b25211990" member_type: VOTER last_known_addr { host: "127.11.24.66" port: 40589 } } peers { permanent_uuid: "9a628d1e9251427e9862d465b8767828" member_type: VOTER last_known_addr { host: "127.11.24.67" port: 39793 } }
I20260713 09:06:31.588246 11687 raft_consensus.cc:385] T 26ee2a2f63aa498b867d4691789be6c9 P 9a628d1e9251427e9862d465b8767828 [term 0 FOLLOWER]: Consensus starting up: Expiring failure detector timer to make a prompt election more likely
I20260713 09:06:31.588403 11722 raft_consensus.cc:493] T 0ac8e1dc833a4ba6b906beba7df953d8 P 9a628d1e9251427e9862d465b8767828 [term 0 FOLLOWER]: Starting pre-election (no leader contacted us within the election timeout)
I20260713 09:06:31.588531 11687 raft_consensus.cc:740] T 26ee2a2f63aa498b867d4691789be6c9 P 9a628d1e9251427e9862d465b8767828 [term 0 FOLLOWER]: Becoming Follower/Learner. State: Replica: 9a628d1e9251427e9862d465b8767828, State: Initialized, Role: FOLLOWER
I20260713 09:06:31.588945 11722 raft_consensus.cc:515] T 0ac8e1dc833a4ba6b906beba7df953d8 P 9a628d1e9251427e9862d465b8767828 [term 0 FOLLOWER]: Starting pre-election with config: opid_index: -1 OBSOLETE_local: false peers { permanent_uuid: "5b7616dfb4474b42b632319e410bd9f3" member_type: VOTER last_known_addr { host: "127.11.24.65" port: 35925 } } peers { permanent_uuid: "9d34d1aa474b46948a4d541b25211990" member_type: VOTER last_known_addr { host: "127.11.24.66" port: 40589 } } peers { permanent_uuid: "9a628d1e9251427e9862d465b8767828" member_type: VOTER last_known_addr { host: "127.11.24.67" port: 39793 } }
I20260713 09:06:31.589394 11688 tablet_bootstrap.cc:492] T 6727b61418d84dc9b96752355c164b49 P 9d34d1aa474b46948a4d541b25211990: No bootstrap required, opened a new log
I20260713 09:06:31.589382 11687 consensus_queue.cc:260] T 26ee2a2f63aa498b867d4691789be6c9 P 9a628d1e9251427e9862d465b8767828 [NON_LEADER]: Queue going to NON_LEADER mode. State: All replicated index: 0, Majority replicated index: 0, Committed index: 0, Last appended: 0.0, Last appended by leader: 0, Current term: 0, Majority size: -1, State: 0, Mode: NON_LEADER, active raft config: opid_index: -1 OBSOLETE_local: false peers { permanent_uuid: "5b7616dfb4474b42b632319e410bd9f3" member_type: VOTER last_known_addr { host: "127.11.24.65" port: 35925 } } peers { permanent_uuid: "9d34d1aa474b46948a4d541b25211990" member_type: VOTER last_known_addr { host: "127.11.24.66" port: 40589 } } peers { permanent_uuid: "9a628d1e9251427e9862d465b8767828" member_type: VOTER last_known_addr { host: "127.11.24.67" port: 39793 } }
I20260713 09:06:31.590011 11688 ts_tablet_manager.cc:1403] T 6727b61418d84dc9b96752355c164b49 P 9d34d1aa474b46948a4d541b25211990: Time spent bootstrapping tablet: real 0.049s	user 0.013s	sys 0.002s
I20260713 09:06:31.591076 11722 leader_election.cc:290] T 0ac8e1dc833a4ba6b906beba7df953d8 P 9a628d1e9251427e9862d465b8767828 [CANDIDATE]: Term 1 pre-election: Requested pre-vote from peers 5b7616dfb4474b42b632319e410bd9f3 (127.11.24.65:35925), 9d34d1aa474b46948a4d541b25211990 (127.11.24.66:40589)
I20260713 09:06:31.592724 11496 tablet_service.cc:1917] Received RequestConsensusVote() RPC: tablet_id: "0ac8e1dc833a4ba6b906beba7df953d8" candidate_uuid: "9a628d1e9251427e9862d465b8767828" candidate_term: 1 candidate_status { last_received { term: 0 index: 0 } } ignore_live_leader: false dest_uuid: "5b7616dfb4474b42b632319e410bd9f3" is_pre_election: true
I20260713 09:06:31.593349 11496 raft_consensus.cc:2468] T 0ac8e1dc833a4ba6b906beba7df953d8 P 5b7616dfb4474b42b632319e410bd9f3 [term 0 FOLLOWER]: Leader pre-election vote request: Granting yes vote for candidate 9a628d1e9251427e9862d465b8767828 in term 0.
I20260713 09:06:31.594550 11570 tablet_service.cc:1917] Received RequestConsensusVote() RPC: tablet_id: "0ac8e1dc833a4ba6b906beba7df953d8" candidate_uuid: "9a628d1e9251427e9862d465b8767828" candidate_term: 1 candidate_status { last_received { term: 0 index: 0 } } ignore_live_leader: false dest_uuid: "9d34d1aa474b46948a4d541b25211990" is_pre_election: true
I20260713 09:06:31.595214 11570 raft_consensus.cc:2468] T 0ac8e1dc833a4ba6b906beba7df953d8 P 9d34d1aa474b46948a4d541b25211990 [term 0 FOLLOWER]: Leader pre-election vote request: Granting yes vote for candidate 9a628d1e9251427e9862d465b8767828 in term 0.
I20260713 09:06:31.596858 11609 leader_election.cc:304] T 0ac8e1dc833a4ba6b906beba7df953d8 P 9a628d1e9251427e9862d465b8767828 [CANDIDATE]: Term 1 pre-election: Election decided. Result: candidate won. Election summary: received 2 responses out of 3 voters: 2 yes votes; 0 no votes. yes voters: 5b7616dfb4474b42b632319e410bd9f3, 9a628d1e9251427e9862d465b8767828; no voters: 
I20260713 09:06:31.597716 11722 raft_consensus.cc:2804] T 0ac8e1dc833a4ba6b906beba7df953d8 P 9a628d1e9251427e9862d465b8767828 [term 0 FOLLOWER]: Leader pre-election won for term 1
I20260713 09:06:31.598099 11722 raft_consensus.cc:493] T 0ac8e1dc833a4ba6b906beba7df953d8 P 9a628d1e9251427e9862d465b8767828 [term 0 FOLLOWER]: Starting leader election (no leader contacted us within the election timeout)
I20260713 09:06:31.598462 11722 raft_consensus.cc:3060] T 0ac8e1dc833a4ba6b906beba7df953d8 P 9a628d1e9251427e9862d465b8767828 [term 0 FOLLOWER]: Advancing to term 1
I20260713 09:06:31.600423 11688 raft_consensus.cc:359] T 6727b61418d84dc9b96752355c164b49 P 9d34d1aa474b46948a4d541b25211990 [term 0 FOLLOWER]: Replica starting. Triggering 0 pending ops. Active config: opid_index: -1 OBSOLETE_local: false peers { permanent_uuid: "5b7616dfb4474b42b632319e410bd9f3" member_type: VOTER last_known_addr { host: "127.11.24.65" port: 35925 } } peers { permanent_uuid: "9d34d1aa474b46948a4d541b25211990" member_type: VOTER last_known_addr { host: "127.11.24.66" port: 40589 } } peers { permanent_uuid: "9a628d1e9251427e9862d465b8767828" member_type: VOTER last_known_addr { host: "127.11.24.67" port: 39793 } }
I20260713 09:06:31.601219 11688 raft_consensus.cc:385] T 6727b61418d84dc9b96752355c164b49 P 9d34d1aa474b46948a4d541b25211990 [term 0 FOLLOWER]: Consensus starting up: Expiring failure detector timer to make a prompt election more likely
I20260713 09:06:31.601513 11688 raft_consensus.cc:740] T 6727b61418d84dc9b96752355c164b49 P 9d34d1aa474b46948a4d541b25211990 [term 0 FOLLOWER]: Becoming Follower/Learner. State: Replica: 9d34d1aa474b46948a4d541b25211990, State: Initialized, Role: FOLLOWER
I20260713 09:06:31.602320 11688 consensus_queue.cc:260] T 6727b61418d84dc9b96752355c164b49 P 9d34d1aa474b46948a4d541b25211990 [NON_LEADER]: Queue going to NON_LEADER mode. State: All replicated index: 0, Majority replicated index: 0, Committed index: 0, Last appended: 0.0, Last appended by leader: 0, Current term: 0, Majority size: -1, State: 0, Mode: NON_LEADER, active raft config: opid_index: -1 OBSOLETE_local: false peers { permanent_uuid: "5b7616dfb4474b42b632319e410bd9f3" member_type: VOTER last_known_addr { host: "127.11.24.65" port: 35925 } } peers { permanent_uuid: "9d34d1aa474b46948a4d541b25211990" member_type: VOTER last_known_addr { host: "127.11.24.66" port: 40589 } } peers { permanent_uuid: "9a628d1e9251427e9862d465b8767828" member_type: VOTER last_known_addr { host: "127.11.24.67" port: 39793 } }
I20260713 09:06:31.605099 11688 ts_tablet_manager.cc:1434] T 6727b61418d84dc9b96752355c164b49 P 9d34d1aa474b46948a4d541b25211990: Time spent starting tablet: real 0.015s	user 0.000s	sys 0.006s
I20260713 09:06:31.606144 11688 tablet_bootstrap.cc:492] T 40d30abf3df74bb7b178fe51d959b216 P 9d34d1aa474b46948a4d541b25211990: Bootstrap starting.
I20260713 09:06:31.606415 11722 raft_consensus.cc:515] T 0ac8e1dc833a4ba6b906beba7df953d8 P 9a628d1e9251427e9862d465b8767828 [term 1 FOLLOWER]: Starting leader election with config: opid_index: -1 OBSOLETE_local: false peers { permanent_uuid: "5b7616dfb4474b42b632319e410bd9f3" member_type: VOTER last_known_addr { host: "127.11.24.65" port: 35925 } } peers { permanent_uuid: "9d34d1aa474b46948a4d541b25211990" member_type: VOTER last_known_addr { host: "127.11.24.66" port: 40589 } } peers { permanent_uuid: "9a628d1e9251427e9862d465b8767828" member_type: VOTER last_known_addr { host: "127.11.24.67" port: 39793 } }
I20260713 09:06:31.609227 11496 tablet_service.cc:1917] Received RequestConsensusVote() RPC: tablet_id: "0ac8e1dc833a4ba6b906beba7df953d8" candidate_uuid: "9a628d1e9251427e9862d465b8767828" candidate_term: 1 candidate_status { last_received { term: 0 index: 0 } } ignore_live_leader: false dest_uuid: "5b7616dfb4474b42b632319e410bd9f3"
I20260713 09:06:31.609899 11496 raft_consensus.cc:3060] T 0ac8e1dc833a4ba6b906beba7df953d8 P 5b7616dfb4474b42b632319e410bd9f3 [term 0 FOLLOWER]: Advancing to term 1
I20260713 09:06:31.616914 11496 raft_consensus.cc:2468] T 0ac8e1dc833a4ba6b906beba7df953d8 P 5b7616dfb4474b42b632319e410bd9f3 [term 1 FOLLOWER]: Leader election vote request: Granting yes vote for candidate 9a628d1e9251427e9862d465b8767828 in term 1.
I20260713 09:06:31.618813 11687 ts_tablet_manager.cc:1434] T 26ee2a2f63aa498b867d4691789be6c9 P 9a628d1e9251427e9862d465b8767828: Time spent starting tablet: real 0.034s	user 0.003s	sys 0.003s
I20260713 09:06:31.621327 11694 raft_consensus.cc:493] T a64812b73aef4725ba8f1817967fc249 P 9d34d1aa474b46948a4d541b25211990 [term 0 FOLLOWER]: Starting pre-election (no leader contacted us within the election timeout)
I20260713 09:06:31.621426 11570 tablet_service.cc:1917] Received RequestConsensusVote() RPC: tablet_id: "0ac8e1dc833a4ba6b906beba7df953d8" candidate_uuid: "9a628d1e9251427e9862d465b8767828" candidate_term: 1 candidate_status { last_received { term: 0 index: 0 } } ignore_live_leader: false dest_uuid: "9d34d1aa474b46948a4d541b25211990"
I20260713 09:06:31.622087 11570 raft_consensus.cc:3060] T 0ac8e1dc833a4ba6b906beba7df953d8 P 9d34d1aa474b46948a4d541b25211990 [term 0 FOLLOWER]: Advancing to term 1
I20260713 09:06:31.621949 11694 raft_consensus.cc:515] T a64812b73aef4725ba8f1817967fc249 P 9d34d1aa474b46948a4d541b25211990 [term 0 FOLLOWER]: Starting pre-election with config: opid_index: -1 OBSOLETE_local: false peers { permanent_uuid: "5b7616dfb4474b42b632319e410bd9f3" member_type: VOTER last_known_addr { host: "127.11.24.65" port: 35925 } } peers { permanent_uuid: "9d34d1aa474b46948a4d541b25211990" member_type: VOTER last_known_addr { host: "127.11.24.66" port: 40589 } } peers { permanent_uuid: "9a628d1e9251427e9862d465b8767828" member_type: VOTER last_known_addr { host: "127.11.24.67" port: 39793 } }
I20260713 09:06:31.624114 11694 leader_election.cc:290] T a64812b73aef4725ba8f1817967fc249 P 9d34d1aa474b46948a4d541b25211990 [CANDIDATE]: Term 1 pre-election: Requested pre-vote from peers 5b7616dfb4474b42b632319e410bd9f3 (127.11.24.65:35925), 9a628d1e9251427e9862d465b8767828 (127.11.24.67:39793)
I20260713 09:06:31.626708 11494 tablet_service.cc:1917] Received RequestConsensusVote() RPC: tablet_id: "a64812b73aef4725ba8f1817967fc249" candidate_uuid: "9d34d1aa474b46948a4d541b25211990" candidate_term: 1 candidate_status { last_received { term: 0 index: 0 } } ignore_live_leader: false dest_uuid: "5b7616dfb4474b42b632319e410bd9f3" is_pre_election: true
I20260713 09:06:31.627599 11494 raft_consensus.cc:2393] T a64812b73aef4725ba8f1817967fc249 P 5b7616dfb4474b42b632319e410bd9f3 [term 1 FOLLOWER]: Leader pre-election vote request: Denying vote to candidate 9d34d1aa474b46948a4d541b25211990 in current term 1: Already voted for candidate 9a628d1e9251427e9862d465b8767828 in this term.
I20260713 09:06:31.626708 11645 tablet_service.cc:1917] Received RequestConsensusVote() RPC: tablet_id: "a64812b73aef4725ba8f1817967fc249" candidate_uuid: "9d34d1aa474b46948a4d541b25211990" candidate_term: 1 candidate_status { last_received { term: 0 index: 0 } } ignore_live_leader: false dest_uuid: "9a628d1e9251427e9862d465b8767828" is_pre_election: true
I20260713 09:06:31.629930 11537 leader_election.cc:304] T a64812b73aef4725ba8f1817967fc249 P 9d34d1aa474b46948a4d541b25211990 [CANDIDATE]: Term 1 pre-election: Election decided. Result: candidate lost. Election summary: received 3 responses out of 3 voters: 1 yes votes; 2 no votes. yes voters: 9d34d1aa474b46948a4d541b25211990; no voters: 5b7616dfb4474b42b632319e410bd9f3, 9a628d1e9251427e9862d465b8767828
I20260713 09:06:31.631067 11694 raft_consensus.cc:3060] T a64812b73aef4725ba8f1817967fc249 P 9d34d1aa474b46948a4d541b25211990 [term 0 FOLLOWER]: Advancing to term 1
I20260713 09:06:31.633596 11570 raft_consensus.cc:2468] T 0ac8e1dc833a4ba6b906beba7df953d8 P 9d34d1aa474b46948a4d541b25211990 [term 1 FOLLOWER]: Leader election vote request: Granting yes vote for candidate 9a628d1e9251427e9862d465b8767828 in term 1.
I20260713 09:06:31.634821 11609 leader_election.cc:304] T 0ac8e1dc833a4ba6b906beba7df953d8 P 9a628d1e9251427e9862d465b8767828 [CANDIDATE]: Term 1 election: Election decided. Result: candidate won. Election summary: received 2 responses out of 3 voters: 2 yes votes; 0 no votes. yes voters: 9a628d1e9251427e9862d465b8767828, 9d34d1aa474b46948a4d541b25211990; no voters: 
I20260713 09:06:31.635711 11693 raft_consensus.cc:2804] T 0ac8e1dc833a4ba6b906beba7df953d8 P 9a628d1e9251427e9862d465b8767828 [term 1 FOLLOWER]: Leader election won for term 1
I20260713 09:06:31.636181 11693 raft_consensus.cc:697] T 0ac8e1dc833a4ba6b906beba7df953d8 P 9a628d1e9251427e9862d465b8767828 [term 1 LEADER]: Becoming Leader. State: Replica: 9a628d1e9251427e9862d465b8767828, State: Running, Role: LEADER
I20260713 09:06:31.637032 11693 consensus_queue.cc:237] T 0ac8e1dc833a4ba6b906beba7df953d8 P 9a628d1e9251427e9862d465b8767828 [LEADER]: Queue going to LEADER mode. State: All replicated index: 0, Majority replicated index: 0, Committed index: 0, Last appended: 0.0, Last appended by leader: 0, Current term: 1, Majority size: 2, State: 0, Mode: LEADER, active raft config: opid_index: -1 OBSOLETE_local: false peers { permanent_uuid: "5b7616dfb4474b42b632319e410bd9f3" member_type: VOTER last_known_addr { host: "127.11.24.65" port: 35925 } } peers { permanent_uuid: "9d34d1aa474b46948a4d541b25211990" member_type: VOTER last_known_addr { host: "127.11.24.66" port: 40589 } } peers { permanent_uuid: "9a628d1e9251427e9862d465b8767828" member_type: VOTER last_known_addr { host: "127.11.24.67" port: 39793 } }
I20260713 09:06:31.640383 11696 raft_consensus.cc:493] T 40d30abf3df74bb7b178fe51d959b216 P 5b7616dfb4474b42b632319e410bd9f3 [term 0 FOLLOWER]: Starting pre-election (no leader contacted us within the election timeout)
I20260713 09:06:31.640863 11696 raft_consensus.cc:515] T 40d30abf3df74bb7b178fe51d959b216 P 5b7616dfb4474b42b632319e410bd9f3 [term 0 FOLLOWER]: Starting pre-election with config: opid_index: -1 OBSOLETE_local: false peers { permanent_uuid: "5b7616dfb4474b42b632319e410bd9f3" member_type: VOTER last_known_addr { host: "127.11.24.65" port: 35925 } } peers { permanent_uuid: "9d34d1aa474b46948a4d541b25211990" member_type: VOTER last_known_addr { host: "127.11.24.66" port: 40589 } } peers { permanent_uuid: "9a628d1e9251427e9862d465b8767828" member_type: VOTER last_known_addr { host: "127.11.24.67" port: 39793 } }
I20260713 09:06:31.643627 11696 leader_election.cc:290] T 40d30abf3df74bb7b178fe51d959b216 P 5b7616dfb4474b42b632319e410bd9f3 [CANDIDATE]: Term 1 pre-election: Requested pre-vote from peers 9d34d1aa474b46948a4d541b25211990 (127.11.24.66:40589), 9a628d1e9251427e9862d465b8767828 (127.11.24.67:39793)
I20260713 09:06:31.644861 11645 tablet_service.cc:1917] Received RequestConsensusVote() RPC: tablet_id: "40d30abf3df74bb7b178fe51d959b216" candidate_uuid: "5b7616dfb4474b42b632319e410bd9f3" candidate_term: 1 candidate_status { last_received { term: 0 index: 0 } } ignore_live_leader: false dest_uuid: "9a628d1e9251427e9862d465b8767828" is_pre_election: true
I20260713 09:06:31.645543 11645 raft_consensus.cc:2468] T 40d30abf3df74bb7b178fe51d959b216 P 9a628d1e9251427e9862d465b8767828 [term 0 FOLLOWER]: Leader pre-election vote request: Granting yes vote for candidate 5b7616dfb4474b42b632319e410bd9f3 in term 0.
I20260713 09:06:31.645721 11722 leader_election.cc:290] T 0ac8e1dc833a4ba6b906beba7df953d8 P 9a628d1e9251427e9862d465b8767828 [CANDIDATE]: Term 1 election: Requested vote from peers 5b7616dfb4474b42b632319e410bd9f3 (127.11.24.65:35925), 9d34d1aa474b46948a4d541b25211990 (127.11.24.66:40589)
I20260713 09:06:31.645742 11568 tablet_service.cc:1917] Received RequestConsensusVote() RPC: tablet_id: "40d30abf3df74bb7b178fe51d959b216" candidate_uuid: "5b7616dfb4474b42b632319e410bd9f3" candidate_term: 1 candidate_status { last_received { term: 0 index: 0 } } ignore_live_leader: false dest_uuid: "9d34d1aa474b46948a4d541b25211990" is_pre_election: true
I20260713 09:06:31.646752 11462 leader_election.cc:304] T 40d30abf3df74bb7b178fe51d959b216 P 5b7616dfb4474b42b632319e410bd9f3 [CANDIDATE]: Term 1 pre-election: Election decided. Result: candidate won. Election summary: received 2 responses out of 3 voters: 2 yes votes; 0 no votes. yes voters: 5b7616dfb4474b42b632319e410bd9f3, 9a628d1e9251427e9862d465b8767828; no voters: 
I20260713 09:06:31.647550 11696 raft_consensus.cc:2804] T 40d30abf3df74bb7b178fe51d959b216 P 5b7616dfb4474b42b632319e410bd9f3 [term 0 FOLLOWER]: Leader pre-election won for term 1
I20260713 09:06:31.647907 11696 raft_consensus.cc:493] T 40d30abf3df74bb7b178fe51d959b216 P 5b7616dfb4474b42b632319e410bd9f3 [term 0 FOLLOWER]: Starting leader election (no leader contacted us within the election timeout)
W20260713 09:06:31.647877 11460 leader_election.cc:343] T 40d30abf3df74bb7b178fe51d959b216 P 5b7616dfb4474b42b632319e410bd9f3 [CANDIDATE]: Term 1 pre-election: Tablet error from VoteRequest() call to peer 9d34d1aa474b46948a4d541b25211990 (127.11.24.66:40589): Illegal state: must be running to vote when last-logged opid is not known
I20260713 09:06:31.648455 11696 raft_consensus.cc:3060] T 40d30abf3df74bb7b178fe51d959b216 P 5b7616dfb4474b42b632319e410bd9f3 [term 0 FOLLOWER]: Advancing to term 1
I20260713 09:06:31.652733 11393 catalog_manager.cc:5697] T 0ac8e1dc833a4ba6b906beba7df953d8 P 9a628d1e9251427e9862d465b8767828 reported cstate change: term changed from 0 to 1, leader changed from <none> to 9a628d1e9251427e9862d465b8767828 (127.11.24.67). New cstate: current_term: 1 leader_uuid: "9a628d1e9251427e9862d465b8767828" committed_config { opid_index: -1 OBSOLETE_local: false peers { permanent_uuid: "5b7616dfb4474b42b632319e410bd9f3" member_type: VOTER last_known_addr { host: "127.11.24.65" port: 35925 } health_report { overall_health: UNKNOWN } } peers { permanent_uuid: "9d34d1aa474b46948a4d541b25211990" member_type: VOTER last_known_addr { host: "127.11.24.66" port: 40589 } health_report { overall_health: UNKNOWN } } peers { permanent_uuid: "9a628d1e9251427e9862d465b8767828" member_type: VOTER last_known_addr { host: "127.11.24.67" port: 39793 } health_report { overall_health: HEALTHY } } }
I20260713 09:06:31.655296 11696 raft_consensus.cc:515] T 40d30abf3df74bb7b178fe51d959b216 P 5b7616dfb4474b42b632319e410bd9f3 [term 1 FOLLOWER]: Starting leader election with config: opid_index: -1 OBSOLETE_local: false peers { permanent_uuid: "5b7616dfb4474b42b632319e410bd9f3" member_type: VOTER last_known_addr { host: "127.11.24.65" port: 35925 } } peers { permanent_uuid: "9d34d1aa474b46948a4d541b25211990" member_type: VOTER last_known_addr { host: "127.11.24.66" port: 40589 } } peers { permanent_uuid: "9a628d1e9251427e9862d465b8767828" member_type: VOTER last_known_addr { host: "127.11.24.67" port: 39793 } }
I20260713 09:06:31.655975 11694 raft_consensus.cc:2749] T a64812b73aef4725ba8f1817967fc249 P 9d34d1aa474b46948a4d541b25211990 [term 1 FOLLOWER]: Leader pre-election lost for term 1. Reason: could not achieve majority
I20260713 09:06:31.658061 11696 leader_election.cc:290] T 40d30abf3df74bb7b178fe51d959b216 P 5b7616dfb4474b42b632319e410bd9f3 [CANDIDATE]: Term 1 election: Requested vote from peers 9d34d1aa474b46948a4d541b25211990 (127.11.24.66:40589), 9a628d1e9251427e9862d465b8767828 (127.11.24.67:39793)
I20260713 09:06:31.658869 11570 tablet_service.cc:1917] Received RequestConsensusVote() RPC: tablet_id: "40d30abf3df74bb7b178fe51d959b216" candidate_uuid: "5b7616dfb4474b42b632319e410bd9f3" candidate_term: 1 candidate_status { last_received { term: 0 index: 0 } } ignore_live_leader: false dest_uuid: "9d34d1aa474b46948a4d541b25211990"
I20260713 09:06:31.660223 11645 tablet_service.cc:1917] Received RequestConsensusVote() RPC: tablet_id: "40d30abf3df74bb7b178fe51d959b216" candidate_uuid: "5b7616dfb4474b42b632319e410bd9f3" candidate_term: 1 candidate_status { last_received { term: 0 index: 0 } } ignore_live_leader: false dest_uuid: "9a628d1e9251427e9862d465b8767828"
I20260713 09:06:31.660808 11645 raft_consensus.cc:3060] T 40d30abf3df74bb7b178fe51d959b216 P 9a628d1e9251427e9862d465b8767828 [term 0 FOLLOWER]: Advancing to term 1
I20260713 09:06:31.663372 11689 tablet_bootstrap.cc:492] T 0dbdcd19306c416e8b702880f3f9f4f6 P 5b7616dfb4474b42b632319e410bd9f3: No bootstrap required, opened a new log
I20260713 09:06:31.663810 11689 ts_tablet_manager.cc:1403] T 0dbdcd19306c416e8b702880f3f9f4f6 P 5b7616dfb4474b42b632319e410bd9f3: Time spent bootstrapping tablet: real 0.098s	user 0.033s	sys 0.043s
W20260713 09:06:31.660238 11460 leader_election.cc:343] T 40d30abf3df74bb7b178fe51d959b216 P 5b7616dfb4474b42b632319e410bd9f3 [CANDIDATE]: Term 1 election: Tablet error from VoteRequest() call to peer 9d34d1aa474b46948a4d541b25211990 (127.11.24.66:40589): Illegal state: must be running to vote when last-logged opid is not known
I20260713 09:06:31.666400 11689 raft_consensus.cc:359] T 0dbdcd19306c416e8b702880f3f9f4f6 P 5b7616dfb4474b42b632319e410bd9f3 [term 0 FOLLOWER]: Replica starting. Triggering 0 pending ops. Active config: opid_index: -1 OBSOLETE_local: false peers { permanent_uuid: "5b7616dfb4474b42b632319e410bd9f3" member_type: VOTER last_known_addr { host: "127.11.24.65" port: 35925 } } peers { permanent_uuid: "9d34d1aa474b46948a4d541b25211990" member_type: VOTER last_known_addr { host: "127.11.24.66" port: 40589 } } peers { permanent_uuid: "9a628d1e9251427e9862d465b8767828" member_type: VOTER last_known_addr { host: "127.11.24.67" port: 39793 } }
I20260713 09:06:31.667089 11689 raft_consensus.cc:385] T 0dbdcd19306c416e8b702880f3f9f4f6 P 5b7616dfb4474b42b632319e410bd9f3 [term 0 FOLLOWER]: Consensus starting up: Expiring failure detector timer to make a prompt election more likely
I20260713 09:06:31.667348 11689 raft_consensus.cc:740] T 0dbdcd19306c416e8b702880f3f9f4f6 P 5b7616dfb4474b42b632319e410bd9f3 [term 0 FOLLOWER]: Becoming Follower/Learner. State: Replica: 5b7616dfb4474b42b632319e410bd9f3, State: Initialized, Role: FOLLOWER
I20260713 09:06:31.667445 11645 raft_consensus.cc:2468] T 40d30abf3df74bb7b178fe51d959b216 P 9a628d1e9251427e9862d465b8767828 [term 1 FOLLOWER]: Leader election vote request: Granting yes vote for candidate 5b7616dfb4474b42b632319e410bd9f3 in term 1.
I20260713 09:06:31.668363 11688 tablet_bootstrap.cc:654] T 40d30abf3df74bb7b178fe51d959b216 P 9d34d1aa474b46948a4d541b25211990: Neither blocks nor log segments found. Creating new log.
I20260713 09:06:31.668011 11689 consensus_queue.cc:260] T 0dbdcd19306c416e8b702880f3f9f4f6 P 5b7616dfb4474b42b632319e410bd9f3 [NON_LEADER]: Queue going to NON_LEADER mode. State: All replicated index: 0, Majority replicated index: 0, Committed index: 0, Last appended: 0.0, Last appended by leader: 0, Current term: 0, Majority size: -1, State: 0, Mode: NON_LEADER, active raft config: opid_index: -1 OBSOLETE_local: false peers { permanent_uuid: "5b7616dfb4474b42b632319e410bd9f3" member_type: VOTER last_known_addr { host: "127.11.24.65" port: 35925 } } peers { permanent_uuid: "9d34d1aa474b46948a4d541b25211990" member_type: VOTER last_known_addr { host: "127.11.24.66" port: 40589 } } peers { permanent_uuid: "9a628d1e9251427e9862d465b8767828" member_type: VOTER last_known_addr { host: "127.11.24.67" port: 39793 } }
I20260713 09:06:31.668658 11462 leader_election.cc:304] T 40d30abf3df74bb7b178fe51d959b216 P 5b7616dfb4474b42b632319e410bd9f3 [CANDIDATE]: Term 1 election: Election decided. Result: candidate won. Election summary: received 3 responses out of 3 voters: 2 yes votes; 1 no votes. yes voters: 5b7616dfb4474b42b632319e410bd9f3, 9a628d1e9251427e9862d465b8767828; no voters: 9d34d1aa474b46948a4d541b25211990
I20260713 09:06:31.669934 11719 raft_consensus.cc:2804] T 40d30abf3df74bb7b178fe51d959b216 P 5b7616dfb4474b42b632319e410bd9f3 [term 1 FOLLOWER]: Leader election won for term 1
I20260713 09:06:31.670158 11689 ts_tablet_manager.cc:1434] T 0dbdcd19306c416e8b702880f3f9f4f6 P 5b7616dfb4474b42b632319e410bd9f3: Time spent starting tablet: real 0.006s	user 0.006s	sys 0.001s
I20260713 09:06:31.670414 11719 raft_consensus.cc:697] T 40d30abf3df74bb7b178fe51d959b216 P 5b7616dfb4474b42b632319e410bd9f3 [term 1 LEADER]: Becoming Leader. State: Replica: 5b7616dfb4474b42b632319e410bd9f3, State: Running, Role: LEADER
I20260713 09:06:31.671200 11719 consensus_queue.cc:237] T 40d30abf3df74bb7b178fe51d959b216 P 5b7616dfb4474b42b632319e410bd9f3 [LEADER]: Queue going to LEADER mode. State: All replicated index: 0, Majority replicated index: 0, Committed index: 0, Last appended: 0.0, Last appended by leader: 0, Current term: 1, Majority size: 2, State: 0, Mode: LEADER, active raft config: opid_index: -1 OBSOLETE_local: false peers { permanent_uuid: "5b7616dfb4474b42b632319e410bd9f3" member_type: VOTER last_known_addr { host: "127.11.24.65" port: 35925 } } peers { permanent_uuid: "9d34d1aa474b46948a4d541b25211990" member_type: VOTER last_known_addr { host: "127.11.24.66" port: 40589 } } peers { permanent_uuid: "9a628d1e9251427e9862d465b8767828" member_type: VOTER last_known_addr { host: "127.11.24.67" port: 39793 } }
I20260713 09:06:31.673763 11688 tablet_bootstrap.cc:492] T 40d30abf3df74bb7b178fe51d959b216 P 9d34d1aa474b46948a4d541b25211990: No bootstrap required, opened a new log
I20260713 09:06:31.674201 11688 ts_tablet_manager.cc:1403] T 40d30abf3df74bb7b178fe51d959b216 P 9d34d1aa474b46948a4d541b25211990: Time spent bootstrapping tablet: real 0.068s	user 0.008s	sys 0.003s
I20260713 09:06:31.677565 11688 raft_consensus.cc:359] T 40d30abf3df74bb7b178fe51d959b216 P 9d34d1aa474b46948a4d541b25211990 [term 0 FOLLOWER]: Replica starting. Triggering 0 pending ops. Active config: opid_index: -1 OBSOLETE_local: false peers { permanent_uuid: "5b7616dfb4474b42b632319e410bd9f3" member_type: VOTER last_known_addr { host: "127.11.24.65" port: 35925 } } peers { permanent_uuid: "9d34d1aa474b46948a4d541b25211990" member_type: VOTER last_known_addr { host: "127.11.24.66" port: 40589 } } peers { permanent_uuid: "9a628d1e9251427e9862d465b8767828" member_type: VOTER last_known_addr { host: "127.11.24.67" port: 39793 } }
I20260713 09:06:31.678445 11688 raft_consensus.cc:385] T 40d30abf3df74bb7b178fe51d959b216 P 9d34d1aa474b46948a4d541b25211990 [term 0 FOLLOWER]: Consensus starting up: Expiring failure detector timer to make a prompt election more likely
I20260713 09:06:31.679080 11696 raft_consensus.cc:493] T a3b2efcc3de64d699ea37e5d27a734d2 P 5b7616dfb4474b42b632319e410bd9f3 [term 0 FOLLOWER]: Starting pre-election (no leader contacted us within the election timeout)
I20260713 09:06:31.680711 11688 raft_consensus.cc:740] T 40d30abf3df74bb7b178fe51d959b216 P 9d34d1aa474b46948a4d541b25211990 [term 0 FOLLOWER]: Becoming Follower/Learner. State: Replica: 9d34d1aa474b46948a4d541b25211990, State: Initialized, Role: FOLLOWER
I20260713 09:06:31.682643 11696 raft_consensus.cc:515] T a3b2efcc3de64d699ea37e5d27a734d2 P 5b7616dfb4474b42b632319e410bd9f3 [term 0 FOLLOWER]: Starting pre-election with config: opid_index: -1 OBSOLETE_local: false peers { permanent_uuid: "5b7616dfb4474b42b632319e410bd9f3" member_type: VOTER last_known_addr { host: "127.11.24.65" port: 35925 } } peers { permanent_uuid: "9d34d1aa474b46948a4d541b25211990" member_type: VOTER last_known_addr { host: "127.11.24.66" port: 40589 } } peers { permanent_uuid: "9a628d1e9251427e9862d465b8767828" member_type: VOTER last_known_addr { host: "127.11.24.67" port: 39793 } }
I20260713 09:06:31.683162 11688 consensus_queue.cc:260] T 40d30abf3df74bb7b178fe51d959b216 P 9d34d1aa474b46948a4d541b25211990 [NON_LEADER]: Queue going to NON_LEADER mode. State: All replicated index: 0, Majority replicated index: 0, Committed index: 0, Last appended: 0.0, Last appended by leader: 0, Current term: 0, Majority size: -1, State: 0, Mode: NON_LEADER, active raft config: opid_index: -1 OBSOLETE_local: false peers { permanent_uuid: "5b7616dfb4474b42b632319e410bd9f3" member_type: VOTER last_known_addr { host: "127.11.24.65" port: 35925 } } peers { permanent_uuid: "9d34d1aa474b46948a4d541b25211990" member_type: VOTER last_known_addr { host: "127.11.24.66" port: 40589 } } peers { permanent_uuid: "9a628d1e9251427e9862d465b8767828" member_type: VOTER last_known_addr { host: "127.11.24.67" port: 39793 } }
I20260713 09:06:31.685210 11696 leader_election.cc:290] T a3b2efcc3de64d699ea37e5d27a734d2 P 5b7616dfb4474b42b632319e410bd9f3 [CANDIDATE]: Term 1 pre-election: Requested pre-vote from peers 9d34d1aa474b46948a4d541b25211990 (127.11.24.66:40589), 9a628d1e9251427e9862d465b8767828 (127.11.24.67:39793)
I20260713 09:06:31.685756 11570 tablet_service.cc:1917] Received RequestConsensusVote() RPC: tablet_id: "a3b2efcc3de64d699ea37e5d27a734d2" candidate_uuid: "5b7616dfb4474b42b632319e410bd9f3" candidate_term: 1 candidate_status { last_received { term: 0 index: 0 } } ignore_live_leader: false dest_uuid: "9d34d1aa474b46948a4d541b25211990" is_pre_election: true
I20260713 09:06:31.686862 11570 raft_consensus.cc:2468] T a3b2efcc3de64d699ea37e5d27a734d2 P 9d34d1aa474b46948a4d541b25211990 [term 0 FOLLOWER]: Leader pre-election vote request: Granting yes vote for candidate 5b7616dfb4474b42b632319e410bd9f3 in term 0.
I20260713 09:06:31.687984 11460 leader_election.cc:304] T a3b2efcc3de64d699ea37e5d27a734d2 P 5b7616dfb4474b42b632319e410bd9f3 [CANDIDATE]: Term 1 pre-election: Election decided. Result: candidate won. Election summary: received 2 responses out of 3 voters: 2 yes votes; 0 no votes. yes voters: 5b7616dfb4474b42b632319e410bd9f3, 9d34d1aa474b46948a4d541b25211990; no voters: 
I20260713 09:06:31.688481 11688 ts_tablet_manager.cc:1434] T 40d30abf3df74bb7b178fe51d959b216 P 9d34d1aa474b46948a4d541b25211990: Time spent starting tablet: real 0.014s	user 0.007s	sys 0.001s
I20260713 09:06:31.688827 11719 raft_consensus.cc:2804] T a3b2efcc3de64d699ea37e5d27a734d2 P 5b7616dfb4474b42b632319e410bd9f3 [term 0 FOLLOWER]: Leader pre-election won for term 1
I20260713 09:06:31.689186 11719 raft_consensus.cc:493] T a3b2efcc3de64d699ea37e5d27a734d2 P 5b7616dfb4474b42b632319e410bd9f3 [term 0 FOLLOWER]: Starting leader election (no leader contacted us within the election timeout)
I20260713 09:06:31.689689 11719 raft_consensus.cc:3060] T a3b2efcc3de64d699ea37e5d27a734d2 P 5b7616dfb4474b42b632319e410bd9f3 [term 0 FOLLOWER]: Advancing to term 1
I20260713 09:06:31.693331 11645 tablet_service.cc:1917] Received RequestConsensusVote() RPC: tablet_id: "a3b2efcc3de64d699ea37e5d27a734d2" candidate_uuid: "5b7616dfb4474b42b632319e410bd9f3" candidate_term: 1 candidate_status { last_received { term: 0 index: 0 } } ignore_live_leader: false dest_uuid: "9a628d1e9251427e9862d465b8767828" is_pre_election: true
I20260713 09:06:31.694080 11645 raft_consensus.cc:2468] T a3b2efcc3de64d699ea37e5d27a734d2 P 9a628d1e9251427e9862d465b8767828 [term 0 FOLLOWER]: Leader pre-election vote request: Granting yes vote for candidate 5b7616dfb4474b42b632319e410bd9f3 in term 0.
I20260713 09:06:31.689318 11688 tablet_bootstrap.cc:492] T 0dbdcd19306c416e8b702880f3f9f4f6 P 9d34d1aa474b46948a4d541b25211990: Bootstrap starting.
I20260713 09:06:31.696070 11719 raft_consensus.cc:515] T a3b2efcc3de64d699ea37e5d27a734d2 P 5b7616dfb4474b42b632319e410bd9f3 [term 1 FOLLOWER]: Starting leader election with config: opid_index: -1 OBSOLETE_local: false peers { permanent_uuid: "5b7616dfb4474b42b632319e410bd9f3" member_type: VOTER last_known_addr { host: "127.11.24.65" port: 35925 } } peers { permanent_uuid: "9d34d1aa474b46948a4d541b25211990" member_type: VOTER last_known_addr { host: "127.11.24.66" port: 40589 } } peers { permanent_uuid: "9a628d1e9251427e9862d465b8767828" member_type: VOTER last_known_addr { host: "127.11.24.67" port: 39793 } }
I20260713 09:06:31.697055 11391 catalog_manager.cc:5697] T 40d30abf3df74bb7b178fe51d959b216 P 5b7616dfb4474b42b632319e410bd9f3 reported cstate change: term changed from 0 to 1, leader changed from <none> to 5b7616dfb4474b42b632319e410bd9f3 (127.11.24.65). New cstate: current_term: 1 leader_uuid: "5b7616dfb4474b42b632319e410bd9f3" committed_config { opid_index: -1 OBSOLETE_local: false peers { permanent_uuid: "5b7616dfb4474b42b632319e410bd9f3" member_type: VOTER last_known_addr { host: "127.11.24.65" port: 35925 } health_report { overall_health: HEALTHY } } peers { permanent_uuid: "9d34d1aa474b46948a4d541b25211990" member_type: VOTER last_known_addr { host: "127.11.24.66" port: 40589 } health_report { overall_health: UNKNOWN } } peers { permanent_uuid: "9a628d1e9251427e9862d465b8767828" member_type: VOTER last_known_addr { host: "127.11.24.67" port: 39793 } health_report { overall_health: UNKNOWN } } }
I20260713 09:06:31.700393 11570 tablet_service.cc:1917] Received RequestConsensusVote() RPC: tablet_id: "a3b2efcc3de64d699ea37e5d27a734d2" candidate_uuid: "5b7616dfb4474b42b632319e410bd9f3" candidate_term: 1 candidate_status { last_received { term: 0 index: 0 } } ignore_live_leader: false dest_uuid: "9d34d1aa474b46948a4d541b25211990"
I20260713 09:06:31.701107 11570 raft_consensus.cc:3060] T a3b2efcc3de64d699ea37e5d27a734d2 P 9d34d1aa474b46948a4d541b25211990 [term 0 FOLLOWER]: Advancing to term 1
I20260713 09:06:31.704993 11688 tablet_bootstrap.cc:654] T 0dbdcd19306c416e8b702880f3f9f4f6 P 9d34d1aa474b46948a4d541b25211990: Neither blocks nor log segments found. Creating new log.
I20260713 09:06:31.710295 11719 leader_election.cc:290] T a3b2efcc3de64d699ea37e5d27a734d2 P 5b7616dfb4474b42b632319e410bd9f3 [CANDIDATE]: Term 1 election: Requested vote from peers 9d34d1aa474b46948a4d541b25211990 (127.11.24.66:40589), 9a628d1e9251427e9862d465b8767828 (127.11.24.67:39793)
I20260713 09:06:31.709337 11570 raft_consensus.cc:2468] T a3b2efcc3de64d699ea37e5d27a734d2 P 9d34d1aa474b46948a4d541b25211990 [term 1 FOLLOWER]: Leader election vote request: Granting yes vote for candidate 5b7616dfb4474b42b632319e410bd9f3 in term 1.
I20260713 09:06:31.711362 11645 tablet_service.cc:1917] Received RequestConsensusVote() RPC: tablet_id: "a3b2efcc3de64d699ea37e5d27a734d2" candidate_uuid: "5b7616dfb4474b42b632319e410bd9f3" candidate_term: 1 candidate_status { last_received { term: 0 index: 0 } } ignore_live_leader: false dest_uuid: "9a628d1e9251427e9862d465b8767828"
I20260713 09:06:31.711956 11645 raft_consensus.cc:3060] T a3b2efcc3de64d699ea37e5d27a734d2 P 9a628d1e9251427e9862d465b8767828 [term 0 FOLLOWER]: Advancing to term 1
I20260713 09:06:31.712190 11460 leader_election.cc:304] T a3b2efcc3de64d699ea37e5d27a734d2 P 5b7616dfb4474b42b632319e410bd9f3 [CANDIDATE]: Term 1 election: Election decided. Result: candidate won. Election summary: received 2 responses out of 3 voters: 2 yes votes; 0 no votes. yes voters: 5b7616dfb4474b42b632319e410bd9f3, 9d34d1aa474b46948a4d541b25211990; no voters: 
I20260713 09:06:31.713276 11719 raft_consensus.cc:2804] T a3b2efcc3de64d699ea37e5d27a734d2 P 5b7616dfb4474b42b632319e410bd9f3 [term 1 FOLLOWER]: Leader election won for term 1
I20260713 09:06:31.714319 11719 raft_consensus.cc:697] T a3b2efcc3de64d699ea37e5d27a734d2 P 5b7616dfb4474b42b632319e410bd9f3 [term 1 LEADER]: Becoming Leader. State: Replica: 5b7616dfb4474b42b632319e410bd9f3, State: Running, Role: LEADER
I20260713 09:06:31.716300 11719 consensus_queue.cc:237] T a3b2efcc3de64d699ea37e5d27a734d2 P 5b7616dfb4474b42b632319e410bd9f3 [LEADER]: Queue going to LEADER mode. State: All replicated index: 0, Majority replicated index: 0, Committed index: 0, Last appended: 0.0, Last appended by leader: 0, Current term: 1, Majority size: 2, State: 0, Mode: LEADER, active raft config: opid_index: -1 OBSOLETE_local: false peers { permanent_uuid: "5b7616dfb4474b42b632319e410bd9f3" member_type: VOTER last_known_addr { host: "127.11.24.65" port: 35925 } } peers { permanent_uuid: "9d34d1aa474b46948a4d541b25211990" member_type: VOTER last_known_addr { host: "127.11.24.66" port: 40589 } } peers { permanent_uuid: "9a628d1e9251427e9862d465b8767828" member_type: VOTER last_known_addr { host: "127.11.24.67" port: 39793 } }
I20260713 09:06:31.719929 11645 raft_consensus.cc:2468] T a3b2efcc3de64d699ea37e5d27a734d2 P 9a628d1e9251427e9862d465b8767828 [term 1 FOLLOWER]: Leader election vote request: Granting yes vote for candidate 5b7616dfb4474b42b632319e410bd9f3 in term 1.
I20260713 09:06:31.729247 11688 tablet_bootstrap.cc:492] T 0dbdcd19306c416e8b702880f3f9f4f6 P 9d34d1aa474b46948a4d541b25211990: No bootstrap required, opened a new log
I20260713 09:06:31.729745 11688 ts_tablet_manager.cc:1403] T 0dbdcd19306c416e8b702880f3f9f4f6 P 9d34d1aa474b46948a4d541b25211990: Time spent bootstrapping tablet: real 0.041s	user 0.022s	sys 0.008s
I20260713 09:06:31.732388 11688 raft_consensus.cc:359] T 0dbdcd19306c416e8b702880f3f9f4f6 P 9d34d1aa474b46948a4d541b25211990 [term 0 FOLLOWER]: Replica starting. Triggering 0 pending ops. Active config: opid_index: -1 OBSOLETE_local: false peers { permanent_uuid: "5b7616dfb4474b42b632319e410bd9f3" member_type: VOTER last_known_addr { host: "127.11.24.65" port: 35925 } } peers { permanent_uuid: "9d34d1aa474b46948a4d541b25211990" member_type: VOTER last_known_addr { host: "127.11.24.66" port: 40589 } } peers { permanent_uuid: "9a628d1e9251427e9862d465b8767828" member_type: VOTER last_known_addr { host: "127.11.24.67" port: 39793 } }
I20260713 09:06:31.733078 11688 raft_consensus.cc:385] T 0dbdcd19306c416e8b702880f3f9f4f6 P 9d34d1aa474b46948a4d541b25211990 [term 0 FOLLOWER]: Consensus starting up: Expiring failure detector timer to make a prompt election more likely
I20260713 09:06:31.733347 11688 raft_consensus.cc:740] T 0dbdcd19306c416e8b702880f3f9f4f6 P 9d34d1aa474b46948a4d541b25211990 [term 0 FOLLOWER]: Becoming Follower/Learner. State: Replica: 9d34d1aa474b46948a4d541b25211990, State: Initialized, Role: FOLLOWER
I20260713 09:06:31.734050 11688 consensus_queue.cc:260] T 0dbdcd19306c416e8b702880f3f9f4f6 P 9d34d1aa474b46948a4d541b25211990 [NON_LEADER]: Queue going to NON_LEADER mode. State: All replicated index: 0, Majority replicated index: 0, Committed index: 0, Last appended: 0.0, Last appended by leader: 0, Current term: 0, Majority size: -1, State: 0, Mode: NON_LEADER, active raft config: opid_index: -1 OBSOLETE_local: false peers { permanent_uuid: "5b7616dfb4474b42b632319e410bd9f3" member_type: VOTER last_known_addr { host: "127.11.24.65" port: 35925 } } peers { permanent_uuid: "9d34d1aa474b46948a4d541b25211990" member_type: VOTER last_known_addr { host: "127.11.24.66" port: 40589 } } peers { permanent_uuid: "9a628d1e9251427e9862d465b8767828" member_type: VOTER last_known_addr { host: "127.11.24.67" port: 39793 } }
I20260713 09:06:31.734045 11393 catalog_manager.cc:5697] T a3b2efcc3de64d699ea37e5d27a734d2 P 5b7616dfb4474b42b632319e410bd9f3 reported cstate change: term changed from 0 to 1, leader changed from <none> to 5b7616dfb4474b42b632319e410bd9f3 (127.11.24.65). New cstate: current_term: 1 leader_uuid: "5b7616dfb4474b42b632319e410bd9f3" committed_config { opid_index: -1 OBSOLETE_local: false peers { permanent_uuid: "5b7616dfb4474b42b632319e410bd9f3" member_type: VOTER last_known_addr { host: "127.11.24.65" port: 35925 } health_report { overall_health: HEALTHY } } peers { permanent_uuid: "9d34d1aa474b46948a4d541b25211990" member_type: VOTER last_known_addr { host: "127.11.24.66" port: 40589 } health_report { overall_health: UNKNOWN } } peers { permanent_uuid: "9a628d1e9251427e9862d465b8767828" member_type: VOTER last_known_addr { host: "127.11.24.67" port: 39793 } health_report { overall_health: UNKNOWN } } }
I20260713 09:06:31.736565 11688 ts_tablet_manager.cc:1434] T 0dbdcd19306c416e8b702880f3f9f4f6 P 9d34d1aa474b46948a4d541b25211990: Time spent starting tablet: real 0.007s	user 0.005s	sys 0.000s
W20260713 09:06:31.738794 11441 auto_rebalancer.cc:288] Could not retrieve cluster info: Service unavailable: Tablet not running
I20260713 09:06:31.764459 11719 raft_consensus.cc:493] T b3d88f8c62d2469bb8f8dd2616fd1948 P 5b7616dfb4474b42b632319e410bd9f3 [term 0 FOLLOWER]: Starting pre-election (no leader contacted us within the election timeout)
I20260713 09:06:31.765048 11719 raft_consensus.cc:515] T b3d88f8c62d2469bb8f8dd2616fd1948 P 5b7616dfb4474b42b632319e410bd9f3 [term 0 FOLLOWER]: Starting pre-election with config: opid_index: -1 OBSOLETE_local: false peers { permanent_uuid: "5b7616dfb4474b42b632319e410bd9f3" member_type: VOTER last_known_addr { host: "127.11.24.65" port: 35925 } } peers { permanent_uuid: "9d34d1aa474b46948a4d541b25211990" member_type: VOTER last_known_addr { host: "127.11.24.66" port: 40589 } } peers { permanent_uuid: "9a628d1e9251427e9862d465b8767828" member_type: VOTER last_known_addr { host: "127.11.24.67" port: 39793 } }
I20260713 09:06:31.767848 11719 leader_election.cc:290] T b3d88f8c62d2469bb8f8dd2616fd1948 P 5b7616dfb4474b42b632319e410bd9f3 [CANDIDATE]: Term 1 pre-election: Requested pre-vote from peers 9d34d1aa474b46948a4d541b25211990 (127.11.24.66:40589), 9a628d1e9251427e9862d465b8767828 (127.11.24.67:39793)
I20260713 09:06:31.768105 11570 tablet_service.cc:1917] Received RequestConsensusVote() RPC: tablet_id: "b3d88f8c62d2469bb8f8dd2616fd1948" candidate_uuid: "5b7616dfb4474b42b632319e410bd9f3" candidate_term: 1 candidate_status { last_received { term: 0 index: 0 } } ignore_live_leader: false dest_uuid: "9d34d1aa474b46948a4d541b25211990" is_pre_election: true
I20260713 09:06:31.768393 11645 tablet_service.cc:1917] Received RequestConsensusVote() RPC: tablet_id: "b3d88f8c62d2469bb8f8dd2616fd1948" candidate_uuid: "5b7616dfb4474b42b632319e410bd9f3" candidate_term: 1 candidate_status { last_received { term: 0 index: 0 } } ignore_live_leader: false dest_uuid: "9a628d1e9251427e9862d465b8767828" is_pre_election: true
I20260713 09:06:31.768908 11570 raft_consensus.cc:2393] T b3d88f8c62d2469bb8f8dd2616fd1948 P 9d34d1aa474b46948a4d541b25211990 [term 1 FOLLOWER]: Leader pre-election vote request: Denying vote to candidate 5b7616dfb4474b42b632319e410bd9f3 in current term 1: Already voted for candidate 9a628d1e9251427e9862d465b8767828 in this term.
I20260713 09:06:31.770164 11462 leader_election.cc:304] T b3d88f8c62d2469bb8f8dd2616fd1948 P 5b7616dfb4474b42b632319e410bd9f3 [CANDIDATE]: Term 1 pre-election: Election decided. Result: candidate lost. Election summary: received 3 responses out of 3 voters: 1 yes votes; 2 no votes. yes voters: 5b7616dfb4474b42b632319e410bd9f3; no voters: 9a628d1e9251427e9862d465b8767828, 9d34d1aa474b46948a4d541b25211990
I20260713 09:06:31.770900 11719 raft_consensus.cc:3060] T b3d88f8c62d2469bb8f8dd2616fd1948 P 5b7616dfb4474b42b632319e410bd9f3 [term 0 FOLLOWER]: Advancing to term 1
I20260713 09:06:31.775389 11719 raft_consensus.cc:2749] T b3d88f8c62d2469bb8f8dd2616fd1948 P 5b7616dfb4474b42b632319e410bd9f3 [term 1 FOLLOWER]: Leader pre-election lost for term 1. Reason: could not achieve majority
I20260713 09:06:31.778267 11719 raft_consensus.cc:493] T 0dbdcd19306c416e8b702880f3f9f4f6 P 5b7616dfb4474b42b632319e410bd9f3 [term 0 FOLLOWER]: Starting pre-election (no leader contacted us within the election timeout)
I20260713 09:06:31.778824 11719 raft_consensus.cc:515] T 0dbdcd19306c416e8b702880f3f9f4f6 P 5b7616dfb4474b42b632319e410bd9f3 [term 0 FOLLOWER]: Starting pre-election with config: opid_index: -1 OBSOLETE_local: false peers { permanent_uuid: "5b7616dfb4474b42b632319e410bd9f3" member_type: VOTER last_known_addr { host: "127.11.24.65" port: 35925 } } peers { permanent_uuid: "9d34d1aa474b46948a4d541b25211990" member_type: VOTER last_known_addr { host: "127.11.24.66" port: 40589 } } peers { permanent_uuid: "9a628d1e9251427e9862d465b8767828" member_type: VOTER last_known_addr { host: "127.11.24.67" port: 39793 } }
