I20260713 09:06:56.542682 12659 tablet_bootstrap.cc:654] T 08b78b43c0824d71ae5ad533183d4bd0 P d4953fce23b546a5b6f744046b4eb59c: Neither blocks nor log segments found. Creating new log.
I20260713 09:06:56.542744 12658 tablet_bootstrap.cc:492] T e9a6d710eb304996a13523da9f4ec11d P 8300691331eb491e9a3279d86033a924: Bootstrap starting.
I20260713 09:06:56.545186 12657 tablet_bootstrap.cc:654] T 08b78b43c0824d71ae5ad533183d4bd0 P 0fa868eb160a447eb759c0562e777ee4: Neither blocks nor log segments found. Creating new log.
I20260713 09:06:56.556170 12659 tablet_bootstrap.cc:492] T 08b78b43c0824d71ae5ad533183d4bd0 P d4953fce23b546a5b6f744046b4eb59c: No bootstrap required, opened a new log
I20260713 09:06:56.556694 12659 ts_tablet_manager.cc:1403] T 08b78b43c0824d71ae5ad533183d4bd0 P d4953fce23b546a5b6f744046b4eb59c: Time spent bootstrapping tablet: real 0.021s	user 0.012s	sys 0.005s
I20260713 09:06:56.559666 12659 raft_consensus.cc:359] T 08b78b43c0824d71ae5ad533183d4bd0 P d4953fce23b546a5b6f744046b4eb59c [term 0 FOLLOWER]: Replica starting. Triggering 0 pending ops. Active config: opid_index: -1 OBSOLETE_local: false peers { permanent_uuid: "d4953fce23b546a5b6f744046b4eb59c" member_type: VOTER last_known_addr { host: "127.11.24.65" port: 34711 } } peers { permanent_uuid: "8300691331eb491e9a3279d86033a924" member_type: VOTER last_known_addr { host: "127.11.24.66" port: 34167 } } peers { permanent_uuid: "0fa868eb160a447eb759c0562e777ee4" member_type: VOTER last_known_addr { host: "127.11.24.67" port: 43647 } }
I20260713 09:06:56.560479 12659 raft_consensus.cc:385] T 08b78b43c0824d71ae5ad533183d4bd0 P d4953fce23b546a5b6f744046b4eb59c [term 0 FOLLOWER]: Consensus starting up: Expiring failure detector timer to make a prompt election more likely
I20260713 09:06:56.560832 12659 raft_consensus.cc:740] T 08b78b43c0824d71ae5ad533183d4bd0 P d4953fce23b546a5b6f744046b4eb59c [term 0 FOLLOWER]: Becoming Follower/Learner. State: Replica: d4953fce23b546a5b6f744046b4eb59c, State: Initialized, Role: FOLLOWER
I20260713 09:06:56.562668 12659 consensus_queue.cc:260] T 08b78b43c0824d71ae5ad533183d4bd0 P d4953fce23b546a5b6f744046b4eb59c [NON_LEADER]: Queue going to NON_LEADER mode. State: All replicated index: 0, Majority replicated index: 0, Committed index: 0, Last appended: 0.0, Last appended by leader: 0, Current term: 0, Majority size: -1, State: 0, Mode: NON_LEADER, active raft config: opid_index: -1 OBSOLETE_local: false peers { permanent_uuid: "d4953fce23b546a5b6f744046b4eb59c" member_type: VOTER last_known_addr { host: "127.11.24.65" port: 34711 } } peers { permanent_uuid: "8300691331eb491e9a3279d86033a924" member_type: VOTER last_known_addr { host: "127.11.24.66" port: 34167 } } peers { permanent_uuid: "0fa868eb160a447eb759c0562e777ee4" member_type: VOTER last_known_addr { host: "127.11.24.67" port: 43647 } }
I20260713 09:06:56.579664 12659 ts_tablet_manager.cc:1434] T 08b78b43c0824d71ae5ad533183d4bd0 P d4953fce23b546a5b6f744046b4eb59c: Time spent starting tablet: real 0.023s	user 0.009s	sys 0.001s
I20260713 09:06:56.580935 12657 tablet_bootstrap.cc:492] T 08b78b43c0824d71ae5ad533183d4bd0 P 0fa868eb160a447eb759c0562e777ee4: No bootstrap required, opened a new log
I20260713 09:06:56.581050 12658 tablet_bootstrap.cc:654] T e9a6d710eb304996a13523da9f4ec11d P 8300691331eb491e9a3279d86033a924: Neither blocks nor log segments found. Creating new log.
I20260713 09:06:56.581492 12657 ts_tablet_manager.cc:1403] T 08b78b43c0824d71ae5ad533183d4bd0 P 0fa868eb160a447eb759c0562e777ee4: Time spent bootstrapping tablet: real 0.044s	user 0.016s	sys 0.026s
I20260713 09:06:56.584445 12659 tablet_bootstrap.cc:492] T e09ce460212746e1b8782c2c7e026803 P d4953fce23b546a5b6f744046b4eb59c: Bootstrap starting.
I20260713 09:06:56.584565 12657 raft_consensus.cc:359] T 08b78b43c0824d71ae5ad533183d4bd0 P 0fa868eb160a447eb759c0562e777ee4 [term 0 FOLLOWER]: Replica starting. Triggering 0 pending ops. Active config: opid_index: -1 OBSOLETE_local: false peers { permanent_uuid: "d4953fce23b546a5b6f744046b4eb59c" member_type: VOTER last_known_addr { host: "127.11.24.65" port: 34711 } } peers { permanent_uuid: "8300691331eb491e9a3279d86033a924" member_type: VOTER last_known_addr { host: "127.11.24.66" port: 34167 } } peers { permanent_uuid: "0fa868eb160a447eb759c0562e777ee4" member_type: VOTER last_known_addr { host: "127.11.24.67" port: 43647 } }
I20260713 09:06:56.585316 12657 raft_consensus.cc:385] T 08b78b43c0824d71ae5ad533183d4bd0 P 0fa868eb160a447eb759c0562e777ee4 [term 0 FOLLOWER]: Consensus starting up: Expiring failure detector timer to make a prompt election more likely
I20260713 09:06:56.585825 12657 raft_consensus.cc:740] T 08b78b43c0824d71ae5ad533183d4bd0 P 0fa868eb160a447eb759c0562e777ee4 [term 0 FOLLOWER]: Becoming Follower/Learner. State: Replica: 0fa868eb160a447eb759c0562e777ee4, State: Initialized, Role: FOLLOWER
I20260713 09:06:56.586825 12657 consensus_queue.cc:260] T 08b78b43c0824d71ae5ad533183d4bd0 P 0fa868eb160a447eb759c0562e777ee4 [NON_LEADER]: Queue going to NON_LEADER mode. State: All replicated index: 0, Majority replicated index: 0, Committed index: 0, Last appended: 0.0, Last appended by leader: 0, Current term: 0, Majority size: -1, State: 0, Mode: NON_LEADER, active raft config: opid_index: -1 OBSOLETE_local: false peers { permanent_uuid: "d4953fce23b546a5b6f744046b4eb59c" member_type: VOTER last_known_addr { host: "127.11.24.65" port: 34711 } } peers { permanent_uuid: "8300691331eb491e9a3279d86033a924" member_type: VOTER last_known_addr { host: "127.11.24.66" port: 34167 } } peers { permanent_uuid: "0fa868eb160a447eb759c0562e777ee4" member_type: VOTER last_known_addr { host: "127.11.24.67" port: 43647 } }
I20260713 09:06:56.589464 12657 ts_tablet_manager.cc:1434] T 08b78b43c0824d71ae5ad533183d4bd0 P 0fa868eb160a447eb759c0562e777ee4: Time spent starting tablet: real 0.008s	user 0.004s	sys 0.002s
I20260713 09:06:56.590576 12657 tablet_bootstrap.cc:492] T 830c7b87e0144635985fa245cd97b6e5 P 0fa868eb160a447eb759c0562e777ee4: Bootstrap starting.
I20260713 09:06:56.592607 12659 tablet_bootstrap.cc:654] T e09ce460212746e1b8782c2c7e026803 P d4953fce23b546a5b6f744046b4eb59c: Neither blocks nor log segments found. Creating new log.
I20260713 09:06:56.598520 12657 tablet_bootstrap.cc:654] T 830c7b87e0144635985fa245cd97b6e5 P 0fa868eb160a447eb759c0562e777ee4: Neither blocks nor log segments found. Creating new log.
I20260713 09:06:56.600845 12658 tablet_bootstrap.cc:492] T e9a6d710eb304996a13523da9f4ec11d P 8300691331eb491e9a3279d86033a924: No bootstrap required, opened a new log
I20260713 09:06:56.601377 12658 ts_tablet_manager.cc:1403] T e9a6d710eb304996a13523da9f4ec11d P 8300691331eb491e9a3279d86033a924: Time spent bootstrapping tablet: real 0.059s	user 0.021s	sys 0.014s
I20260713 09:06:56.604555 12658 raft_consensus.cc:359] T e9a6d710eb304996a13523da9f4ec11d P 8300691331eb491e9a3279d86033a924 [term 0 FOLLOWER]: Replica starting. Triggering 0 pending ops. Active config: opid_index: -1 OBSOLETE_local: false peers { permanent_uuid: "d4953fce23b546a5b6f744046b4eb59c" member_type: VOTER last_known_addr { host: "127.11.24.65" port: 34711 } } peers { permanent_uuid: "8300691331eb491e9a3279d86033a924" member_type: VOTER last_known_addr { host: "127.11.24.66" port: 34167 } } peers { permanent_uuid: "0fa868eb160a447eb759c0562e777ee4" member_type: VOTER last_known_addr { host: "127.11.24.67" port: 43647 } }
I20260713 09:06:56.605352 12658 raft_consensus.cc:385] T e9a6d710eb304996a13523da9f4ec11d P 8300691331eb491e9a3279d86033a924 [term 0 FOLLOWER]: Consensus starting up: Expiring failure detector timer to make a prompt election more likely
I20260713 09:06:56.605736 12658 raft_consensus.cc:740] T e9a6d710eb304996a13523da9f4ec11d P 8300691331eb491e9a3279d86033a924 [term 0 FOLLOWER]: Becoming Follower/Learner. State: Replica: 8300691331eb491e9a3279d86033a924, State: Initialized, Role: FOLLOWER
I20260713 09:06:56.605422 12365 catalog_manager.cc:5697] T 0ae1d0b9c2ee4489ae375d647b12caf0 P 0fa868eb160a447eb759c0562e777ee4 reported cstate change: term changed from 0 to 1, leader changed from <none> to 0fa868eb160a447eb759c0562e777ee4 (127.11.24.67). New cstate: current_term: 1 leader_uuid: "0fa868eb160a447eb759c0562e777ee4" committed_config { opid_index: -1 OBSOLETE_local: false peers { permanent_uuid: "d4953fce23b546a5b6f744046b4eb59c" member_type: VOTER last_known_addr { host: "127.11.24.65" port: 34711 } health_report { overall_health: UNKNOWN } } peers { permanent_uuid: "8300691331eb491e9a3279d86033a924" member_type: VOTER last_known_addr { host: "127.11.24.66" port: 34167 } health_report { overall_health: UNKNOWN } } peers { permanent_uuid: "0fa868eb160a447eb759c0562e777ee4" member_type: VOTER last_known_addr { host: "127.11.24.67" port: 43647 } health_report { overall_health: HEALTHY } } }
I20260713 09:06:56.606539 12658 consensus_queue.cc:260] T e9a6d710eb304996a13523da9f4ec11d P 8300691331eb491e9a3279d86033a924 [NON_LEADER]: Queue going to NON_LEADER mode. State: All replicated index: 0, Majority replicated index: 0, Committed index: 0, Last appended: 0.0, Last appended by leader: 0, Current term: 0, Majority size: -1, State: 0, Mode: NON_LEADER, active raft config: opid_index: -1 OBSOLETE_local: false peers { permanent_uuid: "d4953fce23b546a5b6f744046b4eb59c" member_type: VOTER last_known_addr { host: "127.11.24.65" port: 34711 } } peers { permanent_uuid: "8300691331eb491e9a3279d86033a924" member_type: VOTER last_known_addr { host: "127.11.24.66" port: 34167 } } peers { permanent_uuid: "0fa868eb160a447eb759c0562e777ee4" member_type: VOTER last_known_addr { host: "127.11.24.67" port: 43647 } }
I20260713 09:06:56.608201 12658 ts_tablet_manager.cc:1434] T e9a6d710eb304996a13523da9f4ec11d P 8300691331eb491e9a3279d86033a924: Time spent starting tablet: real 0.006s	user 0.005s	sys 0.000s
I20260713 09:06:56.612670 12658 tablet_bootstrap.cc:492] T 8e0b9d5037c64c4190fb73951a8702f5 P 8300691331eb491e9a3279d86033a924: Bootstrap starting.
I20260713 09:06:56.612847 12659 tablet_bootstrap.cc:492] T e09ce460212746e1b8782c2c7e026803 P d4953fce23b546a5b6f744046b4eb59c: No bootstrap required, opened a new log
I20260713 09:06:56.613353 12659 ts_tablet_manager.cc:1403] T e09ce460212746e1b8782c2c7e026803 P d4953fce23b546a5b6f744046b4eb59c: Time spent bootstrapping tablet: real 0.029s	user 0.015s	sys 0.006s
I20260713 09:06:56.616360 12659 raft_consensus.cc:359] T e09ce460212746e1b8782c2c7e026803 P d4953fce23b546a5b6f744046b4eb59c [term 0 FOLLOWER]: Replica starting. Triggering 0 pending ops. Active config: opid_index: -1 OBSOLETE_local: false peers { permanent_uuid: "d4953fce23b546a5b6f744046b4eb59c" member_type: VOTER last_known_addr { host: "127.11.24.65" port: 34711 } } peers { permanent_uuid: "8300691331eb491e9a3279d86033a924" member_type: VOTER last_known_addr { host: "127.11.24.66" port: 34167 } } peers { permanent_uuid: "0fa868eb160a447eb759c0562e777ee4" member_type: VOTER last_known_addr { host: "127.11.24.67" port: 43647 } }
I20260713 09:06:56.617142 12659 raft_consensus.cc:385] T e09ce460212746e1b8782c2c7e026803 P d4953fce23b546a5b6f744046b4eb59c [term 0 FOLLOWER]: Consensus starting up: Expiring failure detector timer to make a prompt election more likely
I20260713 09:06:56.617430 12659 raft_consensus.cc:740] T e09ce460212746e1b8782c2c7e026803 P d4953fce23b546a5b6f744046b4eb59c [term 0 FOLLOWER]: Becoming Follower/Learner. State: Replica: d4953fce23b546a5b6f744046b4eb59c, State: Initialized, Role: FOLLOWER
I20260713 09:06:56.618569 12658 tablet_bootstrap.cc:654] T 8e0b9d5037c64c4190fb73951a8702f5 P 8300691331eb491e9a3279d86033a924: Neither blocks nor log segments found. Creating new log.
I20260713 09:06:56.619067 12659 consensus_queue.cc:260] T e09ce460212746e1b8782c2c7e026803 P d4953fce23b546a5b6f744046b4eb59c [NON_LEADER]: Queue going to NON_LEADER mode. State: All replicated index: 0, Majority replicated index: 0, Committed index: 0, Last appended: 0.0, Last appended by leader: 0, Current term: 0, Majority size: -1, State: 0, Mode: NON_LEADER, active raft config: opid_index: -1 OBSOLETE_local: false peers { permanent_uuid: "d4953fce23b546a5b6f744046b4eb59c" member_type: VOTER last_known_addr { host: "127.11.24.65" port: 34711 } } peers { permanent_uuid: "8300691331eb491e9a3279d86033a924" member_type: VOTER last_known_addr { host: "127.11.24.66" port: 34167 } } peers { permanent_uuid: "0fa868eb160a447eb759c0562e777ee4" member_type: VOTER last_known_addr { host: "127.11.24.67" port: 43647 } }
I20260713 09:06:56.624188 12658 tablet_bootstrap.cc:492] T 8e0b9d5037c64c4190fb73951a8702f5 P 8300691331eb491e9a3279d86033a924: No bootstrap required, opened a new log
I20260713 09:06:56.624667 12657 tablet_bootstrap.cc:492] T 830c7b87e0144635985fa245cd97b6e5 P 0fa868eb160a447eb759c0562e777ee4: No bootstrap required, opened a new log
I20260713 09:06:56.624660 12658 ts_tablet_manager.cc:1403] T 8e0b9d5037c64c4190fb73951a8702f5 P 8300691331eb491e9a3279d86033a924: Time spent bootstrapping tablet: real 0.012s	user 0.007s	sys 0.003s
I20260713 09:06:56.625241 12657 ts_tablet_manager.cc:1403] T 830c7b87e0144635985fa245cd97b6e5 P 0fa868eb160a447eb759c0562e777ee4: Time spent bootstrapping tablet: real 0.035s	user 0.013s	sys 0.007s
I20260713 09:06:56.625769 12659 ts_tablet_manager.cc:1434] T e09ce460212746e1b8782c2c7e026803 P d4953fce23b546a5b6f744046b4eb59c: Time spent starting tablet: real 0.012s	user 0.005s	sys 0.002s
I20260713 09:06:56.626726 12659 tablet_bootstrap.cc:492] T ce56a6c53ec54d838a6c6997484d2eb9 P d4953fce23b546a5b6f744046b4eb59c: Bootstrap starting.
I20260713 09:06:56.627568 12658 raft_consensus.cc:359] T 8e0b9d5037c64c4190fb73951a8702f5 P 8300691331eb491e9a3279d86033a924 [term 0 FOLLOWER]: Replica starting. Triggering 0 pending ops. Active config: opid_index: -1 OBSOLETE_local: false peers { permanent_uuid: "d4953fce23b546a5b6f744046b4eb59c" member_type: VOTER last_known_addr { host: "127.11.24.65" port: 34711 } } peers { permanent_uuid: "8300691331eb491e9a3279d86033a924" member_type: VOTER last_known_addr { host: "127.11.24.66" port: 34167 } } peers { permanent_uuid: "0fa868eb160a447eb759c0562e777ee4" member_type: VOTER last_known_addr { host: "127.11.24.67" port: 43647 } }
I20260713 09:06:56.628248 12658 raft_consensus.cc:385] T 8e0b9d5037c64c4190fb73951a8702f5 P 8300691331eb491e9a3279d86033a924 [term 0 FOLLOWER]: Consensus starting up: Expiring failure detector timer to make a prompt election more likely
I20260713 09:06:56.628706 12658 raft_consensus.cc:740] T 8e0b9d5037c64c4190fb73951a8702f5 P 8300691331eb491e9a3279d86033a924 [term 0 FOLLOWER]: Becoming Follower/Learner. State: Replica: 8300691331eb491e9a3279d86033a924, State: Initialized, Role: FOLLOWER
I20260713 09:06:56.628216 12657 raft_consensus.cc:359] T 830c7b87e0144635985fa245cd97b6e5 P 0fa868eb160a447eb759c0562e777ee4 [term 0 FOLLOWER]: Replica starting. Triggering 0 pending ops. Active config: opid_index: -1 OBSOLETE_local: false peers { permanent_uuid: "d4953fce23b546a5b6f744046b4eb59c" member_type: VOTER last_known_addr { host: "127.11.24.65" port: 34711 } } peers { permanent_uuid: "8300691331eb491e9a3279d86033a924" member_type: VOTER last_known_addr { host: "127.11.24.66" port: 34167 } } peers { permanent_uuid: "0fa868eb160a447eb759c0562e777ee4" member_type: VOTER last_known_addr { host: "127.11.24.67" port: 43647 } }
I20260713 09:06:56.629192 12657 raft_consensus.cc:385] T 830c7b87e0144635985fa245cd97b6e5 P 0fa868eb160a447eb759c0562e777ee4 [term 0 FOLLOWER]: Consensus starting up: Expiring failure detector timer to make a prompt election more likely
I20260713 09:06:56.629483 12657 raft_consensus.cc:740] T 830c7b87e0144635985fa245cd97b6e5 P 0fa868eb160a447eb759c0562e777ee4 [term 0 FOLLOWER]: Becoming Follower/Learner. State: Replica: 0fa868eb160a447eb759c0562e777ee4, State: Initialized, Role: FOLLOWER
I20260713 09:06:56.629511 12658 consensus_queue.cc:260] T 8e0b9d5037c64c4190fb73951a8702f5 P 8300691331eb491e9a3279d86033a924 [NON_LEADER]: Queue going to NON_LEADER mode. State: All replicated index: 0, Majority replicated index: 0, Committed index: 0, Last appended: 0.0, Last appended by leader: 0, Current term: 0, Majority size: -1, State: 0, Mode: NON_LEADER, active raft config: opid_index: -1 OBSOLETE_local: false peers { permanent_uuid: "d4953fce23b546a5b6f744046b4eb59c" member_type: VOTER last_known_addr { host: "127.11.24.65" port: 34711 } } peers { permanent_uuid: "8300691331eb491e9a3279d86033a924" member_type: VOTER last_known_addr { host: "127.11.24.66" port: 34167 } } peers { permanent_uuid: "0fa868eb160a447eb759c0562e777ee4" member_type: VOTER last_known_addr { host: "127.11.24.67" port: 43647 } }
I20260713 09:06:56.630348 12657 consensus_queue.cc:260] T 830c7b87e0144635985fa245cd97b6e5 P 0fa868eb160a447eb759c0562e777ee4 [NON_LEADER]: Queue going to NON_LEADER mode. State: All replicated index: 0, Majority replicated index: 0, Committed index: 0, Last appended: 0.0, Last appended by leader: 0, Current term: 0, Majority size: -1, State: 0, Mode: NON_LEADER, active raft config: opid_index: -1 OBSOLETE_local: false peers { permanent_uuid: "d4953fce23b546a5b6f744046b4eb59c" member_type: VOTER last_known_addr { host: "127.11.24.65" port: 34711 } } peers { permanent_uuid: "8300691331eb491e9a3279d86033a924" member_type: VOTER last_known_addr { host: "127.11.24.66" port: 34167 } } peers { permanent_uuid: "0fa868eb160a447eb759c0562e777ee4" member_type: VOTER last_known_addr { host: "127.11.24.67" port: 43647 } }
I20260713 09:06:56.633172 12657 ts_tablet_manager.cc:1434] T 830c7b87e0144635985fa245cd97b6e5 P 0fa868eb160a447eb759c0562e777ee4: Time spent starting tablet: real 0.008s	user 0.007s	sys 0.000s
I20260713 09:06:56.633813 12659 tablet_bootstrap.cc:654] T ce56a6c53ec54d838a6c6997484d2eb9 P d4953fce23b546a5b6f744046b4eb59c: Neither blocks nor log segments found. Creating new log.
I20260713 09:06:56.634233 12657 tablet_bootstrap.cc:492] T 5d10229e0a7547b39cc7e9ae81d99f47 P 0fa868eb160a447eb759c0562e777ee4: Bootstrap starting.
I20260713 09:06:56.640990 12657 tablet_bootstrap.cc:654] T 5d10229e0a7547b39cc7e9ae81d99f47 P 0fa868eb160a447eb759c0562e777ee4: Neither blocks nor log segments found. Creating new log.
I20260713 09:06:56.641181 12658 ts_tablet_manager.cc:1434] T 8e0b9d5037c64c4190fb73951a8702f5 P 8300691331eb491e9a3279d86033a924: Time spent starting tablet: real 0.016s	user 0.003s	sys 0.003s
I20260713 09:06:56.645736 12658 tablet_bootstrap.cc:492] T 08b78b43c0824d71ae5ad533183d4bd0 P 8300691331eb491e9a3279d86033a924: Bootstrap starting.
I20260713 09:06:56.645819 12659 tablet_bootstrap.cc:492] T ce56a6c53ec54d838a6c6997484d2eb9 P d4953fce23b546a5b6f744046b4eb59c: No bootstrap required, opened a new log
I20260713 09:06:56.646379 12659 ts_tablet_manager.cc:1403] T ce56a6c53ec54d838a6c6997484d2eb9 P d4953fce23b546a5b6f744046b4eb59c: Time spent bootstrapping tablet: real 0.020s	user 0.009s	sys 0.009s
I20260713 09:06:56.646440 12657 tablet_bootstrap.cc:492] T 5d10229e0a7547b39cc7e9ae81d99f47 P 0fa868eb160a447eb759c0562e777ee4: No bootstrap required, opened a new log
I20260713 09:06:56.647063 12657 ts_tablet_manager.cc:1403] T 5d10229e0a7547b39cc7e9ae81d99f47 P 0fa868eb160a447eb759c0562e777ee4: Time spent bootstrapping tablet: real 0.013s	user 0.012s	sys 0.000s
I20260713 09:06:56.649439 12659 raft_consensus.cc:359] T ce56a6c53ec54d838a6c6997484d2eb9 P d4953fce23b546a5b6f744046b4eb59c [term 0 FOLLOWER]: Replica starting. Triggering 0 pending ops. Active config: opid_index: -1 OBSOLETE_local: false peers { permanent_uuid: "d4953fce23b546a5b6f744046b4eb59c" member_type: VOTER last_known_addr { host: "127.11.24.65" port: 34711 } } peers { permanent_uuid: "0fa868eb160a447eb759c0562e777ee4" member_type: VOTER last_known_addr { host: "127.11.24.67" port: 43647 } } peers { permanent_uuid: "8300691331eb491e9a3279d86033a924" member_type: VOTER last_known_addr { host: "127.11.24.66" port: 34167 } }
I20260713 09:06:56.650233 12659 raft_consensus.cc:385] T ce56a6c53ec54d838a6c6997484d2eb9 P d4953fce23b546a5b6f744046b4eb59c [term 0 FOLLOWER]: Consensus starting up: Expiring failure detector timer to make a prompt election more likely
I20260713 09:06:56.649830 12657 raft_consensus.cc:359] T 5d10229e0a7547b39cc7e9ae81d99f47 P 0fa868eb160a447eb759c0562e777ee4 [term 0 FOLLOWER]: Replica starting. Triggering 0 pending ops. Active config: opid_index: -1 OBSOLETE_local: false peers { permanent_uuid: "d4953fce23b546a5b6f744046b4eb59c" member_type: VOTER last_known_addr { host: "127.11.24.65" port: 34711 } } peers { permanent_uuid: "8300691331eb491e9a3279d86033a924" member_type: VOTER last_known_addr { host: "127.11.24.66" port: 34167 } } peers { permanent_uuid: "0fa868eb160a447eb759c0562e777ee4" member_type: VOTER last_known_addr { host: "127.11.24.67" port: 43647 } }
I20260713 09:06:56.650532 12659 raft_consensus.cc:740] T ce56a6c53ec54d838a6c6997484d2eb9 P d4953fce23b546a5b6f744046b4eb59c [term 0 FOLLOWER]: Becoming Follower/Learner. State: Replica: d4953fce23b546a5b6f744046b4eb59c, State: Initialized, Role: FOLLOWER
I20260713 09:06:56.650715 12657 raft_consensus.cc:385] T 5d10229e0a7547b39cc7e9ae81d99f47 P 0fa868eb160a447eb759c0562e777ee4 [term 0 FOLLOWER]: Consensus starting up: Expiring failure detector timer to make a prompt election more likely
I20260713 09:06:56.651253 12657 raft_consensus.cc:740] T 5d10229e0a7547b39cc7e9ae81d99f47 P 0fa868eb160a447eb759c0562e777ee4 [term 0 FOLLOWER]: Becoming Follower/Learner. State: Replica: 0fa868eb160a447eb759c0562e777ee4, State: Initialized, Role: FOLLOWER
I20260713 09:06:56.651975 12658 tablet_bootstrap.cc:654] T 08b78b43c0824d71ae5ad533183d4bd0 P 8300691331eb491e9a3279d86033a924: Neither blocks nor log segments found. Creating new log.
I20260713 09:06:56.651551 12659 consensus_queue.cc:260] T ce56a6c53ec54d838a6c6997484d2eb9 P d4953fce23b546a5b6f744046b4eb59c [NON_LEADER]: Queue going to NON_LEADER mode. State: All replicated index: 0, Majority replicated index: 0, Committed index: 0, Last appended: 0.0, Last appended by leader: 0, Current term: 0, Majority size: -1, State: 0, Mode: NON_LEADER, active raft config: opid_index: -1 OBSOLETE_local: false peers { permanent_uuid: "d4953fce23b546a5b6f744046b4eb59c" member_type: VOTER last_known_addr { host: "127.11.24.65" port: 34711 } } peers { permanent_uuid: "0fa868eb160a447eb759c0562e777ee4" member_type: VOTER last_known_addr { host: "127.11.24.67" port: 43647 } } peers { permanent_uuid: "8300691331eb491e9a3279d86033a924" member_type: VOTER last_known_addr { host: "127.11.24.66" port: 34167 } }
I20260713 09:06:56.652070 12657 consensus_queue.cc:260] T 5d10229e0a7547b39cc7e9ae81d99f47 P 0fa868eb160a447eb759c0562e777ee4 [NON_LEADER]: Queue going to NON_LEADER mode. State: All replicated index: 0, Majority replicated index: 0, Committed index: 0, Last appended: 0.0, Last appended by leader: 0, Current term: 0, Majority size: -1, State: 0, Mode: NON_LEADER, active raft config: opid_index: -1 OBSOLETE_local: false peers { permanent_uuid: "d4953fce23b546a5b6f744046b4eb59c" member_type: VOTER last_known_addr { host: "127.11.24.65" port: 34711 } } peers { permanent_uuid: "8300691331eb491e9a3279d86033a924" member_type: VOTER last_known_addr { host: "127.11.24.66" port: 34167 } } peers { permanent_uuid: "0fa868eb160a447eb759c0562e777ee4" member_type: VOTER last_known_addr { host: "127.11.24.67" port: 43647 } }
I20260713 09:06:56.655103 12657 ts_tablet_manager.cc:1434] T 5d10229e0a7547b39cc7e9ae81d99f47 P 0fa868eb160a447eb759c0562e777ee4: Time spent starting tablet: real 0.008s	user 0.006s	sys 0.000s
I20260713 09:06:56.656121 12657 tablet_bootstrap.cc:492] T 8e0b9d5037c64c4190fb73951a8702f5 P 0fa868eb160a447eb759c0562e777ee4: Bootstrap starting.
I20260713 09:06:56.657622 12659 ts_tablet_manager.cc:1434] T ce56a6c53ec54d838a6c6997484d2eb9 P d4953fce23b546a5b6f744046b4eb59c: Time spent starting tablet: real 0.011s	user 0.004s	sys 0.004s
I20260713 09:06:56.658655 12659 tablet_bootstrap.cc:492] T 830c7b87e0144635985fa245cd97b6e5 P d4953fce23b546a5b6f744046b4eb59c: Bootstrap starting.
I20260713 09:06:56.663082 12657 tablet_bootstrap.cc:654] T 8e0b9d5037c64c4190fb73951a8702f5 P 0fa868eb160a447eb759c0562e777ee4: Neither blocks nor log segments found. Creating new log.
I20260713 09:06:56.665570 12659 tablet_bootstrap.cc:654] T 830c7b87e0144635985fa245cd97b6e5 P d4953fce23b546a5b6f744046b4eb59c: Neither blocks nor log segments found. Creating new log.
I20260713 09:06:56.678609 12669 raft_consensus.cc:493] T ce56a6c53ec54d838a6c6997484d2eb9 P 0fa868eb160a447eb759c0562e777ee4 [term 0 FOLLOWER]: Starting pre-election (no leader contacted us within the election timeout)
I20260713 09:06:56.679170 12669 raft_consensus.cc:515] T ce56a6c53ec54d838a6c6997484d2eb9 P 0fa868eb160a447eb759c0562e777ee4 [term 0 FOLLOWER]: Starting pre-election with config: opid_index: -1 OBSOLETE_local: false peers { permanent_uuid: "d4953fce23b546a5b6f744046b4eb59c" member_type: VOTER last_known_addr { host: "127.11.24.65" port: 34711 } } peers { permanent_uuid: "0fa868eb160a447eb759c0562e777ee4" member_type: VOTER last_known_addr { host: "127.11.24.67" port: 43647 } } peers { permanent_uuid: "8300691331eb491e9a3279d86033a924" member_type: VOTER last_known_addr { host: "127.11.24.66" port: 34167 } }
I20260713 09:06:56.682816 12467 tablet_service.cc:1917] Received RequestConsensusVote() RPC: tablet_id: "ce56a6c53ec54d838a6c6997484d2eb9" candidate_uuid: "0fa868eb160a447eb759c0562e777ee4" candidate_term: 1 candidate_status { last_received { term: 0 index: 0 } } ignore_live_leader: false dest_uuid: "d4953fce23b546a5b6f744046b4eb59c" is_pre_election: true
I20260713 09:06:56.683490 12467 raft_consensus.cc:2468] T ce56a6c53ec54d838a6c6997484d2eb9 P d4953fce23b546a5b6f744046b4eb59c [term 0 FOLLOWER]: Leader pre-election vote request: Granting yes vote for candidate 0fa868eb160a447eb759c0562e777ee4 in term 0.
I20260713 09:06:56.684900 12658 tablet_bootstrap.cc:492] T 08b78b43c0824d71ae5ad533183d4bd0 P 8300691331eb491e9a3279d86033a924: No bootstrap required, opened a new log
I20260713 09:06:56.685386 12658 ts_tablet_manager.cc:1403] T 08b78b43c0824d71ae5ad533183d4bd0 P 8300691331eb491e9a3279d86033a924: Time spent bootstrapping tablet: real 0.040s	user 0.018s	sys 0.015s
I20260713 09:06:56.685250 12542 tablet_service.cc:1917] Received RequestConsensusVote() RPC: tablet_id: "ce56a6c53ec54d838a6c6997484d2eb9" candidate_uuid: "0fa868eb160a447eb759c0562e777ee4" candidate_term: 1 candidate_status { last_received { term: 0 index: 0 } } ignore_live_leader: false dest_uuid: "8300691331eb491e9a3279d86033a924" is_pre_election: true
I20260713 09:06:56.685913 12542 raft_consensus.cc:2468] T ce56a6c53ec54d838a6c6997484d2eb9 P 8300691331eb491e9a3279d86033a924 [term 0 FOLLOWER]: Leader pre-election vote request: Granting yes vote for candidate 0fa868eb160a447eb759c0562e777ee4 in term 0.
I20260713 09:06:56.686987 12683 raft_consensus.cc:493] T 652e89ff716744d8912419c97507118d P 8300691331eb491e9a3279d86033a924 [term 0 FOLLOWER]: Starting pre-election (no leader contacted us within the election timeout)
I20260713 09:06:56.687466 12683 raft_consensus.cc:515] T 652e89ff716744d8912419c97507118d P 8300691331eb491e9a3279d86033a924 [term 0 FOLLOWER]: Starting pre-election with config: opid_index: -1 OBSOLETE_local: false peers { permanent_uuid: "d4953fce23b546a5b6f744046b4eb59c" member_type: VOTER last_known_addr { host: "127.11.24.65" port: 34711 } } peers { permanent_uuid: "8300691331eb491e9a3279d86033a924" member_type: VOTER last_known_addr { host: "127.11.24.66" port: 34167 } } peers { permanent_uuid: "0fa868eb160a447eb759c0562e777ee4" member_type: VOTER last_known_addr { host: "127.11.24.67" port: 43647 } }
I20260713 09:06:56.688238 12658 raft_consensus.cc:359] T 08b78b43c0824d71ae5ad533183d4bd0 P 8300691331eb491e9a3279d86033a924 [term 0 FOLLOWER]: Replica starting. Triggering 0 pending ops. Active config: opid_index: -1 OBSOLETE_local: false peers { permanent_uuid: "d4953fce23b546a5b6f744046b4eb59c" member_type: VOTER last_known_addr { host: "127.11.24.65" port: 34711 } } peers { permanent_uuid: "8300691331eb491e9a3279d86033a924" member_type: VOTER last_known_addr { host: "127.11.24.66" port: 34167 } } peers { permanent_uuid: "0fa868eb160a447eb759c0562e777ee4" member_type: VOTER last_known_addr { host: "127.11.24.67" port: 43647 } }
I20260713 09:06:56.688920 12658 raft_consensus.cc:385] T 08b78b43c0824d71ae5ad533183d4bd0 P 8300691331eb491e9a3279d86033a924 [term 0 FOLLOWER]: Consensus starting up: Expiring failure detector timer to make a prompt election more likely
I20260713 09:06:56.689217 12658 raft_consensus.cc:740] T 08b78b43c0824d71ae5ad533183d4bd0 P 8300691331eb491e9a3279d86033a924 [term 0 FOLLOWER]: Becoming Follower/Learner. State: Replica: 8300691331eb491e9a3279d86033a924, State: Initialized, Role: FOLLOWER
I20260713 09:06:56.689914 12658 consensus_queue.cc:260] T 08b78b43c0824d71ae5ad533183d4bd0 P 8300691331eb491e9a3279d86033a924 [NON_LEADER]: Queue going to NON_LEADER mode. State: All replicated index: 0, Majority replicated index: 0, Committed index: 0, Last appended: 0.0, Last appended by leader: 0, Current term: 0, Majority size: -1, State: 0, Mode: NON_LEADER, active raft config: opid_index: -1 OBSOLETE_local: false peers { permanent_uuid: "d4953fce23b546a5b6f744046b4eb59c" member_type: VOTER last_known_addr { host: "127.11.24.65" port: 34711 } } peers { permanent_uuid: "8300691331eb491e9a3279d86033a924" member_type: VOTER last_known_addr { host: "127.11.24.66" port: 34167 } } peers { permanent_uuid: "0fa868eb160a447eb759c0562e777ee4" member_type: VOTER last_known_addr { host: "127.11.24.67" port: 43647 } }
I20260713 09:06:56.691881 12658 ts_tablet_manager.cc:1434] T 08b78b43c0824d71ae5ad533183d4bd0 P 8300691331eb491e9a3279d86033a924: Time spent starting tablet: real 0.006s	user 0.004s	sys 0.000s
I20260713 09:06:56.692530 12467 tablet_service.cc:1917] Received RequestConsensusVote() RPC: tablet_id: "652e89ff716744d8912419c97507118d" candidate_uuid: "8300691331eb491e9a3279d86033a924" candidate_term: 1 candidate_status { last_received { term: 0 index: 0 } } ignore_live_leader: false dest_uuid: "d4953fce23b546a5b6f744046b4eb59c" is_pre_election: true
W20260713 09:06:56.694201 12506 leader_election.cc:343] T 652e89ff716744d8912419c97507118d P 8300691331eb491e9a3279d86033a924 [CANDIDATE]: Term 1 pre-election: Tablet error from VoteRequest() call to peer d4953fce23b546a5b6f744046b4eb59c (127.11.24.65:34711): Illegal state: must be running to vote when last-logged opid is not known
I20260713 09:06:56.695355 12658 tablet_bootstrap.cc:492] T 830c7b87e0144635985fa245cd97b6e5 P 8300691331eb491e9a3279d86033a924: Bootstrap starting.
I20260713 09:06:56.697039 12580 leader_election.cc:304] T ce56a6c53ec54d838a6c6997484d2eb9 P 0fa868eb160a447eb759c0562e777ee4 [CANDIDATE]: Term 1 pre-election: Election decided. Result: candidate won. Election summary: received 2 responses out of 3 voters: 2 yes votes; 0 no votes. yes voters: 0fa868eb160a447eb759c0562e777ee4, d4953fce23b546a5b6f744046b4eb59c; no voters: 
I20260713 09:06:56.697908 12673 raft_consensus.cc:2804] T ce56a6c53ec54d838a6c6997484d2eb9 P 0fa868eb160a447eb759c0562e777ee4 [term 0 FOLLOWER]: Leader pre-election won for term 1
I20260713 09:06:56.698298 12673 raft_consensus.cc:493] T ce56a6c53ec54d838a6c6997484d2eb9 P 0fa868eb160a447eb759c0562e777ee4 [term 0 FOLLOWER]: Starting leader election (no leader contacted us within the election timeout)
I20260713 09:06:56.698662 12673 raft_consensus.cc:3060] T ce56a6c53ec54d838a6c6997484d2eb9 P 0fa868eb160a447eb759c0562e777ee4 [term 0 FOLLOWER]: Advancing to term 1
I20260713 09:06:56.699503 12664 raft_consensus.cc:493] T 08b78b43c0824d71ae5ad533183d4bd0 P d4953fce23b546a5b6f744046b4eb59c [term 0 FOLLOWER]: Starting pre-election (no leader contacted us within the election timeout)
I20260713 09:06:56.700165 12664 raft_consensus.cc:515] T 08b78b43c0824d71ae5ad533183d4bd0 P d4953fce23b546a5b6f744046b4eb59c [term 0 FOLLOWER]: Starting pre-election with config: opid_index: -1 OBSOLETE_local: false peers { permanent_uuid: "d4953fce23b546a5b6f744046b4eb59c" member_type: VOTER last_known_addr { host: "127.11.24.65" port: 34711 } } peers { permanent_uuid: "8300691331eb491e9a3279d86033a924" member_type: VOTER last_known_addr { host: "127.11.24.66" port: 34167 } } peers { permanent_uuid: "0fa868eb160a447eb759c0562e777ee4" member_type: VOTER last_known_addr { host: "127.11.24.67" port: 43647 } }
I20260713 09:06:56.701838 12658 tablet_bootstrap.cc:654] T 830c7b87e0144635985fa245cd97b6e5 P 8300691331eb491e9a3279d86033a924: Neither blocks nor log segments found. Creating new log.
I20260713 09:06:56.703802 12664 leader_election.cc:290] T 08b78b43c0824d71ae5ad533183d4bd0 P d4953fce23b546a5b6f744046b4eb59c [CANDIDATE]: Term 1 pre-election: Requested pre-vote from peers 8300691331eb491e9a3279d86033a924 (127.11.24.66:34167), 0fa868eb160a447eb759c0562e777ee4 (127.11.24.67:43647)
I20260713 09:06:56.713317 12658 tablet_bootstrap.cc:492] T 830c7b87e0144635985fa245cd97b6e5 P 8300691331eb491e9a3279d86033a924: No bootstrap required, opened a new log
I20260713 09:06:56.713860 12658 ts_tablet_manager.cc:1403] T 830c7b87e0144635985fa245cd97b6e5 P 8300691331eb491e9a3279d86033a924: Time spent bootstrapping tablet: real 0.019s	user 0.010s	sys 0.007s
I20260713 09:06:56.713893 12683 leader_election.cc:290] T 652e89ff716744d8912419c97507118d P 8300691331eb491e9a3279d86033a924 [CANDIDATE]: Term 1 pre-election: Requested pre-vote from peers d4953fce23b546a5b6f744046b4eb59c (127.11.24.65:34711), 0fa868eb160a447eb759c0562e777ee4 (127.11.24.67:43647)
I20260713 09:06:56.715209 12615 tablet_service.cc:1917] Received RequestConsensusVote() RPC: tablet_id: "652e89ff716744d8912419c97507118d" candidate_uuid: "8300691331eb491e9a3279d86033a924" candidate_term: 1 candidate_status { last_received { term: 0 index: 0 } } ignore_live_leader: false dest_uuid: "0fa868eb160a447eb759c0562e777ee4" is_pre_election: true
W20260713 09:06:56.716646 12509 leader_election.cc:343] T 652e89ff716744d8912419c97507118d P 8300691331eb491e9a3279d86033a924 [CANDIDATE]: Term 1 pre-election: Tablet error from VoteRequest() call to peer 0fa868eb160a447eb759c0562e777ee4 (127.11.24.67:43647): Illegal state: must be running to vote when last-logged opid is not known
I20260713 09:06:56.716663 12658 raft_consensus.cc:359] T 830c7b87e0144635985fa245cd97b6e5 P 8300691331eb491e9a3279d86033a924 [term 0 FOLLOWER]: Replica starting. Triggering 0 pending ops. Active config: opid_index: -1 OBSOLETE_local: false peers { permanent_uuid: "d4953fce23b546a5b6f744046b4eb59c" member_type: VOTER last_known_addr { host: "127.11.24.65" port: 34711 } } peers { permanent_uuid: "8300691331eb491e9a3279d86033a924" member_type: VOTER last_known_addr { host: "127.11.24.66" port: 34167 } } peers { permanent_uuid: "0fa868eb160a447eb759c0562e777ee4" member_type: VOTER last_known_addr { host: "127.11.24.67" port: 43647 } }
I20260713 09:06:56.717128 12509 leader_election.cc:304] T 652e89ff716744d8912419c97507118d P 8300691331eb491e9a3279d86033a924 [CANDIDATE]: Term 1 pre-election: Election decided. Result: candidate lost. Election summary: received 3 responses out of 3 voters: 1 yes votes; 2 no votes. yes voters: 8300691331eb491e9a3279d86033a924; no voters: 0fa868eb160a447eb759c0562e777ee4, d4953fce23b546a5b6f744046b4eb59c
I20260713 09:06:56.717428 12658 raft_consensus.cc:385] T 830c7b87e0144635985fa245cd97b6e5 P 8300691331eb491e9a3279d86033a924 [term 0 FOLLOWER]: Consensus starting up: Expiring failure detector timer to make a prompt election more likely
I20260713 09:06:56.717737 12658 raft_consensus.cc:740] T 830c7b87e0144635985fa245cd97b6e5 P 8300691331eb491e9a3279d86033a924 [term 0 FOLLOWER]: Becoming Follower/Learner. State: Replica: 8300691331eb491e9a3279d86033a924, State: Initialized, Role: FOLLOWER
I20260713 09:06:56.681342 12669 leader_election.cc:290] T ce56a6c53ec54d838a6c6997484d2eb9 P 0fa868eb160a447eb759c0562e777ee4 [CANDIDATE]: Term 1 pre-election: Requested pre-vote from peers d4953fce23b546a5b6f744046b4eb59c (127.11.24.65:34711), 8300691331eb491e9a3279d86033a924 (127.11.24.66:34167)
I20260713 09:06:56.718477 12658 consensus_queue.cc:260] T 830c7b87e0144635985fa245cd97b6e5 P 8300691331eb491e9a3279d86033a924 [NON_LEADER]: Queue going to NON_LEADER mode. State: All replicated index: 0, Majority replicated index: 0, Committed index: 0, Last appended: 0.0, Last appended by leader: 0, Current term: 0, Majority size: -1, State: 0, Mode: NON_LEADER, active raft config: opid_index: -1 OBSOLETE_local: false peers { permanent_uuid: "d4953fce23b546a5b6f744046b4eb59c" member_type: VOTER last_known_addr { host: "127.11.24.65" port: 34711 } } peers { permanent_uuid: "8300691331eb491e9a3279d86033a924" member_type: VOTER last_known_addr { host: "127.11.24.66" port: 34167 } } peers { permanent_uuid: "0fa868eb160a447eb759c0562e777ee4" member_type: VOTER last_known_addr { host: "127.11.24.67" port: 43647 } }
I20260713 09:06:56.719400 12665 raft_consensus.cc:2749] T 652e89ff716744d8912419c97507118d P 8300691331eb491e9a3279d86033a924 [term 0 FOLLOWER]: Leader pre-election lost for term 1. Reason: could not achieve majority
I20260713 09:06:56.721477 12658 ts_tablet_manager.cc:1434] T 830c7b87e0144635985fa245cd97b6e5 P 8300691331eb491e9a3279d86033a924: Time spent starting tablet: real 0.007s	user 0.005s	sys 0.001s
I20260713 09:06:56.722499 12658 tablet_bootstrap.cc:492] T b5c605900a304e30a19665392cc50546 P 8300691331eb491e9a3279d86033a924: Bootstrap starting.
I20260713 09:06:56.732519 12658 tablet_bootstrap.cc:654] T b5c605900a304e30a19665392cc50546 P 8300691331eb491e9a3279d86033a924: Neither blocks nor log segments found. Creating new log.
I20260713 09:06:56.728371 12683 raft_consensus.cc:493] T 830c7b87e0144635985fa245cd97b6e5 P 8300691331eb491e9a3279d86033a924 [term 0 FOLLOWER]: Starting pre-election (no leader contacted us within the election timeout)
I20260713 09:06:56.735632 12665 raft_consensus.cc:493] T 8e0b9d5037c64c4190fb73951a8702f5 P 8300691331eb491e9a3279d86033a924 [term 0 FOLLOWER]: Starting pre-election (no leader contacted us within the election timeout)
I20260713 09:06:56.734071 12683 raft_consensus.cc:515] T 830c7b87e0144635985fa245cd97b6e5 P 8300691331eb491e9a3279d86033a924 [term 0 FOLLOWER]: Starting pre-election with config: opid_index: -1 OBSOLETE_local: false peers { permanent_uuid: "d4953fce23b546a5b6f744046b4eb59c" member_type: VOTER last_known_addr { host: "127.11.24.65" port: 34711 } } peers { permanent_uuid: "8300691331eb491e9a3279d86033a924" member_type: VOTER last_known_addr { host: "127.11.24.66" port: 34167 } } peers { permanent_uuid: "0fa868eb160a447eb759c0562e777ee4" member_type: VOTER last_known_addr { host: "127.11.24.67" port: 43647 } }
I20260713 09:06:56.736137 12665 raft_consensus.cc:515] T 8e0b9d5037c64c4190fb73951a8702f5 P 8300691331eb491e9a3279d86033a924 [term 0 FOLLOWER]: Starting pre-election with config: opid_index: -1 OBSOLETE_local: false peers { permanent_uuid: "d4953fce23b546a5b6f744046b4eb59c" member_type: VOTER last_known_addr { host: "127.11.24.65" port: 34711 } } peers { permanent_uuid: "8300691331eb491e9a3279d86033a924" member_type: VOTER last_known_addr { host: "127.11.24.66" port: 34167 } } peers { permanent_uuid: "0fa868eb160a447eb759c0562e777ee4" member_type: VOTER last_known_addr { host: "127.11.24.67" port: 43647 } }
I20260713 09:06:56.738029 12657 tablet_bootstrap.cc:492] T 8e0b9d5037c64c4190fb73951a8702f5 P 0fa868eb160a447eb759c0562e777ee4: No bootstrap required, opened a new log
I20260713 09:06:56.738302 12665 leader_election.cc:290] T 8e0b9d5037c64c4190fb73951a8702f5 P 8300691331eb491e9a3279d86033a924 [CANDIDATE]: Term 1 pre-election: Requested pre-vote from peers d4953fce23b546a5b6f744046b4eb59c (127.11.24.65:34711), 0fa868eb160a447eb759c0562e777ee4 (127.11.24.67:43647)
I20260713 09:06:56.738583 12657 ts_tablet_manager.cc:1403] T 8e0b9d5037c64c4190fb73951a8702f5 P 0fa868eb160a447eb759c0562e777ee4: Time spent bootstrapping tablet: real 0.083s	user 0.029s	sys 0.048s
I20260713 09:06:56.741211 12467 tablet_service.cc:1917] Received RequestConsensusVote() RPC: tablet_id: "8e0b9d5037c64c4190fb73951a8702f5" candidate_uuid: "8300691331eb491e9a3279d86033a924" candidate_term: 1 candidate_status { last_received { term: 0 index: 0 } } ignore_live_leader: false dest_uuid: "d4953fce23b546a5b6f744046b4eb59c" is_pre_election: true
W20260713 09:06:56.742808 12506 leader_election.cc:343] T 8e0b9d5037c64c4190fb73951a8702f5 P 8300691331eb491e9a3279d86033a924 [CANDIDATE]: Term 1 pre-election: Tablet error from VoteRequest() call to peer d4953fce23b546a5b6f744046b4eb59c (127.11.24.65:34711): Illegal state: must be running to vote when last-logged opid is not known
I20260713 09:06:56.743250 12615 tablet_service.cc:1917] Received RequestConsensusVote() RPC: tablet_id: "8e0b9d5037c64c4190fb73951a8702f5" candidate_uuid: "8300691331eb491e9a3279d86033a924" candidate_term: 1 candidate_status { last_received { term: 0 index: 0 } } ignore_live_leader: false dest_uuid: "0fa868eb160a447eb759c0562e777ee4" is_pre_election: true
I20260713 09:06:56.734846 12673 raft_consensus.cc:515] T ce56a6c53ec54d838a6c6997484d2eb9 P 0fa868eb160a447eb759c0562e777ee4 [term 1 FOLLOWER]: Starting leader election with config: opid_index: -1 OBSOLETE_local: false peers { permanent_uuid: "d4953fce23b546a5b6f744046b4eb59c" member_type: VOTER last_known_addr { host: "127.11.24.65" port: 34711 } } peers { permanent_uuid: "0fa868eb160a447eb759c0562e777ee4" member_type: VOTER last_known_addr { host: "127.11.24.67" port: 43647 } } peers { permanent_uuid: "8300691331eb491e9a3279d86033a924" member_type: VOTER last_known_addr { host: "127.11.24.66" port: 34167 } }
I20260713 09:06:56.747231 12467 tablet_service.cc:1917] Received RequestConsensusVote() RPC: tablet_id: "830c7b87e0144635985fa245cd97b6e5" candidate_uuid: "8300691331eb491e9a3279d86033a924" candidate_term: 1 candidate_status { last_received { term: 0 index: 0 } } ignore_live_leader: false dest_uuid: "d4953fce23b546a5b6f744046b4eb59c" is_pre_election: true
I20260713 09:06:56.744179 12657 raft_consensus.cc:359] T 8e0b9d5037c64c4190fb73951a8702f5 P 0fa868eb160a447eb759c0562e777ee4 [term 0 FOLLOWER]: Replica starting. Triggering 0 pending ops. Active config: opid_index: -1 OBSOLETE_local: false peers { permanent_uuid: "d4953fce23b546a5b6f744046b4eb59c" member_type: VOTER last_known_addr { host: "127.11.24.65" port: 34711 } } peers { permanent_uuid: "8300691331eb491e9a3279d86033a924" member_type: VOTER last_known_addr { host: "127.11.24.66" port: 34167 } } peers { permanent_uuid: "0fa868eb160a447eb759c0562e777ee4" member_type: VOTER last_known_addr { host: "127.11.24.67" port: 43647 } }
I20260713 09:06:56.748370 12657 raft_consensus.cc:385] T 8e0b9d5037c64c4190fb73951a8702f5 P 0fa868eb160a447eb759c0562e777ee4 [term 0 FOLLOWER]: Consensus starting up: Expiring failure detector timer to make a prompt election more likely
I20260713 09:06:56.748720 12657 raft_consensus.cc:740] T 8e0b9d5037c64c4190fb73951a8702f5 P 0fa868eb160a447eb759c0562e777ee4 [term 0 FOLLOWER]: Becoming Follower/Learner. State: Replica: 0fa868eb160a447eb759c0562e777ee4, State: Initialized, Role: FOLLOWER
W20260713 09:06:56.749071 12506 leader_election.cc:343] T 830c7b87e0144635985fa245cd97b6e5 P 8300691331eb491e9a3279d86033a924 [CANDIDATE]: Term 1 pre-election: Tablet error from VoteRequest() call to peer d4953fce23b546a5b6f744046b4eb59c (127.11.24.65:34711): Illegal state: must be running to vote when last-logged opid is not known
I20260713 09:06:56.749681 12657 consensus_queue.cc:260] T 8e0b9d5037c64c4190fb73951a8702f5 P 0fa868eb160a447eb759c0562e777ee4 [NON_LEADER]: Queue going to NON_LEADER mode. State: All replicated index: 0, Majority replicated index: 0, Committed index: 0, Last appended: 0.0, Last appended by leader: 0, Current term: 0, Majority size: -1, State: 0, Mode: NON_LEADER, active raft config: opid_index: -1 OBSOLETE_local: false peers { permanent_uuid: "d4953fce23b546a5b6f744046b4eb59c" member_type: VOTER last_known_addr { host: "127.11.24.65" port: 34711 } } peers { permanent_uuid: "8300691331eb491e9a3279d86033a924" member_type: VOTER last_known_addr { host: "127.11.24.66" port: 34167 } } peers { permanent_uuid: "0fa868eb160a447eb759c0562e777ee4" member_type: VOTER last_known_addr { host: "127.11.24.67" port: 43647 } }
I20260713 09:06:56.751504 12615 raft_consensus.cc:2468] T 8e0b9d5037c64c4190fb73951a8702f5 P 0fa868eb160a447eb759c0562e777ee4 [term 0 FOLLOWER]: Leader pre-election vote request: Granting yes vote for candidate 8300691331eb491e9a3279d86033a924 in term 0.
I20260713 09:06:56.752203 12658 tablet_bootstrap.cc:492] T b5c605900a304e30a19665392cc50546 P 8300691331eb491e9a3279d86033a924: No bootstrap required, opened a new log
I20260713 09:06:56.752712 12658 ts_tablet_manager.cc:1403] T b5c605900a304e30a19665392cc50546 P 8300691331eb491e9a3279d86033a924: Time spent bootstrapping tablet: real 0.031s	user 0.011s	sys 0.002s
I20260713 09:06:56.752542 12616 tablet_service.cc:1917] Received RequestConsensusVote() RPC: tablet_id: "830c7b87e0144635985fa245cd97b6e5" candidate_uuid: "8300691331eb491e9a3279d86033a924" candidate_term: 1 candidate_status { last_received { term: 0 index: 0 } } ignore_live_leader: false dest_uuid: "0fa868eb160a447eb759c0562e777ee4" is_pre_election: true
I20260713 09:06:56.753468 12616 raft_consensus.cc:2468] T 830c7b87e0144635985fa245cd97b6e5 P 0fa868eb160a447eb759c0562e777ee4 [term 0 FOLLOWER]: Leader pre-election vote request: Granting yes vote for candidate 8300691331eb491e9a3279d86033a924 in term 0.
I20260713 09:06:56.755271 12509 leader_election.cc:304] T 830c7b87e0144635985fa245cd97b6e5 P 8300691331eb491e9a3279d86033a924 [CANDIDATE]: Term 1 pre-election: Election decided. Result: candidate won. Election summary: received 3 responses out of 3 voters: 2 yes votes; 1 no votes. yes voters: 0fa868eb160a447eb759c0562e777ee4, 8300691331eb491e9a3279d86033a924; no voters: d4953fce23b546a5b6f744046b4eb59c
I20260713 09:06:56.755582 12658 raft_consensus.cc:359] T b5c605900a304e30a19665392cc50546 P 8300691331eb491e9a3279d86033a924 [term 0 FOLLOWER]: Replica starting. Triggering 0 pending ops. Active config: opid_index: -1 OBSOLETE_local: false peers { permanent_uuid: "d4953fce23b546a5b6f744046b4eb59c" member_type: VOTER last_known_addr { host: "127.11.24.65" port: 34711 } } peers { permanent_uuid: "8300691331eb491e9a3279d86033a924" member_type: VOTER last_known_addr { host: "127.11.24.66" port: 34167 } } peers { permanent_uuid: "0fa868eb160a447eb759c0562e777ee4" member_type: VOTER last_known_addr { host: "127.11.24.67" port: 43647 } }
I20260713 09:06:56.756335 12658 raft_consensus.cc:385] T b5c605900a304e30a19665392cc50546 P 8300691331eb491e9a3279d86033a924 [term 0 FOLLOWER]: Consensus starting up: Expiring failure detector timer to make a prompt election more likely
I20260713 09:06:56.756686 12658 raft_consensus.cc:740] T b5c605900a304e30a19665392cc50546 P 8300691331eb491e9a3279d86033a924 [term 0 FOLLOWER]: Becoming Follower/Learner. State: Replica: 8300691331eb491e9a3279d86033a924, State: Initialized, Role: FOLLOWER
I20260713 09:06:56.757463 12665 raft_consensus.cc:2804] T 830c7b87e0144635985fa245cd97b6e5 P 8300691331eb491e9a3279d86033a924 [term 0 FOLLOWER]: Leader pre-election won for term 1
I20260713 09:06:56.757314 12658 consensus_queue.cc:260] T b5c605900a304e30a19665392cc50546 P 8300691331eb491e9a3279d86033a924 [NON_LEADER]: Queue going to NON_LEADER mode. State: All replicated index: 0, Majority replicated index: 0, Committed index: 0, Last appended: 0.0, Last appended by leader: 0, Current term: 0, Majority size: -1, State: 0, Mode: NON_LEADER, active raft config: opid_index: -1 OBSOLETE_local: false peers { permanent_uuid: "d4953fce23b546a5b6f744046b4eb59c" member_type: VOTER last_known_addr { host: "127.11.24.65" port: 34711 } } peers { permanent_uuid: "8300691331eb491e9a3279d86033a924" member_type: VOTER last_known_addr { host: "127.11.24.66" port: 34167 } } peers { permanent_uuid: "0fa868eb160a447eb759c0562e777ee4" member_type: VOTER last_known_addr { host: "127.11.24.67" port: 43647 } }
I20260713 09:06:56.757853 12665 raft_consensus.cc:493] T 830c7b87e0144635985fa245cd97b6e5 P 8300691331eb491e9a3279d86033a924 [term 0 FOLLOWER]: Starting leader election (no leader contacted us within the election timeout)
I20260713 09:06:56.758193 12665 raft_consensus.cc:3060] T 830c7b87e0144635985fa245cd97b6e5 P 8300691331eb491e9a3279d86033a924 [term 0 FOLLOWER]: Advancing to term 1
I20260713 09:06:56.758526 12657 ts_tablet_manager.cc:1434] T 8e0b9d5037c64c4190fb73951a8702f5 P 0fa868eb160a447eb759c0562e777ee4: Time spent starting tablet: real 0.020s	user 0.008s	sys 0.000s
I20260713 09:06:56.759570 12657 tablet_bootstrap.cc:492] T cb1fa31e1cd141199f1c5c63641a9ebf P 0fa868eb160a447eb759c0562e777ee4: Bootstrap starting.
I20260713 09:06:56.762604 12509 leader_election.cc:304] T 8e0b9d5037c64c4190fb73951a8702f5 P 8300691331eb491e9a3279d86033a924 [CANDIDATE]: Term 1 pre-election: Election decided. Result: candidate won. Election summary: received 3 responses out of 3 voters: 2 yes votes; 1 no votes. yes voters: 0fa868eb160a447eb759c0562e777ee4, 8300691331eb491e9a3279d86033a924; no voters: d4953fce23b546a5b6f744046b4eb59c
I20260713 09:06:56.756778 12683 leader_election.cc:290] T 830c7b87e0144635985fa245cd97b6e5 P 8300691331eb491e9a3279d86033a924 [CANDIDATE]: Term 1 pre-election: Requested pre-vote from peers d4953fce23b546a5b6f744046b4eb59c (127.11.24.65:34711), 0fa868eb160a447eb759c0562e777ee4 (127.11.24.67:43647)
I20260713 09:06:56.768684 12683 raft_consensus.cc:2804] T 8e0b9d5037c64c4190fb73951a8702f5 P 8300691331eb491e9a3279d86033a924 [term 0 FOLLOWER]: Leader pre-election won for term 1
I20260713 09:06:56.769196 12683 raft_consensus.cc:493] T 8e0b9d5037c64c4190fb73951a8702f5 P 8300691331eb491e9a3279d86033a924 [term 0 FOLLOWER]: Starting leader election (no leader contacted us within the election timeout)
