I20260713 09:06:45.995409 23192 consensus_queue.cc:260] T ae73bcc24d974fbea729de372fd74a81 P 00efc668f04a4e6dbbde015501d746fc [NON_LEADER]: Queue going to NON_LEADER mode. State: All replicated index: 0, Majority replicated index: 0, Committed index: 0, Last appended: 0.0, Last appended by leader: 0, Current term: 0, Majority size: -1, State: 0, Mode: NON_LEADER, active raft config: opid_index: -1 OBSOLETE_local: false peers { permanent_uuid: "3afcafa1731147e3bc63bcda275125e6" member_type: VOTER last_known_addr { host: "127.21.100.193" port: 43295 } } peers { permanent_uuid: "00efc668f04a4e6dbbde015501d746fc" member_type: VOTER last_known_addr { host: "127.21.100.194" port: 45327 } } peers { permanent_uuid: "5ec51be4ac9c47388466503c743cec08" member_type: VOTER last_known_addr { host: "127.21.100.195" port: 42657 } }
I20260713 09:06:45.996068 23150 raft_consensus.cc:3060] T 53888b25848f431a9203dc1c39ecf869 P 5ec51be4ac9c47388466503c743cec08 [term 0 FOLLOWER]: Advancing to term 1
I20260713 09:06:45.998822 23192 ts_tablet_manager.cc:1434] T ae73bcc24d974fbea729de372fd74a81 P 00efc668f04a4e6dbbde015501d746fc: Time spent starting tablet: real 0.008s	user 0.005s	sys 0.001s
I20260713 09:06:45.999727 23192 tablet_bootstrap.cc:492] T 485abd90127f44ea9931ec1a0fcfd791 P 00efc668f04a4e6dbbde015501d746fc: Bootstrap starting.
I20260713 09:06:46.003517 23191 raft_consensus.cc:359] T 457a926905b4471a80d54b6f08e9cf2c P 3afcafa1731147e3bc63bcda275125e6 [term 0 FOLLOWER]: Replica starting. Triggering 0 pending ops. Active config: opid_index: -1 OBSOLETE_local: false peers { permanent_uuid: "3afcafa1731147e3bc63bcda275125e6" member_type: VOTER last_known_addr { host: "127.21.100.193" port: 43295 } } peers { permanent_uuid: "00efc668f04a4e6dbbde015501d746fc" member_type: VOTER last_known_addr { host: "127.21.100.194" port: 45327 } } peers { permanent_uuid: "5ec51be4ac9c47388466503c743cec08" member_type: VOTER last_known_addr { host: "127.21.100.195" port: 42657 } }
I20260713 09:06:46.004142 23191 raft_consensus.cc:385] T 457a926905b4471a80d54b6f08e9cf2c P 3afcafa1731147e3bc63bcda275125e6 [term 0 FOLLOWER]: Consensus starting up: Expiring failure detector timer to make a prompt election more likely
I20260713 09:06:46.004395 23191 raft_consensus.cc:740] T 457a926905b4471a80d54b6f08e9cf2c P 3afcafa1731147e3bc63bcda275125e6 [term 0 FOLLOWER]: Becoming Follower/Learner. State: Replica: 3afcafa1731147e3bc63bcda275125e6, State: Initialized, Role: FOLLOWER
I20260713 09:06:46.004988 23191 consensus_queue.cc:260] T 457a926905b4471a80d54b6f08e9cf2c P 3afcafa1731147e3bc63bcda275125e6 [NON_LEADER]: Queue going to NON_LEADER mode. State: All replicated index: 0, Majority replicated index: 0, Committed index: 0, Last appended: 0.0, Last appended by leader: 0, Current term: 0, Majority size: -1, State: 0, Mode: NON_LEADER, active raft config: opid_index: -1 OBSOLETE_local: false peers { permanent_uuid: "3afcafa1731147e3bc63bcda275125e6" member_type: VOTER last_known_addr { host: "127.21.100.193" port: 43295 } } peers { permanent_uuid: "00efc668f04a4e6dbbde015501d746fc" member_type: VOTER last_known_addr { host: "127.21.100.194" port: 45327 } } peers { permanent_uuid: "5ec51be4ac9c47388466503c743cec08" member_type: VOTER last_known_addr { host: "127.21.100.195" port: 42657 } }
I20260713 09:06:46.008160 23191 ts_tablet_manager.cc:1434] T 457a926905b4471a80d54b6f08e9cf2c P 3afcafa1731147e3bc63bcda275125e6: Time spent starting tablet: real 0.035s	user 0.005s	sys 0.001s
I20260713 09:06:46.009024 23191 tablet_bootstrap.cc:492] T 485abd90127f44ea9931ec1a0fcfd791 P 3afcafa1731147e3bc63bcda275125e6: Bootstrap starting.
I20260713 09:06:46.012292 23198 consensus_queue.cc:1048] T 53888b25848f431a9203dc1c39ecf869 P 00efc668f04a4e6dbbde015501d746fc [LEADER]: Connected to new peer: Peer: permanent_uuid: "5ec51be4ac9c47388466503c743cec08" member_type: VOTER last_known_addr { host: "127.21.100.195" port: 42657 }, Status: LMP_MISMATCH, Last received: 0.0, Next index: 1, Last known committed idx: 0, Time since last communication: 0.000s
I20260713 09:06:46.013085 23192 tablet_bootstrap.cc:654] T 485abd90127f44ea9931ec1a0fcfd791 P 00efc668f04a4e6dbbde015501d746fc: Neither blocks nor log segments found. Creating new log.
I20260713 09:06:46.017534 23224 consensus_queue.cc:1048] T 53888b25848f431a9203dc1c39ecf869 P 00efc668f04a4e6dbbde015501d746fc [LEADER]: Connected to new peer: Peer: permanent_uuid: "3afcafa1731147e3bc63bcda275125e6" member_type: VOTER last_known_addr { host: "127.21.100.193" port: 43295 }, Status: LMP_MISMATCH, Last received: 0.0, Next index: 1, Last known committed idx: 0, Time since last communication: 0.000s
I20260713 09:06:46.037254 23191 tablet_bootstrap.cc:654] T 485abd90127f44ea9931ec1a0fcfd791 P 3afcafa1731147e3bc63bcda275125e6: Neither blocks nor log segments found. Creating new log.
I20260713 09:06:46.038599 22898 catalog_manager.cc:5697] T b395f9e10365488eb37d87a8d85bac57 P 5ec51be4ac9c47388466503c743cec08 reported cstate change: term changed from 0 to 1, leader changed from <none> to 5ec51be4ac9c47388466503c743cec08 (127.21.100.195). New cstate: current_term: 1 leader_uuid: "5ec51be4ac9c47388466503c743cec08" committed_config { opid_index: -1 OBSOLETE_local: false peers { permanent_uuid: "3afcafa1731147e3bc63bcda275125e6" member_type: VOTER last_known_addr { host: "127.21.100.193" port: 43295 } health_report { overall_health: UNKNOWN } } peers { permanent_uuid: "00efc668f04a4e6dbbde015501d746fc" member_type: VOTER last_known_addr { host: "127.21.100.194" port: 45327 } health_report { overall_health: UNKNOWN } } peers { permanent_uuid: "5ec51be4ac9c47388466503c743cec08" member_type: VOTER last_known_addr { host: "127.21.100.195" port: 42657 } health_report { overall_health: HEALTHY } } }
I20260713 09:06:46.048121 23194 tablet_bootstrap.cc:492] T b9380c1ed06545ddb74b37ce1ec77298 P 5ec51be4ac9c47388466503c743cec08: No bootstrap required, opened a new log
I20260713 09:06:46.048549 23194 ts_tablet_manager.cc:1403] T b9380c1ed06545ddb74b37ce1ec77298 P 5ec51be4ac9c47388466503c743cec08: Time spent bootstrapping tablet: real 0.104s	user 0.006s	sys 0.012s
I20260713 09:06:46.051430 23194 raft_consensus.cc:359] T b9380c1ed06545ddb74b37ce1ec77298 P 5ec51be4ac9c47388466503c743cec08 [term 0 FOLLOWER]: Replica starting. Triggering 0 pending ops. Active config: opid_index: -1 OBSOLETE_local: false peers { permanent_uuid: "3afcafa1731147e3bc63bcda275125e6" member_type: VOTER last_known_addr { host: "127.21.100.193" port: 43295 } } peers { permanent_uuid: "00efc668f04a4e6dbbde015501d746fc" member_type: VOTER last_known_addr { host: "127.21.100.194" port: 45327 } } peers { permanent_uuid: "5ec51be4ac9c47388466503c743cec08" member_type: VOTER last_known_addr { host: "127.21.100.195" port: 42657 } }
I20260713 09:06:46.052057 23194 raft_consensus.cc:385] T b9380c1ed06545ddb74b37ce1ec77298 P 5ec51be4ac9c47388466503c743cec08 [term 0 FOLLOWER]: Consensus starting up: Expiring failure detector timer to make a prompt election more likely
I20260713 09:06:46.052305 23194 raft_consensus.cc:740] T b9380c1ed06545ddb74b37ce1ec77298 P 5ec51be4ac9c47388466503c743cec08 [term 0 FOLLOWER]: Becoming Follower/Learner. State: Replica: 5ec51be4ac9c47388466503c743cec08, State: Initialized, Role: FOLLOWER
I20260713 09:06:46.055305 23194 consensus_queue.cc:260] T b9380c1ed06545ddb74b37ce1ec77298 P 5ec51be4ac9c47388466503c743cec08 [NON_LEADER]: Queue going to NON_LEADER mode. State: All replicated index: 0, Majority replicated index: 0, Committed index: 0, Last appended: 0.0, Last appended by leader: 0, Current term: 0, Majority size: -1, State: 0, Mode: NON_LEADER, active raft config: opid_index: -1 OBSOLETE_local: false peers { permanent_uuid: "3afcafa1731147e3bc63bcda275125e6" member_type: VOTER last_known_addr { host: "127.21.100.193" port: 43295 } } peers { permanent_uuid: "00efc668f04a4e6dbbde015501d746fc" member_type: VOTER last_known_addr { host: "127.21.100.194" port: 45327 } } peers { permanent_uuid: "5ec51be4ac9c47388466503c743cec08" member_type: VOTER last_known_addr { host: "127.21.100.195" port: 42657 } }
I20260713 09:06:46.057449 23194 ts_tablet_manager.cc:1434] T b9380c1ed06545ddb74b37ce1ec77298 P 5ec51be4ac9c47388466503c743cec08: Time spent starting tablet: real 0.009s	user 0.004s	sys 0.002s
I20260713 09:06:46.058544 23194 tablet_bootstrap.cc:492] T 457a926905b4471a80d54b6f08e9cf2c P 5ec51be4ac9c47388466503c743cec08: Bootstrap starting.
I20260713 09:06:46.064337 23194 tablet_bootstrap.cc:654] T 457a926905b4471a80d54b6f08e9cf2c P 5ec51be4ac9c47388466503c743cec08: Neither blocks nor log segments found. Creating new log.
I20260713 09:06:46.069976 23194 tablet_bootstrap.cc:492] T 457a926905b4471a80d54b6f08e9cf2c P 5ec51be4ac9c47388466503c743cec08: No bootstrap required, opened a new log
I20260713 09:06:46.070353 23194 ts_tablet_manager.cc:1403] T 457a926905b4471a80d54b6f08e9cf2c P 5ec51be4ac9c47388466503c743cec08: Time spent bootstrapping tablet: real 0.012s	user 0.009s	sys 0.000s
I20260713 09:06:46.073197 23194 raft_consensus.cc:359] T 457a926905b4471a80d54b6f08e9cf2c P 5ec51be4ac9c47388466503c743cec08 [term 0 FOLLOWER]: Replica starting. Triggering 0 pending ops. Active config: opid_index: -1 OBSOLETE_local: false peers { permanent_uuid: "3afcafa1731147e3bc63bcda275125e6" member_type: VOTER last_known_addr { host: "127.21.100.193" port: 43295 } } peers { permanent_uuid: "00efc668f04a4e6dbbde015501d746fc" member_type: VOTER last_known_addr { host: "127.21.100.194" port: 45327 } } peers { permanent_uuid: "5ec51be4ac9c47388466503c743cec08" member_type: VOTER last_known_addr { host: "127.21.100.195" port: 42657 } }
I20260713 09:06:46.073801 23194 raft_consensus.cc:385] T 457a926905b4471a80d54b6f08e9cf2c P 5ec51be4ac9c47388466503c743cec08 [term 0 FOLLOWER]: Consensus starting up: Expiring failure detector timer to make a prompt election more likely
I20260713 09:06:46.074052 23194 raft_consensus.cc:740] T 457a926905b4471a80d54b6f08e9cf2c P 5ec51be4ac9c47388466503c743cec08 [term 0 FOLLOWER]: Becoming Follower/Learner. State: Replica: 5ec51be4ac9c47388466503c743cec08, State: Initialized, Role: FOLLOWER
I20260713 09:06:46.074807 23194 consensus_queue.cc:260] T 457a926905b4471a80d54b6f08e9cf2c P 5ec51be4ac9c47388466503c743cec08 [NON_LEADER]: Queue going to NON_LEADER mode. State: All replicated index: 0, Majority replicated index: 0, Committed index: 0, Last appended: 0.0, Last appended by leader: 0, Current term: 0, Majority size: -1, State: 0, Mode: NON_LEADER, active raft config: opid_index: -1 OBSOLETE_local: false peers { permanent_uuid: "3afcafa1731147e3bc63bcda275125e6" member_type: VOTER last_known_addr { host: "127.21.100.193" port: 43295 } } peers { permanent_uuid: "00efc668f04a4e6dbbde015501d746fc" member_type: VOTER last_known_addr { host: "127.21.100.194" port: 45327 } } peers { permanent_uuid: "5ec51be4ac9c47388466503c743cec08" member_type: VOTER last_known_addr { host: "127.21.100.195" port: 42657 } }
I20260713 09:06:46.076924 23194 ts_tablet_manager.cc:1434] T 457a926905b4471a80d54b6f08e9cf2c P 5ec51be4ac9c47388466503c743cec08: Time spent starting tablet: real 0.006s	user 0.005s	sys 0.000s
I20260713 09:06:46.079267 23194 tablet_bootstrap.cc:492] T db7aa0115b9c431ca93744d3e87fa16b P 5ec51be4ac9c47388466503c743cec08: Bootstrap starting.
I20260713 09:06:46.080632 23191 tablet_bootstrap.cc:492] T 485abd90127f44ea9931ec1a0fcfd791 P 3afcafa1731147e3bc63bcda275125e6: No bootstrap required, opened a new log
I20260713 09:06:46.081061 23191 ts_tablet_manager.cc:1403] T 485abd90127f44ea9931ec1a0fcfd791 P 3afcafa1731147e3bc63bcda275125e6: Time spent bootstrapping tablet: real 0.072s	user 0.014s	sys 0.005s
I20260713 09:06:46.083478 23191 raft_consensus.cc:359] T 485abd90127f44ea9931ec1a0fcfd791 P 3afcafa1731147e3bc63bcda275125e6 [term 0 FOLLOWER]: Replica starting. Triggering 0 pending ops. Active config: opid_index: -1 OBSOLETE_local: false peers { permanent_uuid: "3afcafa1731147e3bc63bcda275125e6" member_type: VOTER last_known_addr { host: "127.21.100.193" port: 43295 } } peers { permanent_uuid: "00efc668f04a4e6dbbde015501d746fc" member_type: VOTER last_known_addr { host: "127.21.100.194" port: 45327 } } peers { permanent_uuid: "5ec51be4ac9c47388466503c743cec08" member_type: VOTER last_known_addr { host: "127.21.100.195" port: 42657 } }
I20260713 09:06:46.084064 23191 raft_consensus.cc:385] T 485abd90127f44ea9931ec1a0fcfd791 P 3afcafa1731147e3bc63bcda275125e6 [term 0 FOLLOWER]: Consensus starting up: Expiring failure detector timer to make a prompt election more likely
I20260713 09:06:46.084372 23194 tablet_bootstrap.cc:654] T db7aa0115b9c431ca93744d3e87fa16b P 5ec51be4ac9c47388466503c743cec08: Neither blocks nor log segments found. Creating new log.
I20260713 09:06:46.084307 23191 raft_consensus.cc:740] T 485abd90127f44ea9931ec1a0fcfd791 P 3afcafa1731147e3bc63bcda275125e6 [term 0 FOLLOWER]: Becoming Follower/Learner. State: Replica: 3afcafa1731147e3bc63bcda275125e6, State: Initialized, Role: FOLLOWER
I20260713 09:06:46.085153 23191 consensus_queue.cc:260] T 485abd90127f44ea9931ec1a0fcfd791 P 3afcafa1731147e3bc63bcda275125e6 [NON_LEADER]: Queue going to NON_LEADER mode. State: All replicated index: 0, Majority replicated index: 0, Committed index: 0, Last appended: 0.0, Last appended by leader: 0, Current term: 0, Majority size: -1, State: 0, Mode: NON_LEADER, active raft config: opid_index: -1 OBSOLETE_local: false peers { permanent_uuid: "3afcafa1731147e3bc63bcda275125e6" member_type: VOTER last_known_addr { host: "127.21.100.193" port: 43295 } } peers { permanent_uuid: "00efc668f04a4e6dbbde015501d746fc" member_type: VOTER last_known_addr { host: "127.21.100.194" port: 45327 } } peers { permanent_uuid: "5ec51be4ac9c47388466503c743cec08" member_type: VOTER last_known_addr { host: "127.21.100.195" port: 42657 } }
I20260713 09:06:46.085167 23299 consensus_queue.cc:1048] T 61927d0e72284839836c9f3047d74331 P 00efc668f04a4e6dbbde015501d746fc [LEADER]: Connected to new peer: Peer: permanent_uuid: "5ec51be4ac9c47388466503c743cec08" member_type: VOTER last_known_addr { host: "127.21.100.195" port: 42657 }, Status: LMP_MISMATCH, Last received: 0.0, Next index: 1, Last known committed idx: 0, Time since last communication: 0.001s
I20260713 09:06:46.087129 23191 ts_tablet_manager.cc:1434] T 485abd90127f44ea9931ec1a0fcfd791 P 3afcafa1731147e3bc63bcda275125e6: Time spent starting tablet: real 0.006s	user 0.005s	sys 0.000s
I20260713 09:06:46.088030 23191 tablet_bootstrap.cc:492] T a7334b6eb7c54d4eaa92da7bd3c8a338 P 3afcafa1731147e3bc63bcda275125e6: Bootstrap starting.
I20260713 09:06:46.095098 23194 tablet_bootstrap.cc:492] T db7aa0115b9c431ca93744d3e87fa16b P 5ec51be4ac9c47388466503c743cec08: No bootstrap required, opened a new log
I20260713 09:06:46.095538 23194 ts_tablet_manager.cc:1403] T db7aa0115b9c431ca93744d3e87fa16b P 5ec51be4ac9c47388466503c743cec08: Time spent bootstrapping tablet: real 0.016s	user 0.014s	sys 0.000s
I20260713 09:06:46.098224 23194 raft_consensus.cc:359] T db7aa0115b9c431ca93744d3e87fa16b P 5ec51be4ac9c47388466503c743cec08 [term 0 FOLLOWER]: Replica starting. Triggering 0 pending ops. Active config: opid_index: -1 OBSOLETE_local: false peers { permanent_uuid: "3afcafa1731147e3bc63bcda275125e6" member_type: VOTER last_known_addr { host: "127.21.100.193" port: 43295 } } peers { permanent_uuid: "00efc668f04a4e6dbbde015501d746fc" member_type: VOTER last_known_addr { host: "127.21.100.194" port: 45327 } } peers { permanent_uuid: "5ec51be4ac9c47388466503c743cec08" member_type: VOTER last_known_addr { host: "127.21.100.195" port: 42657 } }
I20260713 09:06:46.098671 23194 raft_consensus.cc:385] T db7aa0115b9c431ca93744d3e87fa16b P 5ec51be4ac9c47388466503c743cec08 [term 0 FOLLOWER]: Consensus starting up: Expiring failure detector timer to make a prompt election more likely
I20260713 09:06:46.098884 23194 raft_consensus.cc:740] T db7aa0115b9c431ca93744d3e87fa16b P 5ec51be4ac9c47388466503c743cec08 [term 0 FOLLOWER]: Becoming Follower/Learner. State: Replica: 5ec51be4ac9c47388466503c743cec08, State: Initialized, Role: FOLLOWER
I20260713 09:06:46.099403 23194 consensus_queue.cc:260] T db7aa0115b9c431ca93744d3e87fa16b P 5ec51be4ac9c47388466503c743cec08 [NON_LEADER]: Queue going to NON_LEADER mode. State: All replicated index: 0, Majority replicated index: 0, Committed index: 0, Last appended: 0.0, Last appended by leader: 0, Current term: 0, Majority size: -1, State: 0, Mode: NON_LEADER, active raft config: opid_index: -1 OBSOLETE_local: false peers { permanent_uuid: "3afcafa1731147e3bc63bcda275125e6" member_type: VOTER last_known_addr { host: "127.21.100.193" port: 43295 } } peers { permanent_uuid: "00efc668f04a4e6dbbde015501d746fc" member_type: VOTER last_known_addr { host: "127.21.100.194" port: 45327 } } peers { permanent_uuid: "5ec51be4ac9c47388466503c743cec08" member_type: VOTER last_known_addr { host: "127.21.100.195" port: 42657 } }
I20260713 09:06:46.088784 23192 tablet_bootstrap.cc:492] T 485abd90127f44ea9931ec1a0fcfd791 P 00efc668f04a4e6dbbde015501d746fc: No bootstrap required, opened a new log
I20260713 09:06:46.100375 23192 ts_tablet_manager.cc:1403] T 485abd90127f44ea9931ec1a0fcfd791 P 00efc668f04a4e6dbbde015501d746fc: Time spent bootstrapping tablet: real 0.101s	user 0.011s	sys 0.004s
I20260713 09:06:46.101624 23194 ts_tablet_manager.cc:1434] T db7aa0115b9c431ca93744d3e87fa16b P 5ec51be4ac9c47388466503c743cec08: Time spent starting tablet: real 0.006s	user 0.006s	sys 0.001s
I20260713 09:06:46.102454 23194 tablet_bootstrap.cc:492] T 485abd90127f44ea9931ec1a0fcfd791 P 5ec51be4ac9c47388466503c743cec08: Bootstrap starting.
I20260713 09:06:46.102739 23192 raft_consensus.cc:359] T 485abd90127f44ea9931ec1a0fcfd791 P 00efc668f04a4e6dbbde015501d746fc [term 0 FOLLOWER]: Replica starting. Triggering 0 pending ops. Active config: opid_index: -1 OBSOLETE_local: false peers { permanent_uuid: "3afcafa1731147e3bc63bcda275125e6" member_type: VOTER last_known_addr { host: "127.21.100.193" port: 43295 } } peers { permanent_uuid: "00efc668f04a4e6dbbde015501d746fc" member_type: VOTER last_known_addr { host: "127.21.100.194" port: 45327 } } peers { permanent_uuid: "5ec51be4ac9c47388466503c743cec08" member_type: VOTER last_known_addr { host: "127.21.100.195" port: 42657 } }
I20260713 09:06:46.103346 23192 raft_consensus.cc:385] T 485abd90127f44ea9931ec1a0fcfd791 P 00efc668f04a4e6dbbde015501d746fc [term 0 FOLLOWER]: Consensus starting up: Expiring failure detector timer to make a prompt election more likely
I20260713 09:06:46.108006 23194 tablet_bootstrap.cc:654] T 485abd90127f44ea9931ec1a0fcfd791 P 5ec51be4ac9c47388466503c743cec08: Neither blocks nor log segments found. Creating new log.
I20260713 09:06:46.112457 23197 consensus_queue.cc:1048] T 61927d0e72284839836c9f3047d74331 P 00efc668f04a4e6dbbde015501d746fc [LEADER]: Connected to new peer: Peer: permanent_uuid: "3afcafa1731147e3bc63bcda275125e6" member_type: VOTER last_known_addr { host: "127.21.100.193" port: 43295 }, Status: LMP_MISMATCH, Last received: 0.0, Next index: 1, Last known committed idx: 0, Time since last communication: 0.000s
I20260713 09:06:46.113231 23258 consensus_queue.cc:1048] T 8856cda814234efe9c69947a7a6c240c P 5ec51be4ac9c47388466503c743cec08 [LEADER]: Connected to new peer: Peer: permanent_uuid: "3afcafa1731147e3bc63bcda275125e6" member_type: VOTER last_known_addr { host: "127.21.100.193" port: 43295 }, Status: LMP_MISMATCH, Last received: 0.0, Next index: 1, Last known committed idx: 0, Time since last communication: 0.001s
W20260713 09:06:46.117065 23117 consensus_peers.cc:597] T 8856cda814234efe9c69947a7a6c240c P 5ec51be4ac9c47388466503c743cec08 -> Peer 00efc668f04a4e6dbbde015501d746fc (127.21.100.194:45327): Couldn't send request to peer 00efc668f04a4e6dbbde015501d746fc. Error code: TABLET_NOT_RUNNING (12). Status: Illegal state: Tablet not RUNNING: INITIALIZED. This is attempt 1: this message will repeat every 5th retry.
I20260713 09:06:46.103603 23191 tablet_bootstrap.cc:654] T a7334b6eb7c54d4eaa92da7bd3c8a338 P 3afcafa1731147e3bc63bcda275125e6: Neither blocks nor log segments found. Creating new log.
I20260713 09:06:46.119449 23194 tablet_bootstrap.cc:492] T 485abd90127f44ea9931ec1a0fcfd791 P 5ec51be4ac9c47388466503c743cec08: No bootstrap required, opened a new log
I20260713 09:06:46.120003 23194 ts_tablet_manager.cc:1403] T 485abd90127f44ea9931ec1a0fcfd791 P 5ec51be4ac9c47388466503c743cec08: Time spent bootstrapping tablet: real 0.018s	user 0.009s	sys 0.006s
I20260713 09:06:46.122406 23194 raft_consensus.cc:359] T 485abd90127f44ea9931ec1a0fcfd791 P 5ec51be4ac9c47388466503c743cec08 [term 0 FOLLOWER]: Replica starting. Triggering 0 pending ops. Active config: opid_index: -1 OBSOLETE_local: false peers { permanent_uuid: "3afcafa1731147e3bc63bcda275125e6" member_type: VOTER last_known_addr { host: "127.21.100.193" port: 43295 } } peers { permanent_uuid: "00efc668f04a4e6dbbde015501d746fc" member_type: VOTER last_known_addr { host: "127.21.100.194" port: 45327 } } peers { permanent_uuid: "5ec51be4ac9c47388466503c743cec08" member_type: VOTER last_known_addr { host: "127.21.100.195" port: 42657 } }
I20260713 09:06:46.122998 23194 raft_consensus.cc:385] T 485abd90127f44ea9931ec1a0fcfd791 P 5ec51be4ac9c47388466503c743cec08 [term 0 FOLLOWER]: Consensus starting up: Expiring failure detector timer to make a prompt election more likely
I20260713 09:06:46.123245 23194 raft_consensus.cc:740] T 485abd90127f44ea9931ec1a0fcfd791 P 5ec51be4ac9c47388466503c743cec08 [term 0 FOLLOWER]: Becoming Follower/Learner. State: Replica: 5ec51be4ac9c47388466503c743cec08, State: Initialized, Role: FOLLOWER
I20260713 09:06:46.123935 23194 consensus_queue.cc:260] T 485abd90127f44ea9931ec1a0fcfd791 P 5ec51be4ac9c47388466503c743cec08 [NON_LEADER]: Queue going to NON_LEADER mode. State: All replicated index: 0, Majority replicated index: 0, Committed index: 0, Last appended: 0.0, Last appended by leader: 0, Current term: 0, Majority size: -1, State: 0, Mode: NON_LEADER, active raft config: opid_index: -1 OBSOLETE_local: false peers { permanent_uuid: "3afcafa1731147e3bc63bcda275125e6" member_type: VOTER last_known_addr { host: "127.21.100.193" port: 43295 } } peers { permanent_uuid: "00efc668f04a4e6dbbde015501d746fc" member_type: VOTER last_known_addr { host: "127.21.100.194" port: 45327 } } peers { permanent_uuid: "5ec51be4ac9c47388466503c743cec08" member_type: VOTER last_known_addr { host: "127.21.100.195" port: 42657 } }
I20260713 09:06:46.103593 23192 raft_consensus.cc:740] T 485abd90127f44ea9931ec1a0fcfd791 P 00efc668f04a4e6dbbde015501d746fc [term 0 FOLLOWER]: Becoming Follower/Learner. State: Replica: 00efc668f04a4e6dbbde015501d746fc, State: Initialized, Role: FOLLOWER
I20260713 09:06:46.125859 23194 ts_tablet_manager.cc:1434] T 485abd90127f44ea9931ec1a0fcfd791 P 5ec51be4ac9c47388466503c743cec08: Time spent starting tablet: real 0.006s	user 0.006s	sys 0.000s
I20260713 09:06:46.125589 23192 consensus_queue.cc:260] T 485abd90127f44ea9931ec1a0fcfd791 P 00efc668f04a4e6dbbde015501d746fc [NON_LEADER]: Queue going to NON_LEADER mode. State: All replicated index: 0, Majority replicated index: 0, Committed index: 0, Last appended: 0.0, Last appended by leader: 0, Current term: 0, Majority size: -1, State: 0, Mode: NON_LEADER, active raft config: opid_index: -1 OBSOLETE_local: false peers { permanent_uuid: "3afcafa1731147e3bc63bcda275125e6" member_type: VOTER last_known_addr { host: "127.21.100.193" port: 43295 } } peers { permanent_uuid: "00efc668f04a4e6dbbde015501d746fc" member_type: VOTER last_known_addr { host: "127.21.100.194" port: 45327 } } peers { permanent_uuid: "5ec51be4ac9c47388466503c743cec08" member_type: VOTER last_known_addr { host: "127.21.100.195" port: 42657 } }
I20260713 09:06:46.127630 23192 ts_tablet_manager.cc:1434] T 485abd90127f44ea9931ec1a0fcfd791 P 00efc668f04a4e6dbbde015501d746fc: Time spent starting tablet: real 0.027s	user 0.004s	sys 0.000s
I20260713 09:06:46.128484 23192 tablet_bootstrap.cc:492] T 8856cda814234efe9c69947a7a6c240c P 00efc668f04a4e6dbbde015501d746fc: Bootstrap starting.
I20260713 09:06:46.130115 23194 tablet_bootstrap.cc:492] T fe5d0a868739433c8a00fc33811918bc P 5ec51be4ac9c47388466503c743cec08: Bootstrap starting.
I20260713 09:06:46.141868 23191 tablet_bootstrap.cc:492] T a7334b6eb7c54d4eaa92da7bd3c8a338 P 3afcafa1731147e3bc63bcda275125e6: No bootstrap required, opened a new log
I20260713 09:06:46.142719 23191 ts_tablet_manager.cc:1403] T a7334b6eb7c54d4eaa92da7bd3c8a338 P 3afcafa1731147e3bc63bcda275125e6: Time spent bootstrapping tablet: real 0.055s	user 0.009s	sys 0.001s
I20260713 09:06:46.143025 23194 tablet_bootstrap.cc:654] T fe5d0a868739433c8a00fc33811918bc P 5ec51be4ac9c47388466503c743cec08: Neither blocks nor log segments found. Creating new log.
I20260713 09:06:46.147552 23191 raft_consensus.cc:359] T a7334b6eb7c54d4eaa92da7bd3c8a338 P 3afcafa1731147e3bc63bcda275125e6 [term 0 FOLLOWER]: Replica starting. Triggering 0 pending ops. Active config: opid_index: -1 OBSOLETE_local: false peers { permanent_uuid: "3afcafa1731147e3bc63bcda275125e6" member_type: VOTER last_known_addr { host: "127.21.100.193" port: 43295 } } peers { permanent_uuid: "00efc668f04a4e6dbbde015501d746fc" member_type: VOTER last_known_addr { host: "127.21.100.194" port: 45327 } } peers { permanent_uuid: "5ec51be4ac9c47388466503c743cec08" member_type: VOTER last_known_addr { host: "127.21.100.195" port: 42657 } }
I20260713 09:06:46.148200 23191 raft_consensus.cc:385] T a7334b6eb7c54d4eaa92da7bd3c8a338 P 3afcafa1731147e3bc63bcda275125e6 [term 0 FOLLOWER]: Consensus starting up: Expiring failure detector timer to make a prompt election more likely
I20260713 09:06:46.148452 23191 raft_consensus.cc:740] T a7334b6eb7c54d4eaa92da7bd3c8a338 P 3afcafa1731147e3bc63bcda275125e6 [term 0 FOLLOWER]: Becoming Follower/Learner. State: Replica: 3afcafa1731147e3bc63bcda275125e6, State: Initialized, Role: FOLLOWER
I20260713 09:06:46.149137 23191 consensus_queue.cc:260] T a7334b6eb7c54d4eaa92da7bd3c8a338 P 3afcafa1731147e3bc63bcda275125e6 [NON_LEADER]: Queue going to NON_LEADER mode. State: All replicated index: 0, Majority replicated index: 0, Committed index: 0, Last appended: 0.0, Last appended by leader: 0, Current term: 0, Majority size: -1, State: 0, Mode: NON_LEADER, active raft config: opid_index: -1 OBSOLETE_local: false peers { permanent_uuid: "3afcafa1731147e3bc63bcda275125e6" member_type: VOTER last_known_addr { host: "127.21.100.193" port: 43295 } } peers { permanent_uuid: "00efc668f04a4e6dbbde015501d746fc" member_type: VOTER last_known_addr { host: "127.21.100.194" port: 45327 } } peers { permanent_uuid: "5ec51be4ac9c47388466503c743cec08" member_type: VOTER last_known_addr { host: "127.21.100.195" port: 42657 } }
I20260713 09:06:46.150931 23191 ts_tablet_manager.cc:1434] T a7334b6eb7c54d4eaa92da7bd3c8a338 P 3afcafa1731147e3bc63bcda275125e6: Time spent starting tablet: real 0.008s	user 0.003s	sys 0.002s
I20260713 09:06:46.151531 23194 tablet_bootstrap.cc:492] T fe5d0a868739433c8a00fc33811918bc P 5ec51be4ac9c47388466503c743cec08: No bootstrap required, opened a new log
I20260713 09:06:46.151559 23191 tablet_bootstrap.cc:492] T fe5d0a868739433c8a00fc33811918bc P 3afcafa1731147e3bc63bcda275125e6: Bootstrap starting.
I20260713 09:06:46.152067 23194 ts_tablet_manager.cc:1403] T fe5d0a868739433c8a00fc33811918bc P 5ec51be4ac9c47388466503c743cec08: Time spent bootstrapping tablet: real 0.022s	user 0.011s	sys 0.000s
I20260713 09:06:46.156270 23194 raft_consensus.cc:359] T fe5d0a868739433c8a00fc33811918bc P 5ec51be4ac9c47388466503c743cec08 [term 0 FOLLOWER]: Replica starting. Triggering 0 pending ops. Active config: opid_index: -1 OBSOLETE_local: false peers { permanent_uuid: "3afcafa1731147e3bc63bcda275125e6" member_type: VOTER last_known_addr { host: "127.21.100.193" port: 43295 } } peers { permanent_uuid: "00efc668f04a4e6dbbde015501d746fc" member_type: VOTER last_known_addr { host: "127.21.100.194" port: 45327 } } peers { permanent_uuid: "5ec51be4ac9c47388466503c743cec08" member_type: VOTER last_known_addr { host: "127.21.100.195" port: 42657 } }
I20260713 09:06:46.156908 23194 raft_consensus.cc:385] T fe5d0a868739433c8a00fc33811918bc P 5ec51be4ac9c47388466503c743cec08 [term 0 FOLLOWER]: Consensus starting up: Expiring failure detector timer to make a prompt election more likely
I20260713 09:06:46.157222 23194 raft_consensus.cc:740] T fe5d0a868739433c8a00fc33811918bc P 5ec51be4ac9c47388466503c743cec08 [term 0 FOLLOWER]: Becoming Follower/Learner. State: Replica: 5ec51be4ac9c47388466503c743cec08, State: Initialized, Role: FOLLOWER
I20260713 09:06:46.157891 23194 consensus_queue.cc:260] T fe5d0a868739433c8a00fc33811918bc P 5ec51be4ac9c47388466503c743cec08 [NON_LEADER]: Queue going to NON_LEADER mode. State: All replicated index: 0, Majority replicated index: 0, Committed index: 0, Last appended: 0.0, Last appended by leader: 0, Current term: 0, Majority size: -1, State: 0, Mode: NON_LEADER, active raft config: opid_index: -1 OBSOLETE_local: false peers { permanent_uuid: "3afcafa1731147e3bc63bcda275125e6" member_type: VOTER last_known_addr { host: "127.21.100.193" port: 43295 } } peers { permanent_uuid: "00efc668f04a4e6dbbde015501d746fc" member_type: VOTER last_known_addr { host: "127.21.100.194" port: 45327 } } peers { permanent_uuid: "5ec51be4ac9c47388466503c743cec08" member_type: VOTER last_known_addr { host: "127.21.100.195" port: 42657 } }
I20260713 09:06:46.158955 23191 tablet_bootstrap.cc:654] T fe5d0a868739433c8a00fc33811918bc P 3afcafa1731147e3bc63bcda275125e6: Neither blocks nor log segments found. Creating new log.
I20260713 09:06:46.159832 23194 ts_tablet_manager.cc:1434] T fe5d0a868739433c8a00fc33811918bc P 5ec51be4ac9c47388466503c743cec08: Time spent starting tablet: real 0.006s	user 0.005s	sys 0.000s
I20260713 09:06:46.160691 23194 tablet_bootstrap.cc:492] T e274c45aaa0d49e6b8fdd0a8936804ba P 5ec51be4ac9c47388466503c743cec08: Bootstrap starting.
I20260713 09:06:46.169507 23194 tablet_bootstrap.cc:654] T e274c45aaa0d49e6b8fdd0a8936804ba P 5ec51be4ac9c47388466503c743cec08: Neither blocks nor log segments found. Creating new log.
I20260713 09:06:46.169508 23192 tablet_bootstrap.cc:654] T 8856cda814234efe9c69947a7a6c240c P 00efc668f04a4e6dbbde015501d746fc: Neither blocks nor log segments found. Creating new log.
I20260713 09:06:46.170341 23191 tablet_bootstrap.cc:492] T fe5d0a868739433c8a00fc33811918bc P 3afcafa1731147e3bc63bcda275125e6: No bootstrap required, opened a new log
I20260713 09:06:46.170775 23191 ts_tablet_manager.cc:1403] T fe5d0a868739433c8a00fc33811918bc P 3afcafa1731147e3bc63bcda275125e6: Time spent bootstrapping tablet: real 0.019s	user 0.009s	sys 0.000s
I20260713 09:06:46.173657 23191 raft_consensus.cc:359] T fe5d0a868739433c8a00fc33811918bc P 3afcafa1731147e3bc63bcda275125e6 [term 0 FOLLOWER]: Replica starting. Triggering 0 pending ops. Active config: opid_index: -1 OBSOLETE_local: false peers { permanent_uuid: "3afcafa1731147e3bc63bcda275125e6" member_type: VOTER last_known_addr { host: "127.21.100.193" port: 43295 } } peers { permanent_uuid: "00efc668f04a4e6dbbde015501d746fc" member_type: VOTER last_known_addr { host: "127.21.100.194" port: 45327 } } peers { permanent_uuid: "5ec51be4ac9c47388466503c743cec08" member_type: VOTER last_known_addr { host: "127.21.100.195" port: 42657 } }
I20260713 09:06:46.174280 23191 raft_consensus.cc:385] T fe5d0a868739433c8a00fc33811918bc P 3afcafa1731147e3bc63bcda275125e6 [term 0 FOLLOWER]: Consensus starting up: Expiring failure detector timer to make a prompt election more likely
I20260713 09:06:46.174530 23191 raft_consensus.cc:740] T fe5d0a868739433c8a00fc33811918bc P 3afcafa1731147e3bc63bcda275125e6 [term 0 FOLLOWER]: Becoming Follower/Learner. State: Replica: 3afcafa1731147e3bc63bcda275125e6, State: Initialized, Role: FOLLOWER
I20260713 09:06:46.175225 23191 consensus_queue.cc:260] T fe5d0a868739433c8a00fc33811918bc P 3afcafa1731147e3bc63bcda275125e6 [NON_LEADER]: Queue going to NON_LEADER mode. State: All replicated index: 0, Majority replicated index: 0, Committed index: 0, Last appended: 0.0, Last appended by leader: 0, Current term: 0, Majority size: -1, State: 0, Mode: NON_LEADER, active raft config: opid_index: -1 OBSOLETE_local: false peers { permanent_uuid: "3afcafa1731147e3bc63bcda275125e6" member_type: VOTER last_known_addr { host: "127.21.100.193" port: 43295 } } peers { permanent_uuid: "00efc668f04a4e6dbbde015501d746fc" member_type: VOTER last_known_addr { host: "127.21.100.194" port: 45327 } } peers { permanent_uuid: "5ec51be4ac9c47388466503c743cec08" member_type: VOTER last_known_addr { host: "127.21.100.195" port: 42657 } }
I20260713 09:06:46.179080 23191 ts_tablet_manager.cc:1434] T fe5d0a868739433c8a00fc33811918bc P 3afcafa1731147e3bc63bcda275125e6: Time spent starting tablet: real 0.008s	user 0.006s	sys 0.001s
I20260713 09:06:46.179960 23191 tablet_bootstrap.cc:492] T db7aa0115b9c431ca93744d3e87fa16b P 3afcafa1731147e3bc63bcda275125e6: Bootstrap starting.
I20260713 09:06:46.180807 23194 tablet_bootstrap.cc:492] T e274c45aaa0d49e6b8fdd0a8936804ba P 5ec51be4ac9c47388466503c743cec08: No bootstrap required, opened a new log
I20260713 09:06:46.181270 23194 ts_tablet_manager.cc:1403] T e274c45aaa0d49e6b8fdd0a8936804ba P 5ec51be4ac9c47388466503c743cec08: Time spent bootstrapping tablet: real 0.021s	user 0.009s	sys 0.005s
I20260713 09:06:46.183424 23192 tablet_bootstrap.cc:492] T 8856cda814234efe9c69947a7a6c240c P 00efc668f04a4e6dbbde015501d746fc: No bootstrap required, opened a new log
I20260713 09:06:46.183867 23192 ts_tablet_manager.cc:1403] T 8856cda814234efe9c69947a7a6c240c P 00efc668f04a4e6dbbde015501d746fc: Time spent bootstrapping tablet: real 0.056s	user 0.010s	sys 0.009s
I20260713 09:06:46.183736 23194 raft_consensus.cc:359] T e274c45aaa0d49e6b8fdd0a8936804ba P 5ec51be4ac9c47388466503c743cec08 [term 0 FOLLOWER]: Replica starting. Triggering 0 pending ops. Active config: opid_index: -1 OBSOLETE_local: false peers { permanent_uuid: "3afcafa1731147e3bc63bcda275125e6" member_type: VOTER last_known_addr { host: "127.21.100.193" port: 43295 } } peers { permanent_uuid: "00efc668f04a4e6dbbde015501d746fc" member_type: VOTER last_known_addr { host: "127.21.100.194" port: 45327 } } peers { permanent_uuid: "5ec51be4ac9c47388466503c743cec08" member_type: VOTER last_known_addr { host: "127.21.100.195" port: 42657 } }
I20260713 09:06:46.184406 23194 raft_consensus.cc:385] T e274c45aaa0d49e6b8fdd0a8936804ba P 5ec51be4ac9c47388466503c743cec08 [term 0 FOLLOWER]: Consensus starting up: Expiring failure detector timer to make a prompt election more likely
I20260713 09:06:46.184669 23194 raft_consensus.cc:740] T e274c45aaa0d49e6b8fdd0a8936804ba P 5ec51be4ac9c47388466503c743cec08 [term 0 FOLLOWER]: Becoming Follower/Learner. State: Replica: 5ec51be4ac9c47388466503c743cec08, State: Initialized, Role: FOLLOWER
I20260713 09:06:46.185281 23194 consensus_queue.cc:260] T e274c45aaa0d49e6b8fdd0a8936804ba P 5ec51be4ac9c47388466503c743cec08 [NON_LEADER]: Queue going to NON_LEADER mode. State: All replicated index: 0, Majority replicated index: 0, Committed index: 0, Last appended: 0.0, Last appended by leader: 0, Current term: 0, Majority size: -1, State: 0, Mode: NON_LEADER, active raft config: opid_index: -1 OBSOLETE_local: false peers { permanent_uuid: "3afcafa1731147e3bc63bcda275125e6" member_type: VOTER last_known_addr { host: "127.21.100.193" port: 43295 } } peers { permanent_uuid: "00efc668f04a4e6dbbde015501d746fc" member_type: VOTER last_known_addr { host: "127.21.100.194" port: 45327 } } peers { permanent_uuid: "5ec51be4ac9c47388466503c743cec08" member_type: VOTER last_known_addr { host: "127.21.100.195" port: 42657 } }
I20260713 09:06:46.185859 23191 tablet_bootstrap.cc:654] T db7aa0115b9c431ca93744d3e87fa16b P 3afcafa1731147e3bc63bcda275125e6: Neither blocks nor log segments found. Creating new log.
I20260713 09:06:46.186594 23192 raft_consensus.cc:359] T 8856cda814234efe9c69947a7a6c240c P 00efc668f04a4e6dbbde015501d746fc [term 0 FOLLOWER]: Replica starting. Triggering 0 pending ops. Active config: opid_index: -1 OBSOLETE_local: false peers { permanent_uuid: "3afcafa1731147e3bc63bcda275125e6" member_type: VOTER last_known_addr { host: "127.21.100.193" port: 43295 } } peers { permanent_uuid: "00efc668f04a4e6dbbde015501d746fc" member_type: VOTER last_known_addr { host: "127.21.100.194" port: 45327 } } peers { permanent_uuid: "5ec51be4ac9c47388466503c743cec08" member_type: VOTER last_known_addr { host: "127.21.100.195" port: 42657 } }
I20260713 09:06:46.187224 23192 raft_consensus.cc:385] T 8856cda814234efe9c69947a7a6c240c P 00efc668f04a4e6dbbde015501d746fc [term 0 FOLLOWER]: Consensus starting up: Expiring failure detector timer to make a prompt election more likely
I20260713 09:06:46.187564 23192 raft_consensus.cc:740] T 8856cda814234efe9c69947a7a6c240c P 00efc668f04a4e6dbbde015501d746fc [term 0 FOLLOWER]: Becoming Follower/Learner. State: Replica: 00efc668f04a4e6dbbde015501d746fc, State: Initialized, Role: FOLLOWER
I20260713 09:06:46.188210 23192 consensus_queue.cc:260] T 8856cda814234efe9c69947a7a6c240c P 00efc668f04a4e6dbbde015501d746fc [NON_LEADER]: Queue going to NON_LEADER mode. State: All replicated index: 0, Majority replicated index: 0, Committed index: 0, Last appended: 0.0, Last appended by leader: 0, Current term: 0, Majority size: -1, State: 0, Mode: NON_LEADER, active raft config: opid_index: -1 OBSOLETE_local: false peers { permanent_uuid: "3afcafa1731147e3bc63bcda275125e6" member_type: VOTER last_known_addr { host: "127.21.100.193" port: 43295 } } peers { permanent_uuid: "00efc668f04a4e6dbbde015501d746fc" member_type: VOTER last_known_addr { host: "127.21.100.194" port: 45327 } } peers { permanent_uuid: "5ec51be4ac9c47388466503c743cec08" member_type: VOTER last_known_addr { host: "127.21.100.195" port: 42657 } }
I20260713 09:06:46.187304 23194 ts_tablet_manager.cc:1434] T e274c45aaa0d49e6b8fdd0a8936804ba P 5ec51be4ac9c47388466503c743cec08: Time spent starting tablet: real 0.006s	user 0.004s	sys 0.000s
I20260713 09:06:46.190198 23194 tablet_bootstrap.cc:492] T a7334b6eb7c54d4eaa92da7bd3c8a338 P 5ec51be4ac9c47388466503c743cec08: Bootstrap starting.
I20260713 09:06:46.191165 23191 tablet_bootstrap.cc:492] T db7aa0115b9c431ca93744d3e87fa16b P 3afcafa1731147e3bc63bcda275125e6: No bootstrap required, opened a new log
I20260713 09:06:46.191530 23191 ts_tablet_manager.cc:1403] T db7aa0115b9c431ca93744d3e87fa16b P 3afcafa1731147e3bc63bcda275125e6: Time spent bootstrapping tablet: real 0.012s	user 0.001s	sys 0.008s
I20260713 09:06:46.193841 23191 raft_consensus.cc:359] T db7aa0115b9c431ca93744d3e87fa16b P 3afcafa1731147e3bc63bcda275125e6 [term 0 FOLLOWER]: Replica starting. Triggering 0 pending ops. Active config: opid_index: -1 OBSOLETE_local: false peers { permanent_uuid: "3afcafa1731147e3bc63bcda275125e6" member_type: VOTER last_known_addr { host: "127.21.100.193" port: 43295 } } peers { permanent_uuid: "00efc668f04a4e6dbbde015501d746fc" member_type: VOTER last_known_addr { host: "127.21.100.194" port: 45327 } } peers { permanent_uuid: "5ec51be4ac9c47388466503c743cec08" member_type: VOTER last_known_addr { host: "127.21.100.195" port: 42657 } }
I20260713 09:06:46.194433 23191 raft_consensus.cc:385] T db7aa0115b9c431ca93744d3e87fa16b P 3afcafa1731147e3bc63bcda275125e6 [term 0 FOLLOWER]: Consensus starting up: Expiring failure detector timer to make a prompt election more likely
I20260713 09:06:46.194679 23191 raft_consensus.cc:740] T db7aa0115b9c431ca93744d3e87fa16b P 3afcafa1731147e3bc63bcda275125e6 [term 0 FOLLOWER]: Becoming Follower/Learner. State: Replica: 3afcafa1731147e3bc63bcda275125e6, State: Initialized, Role: FOLLOWER
I20260713 09:06:46.195261 23191 consensus_queue.cc:260] T db7aa0115b9c431ca93744d3e87fa16b P 3afcafa1731147e3bc63bcda275125e6 [NON_LEADER]: Queue going to NON_LEADER mode. State: All replicated index: 0, Majority replicated index: 0, Committed index: 0, Last appended: 0.0, Last appended by leader: 0, Current term: 0, Majority size: -1, State: 0, Mode: NON_LEADER, active raft config: opid_index: -1 OBSOLETE_local: false peers { permanent_uuid: "3afcafa1731147e3bc63bcda275125e6" member_type: VOTER last_known_addr { host: "127.21.100.193" port: 43295 } } peers { permanent_uuid: "00efc668f04a4e6dbbde015501d746fc" member_type: VOTER last_known_addr { host: "127.21.100.194" port: 45327 } } peers { permanent_uuid: "5ec51be4ac9c47388466503c743cec08" member_type: VOTER last_known_addr { host: "127.21.100.195" port: 42657 } }
I20260713 09:06:46.196213 23194 tablet_bootstrap.cc:654] T a7334b6eb7c54d4eaa92da7bd3c8a338 P 5ec51be4ac9c47388466503c743cec08: Neither blocks nor log segments found. Creating new log.
I20260713 09:06:46.197171 23191 ts_tablet_manager.cc:1434] T db7aa0115b9c431ca93744d3e87fa16b P 3afcafa1731147e3bc63bcda275125e6: Time spent starting tablet: real 0.005s	user 0.003s	sys 0.000s
I20260713 09:06:46.198035 23191 tablet_bootstrap.cc:492] T 5e815133e59a4993bd2edb009c58114e P 3afcafa1731147e3bc63bcda275125e6: Bootstrap starting.
I20260713 09:06:46.203290 23191 tablet_bootstrap.cc:654] T 5e815133e59a4993bd2edb009c58114e P 3afcafa1731147e3bc63bcda275125e6: Neither blocks nor log segments found. Creating new log.
I20260713 09:06:46.190204 23192 ts_tablet_manager.cc:1434] T 8856cda814234efe9c69947a7a6c240c P 00efc668f04a4e6dbbde015501d746fc: Time spent starting tablet: real 0.006s	user 0.005s	sys 0.000s
I20260713 09:06:46.204617 23192 tablet_bootstrap.cc:492] T 457a926905b4471a80d54b6f08e9cf2c P 00efc668f04a4e6dbbde015501d746fc: Bootstrap starting.
I20260713 09:06:46.207772 23194 tablet_bootstrap.cc:492] T a7334b6eb7c54d4eaa92da7bd3c8a338 P 5ec51be4ac9c47388466503c743cec08: No bootstrap required, opened a new log
I20260713 09:06:46.208218 23194 ts_tablet_manager.cc:1403] T a7334b6eb7c54d4eaa92da7bd3c8a338 P 5ec51be4ac9c47388466503c743cec08: Time spent bootstrapping tablet: real 0.018s	user 0.005s	sys 0.009s
I20260713 09:06:46.210122 23192 tablet_bootstrap.cc:654] T 457a926905b4471a80d54b6f08e9cf2c P 00efc668f04a4e6dbbde015501d746fc: Neither blocks nor log segments found. Creating new log.
I20260713 09:06:46.210760 23194 raft_consensus.cc:359] T a7334b6eb7c54d4eaa92da7bd3c8a338 P 5ec51be4ac9c47388466503c743cec08 [term 0 FOLLOWER]: Replica starting. Triggering 0 pending ops. Active config: opid_index: -1 OBSOLETE_local: false peers { permanent_uuid: "3afcafa1731147e3bc63bcda275125e6" member_type: VOTER last_known_addr { host: "127.21.100.193" port: 43295 } } peers { permanent_uuid: "00efc668f04a4e6dbbde015501d746fc" member_type: VOTER last_known_addr { host: "127.21.100.194" port: 45327 } } peers { permanent_uuid: "5ec51be4ac9c47388466503c743cec08" member_type: VOTER last_known_addr { host: "127.21.100.195" port: 42657 } }
I20260713 09:06:46.211771 23194 raft_consensus.cc:385] T a7334b6eb7c54d4eaa92da7bd3c8a338 P 5ec51be4ac9c47388466503c743cec08 [term 0 FOLLOWER]: Consensus starting up: Expiring failure detector timer to make a prompt election more likely
I20260713 09:06:46.212039 23194 raft_consensus.cc:740] T a7334b6eb7c54d4eaa92da7bd3c8a338 P 5ec51be4ac9c47388466503c743cec08 [term 0 FOLLOWER]: Becoming Follower/Learner. State: Replica: 5ec51be4ac9c47388466503c743cec08, State: Initialized, Role: FOLLOWER
I20260713 09:06:46.212769 23194 consensus_queue.cc:260] T a7334b6eb7c54d4eaa92da7bd3c8a338 P 5ec51be4ac9c47388466503c743cec08 [NON_LEADER]: Queue going to NON_LEADER mode. State: All replicated index: 0, Majority replicated index: 0, Committed index: 0, Last appended: 0.0, Last appended by leader: 0, Current term: 0, Majority size: -1, State: 0, Mode: NON_LEADER, active raft config: opid_index: -1 OBSOLETE_local: false peers { permanent_uuid: "3afcafa1731147e3bc63bcda275125e6" member_type: VOTER last_known_addr { host: "127.21.100.193" port: 43295 } } peers { permanent_uuid: "00efc668f04a4e6dbbde015501d746fc" member_type: VOTER last_known_addr { host: "127.21.100.194" port: 45327 } } peers { permanent_uuid: "5ec51be4ac9c47388466503c743cec08" member_type: VOTER last_known_addr { host: "127.21.100.195" port: 42657 } }
I20260713 09:06:46.215088 23192 tablet_bootstrap.cc:492] T 457a926905b4471a80d54b6f08e9cf2c P 00efc668f04a4e6dbbde015501d746fc: No bootstrap required, opened a new log
I20260713 09:06:46.215400 23194 ts_tablet_manager.cc:1434] T a7334b6eb7c54d4eaa92da7bd3c8a338 P 5ec51be4ac9c47388466503c743cec08: Time spent starting tablet: real 0.007s	user 0.007s	sys 0.000s
I20260713 09:06:46.215431 23192 ts_tablet_manager.cc:1403] T 457a926905b4471a80d54b6f08e9cf2c P 00efc668f04a4e6dbbde015501d746fc: Time spent bootstrapping tablet: real 0.011s	user 0.007s	sys 0.002s
I20260713 09:06:46.216324 23194 tablet_bootstrap.cc:492] T 5e815133e59a4993bd2edb009c58114e P 5ec51be4ac9c47388466503c743cec08: Bootstrap starting.
I20260713 09:06:46.217137 23191 tablet_bootstrap.cc:492] T 5e815133e59a4993bd2edb009c58114e P 3afcafa1731147e3bc63bcda275125e6: No bootstrap required, opened a new log
I20260713 09:06:46.217564 23191 ts_tablet_manager.cc:1403] T 5e815133e59a4993bd2edb009c58114e P 3afcafa1731147e3bc63bcda275125e6: Time spent bootstrapping tablet: real 0.020s	user 0.009s	sys 0.008s
I20260713 09:06:46.218222 23192 raft_consensus.cc:359] T 457a926905b4471a80d54b6f08e9cf2c P 00efc668f04a4e6dbbde015501d746fc [term 0 FOLLOWER]: Replica starting. Triggering 0 pending ops. Active config: opid_index: -1 OBSOLETE_local: false peers { permanent_uuid: "3afcafa1731147e3bc63bcda275125e6" member_type: VOTER last_known_addr { host: "127.21.100.193" port: 43295 } } peers { permanent_uuid: "00efc668f04a4e6dbbde015501d746fc" member_type: VOTER last_known_addr { host: "127.21.100.194" port: 45327 } } peers { permanent_uuid: "5ec51be4ac9c47388466503c743cec08" member_type: VOTER last_known_addr { host: "127.21.100.195" port: 42657 } }
I20260713 09:06:46.218896 23192 raft_consensus.cc:385] T 457a926905b4471a80d54b6f08e9cf2c P 00efc668f04a4e6dbbde015501d746fc [term 0 FOLLOWER]: Consensus starting up: Expiring failure detector timer to make a prompt election more likely
I20260713 09:06:46.219192 23192 raft_consensus.cc:740] T 457a926905b4471a80d54b6f08e9cf2c P 00efc668f04a4e6dbbde015501d746fc [term 0 FOLLOWER]: Becoming Follower/Learner. State: Replica: 00efc668f04a4e6dbbde015501d746fc, State: Initialized, Role: FOLLOWER
I20260713 09:06:46.219851 23192 consensus_queue.cc:260] T 457a926905b4471a80d54b6f08e9cf2c P 00efc668f04a4e6dbbde015501d746fc [NON_LEADER]: Queue going to NON_LEADER mode. State: All replicated index: 0, Majority replicated index: 0, Committed index: 0, Last appended: 0.0, Last appended by leader: 0, Current term: 0, Majority size: -1, State: 0, Mode: NON_LEADER, active raft config: opid_index: -1 OBSOLETE_local: false peers { permanent_uuid: "3afcafa1731147e3bc63bcda275125e6" member_type: VOTER last_known_addr { host: "127.21.100.193" port: 43295 } } peers { permanent_uuid: "00efc668f04a4e6dbbde015501d746fc" member_type: VOTER last_known_addr { host: "127.21.100.194" port: 45327 } } peers { permanent_uuid: "5ec51be4ac9c47388466503c743cec08" member_type: VOTER last_known_addr { host: "127.21.100.195" port: 42657 } }
I20260713 09:06:46.220466 23191 raft_consensus.cc:359] T 5e815133e59a4993bd2edb009c58114e P 3afcafa1731147e3bc63bcda275125e6 [term 0 FOLLOWER]: Replica starting. Triggering 0 pending ops. Active config: opid_index: -1 OBSOLETE_local: false peers { permanent_uuid: "3afcafa1731147e3bc63bcda275125e6" member_type: VOTER last_known_addr { host: "127.21.100.193" port: 43295 } } peers { permanent_uuid: "00efc668f04a4e6dbbde015501d746fc" member_type: VOTER last_known_addr { host: "127.21.100.194" port: 45327 } } peers { permanent_uuid: "5ec51be4ac9c47388466503c743cec08" member_type: VOTER last_known_addr { host: "127.21.100.195" port: 42657 } }
I20260713 09:06:46.221093 23191 raft_consensus.cc:385] T 5e815133e59a4993bd2edb009c58114e P 3afcafa1731147e3bc63bcda275125e6 [term 0 FOLLOWER]: Consensus starting up: Expiring failure detector timer to make a prompt election more likely
I20260713 09:06:46.221369 23191 raft_consensus.cc:740] T 5e815133e59a4993bd2edb009c58114e P 3afcafa1731147e3bc63bcda275125e6 [term 0 FOLLOWER]: Becoming Follower/Learner. State: Replica: 3afcafa1731147e3bc63bcda275125e6, State: Initialized, Role: FOLLOWER
I20260713 09:06:46.221933 23194 tablet_bootstrap.cc:654] T 5e815133e59a4993bd2edb009c58114e P 5ec51be4ac9c47388466503c743cec08: Neither blocks nor log segments found. Creating new log.
I20260713 09:06:46.222019 23191 consensus_queue.cc:260] T 5e815133e59a4993bd2edb009c58114e P 3afcafa1731147e3bc63bcda275125e6 [NON_LEADER]: Queue going to NON_LEADER mode. State: All replicated index: 0, Majority replicated index: 0, Committed index: 0, Last appended: 0.0, Last appended by leader: 0, Current term: 0, Majority size: -1, State: 0, Mode: NON_LEADER, active raft config: opid_index: -1 OBSOLETE_local: false peers { permanent_uuid: "3afcafa1731147e3bc63bcda275125e6" member_type: VOTER last_known_addr { host: "127.21.100.193" port: 43295 } } peers { permanent_uuid: "00efc668f04a4e6dbbde015501d746fc" member_type: VOTER last_known_addr { host: "127.21.100.194" port: 45327 } } peers { permanent_uuid: "5ec51be4ac9c47388466503c743cec08" member_type: VOTER last_known_addr { host: "127.21.100.195" port: 42657 } }
I20260713 09:06:46.224057 23191 ts_tablet_manager.cc:1434] T 5e815133e59a4993bd2edb009c58114e P 3afcafa1731147e3bc63bcda275125e6: Time spent starting tablet: real 0.006s	user 0.004s	sys 0.000s
I20260713 09:06:46.224221 23203 raft_consensus.cc:493] T 457a926905b4471a80d54b6f08e9cf2c P 5ec51be4ac9c47388466503c743cec08 [term 0 FOLLOWER]: Starting pre-election (no leader contacted us within the election timeout)
