I20260713 09:07:09.333580 17727 consensus_queue.cc:260] T ff2a6cdada214a668d3a877ab056de86 P 4db3ee434ae24feaa9a02f3169c5ba9c [NON_LEADER]: Queue going to NON_LEADER mode. State: All replicated index: 0, Majority replicated index: 1, Committed index: 1, Last appended: 1.1, Last appended by leader: 1, Current term: 1, Majority size: -1, State: 0, Mode: NON_LEADER, active raft config: opid_index: -1 OBSOLETE_local: false peers { permanent_uuid: "fad2465c475f4fd4952f217258ddd516" member_type: VOTER last_known_addr { host: "127.16.19.65" port: 33831 } } peers { permanent_uuid: "f63b536edcda482aa81aa305b1938ea0" member_type: VOTER last_known_addr { host: "127.16.19.66" port: 39211 } } peers { permanent_uuid: "4db3ee434ae24feaa9a02f3169c5ba9c" member_type: VOTER last_known_addr { host: "127.16.19.67" port: 40635 } }
I20260713 09:07:09.334745 17727 raft_consensus.cc:3060] T ff2a6cdada214a668d3a877ab056de86 P 4db3ee434ae24feaa9a02f3169c5ba9c [term 1 FOLLOWER]: Advancing to term 2
I20260713 09:07:09.337879 17653 raft_consensus.cc:2468] T ff2a6cdada214a668d3a877ab056de86 P f63b536edcda482aa81aa305b1938ea0 [term 2 FOLLOWER]: Leader election vote request: Granting yes vote for candidate fad2465c475f4fd4952f217258ddd516 in term 2.
I20260713 09:07:09.339007 17543 leader_election.cc:304] T ff2a6cdada214a668d3a877ab056de86 P fad2465c475f4fd4952f217258ddd516 [CANDIDATE]: Term 2 election: Election decided. Result: candidate won. Election summary: received 2 responses out of 3 voters: 2 yes votes; 0 no votes. yes voters: f63b536edcda482aa81aa305b1938ea0, fad2465c475f4fd4952f217258ddd516; no voters: 
I20260713 09:07:09.339541 17727 raft_consensus.cc:2468] T ff2a6cdada214a668d3a877ab056de86 P 4db3ee434ae24feaa9a02f3169c5ba9c [term 2 FOLLOWER]: Leader election vote request: Granting yes vote for candidate fad2465c475f4fd4952f217258ddd516 in term 2.
I20260713 09:07:09.339792 18361 raft_consensus.cc:2804] T ff2a6cdada214a668d3a877ab056de86 P fad2465c475f4fd4952f217258ddd516 [term 2 FOLLOWER]: Leader election won for term 2
I20260713 09:07:09.340370 18361 raft_consensus.cc:697] T ff2a6cdada214a668d3a877ab056de86 P fad2465c475f4fd4952f217258ddd516 [term 2 LEADER]: Becoming Leader. State: Replica: fad2465c475f4fd4952f217258ddd516, State: Running, Role: LEADER
I20260713 09:07:09.341185 18361 consensus_queue.cc:237] T ff2a6cdada214a668d3a877ab056de86 P fad2465c475f4fd4952f217258ddd516 [LEADER]: Queue going to LEADER mode. State: All replicated index: 0, Majority replicated index: 1, Committed index: 1, Last appended: 1.1, Last appended by leader: 1, Current term: 2, Majority size: 2, State: 0, Mode: LEADER, active raft config: opid_index: -1 OBSOLETE_local: false peers { permanent_uuid: "fad2465c475f4fd4952f217258ddd516" member_type: VOTER last_known_addr { host: "127.16.19.65" port: 33831 } } peers { permanent_uuid: "f63b536edcda482aa81aa305b1938ea0" member_type: VOTER last_known_addr { host: "127.16.19.66" port: 39211 } } peers { permanent_uuid: "4db3ee434ae24feaa9a02f3169c5ba9c" member_type: VOTER last_known_addr { host: "127.16.19.67" port: 40635 } }
I20260713 09:07:09.349176 17477 catalog_manager.cc:5697] T ff2a6cdada214a668d3a877ab056de86 P fad2465c475f4fd4952f217258ddd516 reported cstate change: term changed from 1 to 2, leader changed from 4db3ee434ae24feaa9a02f3169c5ba9c (127.16.19.67) to fad2465c475f4fd4952f217258ddd516 (127.16.19.65). New cstate: current_term: 2 leader_uuid: "fad2465c475f4fd4952f217258ddd516" committed_config { opid_index: -1 OBSOLETE_local: false peers { permanent_uuid: "fad2465c475f4fd4952f217258ddd516" member_type: VOTER last_known_addr { host: "127.16.19.65" port: 33831 } health_report { overall_health: HEALTHY } } peers { permanent_uuid: "f63b536edcda482aa81aa305b1938ea0" member_type: VOTER last_known_addr { host: "127.16.19.66" port: 39211 } health_report { overall_health: UNKNOWN } } peers { permanent_uuid: "4db3ee434ae24feaa9a02f3169c5ba9c" member_type: VOTER last_known_addr { host: "127.16.19.67" port: 40635 } health_report { overall_health: UNKNOWN } } }
I20260713 09:07:09.432782 18365 raft_consensus.cc:993] T fedb203624574b4d874c2b5ad759cbb3 P 4db3ee434ae24feaa9a02f3169c5ba9c: : Instructing follower 73f76028d4b640aca557bd61c7723995 to start an election
I20260713 09:07:09.433905 18362 raft_consensus.cc:1081] T fedb203624574b4d874c2b5ad759cbb3 P 4db3ee434ae24feaa9a02f3169c5ba9c [term 1 LEADER]: Signalling peer 73f76028d4b640aca557bd61c7723995 to start an election
I20260713 09:07:09.435521 18000 tablet_service.cc:2044] Received Run Leader Election RPC: tablet_id: "fedb203624574b4d874c2b5ad759cbb3"
dest_uuid: "73f76028d4b640aca557bd61c7723995"
 from {username='slave'} at 127.0.0.1:38394
I20260713 09:07:09.436071 18000 raft_consensus.cc:493] T fedb203624574b4d874c2b5ad759cbb3 P 73f76028d4b640aca557bd61c7723995 [term 1 FOLLOWER]: Starting forced leader election (received explicit request)
I20260713 09:07:09.436365 18000 raft_consensus.cc:3060] T fedb203624574b4d874c2b5ad759cbb3 P 73f76028d4b640aca557bd61c7723995 [term 1 FOLLOWER]: Advancing to term 2
I20260713 09:07:09.440891 18000 raft_consensus.cc:515] T fedb203624574b4d874c2b5ad759cbb3 P 73f76028d4b640aca557bd61c7723995 [term 2 FOLLOWER]: Starting forced leader election with config: opid_index: 4 OBSOLETE_local: false peers { permanent_uuid: "f63b536edcda482aa81aa305b1938ea0" member_type: VOTER last_known_addr { host: "127.16.19.66" port: 39211 } } peers { permanent_uuid: "4db3ee434ae24feaa9a02f3169c5ba9c" member_type: VOTER last_known_addr { host: "127.16.19.67" port: 40635 } } peers { permanent_uuid: "73f76028d4b640aca557bd61c7723995" member_type: VOTER last_known_addr { host: "127.16.19.68" port: 39367 } attrs { promote: false } }
I20260713 09:07:09.442824 18000 leader_election.cc:290] T fedb203624574b4d874c2b5ad759cbb3 P 73f76028d4b640aca557bd61c7723995 [CANDIDATE]: Term 2 election: Requested vote from peers f63b536edcda482aa81aa305b1938ea0 (127.16.19.66:39211), 4db3ee434ae24feaa9a02f3169c5ba9c (127.16.19.67:40635)
I20260713 09:07:09.443513 17653 tablet_service.cc:1917] Received RequestConsensusVote() RPC: tablet_id: "fedb203624574b4d874c2b5ad759cbb3" candidate_uuid: "73f76028d4b640aca557bd61c7723995" candidate_term: 2 candidate_status { last_received { term: 1 index: 4 } } ignore_live_leader: true dest_uuid: "f63b536edcda482aa81aa305b1938ea0"
I20260713 09:07:09.443876 17727 tablet_service.cc:1917] Received RequestConsensusVote() RPC: tablet_id: "fedb203624574b4d874c2b5ad759cbb3" candidate_uuid: "73f76028d4b640aca557bd61c7723995" candidate_term: 2 candidate_status { last_received { term: 1 index: 4 } } ignore_live_leader: true dest_uuid: "4db3ee434ae24feaa9a02f3169c5ba9c"
I20260713 09:07:09.444146 17653 raft_consensus.cc:3060] T fedb203624574b4d874c2b5ad759cbb3 P f63b536edcda482aa81aa305b1938ea0 [term 1 FOLLOWER]: Advancing to term 2
I20260713 09:07:09.444521 17727 raft_consensus.cc:3055] T fedb203624574b4d874c2b5ad759cbb3 P 4db3ee434ae24feaa9a02f3169c5ba9c [term 1 LEADER]: Stepping down as leader of term 1
I20260713 09:07:09.444826 17727 raft_consensus.cc:740] T fedb203624574b4d874c2b5ad759cbb3 P 4db3ee434ae24feaa9a02f3169c5ba9c [term 1 LEADER]: Becoming Follower/Learner. State: Replica: 4db3ee434ae24feaa9a02f3169c5ba9c, State: Running, Role: LEADER
I20260713 09:07:09.445536 17727 consensus_queue.cc:260] T fedb203624574b4d874c2b5ad759cbb3 P 4db3ee434ae24feaa9a02f3169c5ba9c [NON_LEADER]: Queue going to NON_LEADER mode. State: All replicated index: 0, Majority replicated index: 4, Committed index: 4, Last appended: 1.4, Last appended by leader: 4, Current term: 1, Majority size: -1, State: 0, Mode: NON_LEADER, active raft config: opid_index: 4 OBSOLETE_local: false peers { permanent_uuid: "f63b536edcda482aa81aa305b1938ea0" member_type: VOTER last_known_addr { host: "127.16.19.66" port: 39211 } } peers { permanent_uuid: "4db3ee434ae24feaa9a02f3169c5ba9c" member_type: VOTER last_known_addr { host: "127.16.19.67" port: 40635 } } peers { permanent_uuid: "73f76028d4b640aca557bd61c7723995" member_type: VOTER last_known_addr { host: "127.16.19.68" port: 39367 } attrs { promote: false } }
I20260713 09:07:09.446738 17727 raft_consensus.cc:3060] T fedb203624574b4d874c2b5ad759cbb3 P 4db3ee434ae24feaa9a02f3169c5ba9c [term 1 FOLLOWER]: Advancing to term 2
I20260713 09:07:09.449743 17653 raft_consensus.cc:2468] T fedb203624574b4d874c2b5ad759cbb3 P f63b536edcda482aa81aa305b1938ea0 [term 2 FOLLOWER]: Leader election vote request: Granting yes vote for candidate 73f76028d4b640aca557bd61c7723995 in term 2.
I20260713 09:07:09.450949 17964 leader_election.cc:304] T fedb203624574b4d874c2b5ad759cbb3 P 73f76028d4b640aca557bd61c7723995 [CANDIDATE]: Term 2 election: Election decided. Result: candidate won. Election summary: received 2 responses out of 3 voters: 2 yes votes; 0 no votes. yes voters: 73f76028d4b640aca557bd61c7723995, f63b536edcda482aa81aa305b1938ea0; no voters: 
I20260713 09:07:09.452257 17727 raft_consensus.cc:2468] T fedb203624574b4d874c2b5ad759cbb3 P 4db3ee434ae24feaa9a02f3169c5ba9c [term 2 FOLLOWER]: Leader election vote request: Granting yes vote for candidate 73f76028d4b640aca557bd61c7723995 in term 2.
I20260713 09:07:09.453950 18367 raft_consensus.cc:993] T 57c624146ba3445487ee1eeea99f7e3b P f63b536edcda482aa81aa305b1938ea0: : Instructing follower 4db3ee434ae24feaa9a02f3169c5ba9c to start an election
I20260713 09:07:09.454033 18378 raft_consensus.cc:2804] T fedb203624574b4d874c2b5ad759cbb3 P 73f76028d4b640aca557bd61c7723995 [term 2 FOLLOWER]: Leader election won for term 2
I20260713 09:07:09.454607 18367 raft_consensus.cc:1081] T 57c624146ba3445487ee1eeea99f7e3b P f63b536edcda482aa81aa305b1938ea0 [term 1 LEADER]: Signalling peer 4db3ee434ae24feaa9a02f3169c5ba9c to start an election
I20260713 09:07:09.455538 18378 raft_consensus.cc:697] T fedb203624574b4d874c2b5ad759cbb3 P 73f76028d4b640aca557bd61c7723995 [term 2 LEADER]: Becoming Leader. State: Replica: 73f76028d4b640aca557bd61c7723995, State: Running, Role: LEADER
I20260713 09:07:09.456331 17727 tablet_service.cc:2044] Received Run Leader Election RPC: tablet_id: "57c624146ba3445487ee1eeea99f7e3b"
dest_uuid: "4db3ee434ae24feaa9a02f3169c5ba9c"
 from {username='slave'} at 127.0.0.1:36184
I20260713 09:07:09.456856 17727 raft_consensus.cc:493] T 57c624146ba3445487ee1eeea99f7e3b P 4db3ee434ae24feaa9a02f3169c5ba9c [term 1 FOLLOWER]: Starting forced leader election (received explicit request)
I20260713 09:07:09.456498 18378 consensus_queue.cc:237] T fedb203624574b4d874c2b5ad759cbb3 P 73f76028d4b640aca557bd61c7723995 [LEADER]: Queue going to LEADER mode. State: All replicated index: 0, Majority replicated index: 4, Committed index: 4, Last appended: 1.4, Last appended by leader: 4, Current term: 2, Majority size: 2, State: 0, Mode: LEADER, active raft config: opid_index: 4 OBSOLETE_local: false peers { permanent_uuid: "f63b536edcda482aa81aa305b1938ea0" member_type: VOTER last_known_addr { host: "127.16.19.66" port: 39211 } } peers { permanent_uuid: "4db3ee434ae24feaa9a02f3169c5ba9c" member_type: VOTER last_known_addr { host: "127.16.19.67" port: 40635 } } peers { permanent_uuid: "73f76028d4b640aca557bd61c7723995" member_type: VOTER last_known_addr { host: "127.16.19.68" port: 39367 } attrs { promote: false } }
I20260713 09:07:09.457227 17727 raft_consensus.cc:3060] T 57c624146ba3445487ee1eeea99f7e3b P 4db3ee434ae24feaa9a02f3169c5ba9c [term 1 FOLLOWER]: Advancing to term 2
I20260713 09:07:09.462939 17727 raft_consensus.cc:515] T 57c624146ba3445487ee1eeea99f7e3b P 4db3ee434ae24feaa9a02f3169c5ba9c [term 2 FOLLOWER]: Starting forced leader election with config: opid_index: -1 OBSOLETE_local: false peers { permanent_uuid: "fad2465c475f4fd4952f217258ddd516" member_type: VOTER last_known_addr { host: "127.16.19.65" port: 33831 } } peers { permanent_uuid: "f63b536edcda482aa81aa305b1938ea0" member_type: VOTER last_known_addr { host: "127.16.19.66" port: 39211 } } peers { permanent_uuid: "4db3ee434ae24feaa9a02f3169c5ba9c" member_type: VOTER last_known_addr { host: "127.16.19.67" port: 40635 } }
I20260713 09:07:09.465619 17653 tablet_service.cc:1917] Received RequestConsensusVote() RPC: tablet_id: "57c624146ba3445487ee1eeea99f7e3b" candidate_uuid: "4db3ee434ae24feaa9a02f3169c5ba9c" candidate_term: 2 candidate_status { last_received { term: 1 index: 1 } } ignore_live_leader: true dest_uuid: "f63b536edcda482aa81aa305b1938ea0"
I20260713 09:07:09.465735 17576 tablet_service.cc:1917] Received RequestConsensusVote() RPC: tablet_id: "57c624146ba3445487ee1eeea99f7e3b" candidate_uuid: "4db3ee434ae24feaa9a02f3169c5ba9c" candidate_term: 2 candidate_status { last_received { term: 1 index: 1 } } ignore_live_leader: true dest_uuid: "fad2465c475f4fd4952f217258ddd516"
I20260713 09:07:09.466151 17653 raft_consensus.cc:3055] T 57c624146ba3445487ee1eeea99f7e3b P f63b536edcda482aa81aa305b1938ea0 [term 1 LEADER]: Stepping down as leader of term 1
I20260713 09:07:09.466301 17576 raft_consensus.cc:3060] T 57c624146ba3445487ee1eeea99f7e3b P fad2465c475f4fd4952f217258ddd516 [term 1 FOLLOWER]: Advancing to term 2
I20260713 09:07:09.466507 17653 raft_consensus.cc:740] T 57c624146ba3445487ee1eeea99f7e3b P f63b536edcda482aa81aa305b1938ea0 [term 1 LEADER]: Becoming Follower/Learner. State: Replica: f63b536edcda482aa81aa305b1938ea0, State: Running, Role: LEADER
I20260713 09:07:09.466771 17477 catalog_manager.cc:5697] T fedb203624574b4d874c2b5ad759cbb3 P 73f76028d4b640aca557bd61c7723995 reported cstate change: term changed from 1 to 2, leader changed from 4db3ee434ae24feaa9a02f3169c5ba9c (127.16.19.67) to 73f76028d4b640aca557bd61c7723995 (127.16.19.68). New cstate: current_term: 2 leader_uuid: "73f76028d4b640aca557bd61c7723995" committed_config { opid_index: 4 OBSOLETE_local: false peers { permanent_uuid: "f63b536edcda482aa81aa305b1938ea0" member_type: VOTER last_known_addr { host: "127.16.19.66" port: 39211 } health_report { overall_health: UNKNOWN } } peers { permanent_uuid: "4db3ee434ae24feaa9a02f3169c5ba9c" member_type: VOTER last_known_addr { host: "127.16.19.67" port: 40635 } health_report { overall_health: UNKNOWN } } peers { permanent_uuid: "73f76028d4b640aca557bd61c7723995" member_type: VOTER last_known_addr { host: "127.16.19.68" port: 39367 } attrs { promote: false } health_report { overall_health: HEALTHY } } }
I20260713 09:07:09.467649 17727 leader_election.cc:290] T 57c624146ba3445487ee1eeea99f7e3b P 4db3ee434ae24feaa9a02f3169c5ba9c [CANDIDATE]: Term 2 election: Requested vote from peers fad2465c475f4fd4952f217258ddd516 (127.16.19.65:33831), f63b536edcda482aa81aa305b1938ea0 (127.16.19.66:39211)
I20260713 09:07:09.467347 17653 consensus_queue.cc:260] T 57c624146ba3445487ee1eeea99f7e3b P f63b536edcda482aa81aa305b1938ea0 [NON_LEADER]: Queue going to NON_LEADER mode. State: All replicated index: 0, Majority replicated index: 1, Committed index: 1, Last appended: 1.1, Last appended by leader: 1, Current term: 1, Majority size: -1, State: 0, Mode: NON_LEADER, active raft config: opid_index: -1 OBSOLETE_local: false peers { permanent_uuid: "fad2465c475f4fd4952f217258ddd516" member_type: VOTER last_known_addr { host: "127.16.19.65" port: 33831 } } peers { permanent_uuid: "f63b536edcda482aa81aa305b1938ea0" member_type: VOTER last_known_addr { host: "127.16.19.66" port: 39211 } } peers { permanent_uuid: "4db3ee434ae24feaa9a02f3169c5ba9c" member_type: VOTER last_known_addr { host: "127.16.19.67" port: 40635 } }
I20260713 09:07:09.468400 17653 raft_consensus.cc:3060] T 57c624146ba3445487ee1eeea99f7e3b P f63b536edcda482aa81aa305b1938ea0 [term 1 FOLLOWER]: Advancing to term 2
I20260713 09:07:09.472997 18366 raft_consensus.cc:993] T a0c3c099516a484da2a30a44041fab0b P fad2465c475f4fd4952f217258ddd516: : Instructing follower 73f76028d4b640aca557bd61c7723995 to start an election
I20260713 09:07:09.473464 18366 raft_consensus.cc:1081] T a0c3c099516a484da2a30a44041fab0b P fad2465c475f4fd4952f217258ddd516 [term 1 LEADER]: Signalling peer 73f76028d4b640aca557bd61c7723995 to start an election
I20260713 09:07:09.473675 17576 raft_consensus.cc:2468] T 57c624146ba3445487ee1eeea99f7e3b P fad2465c475f4fd4952f217258ddd516 [term 2 FOLLOWER]: Leader election vote request: Granting yes vote for candidate 4db3ee434ae24feaa9a02f3169c5ba9c in term 2.
I20260713 09:07:09.474231 17653 raft_consensus.cc:2468] T 57c624146ba3445487ee1eeea99f7e3b P f63b536edcda482aa81aa305b1938ea0 [term 2 FOLLOWER]: Leader election vote request: Granting yes vote for candidate 4db3ee434ae24feaa9a02f3169c5ba9c in term 2.
I20260713 09:07:09.475267 17692 leader_election.cc:304] T 57c624146ba3445487ee1eeea99f7e3b P 4db3ee434ae24feaa9a02f3169c5ba9c [CANDIDATE]: Term 2 election: Election decided. Result: candidate won. Election summary: received 2 responses out of 3 voters: 2 yes votes; 0 no votes. yes voters: 4db3ee434ae24feaa9a02f3169c5ba9c, f63b536edcda482aa81aa305b1938ea0; no voters: 
I20260713 09:07:09.475206 18000 tablet_service.cc:2044] Received Run Leader Election RPC: tablet_id: "a0c3c099516a484da2a30a44041fab0b"
dest_uuid: "73f76028d4b640aca557bd61c7723995"
 from {username='slave'} at 127.0.0.1:38382
I20260713 09:07:09.475955 18000 raft_consensus.cc:493] T a0c3c099516a484da2a30a44041fab0b P 73f76028d4b640aca557bd61c7723995 [term 1 FOLLOWER]: Starting forced leader election (received explicit request)
I20260713 09:07:09.476050 18377 raft_consensus.cc:2804] T 57c624146ba3445487ee1eeea99f7e3b P 4db3ee434ae24feaa9a02f3169c5ba9c [term 2 FOLLOWER]: Leader election won for term 2
I20260713 09:07:09.476316 18000 raft_consensus.cc:3060] T a0c3c099516a484da2a30a44041fab0b P 73f76028d4b640aca557bd61c7723995 [term 1 FOLLOWER]: Advancing to term 2
I20260713 09:07:09.476635 18377 raft_consensus.cc:697] T 57c624146ba3445487ee1eeea99f7e3b P 4db3ee434ae24feaa9a02f3169c5ba9c [term 2 LEADER]: Becoming Leader. State: Replica: 4db3ee434ae24feaa9a02f3169c5ba9c, State: Running, Role: LEADER
I20260713 09:07:09.477502 18377 consensus_queue.cc:237] T 57c624146ba3445487ee1eeea99f7e3b P 4db3ee434ae24feaa9a02f3169c5ba9c [LEADER]: Queue going to LEADER mode. State: All replicated index: 0, Majority replicated index: 1, Committed index: 1, Last appended: 1.1, Last appended by leader: 1, Current term: 2, Majority size: 2, State: 0, Mode: LEADER, active raft config: opid_index: -1 OBSOLETE_local: false peers { permanent_uuid: "fad2465c475f4fd4952f217258ddd516" member_type: VOTER last_known_addr { host: "127.16.19.65" port: 33831 } } peers { permanent_uuid: "f63b536edcda482aa81aa305b1938ea0" member_type: VOTER last_known_addr { host: "127.16.19.66" port: 39211 } } peers { permanent_uuid: "4db3ee434ae24feaa9a02f3169c5ba9c" member_type: VOTER last_known_addr { host: "127.16.19.67" port: 40635 } }
I20260713 09:07:09.481947 18000 raft_consensus.cc:515] T a0c3c099516a484da2a30a44041fab0b P 73f76028d4b640aca557bd61c7723995 [term 2 FOLLOWER]: Starting forced leader election with config: opid_index: 4 OBSOLETE_local: false peers { permanent_uuid: "fad2465c475f4fd4952f217258ddd516" member_type: VOTER last_known_addr { host: "127.16.19.65" port: 33831 } } peers { permanent_uuid: "f63b536edcda482aa81aa305b1938ea0" member_type: VOTER last_known_addr { host: "127.16.19.66" port: 39211 } } peers { permanent_uuid: "73f76028d4b640aca557bd61c7723995" member_type: VOTER last_known_addr { host: "127.16.19.68" port: 39367 } attrs { promote: false } }
I20260713 09:07:09.483801 18000 leader_election.cc:290] T a0c3c099516a484da2a30a44041fab0b P 73f76028d4b640aca557bd61c7723995 [CANDIDATE]: Term 2 election: Requested vote from peers fad2465c475f4fd4952f217258ddd516 (127.16.19.65:33831), f63b536edcda482aa81aa305b1938ea0 (127.16.19.66:39211)
I20260713 09:07:09.485234 17652 tablet_service.cc:1917] Received RequestConsensusVote() RPC: tablet_id: "a0c3c099516a484da2a30a44041fab0b" candidate_uuid: "73f76028d4b640aca557bd61c7723995" candidate_term: 2 candidate_status { last_received { term: 1 index: 4 } } ignore_live_leader: true dest_uuid: "f63b536edcda482aa81aa305b1938ea0"
I20260713 09:07:09.485783 17652 raft_consensus.cc:3060] T a0c3c099516a484da2a30a44041fab0b P f63b536edcda482aa81aa305b1938ea0 [term 1 FOLLOWER]: Advancing to term 2
I20260713 09:07:09.489590 17576 tablet_service.cc:1917] Received RequestConsensusVote() RPC: tablet_id: "a0c3c099516a484da2a30a44041fab0b" candidate_uuid: "73f76028d4b640aca557bd61c7723995" candidate_term: 2 candidate_status { last_received { term: 1 index: 4 } } ignore_live_leader: true dest_uuid: "fad2465c475f4fd4952f217258ddd516"
I20260713 09:07:09.490165 17576 raft_consensus.cc:3055] T a0c3c099516a484da2a30a44041fab0b P fad2465c475f4fd4952f217258ddd516 [term 1 LEADER]: Stepping down as leader of term 1
I20260713 09:07:09.490438 17576 raft_consensus.cc:740] T a0c3c099516a484da2a30a44041fab0b P fad2465c475f4fd4952f217258ddd516 [term 1 LEADER]: Becoming Follower/Learner. State: Replica: fad2465c475f4fd4952f217258ddd516, State: Running, Role: LEADER
I20260713 09:07:09.491128 17576 consensus_queue.cc:260] T a0c3c099516a484da2a30a44041fab0b P fad2465c475f4fd4952f217258ddd516 [NON_LEADER]: Queue going to NON_LEADER mode. State: All replicated index: 0, Majority replicated index: 4, Committed index: 4, Last appended: 1.4, Last appended by leader: 4, Current term: 1, Majority size: -1, State: 0, Mode: NON_LEADER, active raft config: opid_index: 4 OBSOLETE_local: false peers { permanent_uuid: "fad2465c475f4fd4952f217258ddd516" member_type: VOTER last_known_addr { host: "127.16.19.65" port: 33831 } } peers { permanent_uuid: "f63b536edcda482aa81aa305b1938ea0" member_type: VOTER last_known_addr { host: "127.16.19.66" port: 39211 } } peers { permanent_uuid: "73f76028d4b640aca557bd61c7723995" member_type: VOTER last_known_addr { host: "127.16.19.68" port: 39367 } attrs { promote: false } }
I20260713 09:07:09.491484 17652 raft_consensus.cc:2468] T a0c3c099516a484da2a30a44041fab0b P f63b536edcda482aa81aa305b1938ea0 [term 2 FOLLOWER]: Leader election vote request: Granting yes vote for candidate 73f76028d4b640aca557bd61c7723995 in term 2.
I20260713 09:07:09.492267 17576 raft_consensus.cc:3060] T a0c3c099516a484da2a30a44041fab0b P fad2465c475f4fd4952f217258ddd516 [term 1 FOLLOWER]: Advancing to term 2
I20260713 09:07:09.492569 17964 leader_election.cc:304] T a0c3c099516a484da2a30a44041fab0b P 73f76028d4b640aca557bd61c7723995 [CANDIDATE]: Term 2 election: Election decided. Result: candidate won. Election summary: received 2 responses out of 3 voters: 2 yes votes; 0 no votes. yes voters: 73f76028d4b640aca557bd61c7723995, f63b536edcda482aa81aa305b1938ea0; no voters: 
I20260713 09:07:09.493404 18378 raft_consensus.cc:2804] T a0c3c099516a484da2a30a44041fab0b P 73f76028d4b640aca557bd61c7723995 [term 2 FOLLOWER]: Leader election won for term 2
I20260713 09:07:09.493419 17477 catalog_manager.cc:5697] T 57c624146ba3445487ee1eeea99f7e3b P 4db3ee434ae24feaa9a02f3169c5ba9c reported cstate change: term changed from 1 to 2, leader changed from f63b536edcda482aa81aa305b1938ea0 (127.16.19.66) to 4db3ee434ae24feaa9a02f3169c5ba9c (127.16.19.67). New cstate: current_term: 2 leader_uuid: "4db3ee434ae24feaa9a02f3169c5ba9c" committed_config { opid_index: -1 OBSOLETE_local: false peers { permanent_uuid: "fad2465c475f4fd4952f217258ddd516" member_type: VOTER last_known_addr { host: "127.16.19.65" port: 33831 } health_report { overall_health: UNKNOWN } } peers { permanent_uuid: "f63b536edcda482aa81aa305b1938ea0" member_type: VOTER last_known_addr { host: "127.16.19.66" port: 39211 } health_report { overall_health: UNKNOWN } } peers { permanent_uuid: "4db3ee434ae24feaa9a02f3169c5ba9c" member_type: VOTER last_known_addr { host: "127.16.19.67" port: 40635 } health_report { overall_health: HEALTHY } } }
I20260713 09:07:09.494033 18378 raft_consensus.cc:697] T a0c3c099516a484da2a30a44041fab0b P 73f76028d4b640aca557bd61c7723995 [term 2 LEADER]: Becoming Leader. State: Replica: 73f76028d4b640aca557bd61c7723995, State: Running, Role: LEADER
I20260713 09:07:09.494913 18378 consensus_queue.cc:237] T a0c3c099516a484da2a30a44041fab0b P 73f76028d4b640aca557bd61c7723995 [LEADER]: Queue going to LEADER mode. State: All replicated index: 0, Majority replicated index: 4, Committed index: 4, Last appended: 1.4, Last appended by leader: 4, Current term: 2, Majority size: 2, State: 0, Mode: LEADER, active raft config: opid_index: 4 OBSOLETE_local: false peers { permanent_uuid: "fad2465c475f4fd4952f217258ddd516" member_type: VOTER last_known_addr { host: "127.16.19.65" port: 33831 } } peers { permanent_uuid: "f63b536edcda482aa81aa305b1938ea0" member_type: VOTER last_known_addr { host: "127.16.19.66" port: 39211 } } peers { permanent_uuid: "73f76028d4b640aca557bd61c7723995" member_type: VOTER last_known_addr { host: "127.16.19.68" port: 39367 } attrs { promote: false } }
I20260713 09:07:09.498489 17576 raft_consensus.cc:2468] T a0c3c099516a484da2a30a44041fab0b P fad2465c475f4fd4952f217258ddd516 [term 2 FOLLOWER]: Leader election vote request: Granting yes vote for candidate 73f76028d4b640aca557bd61c7723995 in term 2.
I20260713 09:07:09.504050 17473 catalog_manager.cc:5697] T a0c3c099516a484da2a30a44041fab0b P 73f76028d4b640aca557bd61c7723995 reported cstate change: term changed from 1 to 2, leader changed from fad2465c475f4fd4952f217258ddd516 (127.16.19.65) to 73f76028d4b640aca557bd61c7723995 (127.16.19.68). New cstate: current_term: 2 leader_uuid: "73f76028d4b640aca557bd61c7723995" committed_config { opid_index: 4 OBSOLETE_local: false peers { permanent_uuid: "fad2465c475f4fd4952f217258ddd516" member_type: VOTER last_known_addr { host: "127.16.19.65" port: 33831 } health_report { overall_health: UNKNOWN } } peers { permanent_uuid: "f63b536edcda482aa81aa305b1938ea0" member_type: VOTER last_known_addr { host: "127.16.19.66" port: 39211 } health_report { overall_health: UNKNOWN } } peers { permanent_uuid: "73f76028d4b640aca557bd61c7723995" member_type: VOTER last_known_addr { host: "127.16.19.68" port: 39367 } attrs { promote: false } health_report { overall_health: HEALTHY } } }
I20260713 09:07:09.685047 18363 raft_consensus.cc:993] T 7b919498f89f4b1e8ada4ff996df09d9 P f63b536edcda482aa81aa305b1938ea0: : Instructing follower 4db3ee434ae24feaa9a02f3169c5ba9c to start an election
I20260713 09:07:09.685524 18367 raft_consensus.cc:1081] T 7b919498f89f4b1e8ada4ff996df09d9 P f63b536edcda482aa81aa305b1938ea0 [term 1 LEADER]: Signalling peer 4db3ee434ae24feaa9a02f3169c5ba9c to start an election
I20260713 09:07:09.687098 17727 tablet_service.cc:2044] Received Run Leader Election RPC: tablet_id: "7b919498f89f4b1e8ada4ff996df09d9"
dest_uuid: "4db3ee434ae24feaa9a02f3169c5ba9c"
 from {username='slave'} at 127.0.0.1:36184
I20260713 09:07:09.687614 17727 raft_consensus.cc:493] T 7b919498f89f4b1e8ada4ff996df09d9 P 4db3ee434ae24feaa9a02f3169c5ba9c [term 1 FOLLOWER]: Starting forced leader election (received explicit request)
I20260713 09:07:09.687990 17727 raft_consensus.cc:3060] T 7b919498f89f4b1e8ada4ff996df09d9 P 4db3ee434ae24feaa9a02f3169c5ba9c [term 1 FOLLOWER]: Advancing to term 2
I20260713 09:07:09.692276 17727 raft_consensus.cc:515] T 7b919498f89f4b1e8ada4ff996df09d9 P 4db3ee434ae24feaa9a02f3169c5ba9c [term 2 FOLLOWER]: Starting forced leader election with config: opid_index: -1 OBSOLETE_local: false peers { permanent_uuid: "fad2465c475f4fd4952f217258ddd516" member_type: VOTER last_known_addr { host: "127.16.19.65" port: 33831 } } peers { permanent_uuid: "f63b536edcda482aa81aa305b1938ea0" member_type: VOTER last_known_addr { host: "127.16.19.66" port: 39211 } } peers { permanent_uuid: "4db3ee434ae24feaa9a02f3169c5ba9c" member_type: VOTER last_known_addr { host: "127.16.19.67" port: 40635 } }
I20260713 09:07:09.693728 17727 leader_election.cc:290] T 7b919498f89f4b1e8ada4ff996df09d9 P 4db3ee434ae24feaa9a02f3169c5ba9c [CANDIDATE]: Term 2 election: Requested vote from peers fad2465c475f4fd4952f217258ddd516 (127.16.19.65:33831), f63b536edcda482aa81aa305b1938ea0 (127.16.19.66:39211)
I20260713 09:07:09.694615 17576 tablet_service.cc:1917] Received RequestConsensusVote() RPC: tablet_id: "7b919498f89f4b1e8ada4ff996df09d9" candidate_uuid: "4db3ee434ae24feaa9a02f3169c5ba9c" candidate_term: 2 candidate_status { last_received { term: 1 index: 1 } } ignore_live_leader: true dest_uuid: "fad2465c475f4fd4952f217258ddd516"
I20260713 09:07:09.694702 17652 tablet_service.cc:1917] Received RequestConsensusVote() RPC: tablet_id: "7b919498f89f4b1e8ada4ff996df09d9" candidate_uuid: "4db3ee434ae24feaa9a02f3169c5ba9c" candidate_term: 2 candidate_status { last_received { term: 1 index: 1 } } ignore_live_leader: true dest_uuid: "f63b536edcda482aa81aa305b1938ea0"
I20260713 09:07:09.695274 17576 raft_consensus.cc:3060] T 7b919498f89f4b1e8ada4ff996df09d9 P fad2465c475f4fd4952f217258ddd516 [term 1 FOLLOWER]: Advancing to term 2
I20260713 09:07:09.695281 17652 raft_consensus.cc:3055] T 7b919498f89f4b1e8ada4ff996df09d9 P f63b536edcda482aa81aa305b1938ea0 [term 1 LEADER]: Stepping down as leader of term 1
I20260713 09:07:09.695784 17652 raft_consensus.cc:740] T 7b919498f89f4b1e8ada4ff996df09d9 P f63b536edcda482aa81aa305b1938ea0 [term 1 LEADER]: Becoming Follower/Learner. State: Replica: f63b536edcda482aa81aa305b1938ea0, State: Running, Role: LEADER
I20260713 09:07:09.696588 17652 consensus_queue.cc:260] T 7b919498f89f4b1e8ada4ff996df09d9 P f63b536edcda482aa81aa305b1938ea0 [NON_LEADER]: Queue going to NON_LEADER mode. State: All replicated index: 0, Majority replicated index: 1, Committed index: 1, Last appended: 1.1, Last appended by leader: 1, Current term: 1, Majority size: -1, State: 0, Mode: NON_LEADER, active raft config: opid_index: -1 OBSOLETE_local: false peers { permanent_uuid: "fad2465c475f4fd4952f217258ddd516" member_type: VOTER last_known_addr { host: "127.16.19.65" port: 33831 } } peers { permanent_uuid: "f63b536edcda482aa81aa305b1938ea0" member_type: VOTER last_known_addr { host: "127.16.19.66" port: 39211 } } peers { permanent_uuid: "4db3ee434ae24feaa9a02f3169c5ba9c" member_type: VOTER last_known_addr { host: "127.16.19.67" port: 40635 } }
I20260713 09:07:09.697693 17652 raft_consensus.cc:3060] T 7b919498f89f4b1e8ada4ff996df09d9 P f63b536edcda482aa81aa305b1938ea0 [term 1 FOLLOWER]: Advancing to term 2
I20260713 09:07:09.701736 17576 raft_consensus.cc:2468] T 7b919498f89f4b1e8ada4ff996df09d9 P fad2465c475f4fd4952f217258ddd516 [term 2 FOLLOWER]: Leader election vote request: Granting yes vote for candidate 4db3ee434ae24feaa9a02f3169c5ba9c in term 2.
I20260713 09:07:09.702996 17693 leader_election.cc:304] T 7b919498f89f4b1e8ada4ff996df09d9 P 4db3ee434ae24feaa9a02f3169c5ba9c [CANDIDATE]: Term 2 election: Election decided. Result: candidate won. Election summary: received 2 responses out of 3 voters: 2 yes votes; 0 no votes. yes voters: 4db3ee434ae24feaa9a02f3169c5ba9c, fad2465c475f4fd4952f217258ddd516; no voters: 
I20260713 09:07:09.703588 17652 raft_consensus.cc:2468] T 7b919498f89f4b1e8ada4ff996df09d9 P f63b536edcda482aa81aa305b1938ea0 [term 2 FOLLOWER]: Leader election vote request: Granting yes vote for candidate 4db3ee434ae24feaa9a02f3169c5ba9c in term 2.
I20260713 09:07:09.703717 18377 raft_consensus.cc:2804] T 7b919498f89f4b1e8ada4ff996df09d9 P 4db3ee434ae24feaa9a02f3169c5ba9c [term 2 FOLLOWER]: Leader election won for term 2
I20260713 09:07:09.704193 18377 raft_consensus.cc:697] T 7b919498f89f4b1e8ada4ff996df09d9 P 4db3ee434ae24feaa9a02f3169c5ba9c [term 2 LEADER]: Becoming Leader. State: Replica: 4db3ee434ae24feaa9a02f3169c5ba9c, State: Running, Role: LEADER
I20260713 09:07:09.705032 18377 consensus_queue.cc:237] T 7b919498f89f4b1e8ada4ff996df09d9 P 4db3ee434ae24feaa9a02f3169c5ba9c [LEADER]: Queue going to LEADER mode. State: All replicated index: 0, Majority replicated index: 1, Committed index: 1, Last appended: 1.1, Last appended by leader: 1, Current term: 2, Majority size: 2, State: 0, Mode: LEADER, active raft config: opid_index: -1 OBSOLETE_local: false peers { permanent_uuid: "fad2465c475f4fd4952f217258ddd516" member_type: VOTER last_known_addr { host: "127.16.19.65" port: 33831 } } peers { permanent_uuid: "f63b536edcda482aa81aa305b1938ea0" member_type: VOTER last_known_addr { host: "127.16.19.66" port: 39211 } } peers { permanent_uuid: "4db3ee434ae24feaa9a02f3169c5ba9c" member_type: VOTER last_known_addr { host: "127.16.19.67" port: 40635 } }
I20260713 09:07:09.712641 17473 catalog_manager.cc:5697] T 7b919498f89f4b1e8ada4ff996df09d9 P 4db3ee434ae24feaa9a02f3169c5ba9c reported cstate change: term changed from 1 to 2, leader changed from f63b536edcda482aa81aa305b1938ea0 (127.16.19.66) to 4db3ee434ae24feaa9a02f3169c5ba9c (127.16.19.67). New cstate: current_term: 2 leader_uuid: "4db3ee434ae24feaa9a02f3169c5ba9c" committed_config { opid_index: -1 OBSOLETE_local: false peers { permanent_uuid: "fad2465c475f4fd4952f217258ddd516" member_type: VOTER last_known_addr { host: "127.16.19.65" port: 33831 } health_report { overall_health: UNKNOWN } } peers { permanent_uuid: "f63b536edcda482aa81aa305b1938ea0" member_type: VOTER last_known_addr { host: "127.16.19.66" port: 39211 } health_report { overall_health: UNKNOWN } } peers { permanent_uuid: "4db3ee434ae24feaa9a02f3169c5ba9c" member_type: VOTER last_known_addr { host: "127.16.19.67" port: 40635 } health_report { overall_health: HEALTHY } } }
I20260713 09:07:09.770318 18363 raft_consensus.cc:993] T daca54e992534c1ba8dec91e60919120 P f63b536edcda482aa81aa305b1938ea0: : Instructing follower 73f76028d4b640aca557bd61c7723995 to start an election
I20260713 09:07:09.770819 18367 raft_consensus.cc:1081] T daca54e992534c1ba8dec91e60919120 P f63b536edcda482aa81aa305b1938ea0 [term 1 LEADER]: Signalling peer 73f76028d4b640aca557bd61c7723995 to start an election
I20260713 09:07:09.772215 18000 tablet_service.cc:2044] Received Run Leader Election RPC: tablet_id: "daca54e992534c1ba8dec91e60919120"
dest_uuid: "73f76028d4b640aca557bd61c7723995"
 from {username='slave'} at 127.0.0.1:38368
I20260713 09:07:09.772689 18000 raft_consensus.cc:493] T daca54e992534c1ba8dec91e60919120 P 73f76028d4b640aca557bd61c7723995 [term 1 FOLLOWER]: Starting forced leader election (received explicit request)
I20260713 09:07:09.772991 18000 raft_consensus.cc:3060] T daca54e992534c1ba8dec91e60919120 P 73f76028d4b640aca557bd61c7723995 [term 1 FOLLOWER]: Advancing to term 2
I20260713 09:07:09.777117 18000 raft_consensus.cc:515] T daca54e992534c1ba8dec91e60919120 P 73f76028d4b640aca557bd61c7723995 [term 2 FOLLOWER]: Starting forced leader election with config: opid_index: 4 OBSOLETE_local: false peers { permanent_uuid: "f63b536edcda482aa81aa305b1938ea0" member_type: VOTER last_known_addr { host: "127.16.19.66" port: 39211 } } peers { permanent_uuid: "4db3ee434ae24feaa9a02f3169c5ba9c" member_type: VOTER last_known_addr { host: "127.16.19.67" port: 40635 } } peers { permanent_uuid: "73f76028d4b640aca557bd61c7723995" member_type: VOTER last_known_addr { host: "127.16.19.68" port: 39367 } attrs { promote: false } }
I20260713 09:07:09.778849 18000 leader_election.cc:290] T daca54e992534c1ba8dec91e60919120 P 73f76028d4b640aca557bd61c7723995 [CANDIDATE]: Term 2 election: Requested vote from peers f63b536edcda482aa81aa305b1938ea0 (127.16.19.66:39211), 4db3ee434ae24feaa9a02f3169c5ba9c (127.16.19.67:40635)
I20260713 09:07:09.779649 17652 tablet_service.cc:1917] Received RequestConsensusVote() RPC: tablet_id: "daca54e992534c1ba8dec91e60919120" candidate_uuid: "73f76028d4b640aca557bd61c7723995" candidate_term: 2 candidate_status { last_received { term: 1 index: 4 } } ignore_live_leader: true dest_uuid: "f63b536edcda482aa81aa305b1938ea0"
I20260713 09:07:09.779718 17725 tablet_service.cc:1917] Received RequestConsensusVote() RPC: tablet_id: "daca54e992534c1ba8dec91e60919120" candidate_uuid: "73f76028d4b640aca557bd61c7723995" candidate_term: 2 candidate_status { last_received { term: 1 index: 4 } } ignore_live_leader: true dest_uuid: "4db3ee434ae24feaa9a02f3169c5ba9c"
I20260713 09:07:09.780369 17652 raft_consensus.cc:3055] T daca54e992534c1ba8dec91e60919120 P f63b536edcda482aa81aa305b1938ea0 [term 1 LEADER]: Stepping down as leader of term 1
I20260713 09:07:09.780438 17725 raft_consensus.cc:3060] T daca54e992534c1ba8dec91e60919120 P 4db3ee434ae24feaa9a02f3169c5ba9c [term 1 FOLLOWER]: Advancing to term 2
I20260713 09:07:09.780910 17652 raft_consensus.cc:740] T daca54e992534c1ba8dec91e60919120 P f63b536edcda482aa81aa305b1938ea0 [term 1 LEADER]: Becoming Follower/Learner. State: Replica: f63b536edcda482aa81aa305b1938ea0, State: Running, Role: LEADER
I20260713 09:07:09.781577 17652 consensus_queue.cc:260] T daca54e992534c1ba8dec91e60919120 P f63b536edcda482aa81aa305b1938ea0 [NON_LEADER]: Queue going to NON_LEADER mode. State: All replicated index: 0, Majority replicated index: 4, Committed index: 4, Last appended: 1.4, Last appended by leader: 4, Current term: 1, Majority size: -1, State: 0, Mode: NON_LEADER, active raft config: opid_index: 4 OBSOLETE_local: false peers { permanent_uuid: "f63b536edcda482aa81aa305b1938ea0" member_type: VOTER last_known_addr { host: "127.16.19.66" port: 39211 } } peers { permanent_uuid: "4db3ee434ae24feaa9a02f3169c5ba9c" member_type: VOTER last_known_addr { host: "127.16.19.67" port: 40635 } } peers { permanent_uuid: "73f76028d4b640aca557bd61c7723995" member_type: VOTER last_known_addr { host: "127.16.19.68" port: 39367 } attrs { promote: false } }
I20260713 09:07:09.782392 17652 raft_consensus.cc:3060] T daca54e992534c1ba8dec91e60919120 P f63b536edcda482aa81aa305b1938ea0 [term 1 FOLLOWER]: Advancing to term 2
I20260713 09:07:09.785176 17725 raft_consensus.cc:2468] T daca54e992534c1ba8dec91e60919120 P 4db3ee434ae24feaa9a02f3169c5ba9c [term 2 FOLLOWER]: Leader election vote request: Granting yes vote for candidate 73f76028d4b640aca557bd61c7723995 in term 2.
I20260713 09:07:09.786130 17965 leader_election.cc:304] T daca54e992534c1ba8dec91e60919120 P 73f76028d4b640aca557bd61c7723995 [CANDIDATE]: Term 2 election: Election decided. Result: candidate won. Election summary: received 2 responses out of 3 voters: 2 yes votes; 0 no votes. yes voters: 4db3ee434ae24feaa9a02f3169c5ba9c, 73f76028d4b640aca557bd61c7723995; no voters: 
I20260713 09:07:09.786705 17652 raft_consensus.cc:2468] T daca54e992534c1ba8dec91e60919120 P f63b536edcda482aa81aa305b1938ea0 [term 2 FOLLOWER]: Leader election vote request: Granting yes vote for candidate 73f76028d4b640aca557bd61c7723995 in term 2.
I20260713 09:07:09.786942 18378 raft_consensus.cc:2804] T daca54e992534c1ba8dec91e60919120 P 73f76028d4b640aca557bd61c7723995 [term 2 FOLLOWER]: Leader election won for term 2
I20260713 09:07:09.787586 18378 raft_consensus.cc:697] T daca54e992534c1ba8dec91e60919120 P 73f76028d4b640aca557bd61c7723995 [term 2 LEADER]: Becoming Leader. State: Replica: 73f76028d4b640aca557bd61c7723995, State: Running, Role: LEADER
I20260713 09:07:09.788389 18378 consensus_queue.cc:237] T daca54e992534c1ba8dec91e60919120 P 73f76028d4b640aca557bd61c7723995 [LEADER]: Queue going to LEADER mode. State: All replicated index: 0, Majority replicated index: 4, Committed index: 4, Last appended: 1.4, Last appended by leader: 4, Current term: 2, Majority size: 2, State: 0, Mode: LEADER, active raft config: opid_index: 4 OBSOLETE_local: false peers { permanent_uuid: "f63b536edcda482aa81aa305b1938ea0" member_type: VOTER last_known_addr { host: "127.16.19.66" port: 39211 } } peers { permanent_uuid: "4db3ee434ae24feaa9a02f3169c5ba9c" member_type: VOTER last_known_addr { host: "127.16.19.67" port: 40635 } } peers { permanent_uuid: "73f76028d4b640aca557bd61c7723995" member_type: VOTER last_known_addr { host: "127.16.19.68" port: 39367 } attrs { promote: false } }
I20260713 09:07:09.795531 17473 catalog_manager.cc:5697] T daca54e992534c1ba8dec91e60919120 P 73f76028d4b640aca557bd61c7723995 reported cstate change: term changed from 1 to 2, leader changed from f63b536edcda482aa81aa305b1938ea0 (127.16.19.66) to 73f76028d4b640aca557bd61c7723995 (127.16.19.68). New cstate: current_term: 2 leader_uuid: "73f76028d4b640aca557bd61c7723995" committed_config { opid_index: 4 OBSOLETE_local: false peers { permanent_uuid: "f63b536edcda482aa81aa305b1938ea0" member_type: VOTER last_known_addr { host: "127.16.19.66" port: 39211 } health_report { overall_health: UNKNOWN } } peers { permanent_uuid: "4db3ee434ae24feaa9a02f3169c5ba9c" member_type: VOTER last_known_addr { host: "127.16.19.67" port: 40635 } health_report { overall_health: UNKNOWN } } peers { permanent_uuid: "73f76028d4b640aca557bd61c7723995" member_type: VOTER last_known_addr { host: "127.16.19.68" port: 39367 } attrs { promote: false } health_report { overall_health: HEALTHY } } }
I20260713 09:07:09.840833 17652 raft_consensus.cc:1275] T ff2a6cdada214a668d3a877ab056de86 P f63b536edcda482aa81aa305b1938ea0 [term 2 FOLLOWER]: Refusing update from remote peer fad2465c475f4fd4952f217258ddd516: Log matching property violated. Preceding OpId in replica: term: 1 index: 1. Preceding OpId from leader: term: 2 index: 2. (index mismatch)
I20260713 09:07:09.842105 18366 consensus_queue.cc:1048] T ff2a6cdada214a668d3a877ab056de86 P fad2465c475f4fd4952f217258ddd516 [LEADER]: Connected to new peer: Peer: permanent_uuid: "f63b536edcda482aa81aa305b1938ea0" member_type: VOTER last_known_addr { host: "127.16.19.66" port: 39211 }, Status: LMP_MISMATCH, Last received: 0.0, Next index: 2, Last known committed idx: 1, Time since last communication: 0.000s
I20260713 09:07:09.852155 17725 raft_consensus.cc:1275] T ff2a6cdada214a668d3a877ab056de86 P 4db3ee434ae24feaa9a02f3169c5ba9c [term 2 FOLLOWER]: Refusing update from remote peer fad2465c475f4fd4952f217258ddd516: Log matching property violated. Preceding OpId in replica: term: 1 index: 1. Preceding OpId from leader: term: 2 index: 2. (index mismatch)
I20260713 09:07:09.854043 18387 consensus_queue.cc:1048] T ff2a6cdada214a668d3a877ab056de86 P fad2465c475f4fd4952f217258ddd516 [LEADER]: Connected to new peer: Peer: permanent_uuid: "4db3ee434ae24feaa9a02f3169c5ba9c" member_type: VOTER last_known_addr { host: "127.16.19.67" port: 40635 }, Status: LMP_MISMATCH, Last received: 0.0, Next index: 2, Last known committed idx: 1, Time since last communication: 0.001s
I20260713 09:07:09.906427 17725 raft_consensus.cc:1275] T fedb203624574b4d874c2b5ad759cbb3 P 4db3ee434ae24feaa9a02f3169c5ba9c [term 2 FOLLOWER]: Refusing update from remote peer 73f76028d4b640aca557bd61c7723995: Log matching property violated. Preceding OpId in replica: term: 1 index: 4. Preceding OpId from leader: term: 2 index: 5. (index mismatch)
I20260713 09:07:09.907955 18379 consensus_queue.cc:1048] T fedb203624574b4d874c2b5ad759cbb3 P 73f76028d4b640aca557bd61c7723995 [LEADER]: Connected to new peer: Peer: permanent_uuid: "4db3ee434ae24feaa9a02f3169c5ba9c" member_type: VOTER last_known_addr { host: "127.16.19.67" port: 40635 }, Status: LMP_MISMATCH, Last received: 0.0, Next index: 5, Last known committed idx: 4, Time since last communication: 0.000s
I20260713 09:07:09.909592 17652 raft_consensus.cc:1275] T a0c3c099516a484da2a30a44041fab0b P f63b536edcda482aa81aa305b1938ea0 [term 2 FOLLOWER]: Refusing update from remote peer 73f76028d4b640aca557bd61c7723995: Log matching property violated. Preceding OpId in replica: term: 1 index: 4. Preceding OpId from leader: term: 2 index: 5. (index mismatch)
I20260713 09:07:09.911110 18379 consensus_queue.cc:1048] T a0c3c099516a484da2a30a44041fab0b P 73f76028d4b640aca557bd61c7723995 [LEADER]: Connected to new peer: Peer: permanent_uuid: "f63b536edcda482aa81aa305b1938ea0" member_type: VOTER last_known_addr { host: "127.16.19.66" port: 39211 }, Status: LMP_MISMATCH, Last received: 0.0, Next index: 5, Last known committed idx: 4, Time since last communication: 0.000s
I20260713 09:07:09.938683 17576 raft_consensus.cc:1275] T a0c3c099516a484da2a30a44041fab0b P fad2465c475f4fd4952f217258ddd516 [term 2 FOLLOWER]: Refusing update from remote peer 73f76028d4b640aca557bd61c7723995: Log matching property violated. Preceding OpId in replica: term: 1 index: 4. Preceding OpId from leader: term: 2 index: 5. (index mismatch)
I20260713 09:07:09.940402 18379 consensus_queue.cc:1048] T a0c3c099516a484da2a30a44041fab0b P 73f76028d4b640aca557bd61c7723995 [LEADER]: Connected to new peer: Peer: permanent_uuid: "fad2465c475f4fd4952f217258ddd516" member_type: VOTER last_known_addr { host: "127.16.19.65" port: 33831 }, Status: LMP_MISMATCH, Last received: 0.0, Next index: 5, Last known committed idx: 4, Time since last communication: 0.000s
I20260713 09:07:09.940608 17652 raft_consensus.cc:1275] T fedb203624574b4d874c2b5ad759cbb3 P f63b536edcda482aa81aa305b1938ea0 [term 2 FOLLOWER]: Refusing update from remote peer 73f76028d4b640aca557bd61c7723995: Log matching property violated. Preceding OpId in replica: term: 1 index: 4. Preceding OpId from leader: term: 2 index: 5. (index mismatch)
I20260713 09:07:09.944218 18395 consensus_queue.cc:1048] T fedb203624574b4d874c2b5ad759cbb3 P 73f76028d4b640aca557bd61c7723995 [LEADER]: Connected to new peer: Peer: permanent_uuid: "f63b536edcda482aa81aa305b1938ea0" member_type: VOTER last_known_addr { host: "127.16.19.66" port: 39211 }, Status: LMP_MISMATCH, Last received: 0.0, Next index: 5, Last known committed idx: 4, Time since last communication: 0.001s
I20260713 09:07:09.949265 17652 raft_consensus.cc:1275] T 57c624146ba3445487ee1eeea99f7e3b P f63b536edcda482aa81aa305b1938ea0 [term 2 FOLLOWER]: Refusing update from remote peer 4db3ee434ae24feaa9a02f3169c5ba9c: Log matching property violated. Preceding OpId in replica: term: 1 index: 1. Preceding OpId from leader: term: 2 index: 2. (index mismatch)
I20260713 09:07:09.951571 18362 consensus_queue.cc:1048] T 57c624146ba3445487ee1eeea99f7e3b P 4db3ee434ae24feaa9a02f3169c5ba9c [LEADER]: Connected to new peer: Peer: permanent_uuid: "f63b536edcda482aa81aa305b1938ea0" member_type: VOTER last_known_addr { host: "127.16.19.66" port: 39211 }, Status: LMP_MISMATCH, Last received: 0.0, Next index: 2, Last known committed idx: 1, Time since last communication: 0.000s
I20260713 09:07:09.985423 17576 raft_consensus.cc:1275] T 57c624146ba3445487ee1eeea99f7e3b P fad2465c475f4fd4952f217258ddd516 [term 2 FOLLOWER]: Refusing update from remote peer 4db3ee434ae24feaa9a02f3169c5ba9c: Log matching property violated. Preceding OpId in replica: term: 1 index: 1. Preceding OpId from leader: term: 2 index: 2. (index mismatch)
I20260713 09:07:09.992687 18362 consensus_queue.cc:1048] T 57c624146ba3445487ee1eeea99f7e3b P 4db3ee434ae24feaa9a02f3169c5ba9c [LEADER]: Connected to new peer: Peer: permanent_uuid: "fad2465c475f4fd4952f217258ddd516" member_type: VOTER last_known_addr { host: "127.16.19.65" port: 33831 }, Status: LMP_MISMATCH, Last received: 0.0, Next index: 2, Last known committed idx: 1, Time since last communication: 0.000s
I20260713 09:07:10.165184 17652 raft_consensus.cc:1275] T 7b919498f89f4b1e8ada4ff996df09d9 P f63b536edcda482aa81aa305b1938ea0 [term 2 FOLLOWER]: Refusing update from remote peer 4db3ee434ae24feaa9a02f3169c5ba9c: Log matching property violated. Preceding OpId in replica: term: 1 index: 1. Preceding OpId from leader: term: 2 index: 2. (index mismatch)
I20260713 09:07:10.166512 18362 consensus_queue.cc:1048] T 7b919498f89f4b1e8ada4ff996df09d9 P 4db3ee434ae24feaa9a02f3169c5ba9c [LEADER]: Connected to new peer: Peer: permanent_uuid: "f63b536edcda482aa81aa305b1938ea0" member_type: VOTER last_known_addr { host: "127.16.19.66" port: 39211 }, Status: LMP_MISMATCH, Last received: 0.0, Next index: 2, Last known committed idx: 1, Time since last communication: 0.000s
I20260713 09:07:10.175300 17576 raft_consensus.cc:1275] T 7b919498f89f4b1e8ada4ff996df09d9 P fad2465c475f4fd4952f217258ddd516 [term 2 FOLLOWER]: Refusing update from remote peer 4db3ee434ae24feaa9a02f3169c5ba9c: Log matching property violated. Preceding OpId in replica: term: 1 index: 1. Preceding OpId from leader: term: 2 index: 2. (index mismatch)
I20260713 09:07:10.176846 18400 consensus_queue.cc:1048] T 7b919498f89f4b1e8ada4ff996df09d9 P 4db3ee434ae24feaa9a02f3169c5ba9c [LEADER]: Connected to new peer: Peer: permanent_uuid: "fad2465c475f4fd4952f217258ddd516" member_type: VOTER last_known_addr { host: "127.16.19.65" port: 33831 }, Status: LMP_MISMATCH, Last received: 0.0, Next index: 2, Last known committed idx: 1, Time since last communication: 0.000s
I20260713 09:07:10.252848 17725 raft_consensus.cc:1275] T daca54e992534c1ba8dec91e60919120 P 4db3ee434ae24feaa9a02f3169c5ba9c [term 2 FOLLOWER]: Refusing update from remote peer 73f76028d4b640aca557bd61c7723995: Log matching property violated. Preceding OpId in replica: term: 1 index: 4. Preceding OpId from leader: term: 2 index: 5. (index mismatch)
I20260713 09:07:10.254429 18396 consensus_queue.cc:1048] T daca54e992534c1ba8dec91e60919120 P 73f76028d4b640aca557bd61c7723995 [LEADER]: Connected to new peer: Peer: permanent_uuid: "4db3ee434ae24feaa9a02f3169c5ba9c" member_type: VOTER last_known_addr { host: "127.16.19.67" port: 40635 }, Status: LMP_MISMATCH, Last received: 0.0, Next index: 5, Last known committed idx: 4, Time since last communication: 0.001s
I20260713 09:07:10.256152 16461 auto_leader_rebalancer.cc:141] leader rebalance for table test-workload
I20260713 09:07:10.267521 17652 raft_consensus.cc:1275] T daca54e992534c1ba8dec91e60919120 P f63b536edcda482aa81aa305b1938ea0 [term 2 FOLLOWER]: Refusing update from remote peer 73f76028d4b640aca557bd61c7723995: Log matching property violated. Preceding OpId in replica: term: 1 index: 4. Preceding OpId from leader: term: 2 index: 5. (index mismatch)
I20260713 09:07:10.268965 18378 consensus_queue.cc:1048] T daca54e992534c1ba8dec91e60919120 P 73f76028d4b640aca557bd61c7723995 [LEADER]: Connected to new peer: Peer: permanent_uuid: "f63b536edcda482aa81aa305b1938ea0" member_type: VOTER last_known_addr { host: "127.16.19.66" port: 39211 }, Status: LMP_MISMATCH, Last received: 0.0, Next index: 5, Last known committed idx: 4, Time since last communication: 0.000s
I20260713 09:07:10.282817 16461 auto_leader_rebalancer.cc:141] leader rebalance for table test-workload
I20260713 09:07:10.301402 17727 tablet_service.cc:2072] Received LeaderStepDown RPC: tablet_id: "57c624146ba3445487ee1eeea99f7e3b"
