I20260713 09:00:02.878262  1742 tablet_bootstrap.cc:492] T cdbee0f07a644f989092146f05afe3d6 P b4694aaa965d4659aab3e31a213dd43c: No bootstrap required, opened a new log
I20260713 09:00:02.881562  1742 ts_tablet_manager.cc:1403] T cdbee0f07a644f989092146f05afe3d6 P b4694aaa965d4659aab3e31a213dd43c: Time spent bootstrapping tablet: real 0.069s	user 0.038s	sys 0.019s
I20260713 09:00:02.884240  1742 raft_consensus.cc:359] T cdbee0f07a644f989092146f05afe3d6 P b4694aaa965d4659aab3e31a213dd43c [term 0 FOLLOWER]: Replica starting. Triggering 0 pending ops. Active config: opid_index: -1 OBSOLETE_local: false peers { permanent_uuid: "16ffd9db78d04a5783d58d3a48109471" member_type: VOTER last_known_addr { host: "127.0.107.193" port: 43945 } } peers { permanent_uuid: "197a9e5f622241f2bbe88050be2df329" member_type: VOTER last_known_addr { host: "127.0.107.194" port: 41309 } } peers { permanent_uuid: "b4694aaa965d4659aab3e31a213dd43c" member_type: VOTER last_known_addr { host: "127.0.107.195" port: 41365 } }
I20260713 09:00:02.884864  1742 raft_consensus.cc:385] T cdbee0f07a644f989092146f05afe3d6 P b4694aaa965d4659aab3e31a213dd43c [term 0 FOLLOWER]: Consensus starting up: Expiring failure detector timer to make a prompt election more likely
I20260713 09:00:02.885131  1742 raft_consensus.cc:740] T cdbee0f07a644f989092146f05afe3d6 P b4694aaa965d4659aab3e31a213dd43c [term 0 FOLLOWER]: Becoming Follower/Learner. State: Replica: b4694aaa965d4659aab3e31a213dd43c, State: Initialized, Role: FOLLOWER
I20260713 09:00:02.885723  1742 consensus_queue.cc:260] T cdbee0f07a644f989092146f05afe3d6 P b4694aaa965d4659aab3e31a213dd43c [NON_LEADER]: Queue going to NON_LEADER mode. State: All replicated index: 0, Majority replicated index: 0, Committed index: 0, Last appended: 0.0, Last appended by leader: 0, Current term: 0, Majority size: -1, State: 0, Mode: NON_LEADER, active raft config: opid_index: -1 OBSOLETE_local: false peers { permanent_uuid: "16ffd9db78d04a5783d58d3a48109471" member_type: VOTER last_known_addr { host: "127.0.107.193" port: 43945 } } peers { permanent_uuid: "197a9e5f622241f2bbe88050be2df329" member_type: VOTER last_known_addr { host: "127.0.107.194" port: 41309 } } peers { permanent_uuid: "b4694aaa965d4659aab3e31a213dd43c" member_type: VOTER last_known_addr { host: "127.0.107.195" port: 41365 } }
I20260713 09:00:02.887353  1743 tablet_bootstrap.cc:492] T 9e98baab8c4d496788abf7f3b007594c P 197a9e5f622241f2bbe88050be2df329: No bootstrap required, opened a new log
I20260713 09:00:02.887668  1742 ts_tablet_manager.cc:1434] T cdbee0f07a644f989092146f05afe3d6 P b4694aaa965d4659aab3e31a213dd43c: Time spent starting tablet: real 0.006s	user 0.003s	sys 0.000s
I20260713 09:00:02.887812  1743 ts_tablet_manager.cc:1403] T 9e98baab8c4d496788abf7f3b007594c P 197a9e5f622241f2bbe88050be2df329: Time spent bootstrapping tablet: real 0.045s	user 0.010s	sys 0.000s
I20260713 09:00:02.888549  1742 tablet_bootstrap.cc:492] T a1fbfe10617c4738b0bd62ee40154426 P b4694aaa965d4659aab3e31a213dd43c: Bootstrap starting.
I20260713 09:00:02.891518  1743 raft_consensus.cc:359] T 9e98baab8c4d496788abf7f3b007594c P 197a9e5f622241f2bbe88050be2df329 [term 0 FOLLOWER]: Replica starting. Triggering 0 pending ops. Active config: opid_index: -1 OBSOLETE_local: false peers { permanent_uuid: "16ffd9db78d04a5783d58d3a48109471" member_type: VOTER last_known_addr { host: "127.0.107.193" port: 43945 } } peers { permanent_uuid: "197a9e5f622241f2bbe88050be2df329" member_type: VOTER last_known_addr { host: "127.0.107.194" port: 41309 } } peers { permanent_uuid: "b4694aaa965d4659aab3e31a213dd43c" member_type: VOTER last_known_addr { host: "127.0.107.195" port: 41365 } }
I20260713 09:00:02.892372  1743 raft_consensus.cc:385] T 9e98baab8c4d496788abf7f3b007594c P 197a9e5f622241f2bbe88050be2df329 [term 0 FOLLOWER]: Consensus starting up: Expiring failure detector timer to make a prompt election more likely
I20260713 09:00:02.892885  1743 raft_consensus.cc:740] T 9e98baab8c4d496788abf7f3b007594c P 197a9e5f622241f2bbe88050be2df329 [term 0 FOLLOWER]: Becoming Follower/Learner. State: Replica: 197a9e5f622241f2bbe88050be2df329, State: Initialized, Role: FOLLOWER
I20260713 09:00:02.893639  1743 consensus_queue.cc:260] T 9e98baab8c4d496788abf7f3b007594c P 197a9e5f622241f2bbe88050be2df329 [NON_LEADER]: Queue going to NON_LEADER mode. State: All replicated index: 0, Majority replicated index: 0, Committed index: 0, Last appended: 0.0, Last appended by leader: 0, Current term: 0, Majority size: -1, State: 0, Mode: NON_LEADER, active raft config: opid_index: -1 OBSOLETE_local: false peers { permanent_uuid: "16ffd9db78d04a5783d58d3a48109471" member_type: VOTER last_known_addr { host: "127.0.107.193" port: 43945 } } peers { permanent_uuid: "197a9e5f622241f2bbe88050be2df329" member_type: VOTER last_known_addr { host: "127.0.107.194" port: 41309 } } peers { permanent_uuid: "b4694aaa965d4659aab3e31a213dd43c" member_type: VOTER last_known_addr { host: "127.0.107.195" port: 41365 } }
I20260713 09:00:02.895493  1742 tablet_bootstrap.cc:654] T a1fbfe10617c4738b0bd62ee40154426 P b4694aaa965d4659aab3e31a213dd43c: Neither blocks nor log segments found. Creating new log.
I20260713 09:00:02.896204  1743 ts_tablet_manager.cc:1434] T 9e98baab8c4d496788abf7f3b007594c P 197a9e5f622241f2bbe88050be2df329: Time spent starting tablet: real 0.008s	user 0.007s	sys 0.000s
I20260713 09:00:02.897364  1743 tablet_bootstrap.cc:492] T 4aac48468923491b8fdef2ea5d230da1 P 197a9e5f622241f2bbe88050be2df329: Bootstrap starting.
I20260713 09:00:02.906952  1743 tablet_bootstrap.cc:654] T 4aac48468923491b8fdef2ea5d230da1 P 197a9e5f622241f2bbe88050be2df329: Neither blocks nor log segments found. Creating new log.
I20260713 09:00:02.911866  1794 raft_consensus.cc:493] T cdbee0f07a644f989092146f05afe3d6 P b4694aaa965d4659aab3e31a213dd43c [term 0 FOLLOWER]: Starting pre-election (no leader contacted us within the election timeout)
I20260713 09:00:02.862856  1772 consensus_queue.cc:237] T e1a7b86dcd644dd29ce962138cea672b P 16ffd9db78d04a5783d58d3a48109471 [LEADER]: Queue going to LEADER mode. State: All replicated index: 0, Majority replicated index: 0, Committed index: 0, Last appended: 0.0, Last appended by leader: 0, Current term: 1, Majority size: 2, State: 0, Mode: LEADER, active raft config: opid_index: -1 OBSOLETE_local: false peers { permanent_uuid: "16ffd9db78d04a5783d58d3a48109471" member_type: VOTER last_known_addr { host: "127.0.107.193" port: 43945 } } peers { permanent_uuid: "197a9e5f622241f2bbe88050be2df329" member_type: VOTER last_known_addr { host: "127.0.107.194" port: 41309 } } peers { permanent_uuid: "b4694aaa965d4659aab3e31a213dd43c" member_type: VOTER last_known_addr { host: "127.0.107.195" port: 41365 } }
I20260713 09:00:02.912604  1794 raft_consensus.cc:515] T cdbee0f07a644f989092146f05afe3d6 P b4694aaa965d4659aab3e31a213dd43c [term 0 FOLLOWER]: Starting pre-election with config: opid_index: -1 OBSOLETE_local: false peers { permanent_uuid: "16ffd9db78d04a5783d58d3a48109471" member_type: VOTER last_known_addr { host: "127.0.107.193" port: 43945 } } peers { permanent_uuid: "197a9e5f622241f2bbe88050be2df329" member_type: VOTER last_known_addr { host: "127.0.107.194" port: 41309 } } peers { permanent_uuid: "b4694aaa965d4659aab3e31a213dd43c" member_type: VOTER last_known_addr { host: "127.0.107.195" port: 41365 } }
I20260713 09:00:02.913199  1871 raft_consensus.cc:493] T 3ce10ea304a5411585eac659700d268c P 16ffd9db78d04a5783d58d3a48109471 [term 0 FOLLOWER]: Starting pre-election (no leader contacted us within the election timeout)
I20260713 09:00:02.914731  1794 leader_election.cc:290] T cdbee0f07a644f989092146f05afe3d6 P b4694aaa965d4659aab3e31a213dd43c [CANDIDATE]: Term 1 pre-election: Requested pre-vote from peers 16ffd9db78d04a5783d58d3a48109471 (127.0.107.193:43945), 197a9e5f622241f2bbe88050be2df329 (127.0.107.194:41309)
I20260713 09:00:02.918063  1551 tablet_service.cc:1917] Received RequestConsensusVote() RPC: tablet_id: "cdbee0f07a644f989092146f05afe3d6" candidate_uuid: "b4694aaa965d4659aab3e31a213dd43c" candidate_term: 1 candidate_status { last_received { term: 0 index: 0 } } ignore_live_leader: false dest_uuid: "16ffd9db78d04a5783d58d3a48109471" is_pre_election: true
I20260713 09:00:02.918371  1741 tablet_bootstrap.cc:654] T 4aac48468923491b8fdef2ea5d230da1 P 16ffd9db78d04a5783d58d3a48109471: Neither blocks nor log segments found. Creating new log.
I20260713 09:00:02.920506  1625 tablet_service.cc:1917] Received RequestConsensusVote() RPC: tablet_id: "cdbee0f07a644f989092146f05afe3d6" candidate_uuid: "b4694aaa965d4659aab3e31a213dd43c" candidate_term: 1 candidate_status { last_received { term: 0 index: 0 } } ignore_live_leader: false dest_uuid: "197a9e5f622241f2bbe88050be2df329" is_pre_election: true
I20260713 09:00:02.913623  1871 raft_consensus.cc:515] T 3ce10ea304a5411585eac659700d268c P 16ffd9db78d04a5783d58d3a48109471 [term 0 FOLLOWER]: Starting pre-election with config: opid_index: -1 OBSOLETE_local: false peers { permanent_uuid: "16ffd9db78d04a5783d58d3a48109471" member_type: VOTER last_known_addr { host: "127.0.107.193" port: 43945 } } peers { permanent_uuid: "197a9e5f622241f2bbe88050be2df329" member_type: VOTER last_known_addr { host: "127.0.107.194" port: 41309 } } peers { permanent_uuid: "b4694aaa965d4659aab3e31a213dd43c" member_type: VOTER last_known_addr { host: "127.0.107.195" port: 41365 } }
W20260713 09:00:02.921972  1665 leader_election.cc:343] T cdbee0f07a644f989092146f05afe3d6 P b4694aaa965d4659aab3e31a213dd43c [CANDIDATE]: Term 1 pre-election: Tablet error from VoteRequest() call to peer 197a9e5f622241f2bbe88050be2df329 (127.0.107.194:41309): Illegal state: must be running to vote when last-logged opid is not known
W20260713 09:00:02.923054  1665 leader_election.cc:343] T cdbee0f07a644f989092146f05afe3d6 P b4694aaa965d4659aab3e31a213dd43c [CANDIDATE]: Term 1 pre-election: Tablet error from VoteRequest() call to peer 16ffd9db78d04a5783d58d3a48109471 (127.0.107.193:43945): Illegal state: must be running to vote when last-logged opid is not known
I20260713 09:00:02.923476  1665 leader_election.cc:304] T cdbee0f07a644f989092146f05afe3d6 P b4694aaa965d4659aab3e31a213dd43c [CANDIDATE]: Term 1 pre-election: Election decided. Result: candidate lost. Election summary: received 3 responses out of 3 voters: 1 yes votes; 2 no votes. yes voters: b4694aaa965d4659aab3e31a213dd43c; no voters: 16ffd9db78d04a5783d58d3a48109471, 197a9e5f622241f2bbe88050be2df329
I20260713 09:00:02.924903  1699 tablet_service.cc:1917] Received RequestConsensusVote() RPC: tablet_id: "3ce10ea304a5411585eac659700d268c" candidate_uuid: "16ffd9db78d04a5783d58d3a48109471" candidate_term: 1 candidate_status { last_received { term: 0 index: 0 } } ignore_live_leader: false dest_uuid: "b4694aaa965d4659aab3e31a213dd43c" is_pre_election: true
I20260713 09:00:02.925534  1625 tablet_service.cc:1917] Received RequestConsensusVote() RPC: tablet_id: "3ce10ea304a5411585eac659700d268c" candidate_uuid: "16ffd9db78d04a5783d58d3a48109471" candidate_term: 1 candidate_status { last_received { term: 0 index: 0 } } ignore_live_leader: false dest_uuid: "197a9e5f622241f2bbe88050be2df329" is_pre_election: true
I20260713 09:00:02.932512  1748 raft_consensus.cc:493] T b78ebdac5927489da190f38fd11c7328 P b4694aaa965d4659aab3e31a213dd43c [term 0 FOLLOWER]: Starting pre-election (no leader contacted us within the election timeout)
I20260713 09:00:02.933130  1748 raft_consensus.cc:515] T b78ebdac5927489da190f38fd11c7328 P b4694aaa965d4659aab3e31a213dd43c [term 0 FOLLOWER]: Starting pre-election with config: opid_index: -1 OBSOLETE_local: false peers { permanent_uuid: "16ffd9db78d04a5783d58d3a48109471" member_type: VOTER last_known_addr { host: "127.0.107.193" port: 43945 } } peers { permanent_uuid: "197a9e5f622241f2bbe88050be2df329" member_type: VOTER last_known_addr { host: "127.0.107.194" port: 41309 } } peers { permanent_uuid: "b4694aaa965d4659aab3e31a213dd43c" member_type: VOTER last_known_addr { host: "127.0.107.195" port: 41365 } }
I20260713 09:00:02.935562  1748 leader_election.cc:290] T b78ebdac5927489da190f38fd11c7328 P b4694aaa965d4659aab3e31a213dd43c [CANDIDATE]: Term 1 pre-election: Requested pre-vote from peers 16ffd9db78d04a5783d58d3a48109471 (127.0.107.193:43945), 197a9e5f622241f2bbe88050be2df329 (127.0.107.194:41309)
I20260713 09:00:02.938417  1551 tablet_service.cc:1917] Received RequestConsensusVote() RPC: tablet_id: "b78ebdac5927489da190f38fd11c7328" candidate_uuid: "b4694aaa965d4659aab3e31a213dd43c" candidate_term: 1 candidate_status { last_received { term: 0 index: 0 } } ignore_live_leader: false dest_uuid: "16ffd9db78d04a5783d58d3a48109471" is_pre_election: true
I20260713 09:00:02.944589  1625 tablet_service.cc:1917] Received RequestConsensusVote() RPC: tablet_id: "b78ebdac5927489da190f38fd11c7328" candidate_uuid: "b4694aaa965d4659aab3e31a213dd43c" candidate_term: 1 candidate_status { last_received { term: 0 index: 0 } } ignore_live_leader: false dest_uuid: "197a9e5f622241f2bbe88050be2df329" is_pre_election: true
I20260713 09:00:02.945569  1625 raft_consensus.cc:2468] T b78ebdac5927489da190f38fd11c7328 P 197a9e5f622241f2bbe88050be2df329 [term 0 FOLLOWER]: Leader pre-election vote request: Granting yes vote for candidate b4694aaa965d4659aab3e31a213dd43c in term 0.
I20260713 09:00:02.953320  1665 leader_election.cc:304] T b78ebdac5927489da190f38fd11c7328 P b4694aaa965d4659aab3e31a213dd43c [CANDIDATE]: Term 1 pre-election: Election decided. Result: candidate won. Election summary: received 2 responses out of 3 voters: 2 yes votes; 0 no votes. yes voters: 197a9e5f622241f2bbe88050be2df329, b4694aaa965d4659aab3e31a213dd43c; no voters: 
W20260713 09:00:02.954599  1665 leader_election.cc:343] T b78ebdac5927489da190f38fd11c7328 P b4694aaa965d4659aab3e31a213dd43c [CANDIDATE]: Term 1 pre-election: Tablet error from VoteRequest() call to peer 16ffd9db78d04a5783d58d3a48109471 (127.0.107.193:43945): Illegal state: must be running to vote when last-logged opid is not known
I20260713 09:00:02.955786  1748 raft_consensus.cc:2804] T b78ebdac5927489da190f38fd11c7328 P b4694aaa965d4659aab3e31a213dd43c [term 0 FOLLOWER]: Leader pre-election won for term 1
I20260713 09:00:02.956409  1748 raft_consensus.cc:493] T b78ebdac5927489da190f38fd11c7328 P b4694aaa965d4659aab3e31a213dd43c [term 0 FOLLOWER]: Starting leader election (no leader contacted us within the election timeout)
I20260713 09:00:02.956957  1748 raft_consensus.cc:3060] T b78ebdac5927489da190f38fd11c7328 P b4694aaa965d4659aab3e31a213dd43c [term 0 FOLLOWER]: Advancing to term 1
I20260713 09:00:02.925778  1871 leader_election.cc:290] T 3ce10ea304a5411585eac659700d268c P 16ffd9db78d04a5783d58d3a48109471 [CANDIDATE]: Term 1 pre-election: Requested pre-vote from peers 197a9e5f622241f2bbe88050be2df329 (127.0.107.194:41309), b4694aaa965d4659aab3e31a213dd43c (127.0.107.195:41365)
I20260713 09:00:02.925942  1699 raft_consensus.cc:2393] T 3ce10ea304a5411585eac659700d268c P b4694aaa965d4659aab3e31a213dd43c [term 1 FOLLOWER]: Leader pre-election vote request: Denying vote to candidate 16ffd9db78d04a5783d58d3a48109471 in current term 1: Already voted for candidate 197a9e5f622241f2bbe88050be2df329 in this term.
I20260713 09:00:02.926478  1798 raft_consensus.cc:2749] T cdbee0f07a644f989092146f05afe3d6 P b4694aaa965d4659aab3e31a213dd43c [term 0 FOLLOWER]: Leader pre-election lost for term 1. Reason: could not achieve majority
I20260713 09:00:02.968549  1515 leader_election.cc:304] T 3ce10ea304a5411585eac659700d268c P 16ffd9db78d04a5783d58d3a48109471 [CANDIDATE]: Term 1 pre-election: Election decided. Result: candidate lost. Election summary: received 3 responses out of 3 voters: 1 yes votes; 2 no votes. yes voters: 16ffd9db78d04a5783d58d3a48109471; no voters: 197a9e5f622241f2bbe88050be2df329, b4694aaa965d4659aab3e31a213dd43c
I20260713 09:00:02.969923  1771 raft_consensus.cc:3060] T 3ce10ea304a5411585eac659700d268c P 16ffd9db78d04a5783d58d3a48109471 [term 0 FOLLOWER]: Advancing to term 1
I20260713 09:00:02.930244  1794 raft_consensus.cc:493] T a6b95705e16d40f596d2f62d3757341b P b4694aaa965d4659aab3e31a213dd43c [term 0 FOLLOWER]: Starting pre-election (no leader contacted us within the election timeout)
I20260713 09:00:02.972455  1794 raft_consensus.cc:515] T a6b95705e16d40f596d2f62d3757341b P b4694aaa965d4659aab3e31a213dd43c [term 0 FOLLOWER]: Starting pre-election with config: opid_index: -1 OBSOLETE_local: false peers { permanent_uuid: "16ffd9db78d04a5783d58d3a48109471" member_type: VOTER last_known_addr { host: "127.0.107.193" port: 43945 } } peers { permanent_uuid: "197a9e5f622241f2bbe88050be2df329" member_type: VOTER last_known_addr { host: "127.0.107.194" port: 41309 } } peers { permanent_uuid: "b4694aaa965d4659aab3e31a213dd43c" member_type: VOTER last_known_addr { host: "127.0.107.195" port: 41365 } }
I20260713 09:00:02.975625  1794 leader_election.cc:290] T a6b95705e16d40f596d2f62d3757341b P b4694aaa965d4659aab3e31a213dd43c [CANDIDATE]: Term 1 pre-election: Requested pre-vote from peers 16ffd9db78d04a5783d58d3a48109471 (127.0.107.193:43945), 197a9e5f622241f2bbe88050be2df329 (127.0.107.194:41309)
I20260713 09:00:02.981750  1551 tablet_service.cc:1917] Received RequestConsensusVote() RPC: tablet_id: "a6b95705e16d40f596d2f62d3757341b" candidate_uuid: "b4694aaa965d4659aab3e31a213dd43c" candidate_term: 1 candidate_status { last_received { term: 0 index: 0 } } ignore_live_leader: false dest_uuid: "16ffd9db78d04a5783d58d3a48109471" is_pre_election: true
I20260713 09:00:02.984472  1763 raft_consensus.cc:493] T a6b95705e16d40f596d2f62d3757341b P 197a9e5f622241f2bbe88050be2df329 [term 0 FOLLOWER]: Starting pre-election (no leader contacted us within the election timeout)
I20260713 09:00:02.984973  1763 raft_consensus.cc:515] T a6b95705e16d40f596d2f62d3757341b P 197a9e5f622241f2bbe88050be2df329 [term 0 FOLLOWER]: Starting pre-election with config: opid_index: -1 OBSOLETE_local: false peers { permanent_uuid: "16ffd9db78d04a5783d58d3a48109471" member_type: VOTER last_known_addr { host: "127.0.107.193" port: 43945 } } peers { permanent_uuid: "197a9e5f622241f2bbe88050be2df329" member_type: VOTER last_known_addr { host: "127.0.107.194" port: 41309 } } peers { permanent_uuid: "b4694aaa965d4659aab3e31a213dd43c" member_type: VOTER last_known_addr { host: "127.0.107.195" port: 41365 } }
W20260713 09:00:02.985963  1665 leader_election.cc:343] T a6b95705e16d40f596d2f62d3757341b P b4694aaa965d4659aab3e31a213dd43c [CANDIDATE]: Term 1 pre-election: Tablet error from VoteRequest() call to peer 16ffd9db78d04a5783d58d3a48109471 (127.0.107.193:43945): Illegal state: must be running to vote when last-logged opid is not known
I20260713 09:00:02.987023  1763 leader_election.cc:290] T a6b95705e16d40f596d2f62d3757341b P 197a9e5f622241f2bbe88050be2df329 [CANDIDATE]: Term 1 pre-election: Requested pre-vote from peers 16ffd9db78d04a5783d58d3a48109471 (127.0.107.193:43945), b4694aaa965d4659aab3e31a213dd43c (127.0.107.195:41365)
I20260713 09:00:02.989684  1551 tablet_service.cc:1917] Received RequestConsensusVote() RPC: tablet_id: "a6b95705e16d40f596d2f62d3757341b" candidate_uuid: "197a9e5f622241f2bbe88050be2df329" candidate_term: 1 candidate_status { last_received { term: 0 index: 0 } } ignore_live_leader: false dest_uuid: "16ffd9db78d04a5783d58d3a48109471" is_pre_election: true
W20260713 09:00:02.991235  1591 leader_election.cc:343] T a6b95705e16d40f596d2f62d3757341b P 197a9e5f622241f2bbe88050be2df329 [CANDIDATE]: Term 1 pre-election: Tablet error from VoteRequest() call to peer 16ffd9db78d04a5783d58d3a48109471 (127.0.107.193:43945): Illegal state: must be running to vote when last-logged opid is not known
I20260713 09:00:02.992684  1625 tablet_service.cc:1917] Received RequestConsensusVote() RPC: tablet_id: "a6b95705e16d40f596d2f62d3757341b" candidate_uuid: "b4694aaa965d4659aab3e31a213dd43c" candidate_term: 1 candidate_status { last_received { term: 0 index: 0 } } ignore_live_leader: false dest_uuid: "197a9e5f622241f2bbe88050be2df329" is_pre_election: true
I20260713 09:00:02.993604  1625 raft_consensus.cc:2468] T a6b95705e16d40f596d2f62d3757341b P 197a9e5f622241f2bbe88050be2df329 [term 0 FOLLOWER]: Leader pre-election vote request: Granting yes vote for candidate b4694aaa965d4659aab3e31a213dd43c in term 0.
I20260713 09:00:02.998211  1771 raft_consensus.cc:2749] T 3ce10ea304a5411585eac659700d268c P 16ffd9db78d04a5783d58d3a48109471 [term 1 FOLLOWER]: Leader pre-election lost for term 1. Reason: could not achieve majority
I20260713 09:00:03.001355  1665 leader_election.cc:304] T a6b95705e16d40f596d2f62d3757341b P b4694aaa965d4659aab3e31a213dd43c [CANDIDATE]: Term 1 pre-election: Election decided. Result: candidate won. Election summary: received 3 responses out of 3 voters: 2 yes votes; 1 no votes. yes voters: 197a9e5f622241f2bbe88050be2df329, b4694aaa965d4659aab3e31a213dd43c; no voters: 16ffd9db78d04a5783d58d3a48109471
I20260713 09:00:03.003067  1699 tablet_service.cc:1917] Received RequestConsensusVote() RPC: tablet_id: "a6b95705e16d40f596d2f62d3757341b" candidate_uuid: "197a9e5f622241f2bbe88050be2df329" candidate_term: 1 candidate_status { last_received { term: 0 index: 0 } } ignore_live_leader: false dest_uuid: "b4694aaa965d4659aab3e31a213dd43c" is_pre_election: true
I20260713 09:00:03.003858  1699 raft_consensus.cc:2468] T a6b95705e16d40f596d2f62d3757341b P b4694aaa965d4659aab3e31a213dd43c [term 0 FOLLOWER]: Leader pre-election vote request: Granting yes vote for candidate 197a9e5f622241f2bbe88050be2df329 in term 0.
I20260713 09:00:03.005312  1590 leader_election.cc:304] T a6b95705e16d40f596d2f62d3757341b P 197a9e5f622241f2bbe88050be2df329 [CANDIDATE]: Term 1 pre-election: Election decided. Result: candidate won. Election summary: received 3 responses out of 3 voters: 2 yes votes; 1 no votes. yes voters: 197a9e5f622241f2bbe88050be2df329, b4694aaa965d4659aab3e31a213dd43c; no voters: 16ffd9db78d04a5783d58d3a48109471
I20260713 09:00:03.006625  1763 raft_consensus.cc:2804] T a6b95705e16d40f596d2f62d3757341b P 197a9e5f622241f2bbe88050be2df329 [term 0 FOLLOWER]: Leader pre-election won for term 1
I20260713 09:00:03.007030  1763 raft_consensus.cc:493] T a6b95705e16d40f596d2f62d3757341b P 197a9e5f622241f2bbe88050be2df329 [term 0 FOLLOWER]: Starting leader election (no leader contacted us within the election timeout)
I20260713 09:00:03.007404  1763 raft_consensus.cc:3060] T a6b95705e16d40f596d2f62d3757341b P 197a9e5f622241f2bbe88050be2df329 [term 0 FOLLOWER]: Advancing to term 1
I20260713 09:00:03.015123  1763 raft_consensus.cc:515] T a6b95705e16d40f596d2f62d3757341b P 197a9e5f622241f2bbe88050be2df329 [term 1 FOLLOWER]: Starting leader election with config: opid_index: -1 OBSOLETE_local: false peers { permanent_uuid: "16ffd9db78d04a5783d58d3a48109471" member_type: VOTER last_known_addr { host: "127.0.107.193" port: 43945 } } peers { permanent_uuid: "197a9e5f622241f2bbe88050be2df329" member_type: VOTER last_known_addr { host: "127.0.107.194" port: 41309 } } peers { permanent_uuid: "b4694aaa965d4659aab3e31a213dd43c" member_type: VOTER last_known_addr { host: "127.0.107.195" port: 41365 } }
I20260713 09:00:03.016227  1794 raft_consensus.cc:2804] T a6b95705e16d40f596d2f62d3757341b P b4694aaa965d4659aab3e31a213dd43c [term 0 FOLLOWER]: Leader pre-election won for term 1
I20260713 09:00:03.016605  1794 raft_consensus.cc:493] T a6b95705e16d40f596d2f62d3757341b P b4694aaa965d4659aab3e31a213dd43c [term 0 FOLLOWER]: Starting leader election (no leader contacted us within the election timeout)
I20260713 09:00:03.017019  1794 raft_consensus.cc:3060] T a6b95705e16d40f596d2f62d3757341b P b4694aaa965d4659aab3e31a213dd43c [term 0 FOLLOWER]: Advancing to term 1
I20260713 09:00:03.021802  1447 catalog_manager.cc:5697] T 5bf6b2fd957b4876a405e069725907e8 P 16ffd9db78d04a5783d58d3a48109471 reported cstate change: term changed from 0 to 1, leader changed from <none> to 16ffd9db78d04a5783d58d3a48109471 (127.0.107.193). New cstate: current_term: 1 leader_uuid: "16ffd9db78d04a5783d58d3a48109471" committed_config { opid_index: -1 OBSOLETE_local: false peers { permanent_uuid: "16ffd9db78d04a5783d58d3a48109471" member_type: VOTER last_known_addr { host: "127.0.107.193" port: 43945 } health_report { overall_health: HEALTHY } } peers { permanent_uuid: "197a9e5f622241f2bbe88050be2df329" member_type: VOTER last_known_addr { host: "127.0.107.194" port: 41309 } health_report { overall_health: UNKNOWN } } peers { permanent_uuid: "b4694aaa965d4659aab3e31a213dd43c" member_type: VOTER last_known_addr { host: "127.0.107.195" port: 41365 } health_report { overall_health: UNKNOWN } } }
I20260713 09:00:03.024205  1748 raft_consensus.cc:515] T b78ebdac5927489da190f38fd11c7328 P b4694aaa965d4659aab3e31a213dd43c [term 1 FOLLOWER]: Starting leader election with config: opid_index: -1 OBSOLETE_local: false peers { permanent_uuid: "16ffd9db78d04a5783d58d3a48109471" member_type: VOTER last_known_addr { host: "127.0.107.193" port: 43945 } } peers { permanent_uuid: "197a9e5f622241f2bbe88050be2df329" member_type: VOTER last_known_addr { host: "127.0.107.194" port: 41309 } } peers { permanent_uuid: "b4694aaa965d4659aab3e31a213dd43c" member_type: VOTER last_known_addr { host: "127.0.107.195" port: 41365 } }
I20260713 09:00:03.026126  1748 leader_election.cc:290] T b78ebdac5927489da190f38fd11c7328 P b4694aaa965d4659aab3e31a213dd43c [CANDIDATE]: Term 1 election: Requested vote from peers 16ffd9db78d04a5783d58d3a48109471 (127.0.107.193:43945), 197a9e5f622241f2bbe88050be2df329 (127.0.107.194:41309)
I20260713 09:00:03.026361  1550 tablet_service.cc:1917] Received RequestConsensusVote() RPC: tablet_id: "a6b95705e16d40f596d2f62d3757341b" candidate_uuid: "197a9e5f622241f2bbe88050be2df329" candidate_term: 1 candidate_status { last_received { term: 0 index: 0 } } ignore_live_leader: false dest_uuid: "16ffd9db78d04a5783d58d3a48109471"
I20260713 09:00:03.027361  1763 leader_election.cc:290] T a6b95705e16d40f596d2f62d3757341b P 197a9e5f622241f2bbe88050be2df329 [CANDIDATE]: Term 1 election: Requested vote from peers 16ffd9db78d04a5783d58d3a48109471 (127.0.107.193:43945), b4694aaa965d4659aab3e31a213dd43c (127.0.107.195:41365)
I20260713 09:00:03.027997  1551 tablet_service.cc:1917] Received RequestConsensusVote() RPC: tablet_id: "b78ebdac5927489da190f38fd11c7328" candidate_uuid: "b4694aaa965d4659aab3e31a213dd43c" candidate_term: 1 candidate_status { last_received { term: 0 index: 0 } } ignore_live_leader: false dest_uuid: "16ffd9db78d04a5783d58d3a48109471"
W20260713 09:00:03.028636  1591 leader_election.cc:343] T a6b95705e16d40f596d2f62d3757341b P 197a9e5f622241f2bbe88050be2df329 [CANDIDATE]: Term 1 election: Tablet error from VoteRequest() call to peer 16ffd9db78d04a5783d58d3a48109471 (127.0.107.193:43945): Illegal state: must be running to vote when last-logged opid is not known
I20260713 09:00:03.029454  1625 tablet_service.cc:1917] Received RequestConsensusVote() RPC: tablet_id: "b78ebdac5927489da190f38fd11c7328" candidate_uuid: "b4694aaa965d4659aab3e31a213dd43c" candidate_term: 1 candidate_status { last_received { term: 0 index: 0 } } ignore_live_leader: false dest_uuid: "197a9e5f622241f2bbe88050be2df329"
I20260713 09:00:03.029990  1625 raft_consensus.cc:3060] T b78ebdac5927489da190f38fd11c7328 P 197a9e5f622241f2bbe88050be2df329 [term 0 FOLLOWER]: Advancing to term 1
I20260713 09:00:03.031694  1741 tablet_bootstrap.cc:492] T 4aac48468923491b8fdef2ea5d230da1 P 16ffd9db78d04a5783d58d3a48109471: No bootstrap required, opened a new log
I20260713 09:00:03.032157  1741 ts_tablet_manager.cc:1403] T 4aac48468923491b8fdef2ea5d230da1 P 16ffd9db78d04a5783d58d3a48109471: Time spent bootstrapping tablet: real 0.191s	user 0.025s	sys 0.037s
I20260713 09:00:03.032889  1743 tablet_bootstrap.cc:492] T 4aac48468923491b8fdef2ea5d230da1 P 197a9e5f622241f2bbe88050be2df329: No bootstrap required, opened a new log
I20260713 09:00:03.033711  1743 ts_tablet_manager.cc:1403] T 4aac48468923491b8fdef2ea5d230da1 P 197a9e5f622241f2bbe88050be2df329: Time spent bootstrapping tablet: real 0.137s	user 0.048s	sys 0.038s
I20260713 09:00:03.035048  1741 raft_consensus.cc:359] T 4aac48468923491b8fdef2ea5d230da1 P 16ffd9db78d04a5783d58d3a48109471 [term 0 FOLLOWER]: Replica starting. Triggering 0 pending ops. Active config: opid_index: -1 OBSOLETE_local: false peers { permanent_uuid: "16ffd9db78d04a5783d58d3a48109471" member_type: VOTER last_known_addr { host: "127.0.107.193" port: 43945 } } peers { permanent_uuid: "197a9e5f622241f2bbe88050be2df329" member_type: VOTER last_known_addr { host: "127.0.107.194" port: 41309 } } peers { permanent_uuid: "b4694aaa965d4659aab3e31a213dd43c" member_type: VOTER last_known_addr { host: "127.0.107.195" port: 41365 } }
I20260713 09:00:03.035689  1741 raft_consensus.cc:385] T 4aac48468923491b8fdef2ea5d230da1 P 16ffd9db78d04a5783d58d3a48109471 [term 0 FOLLOWER]: Consensus starting up: Expiring failure detector timer to make a prompt election more likely
I20260713 09:00:03.035957  1741 raft_consensus.cc:740] T 4aac48468923491b8fdef2ea5d230da1 P 16ffd9db78d04a5783d58d3a48109471 [term 0 FOLLOWER]: Becoming Follower/Learner. State: Replica: 16ffd9db78d04a5783d58d3a48109471, State: Initialized, Role: FOLLOWER
I20260713 09:00:03.036710  1741 consensus_queue.cc:260] T 4aac48468923491b8fdef2ea5d230da1 P 16ffd9db78d04a5783d58d3a48109471 [NON_LEADER]: Queue going to NON_LEADER mode. State: All replicated index: 0, Majority replicated index: 0, Committed index: 0, Last appended: 0.0, Last appended by leader: 0, Current term: 0, Majority size: -1, State: 0, Mode: NON_LEADER, active raft config: opid_index: -1 OBSOLETE_local: false peers { permanent_uuid: "16ffd9db78d04a5783d58d3a48109471" member_type: VOTER last_known_addr { host: "127.0.107.193" port: 43945 } } peers { permanent_uuid: "197a9e5f622241f2bbe88050be2df329" member_type: VOTER last_known_addr { host: "127.0.107.194" port: 41309 } } peers { permanent_uuid: "b4694aaa965d4659aab3e31a213dd43c" member_type: VOTER last_known_addr { host: "127.0.107.195" port: 41365 } }
I20260713 09:00:03.038022  1794 raft_consensus.cc:515] T a6b95705e16d40f596d2f62d3757341b P b4694aaa965d4659aab3e31a213dd43c [term 1 FOLLOWER]: Starting leader election with config: opid_index: -1 OBSOLETE_local: false peers { permanent_uuid: "16ffd9db78d04a5783d58d3a48109471" member_type: VOTER last_known_addr { host: "127.0.107.193" port: 43945 } } peers { permanent_uuid: "197a9e5f622241f2bbe88050be2df329" member_type: VOTER last_known_addr { host: "127.0.107.194" port: 41309 } } peers { permanent_uuid: "b4694aaa965d4659aab3e31a213dd43c" member_type: VOTER last_known_addr { host: "127.0.107.195" port: 41365 } }
I20260713 09:00:03.039920  1794 leader_election.cc:290] T a6b95705e16d40f596d2f62d3757341b P b4694aaa965d4659aab3e31a213dd43c [CANDIDATE]: Term 1 election: Requested vote from peers 16ffd9db78d04a5783d58d3a48109471 (127.0.107.193:43945), 197a9e5f622241f2bbe88050be2df329 (127.0.107.194:41309)
I20260713 09:00:03.042053  1741 ts_tablet_manager.cc:1434] T 4aac48468923491b8fdef2ea5d230da1 P 16ffd9db78d04a5783d58d3a48109471: Time spent starting tablet: real 0.010s	user 0.006s	sys 0.000s
I20260713 09:00:03.042937  1741 tablet_bootstrap.cc:492] T a6b95705e16d40f596d2f62d3757341b P 16ffd9db78d04a5783d58d3a48109471: Bootstrap starting.
I20260713 09:00:03.043310  1743 raft_consensus.cc:359] T 4aac48468923491b8fdef2ea5d230da1 P 197a9e5f622241f2bbe88050be2df329 [term 0 FOLLOWER]: Replica starting. Triggering 0 pending ops. Active config: opid_index: -1 OBSOLETE_local: false peers { permanent_uuid: "16ffd9db78d04a5783d58d3a48109471" member_type: VOTER last_known_addr { host: "127.0.107.193" port: 43945 } } peers { permanent_uuid: "197a9e5f622241f2bbe88050be2df329" member_type: VOTER last_known_addr { host: "127.0.107.194" port: 41309 } } peers { permanent_uuid: "b4694aaa965d4659aab3e31a213dd43c" member_type: VOTER last_known_addr { host: "127.0.107.195" port: 41365 } }
I20260713 09:00:03.043959  1743 raft_consensus.cc:385] T 4aac48468923491b8fdef2ea5d230da1 P 197a9e5f622241f2bbe88050be2df329 [term 0 FOLLOWER]: Consensus starting up: Expiring failure detector timer to make a prompt election more likely
I20260713 09:00:03.044269  1743 raft_consensus.cc:740] T 4aac48468923491b8fdef2ea5d230da1 P 197a9e5f622241f2bbe88050be2df329 [term 0 FOLLOWER]: Becoming Follower/Learner. State: Replica: 197a9e5f622241f2bbe88050be2df329, State: Initialized, Role: FOLLOWER
I20260713 09:00:03.045218  1742 tablet_bootstrap.cc:492] T a1fbfe10617c4738b0bd62ee40154426 P b4694aaa965d4659aab3e31a213dd43c: No bootstrap required, opened a new log
I20260713 09:00:03.046702  1627 tablet_service.cc:1917] Received RequestConsensusVote() RPC: tablet_id: "a6b95705e16d40f596d2f62d3757341b" candidate_uuid: "b4694aaa965d4659aab3e31a213dd43c" candidate_term: 1 candidate_status { last_received { term: 0 index: 0 } } ignore_live_leader: false dest_uuid: "197a9e5f622241f2bbe88050be2df329"
I20260713 09:00:03.046860  1551 tablet_service.cc:1917] Received RequestConsensusVote() RPC: tablet_id: "a6b95705e16d40f596d2f62d3757341b" candidate_uuid: "b4694aaa965d4659aab3e31a213dd43c" candidate_term: 1 candidate_status { last_received { term: 0 index: 0 } } ignore_live_leader: false dest_uuid: "16ffd9db78d04a5783d58d3a48109471"
I20260713 09:00:03.047443  1627 raft_consensus.cc:2393] T a6b95705e16d40f596d2f62d3757341b P 197a9e5f622241f2bbe88050be2df329 [term 1 FOLLOWER]: Leader election vote request: Denying vote to candidate b4694aaa965d4659aab3e31a213dd43c in current term 1: Already voted for candidate 197a9e5f622241f2bbe88050be2df329 in this term.
I20260713 09:00:03.046959  1742 ts_tablet_manager.cc:1403] T a1fbfe10617c4738b0bd62ee40154426 P b4694aaa965d4659aab3e31a213dd43c: Time spent bootstrapping tablet: real 0.159s	user 0.042s	sys 0.086s
I20260713 09:00:03.049654  1742 raft_consensus.cc:359] T a1fbfe10617c4738b0bd62ee40154426 P b4694aaa965d4659aab3e31a213dd43c [term 0 FOLLOWER]: Replica starting. Triggering 0 pending ops. Active config: opid_index: -1 OBSOLETE_local: false peers { permanent_uuid: "16ffd9db78d04a5783d58d3a48109471" member_type: VOTER last_known_addr { host: "127.0.107.193" port: 43945 } } peers { permanent_uuid: "197a9e5f622241f2bbe88050be2df329" member_type: VOTER last_known_addr { host: "127.0.107.194" port: 41309 } } peers { permanent_uuid: "b4694aaa965d4659aab3e31a213dd43c" member_type: VOTER last_known_addr { host: "127.0.107.195" port: 41365 } }
I20260713 09:00:03.050102  1742 raft_consensus.cc:385] T a1fbfe10617c4738b0bd62ee40154426 P b4694aaa965d4659aab3e31a213dd43c [term 0 FOLLOWER]: Consensus starting up: Expiring failure detector timer to make a prompt election more likely
I20260713 09:00:03.050324  1742 raft_consensus.cc:740] T a1fbfe10617c4738b0bd62ee40154426 P b4694aaa965d4659aab3e31a213dd43c [term 0 FOLLOWER]: Becoming Follower/Learner. State: Replica: b4694aaa965d4659aab3e31a213dd43c, State: Initialized, Role: FOLLOWER
I20260713 09:00:03.050848  1742 consensus_queue.cc:260] T a1fbfe10617c4738b0bd62ee40154426 P b4694aaa965d4659aab3e31a213dd43c [NON_LEADER]: Queue going to NON_LEADER mode. State: All replicated index: 0, Majority replicated index: 0, Committed index: 0, Last appended: 0.0, Last appended by leader: 0, Current term: 0, Majority size: -1, State: 0, Mode: NON_LEADER, active raft config: opid_index: -1 OBSOLETE_local: false peers { permanent_uuid: "16ffd9db78d04a5783d58d3a48109471" member_type: VOTER last_known_addr { host: "127.0.107.193" port: 43945 } } peers { permanent_uuid: "197a9e5f622241f2bbe88050be2df329" member_type: VOTER last_known_addr { host: "127.0.107.194" port: 41309 } } peers { permanent_uuid: "b4694aaa965d4659aab3e31a213dd43c" member_type: VOTER last_known_addr { host: "127.0.107.195" port: 41365 } }
I20260713 09:00:03.045006  1743 consensus_queue.cc:260] T 4aac48468923491b8fdef2ea5d230da1 P 197a9e5f622241f2bbe88050be2df329 [NON_LEADER]: Queue going to NON_LEADER mode. State: All replicated index: 0, Majority replicated index: 0, Committed index: 0, Last appended: 0.0, Last appended by leader: 0, Current term: 0, Majority size: -1, State: 0, Mode: NON_LEADER, active raft config: opid_index: -1 OBSOLETE_local: false peers { permanent_uuid: "16ffd9db78d04a5783d58d3a48109471" member_type: VOTER last_known_addr { host: "127.0.107.193" port: 43945 } } peers { permanent_uuid: "197a9e5f622241f2bbe88050be2df329" member_type: VOTER last_known_addr { host: "127.0.107.194" port: 41309 } } peers { permanent_uuid: "b4694aaa965d4659aab3e31a213dd43c" member_type: VOTER last_known_addr { host: "127.0.107.195" port: 41365 } }
I20260713 09:00:03.051981  1741 tablet_bootstrap.cc:654] T a6b95705e16d40f596d2f62d3757341b P 16ffd9db78d04a5783d58d3a48109471: Neither blocks nor log segments found. Creating new log.
I20260713 09:00:03.052623  1742 ts_tablet_manager.cc:1434] T a1fbfe10617c4738b0bd62ee40154426 P b4694aaa965d4659aab3e31a213dd43c: Time spent starting tablet: real 0.005s	user 0.004s	sys 0.000s
W20260713 09:00:03.047470  1665 leader_election.cc:343] T b78ebdac5927489da190f38fd11c7328 P b4694aaa965d4659aab3e31a213dd43c [CANDIDATE]: Term 1 election: Tablet error from VoteRequest() call to peer 16ffd9db78d04a5783d58d3a48109471 (127.0.107.193:43945): Illegal state: must be running to vote when last-logged opid is not known
W20260713 09:00:03.054512  1665 leader_election.cc:343] T a6b95705e16d40f596d2f62d3757341b P b4694aaa965d4659aab3e31a213dd43c [CANDIDATE]: Term 1 election: Tablet error from VoteRequest() call to peer 16ffd9db78d04a5783d58d3a48109471 (127.0.107.193:43945): Illegal state: must be running to vote when last-logged opid is not known
I20260713 09:00:03.054898  1665 leader_election.cc:304] T a6b95705e16d40f596d2f62d3757341b P b4694aaa965d4659aab3e31a213dd43c [CANDIDATE]: Term 1 election: Election decided. Result: candidate lost. Election summary: received 3 responses out of 3 voters: 1 yes votes; 2 no votes. yes voters: b4694aaa965d4659aab3e31a213dd43c; no voters: 16ffd9db78d04a5783d58d3a48109471, 197a9e5f622241f2bbe88050be2df329
I20260713 09:00:03.055737  1748 raft_consensus.cc:2749] T a6b95705e16d40f596d2f62d3757341b P b4694aaa965d4659aab3e31a213dd43c [term 1 FOLLOWER]: Leader election lost for term 1. Reason: could not achieve majority
I20260713 09:00:03.060436  1698 raft_consensus.cc:3060] T a1fbfe10617c4738b0bd62ee40154426 P b4694aaa965d4659aab3e31a213dd43c [term 0 FOLLOWER]: Advancing to term 1
I20260713 09:00:03.060966  1777 consensus_queue.cc:1048] T 3ce10ea304a5411585eac659700d268c P 197a9e5f622241f2bbe88050be2df329 [LEADER]: Connected to new peer: Peer: permanent_uuid: "16ffd9db78d04a5783d58d3a48109471" member_type: VOTER last_known_addr { host: "127.0.107.193" port: 43945 }, Status: LMP_MISMATCH, Last received: 0.0, Next index: 1, Last known committed idx: 0, Time since last communication: 0.000s
I20260713 09:00:03.062080  1763 consensus_queue.cc:1048] T 3ce10ea304a5411585eac659700d268c P 197a9e5f622241f2bbe88050be2df329 [LEADER]: Connected to new peer: Peer: permanent_uuid: "b4694aaa965d4659aab3e31a213dd43c" member_type: VOTER last_known_addr { host: "127.0.107.195" port: 41365 }, Status: LMP_MISMATCH, Last received: 0.0, Next index: 1, Last known committed idx: 0, Time since last communication: 0.000s
I20260713 09:00:03.062618  1743 ts_tablet_manager.cc:1434] T 4aac48468923491b8fdef2ea5d230da1 P 197a9e5f622241f2bbe88050be2df329: Time spent starting tablet: real 0.029s	user 0.007s	sys 0.000s
I20260713 09:00:03.063503  1743 tablet_bootstrap.cc:492] T b73e285f23144383995f667048b8a8d6 P 197a9e5f622241f2bbe88050be2df329: Bootstrap starting.
I20260713 09:00:03.060334  1699 tablet_service.cc:1917] Received RequestConsensusVote() RPC: tablet_id: "a6b95705e16d40f596d2f62d3757341b" candidate_uuid: "197a9e5f622241f2bbe88050be2df329" candidate_term: 1 candidate_status { last_received { term: 0 index: 0 } } ignore_live_leader: false dest_uuid: "b4694aaa965d4659aab3e31a213dd43c"
I20260713 09:00:03.065984  1699 raft_consensus.cc:2393] T a6b95705e16d40f596d2f62d3757341b P b4694aaa965d4659aab3e31a213dd43c [term 1 FOLLOWER]: Leader election vote request: Denying vote to candidate 197a9e5f622241f2bbe88050be2df329 in current term 1: Already voted for candidate b4694aaa965d4659aab3e31a213dd43c in this term.
I20260713 09:00:03.067559  1590 leader_election.cc:304] T a6b95705e16d40f596d2f62d3757341b P 197a9e5f622241f2bbe88050be2df329 [CANDIDATE]: Term 1 election: Election decided. Result: candidate lost. Election summary: received 3 responses out of 3 voters: 1 yes votes; 2 no votes. yes voters: 197a9e5f622241f2bbe88050be2df329; no voters: 16ffd9db78d04a5783d58d3a48109471, b4694aaa965d4659aab3e31a213dd43c
I20260713 09:00:03.068665  1763 raft_consensus.cc:2749] T a6b95705e16d40f596d2f62d3757341b P 197a9e5f622241f2bbe88050be2df329 [term 1 FOLLOWER]: Leader election lost for term 1. Reason: could not achieve majority
I20260713 09:00:03.075306  1741 tablet_bootstrap.cc:492] T a6b95705e16d40f596d2f62d3757341b P 16ffd9db78d04a5783d58d3a48109471: No bootstrap required, opened a new log
I20260713 09:00:03.075747  1741 ts_tablet_manager.cc:1403] T a6b95705e16d40f596d2f62d3757341b P 16ffd9db78d04a5783d58d3a48109471: Time spent bootstrapping tablet: real 0.033s	user 0.009s	sys 0.008s
I20260713 09:00:03.077280  1748 consensus_queue.cc:1048] T 602d34ed08ee4f80a86c9f941e642151 P b4694aaa965d4659aab3e31a213dd43c [LEADER]: Connected to new peer: Peer: permanent_uuid: "16ffd9db78d04a5783d58d3a48109471" member_type: VOTER last_known_addr { host: "127.0.107.193" port: 43945 }, Status: LMP_MISMATCH, Last received: 0.0, Next index: 1, Last known committed idx: 0, Time since last communication: 0.000s
I20260713 09:00:03.078557  1449 catalog_manager.cc:5697] T e1a7b86dcd644dd29ce962138cea672b P 16ffd9db78d04a5783d58d3a48109471 reported cstate change: term changed from 0 to 1, leader changed from <none> to 16ffd9db78d04a5783d58d3a48109471 (127.0.107.193). New cstate: current_term: 1 leader_uuid: "16ffd9db78d04a5783d58d3a48109471" committed_config { opid_index: -1 OBSOLETE_local: false peers { permanent_uuid: "16ffd9db78d04a5783d58d3a48109471" member_type: VOTER last_known_addr { host: "127.0.107.193" port: 43945 } health_report { overall_health: HEALTHY } } peers { permanent_uuid: "197a9e5f622241f2bbe88050be2df329" member_type: VOTER last_known_addr { host: "127.0.107.194" port: 41309 } health_report { overall_health: UNKNOWN } } peers { permanent_uuid: "b4694aaa965d4659aab3e31a213dd43c" member_type: VOTER last_known_addr { host: "127.0.107.195" port: 41365 } health_report { overall_health: UNKNOWN } } }
I20260713 09:00:03.079191  1741 raft_consensus.cc:359] T a6b95705e16d40f596d2f62d3757341b P 16ffd9db78d04a5783d58d3a48109471 [term 0 FOLLOWER]: Replica starting. Triggering 0 pending ops. Active config: opid_index: -1 OBSOLETE_local: false peers { permanent_uuid: "16ffd9db78d04a5783d58d3a48109471" member_type: VOTER last_known_addr { host: "127.0.107.193" port: 43945 } } peers { permanent_uuid: "197a9e5f622241f2bbe88050be2df329" member_type: VOTER last_known_addr { host: "127.0.107.194" port: 41309 } } peers { permanent_uuid: "b4694aaa965d4659aab3e31a213dd43c" member_type: VOTER last_known_addr { host: "127.0.107.195" port: 41365 } }
I20260713 09:00:03.079790  1741 raft_consensus.cc:385] T a6b95705e16d40f596d2f62d3757341b P 16ffd9db78d04a5783d58d3a48109471 [term 0 FOLLOWER]: Consensus starting up: Expiring failure detector timer to make a prompt election more likely
I20260713 09:00:03.080063  1741 raft_consensus.cc:740] T a6b95705e16d40f596d2f62d3757341b P 16ffd9db78d04a5783d58d3a48109471 [term 0 FOLLOWER]: Becoming Follower/Learner. State: Replica: 16ffd9db78d04a5783d58d3a48109471, State: Initialized, Role: FOLLOWER
I20260713 09:00:03.080885  1741 consensus_queue.cc:260] T a6b95705e16d40f596d2f62d3757341b P 16ffd9db78d04a5783d58d3a48109471 [NON_LEADER]: Queue going to NON_LEADER mode. State: All replicated index: 0, Majority replicated index: 0, Committed index: 0, Last appended: 0.0, Last appended by leader: 0, Current term: 0, Majority size: -1, State: 0, Mode: NON_LEADER, active raft config: opid_index: -1 OBSOLETE_local: false peers { permanent_uuid: "16ffd9db78d04a5783d58d3a48109471" member_type: VOTER last_known_addr { host: "127.0.107.193" port: 43945 } } peers { permanent_uuid: "197a9e5f622241f2bbe88050be2df329" member_type: VOTER last_known_addr { host: "127.0.107.194" port: 41309 } } peers { permanent_uuid: "b4694aaa965d4659aab3e31a213dd43c" member_type: VOTER last_known_addr { host: "127.0.107.195" port: 41365 } }
I20260713 09:00:03.083779  1741 ts_tablet_manager.cc:1434] T a6b95705e16d40f596d2f62d3757341b P 16ffd9db78d04a5783d58d3a48109471: Time spent starting tablet: real 0.008s	user 0.006s	sys 0.002s
I20260713 09:00:03.084051  1742 tablet_bootstrap.cc:492] T 5168100b80db45cd83525e6291796149 P b4694aaa965d4659aab3e31a213dd43c: Bootstrap starting.
I20260713 09:00:03.084311  1821 consensus_queue.cc:1048] T a1fbfe10617c4738b0bd62ee40154426 P 197a9e5f622241f2bbe88050be2df329 [LEADER]: Connected to new peer: Peer: permanent_uuid: "b4694aaa965d4659aab3e31a213dd43c" member_type: VOTER last_known_addr { host: "127.0.107.195" port: 41365 }, Status: LMP_MISMATCH, Last received: 0.0, Next index: 1, Last known committed idx: 0, Time since last communication: 0.000s
I20260713 09:00:03.084648  1741 tablet_bootstrap.cc:492] T 5168100b80db45cd83525e6291796149 P 16ffd9db78d04a5783d58d3a48109471: Bootstrap starting.
I20260713 09:00:03.090569  1742 tablet_bootstrap.cc:654] T 5168100b80db45cd83525e6291796149 P b4694aaa965d4659aab3e31a213dd43c: Neither blocks nor log segments found. Creating new log.
I20260713 09:00:03.094538  1741 tablet_bootstrap.cc:654] T 5168100b80db45cd83525e6291796149 P 16ffd9db78d04a5783d58d3a48109471: Neither blocks nor log segments found. Creating new log.
I20260713 09:00:03.097136  1821 consensus_queue.cc:1048] T a1fbfe10617c4738b0bd62ee40154426 P 197a9e5f622241f2bbe88050be2df329 [LEADER]: Connected to new peer: Peer: permanent_uuid: "16ffd9db78d04a5783d58d3a48109471" member_type: VOTER last_known_addr { host: "127.0.107.193" port: 43945 }, Status: LMP_MISMATCH, Last received: 0.0, Next index: 1, Last known committed idx: 0, Time since last communication: 0.001s
I20260713 09:00:03.103212  1794 consensus_queue.cc:1048] T 602d34ed08ee4f80a86c9f941e642151 P b4694aaa965d4659aab3e31a213dd43c [LEADER]: Connected to new peer: Peer: permanent_uuid: "197a9e5f622241f2bbe88050be2df329" member_type: VOTER last_known_addr { host: "127.0.107.194" port: 41309 }, Status: LMP_MISMATCH, Last received: 0.0, Next index: 1, Last known committed idx: 0, Time since last communication: 0.001s
I20260713 09:00:03.105528  1742 tablet_bootstrap.cc:492] T 5168100b80db45cd83525e6291796149 P b4694aaa965d4659aab3e31a213dd43c: No bootstrap required, opened a new log
I20260713 09:00:03.105989  1742 ts_tablet_manager.cc:1403] T 5168100b80db45cd83525e6291796149 P b4694aaa965d4659aab3e31a213dd43c: Time spent bootstrapping tablet: real 0.022s	user 0.008s	sys 0.006s
I20260713 09:00:03.106791  1625 raft_consensus.cc:2468] T b78ebdac5927489da190f38fd11c7328 P 197a9e5f622241f2bbe88050be2df329 [term 1 FOLLOWER]: Leader election vote request: Granting yes vote for candidate b4694aaa965d4659aab3e31a213dd43c in term 1.
I20260713 09:00:03.108839  1665 leader_election.cc:304] T b78ebdac5927489da190f38fd11c7328 P b4694aaa965d4659aab3e31a213dd43c [CANDIDATE]: Term 1 election: Election decided. Result: candidate won. Election summary: received 3 responses out of 3 voters: 2 yes votes; 1 no votes. yes voters: 197a9e5f622241f2bbe88050be2df329, b4694aaa965d4659aab3e31a213dd43c; no voters: 16ffd9db78d04a5783d58d3a48109471
I20260713 09:00:03.110321  1743 tablet_bootstrap.cc:654] T b73e285f23144383995f667048b8a8d6 P 197a9e5f622241f2bbe88050be2df329: Neither blocks nor log segments found. Creating new log.
I20260713 09:00:03.110699  1794 raft_consensus.cc:2804] T b78ebdac5927489da190f38fd11c7328 P b4694aaa965d4659aab3e31a213dd43c [term 1 FOLLOWER]: Leader election won for term 1
I20260713 09:00:03.111210  1794 raft_consensus.cc:697] T b78ebdac5927489da190f38fd11c7328 P b4694aaa965d4659aab3e31a213dd43c [term 1 LEADER]: Becoming Leader. State: Replica: b4694aaa965d4659aab3e31a213dd43c, State: Running, Role: LEADER
I20260713 09:00:03.112067  1794 consensus_queue.cc:237] T b78ebdac5927489da190f38fd11c7328 P b4694aaa965d4659aab3e31a213dd43c [LEADER]: Queue going to LEADER mode. State: All replicated index: 0, Majority replicated index: 0, Committed index: 0, Last appended: 0.0, Last appended by leader: 0, Current term: 1, Majority size: 2, State: 0, Mode: LEADER, active raft config: opid_index: -1 OBSOLETE_local: false peers { permanent_uuid: "16ffd9db78d04a5783d58d3a48109471" member_type: VOTER last_known_addr { host: "127.0.107.193" port: 43945 } } peers { permanent_uuid: "197a9e5f622241f2bbe88050be2df329" member_type: VOTER last_known_addr { host: "127.0.107.194" port: 41309 } } peers { permanent_uuid: "b4694aaa965d4659aab3e31a213dd43c" member_type: VOTER last_known_addr { host: "127.0.107.195" port: 41365 } }
I20260713 09:00:03.119843  1742 raft_consensus.cc:359] T 5168100b80db45cd83525e6291796149 P b4694aaa965d4659aab3e31a213dd43c [term 0 FOLLOWER]: Replica starting. Triggering 0 pending ops. Active config: opid_index: -1 OBSOLETE_local: false peers { permanent_uuid: "16ffd9db78d04a5783d58d3a48109471" member_type: VOTER last_known_addr { host: "127.0.107.193" port: 43945 } } peers { permanent_uuid: "197a9e5f622241f2bbe88050be2df329" member_type: VOTER last_known_addr { host: "127.0.107.194" port: 41309 } } peers { permanent_uuid: "b4694aaa965d4659aab3e31a213dd43c" member_type: VOTER last_known_addr { host: "127.0.107.195" port: 41365 } }
I20260713 09:00:03.120554  1742 raft_consensus.cc:385] T 5168100b80db45cd83525e6291796149 P b4694aaa965d4659aab3e31a213dd43c [term 0 FOLLOWER]: Consensus starting up: Expiring failure detector timer to make a prompt election more likely
