I20260713 09:06:19.602114 16745 raft_consensus.cc:359] T be10dce548854fce9a15257a59a6027e P 4490e6c31c9b4b30b68d82cd6cc260d2 [term 0 FOLLOWER]: Replica starting. Triggering 0 pending ops. Active config: opid_index: -1 OBSOLETE_local: false peers { permanent_uuid: "6d7fd50105e046de9947d22acfa1f355" member_type: VOTER last_known_addr { host: "127.16.8.193" port: 42845 } } peers { permanent_uuid: "4363d8b1ad8748c7bf77de99400b5223" member_type: VOTER last_known_addr { host: "127.16.8.194" port: 38855 } } peers { permanent_uuid: "4490e6c31c9b4b30b68d82cd6cc260d2" member_type: VOTER last_known_addr { host: "127.16.8.195" port: 43359 } }
I20260713 09:06:19.602713 16745 raft_consensus.cc:385] T be10dce548854fce9a15257a59a6027e P 4490e6c31c9b4b30b68d82cd6cc260d2 [term 0 FOLLOWER]: Consensus starting up: Expiring failure detector timer to make a prompt election more likely
I20260713 09:06:19.602975 16745 raft_consensus.cc:740] T be10dce548854fce9a15257a59a6027e P 4490e6c31c9b4b30b68d82cd6cc260d2 [term 0 FOLLOWER]: Becoming Follower/Learner. State: Replica: 4490e6c31c9b4b30b68d82cd6cc260d2, State: Initialized, Role: FOLLOWER
I20260713 09:06:19.603607 16745 consensus_queue.cc:260] T be10dce548854fce9a15257a59a6027e P 4490e6c31c9b4b30b68d82cd6cc260d2 [NON_LEADER]: Queue going to NON_LEADER mode. State: All replicated index: 0, Majority replicated index: 0, Committed index: 0, Last appended: 0.0, Last appended by leader: 0, Current term: 0, Majority size: -1, State: 0, Mode: NON_LEADER, active raft config: opid_index: -1 OBSOLETE_local: false peers { permanent_uuid: "6d7fd50105e046de9947d22acfa1f355" member_type: VOTER last_known_addr { host: "127.16.8.193" port: 42845 } } peers { permanent_uuid: "4363d8b1ad8748c7bf77de99400b5223" member_type: VOTER last_known_addr { host: "127.16.8.194" port: 38855 } } peers { permanent_uuid: "4490e6c31c9b4b30b68d82cd6cc260d2" member_type: VOTER last_known_addr { host: "127.16.8.195" port: 43359 } }
I20260713 09:06:19.605535 16654 heartbeater.cc:499] Master 127.16.8.254:36299 was elected leader, sending a full tablet report...
I20260713 09:06:19.606751 16745 ts_tablet_manager.cc:1434] T be10dce548854fce9a15257a59a6027e P 4490e6c31c9b4b30b68d82cd6cc260d2: Time spent starting tablet: real 0.007s	user 0.006s	sys 0.001s
I20260713 09:06:19.607595 16745 tablet_bootstrap.cc:492] T c1e42452b3db40529208c9d0a4d85397 P 4490e6c31c9b4b30b68d82cd6cc260d2: Bootstrap starting.
I20260713 09:06:19.609429 16746 ts_tablet_manager.cc:1434] T dacd32ff64aa4197a7f8c5cf13c02ba9 P 4363d8b1ad8748c7bf77de99400b5223: Time spent starting tablet: real 0.023s	user 0.009s	sys 0.010s
I20260713 09:06:19.610388 16746 tablet_bootstrap.cc:492] T c1e42452b3db40529208c9d0a4d85397 P 4363d8b1ad8748c7bf77de99400b5223: Bootstrap starting.
I20260713 09:06:19.613759 16745 tablet_bootstrap.cc:654] T c1e42452b3db40529208c9d0a4d85397 P 4490e6c31c9b4b30b68d82cd6cc260d2: Neither blocks nor log segments found. Creating new log.
I20260713 09:06:19.616443 16746 tablet_bootstrap.cc:654] T c1e42452b3db40529208c9d0a4d85397 P 4363d8b1ad8748c7bf77de99400b5223: Neither blocks nor log segments found. Creating new log.
W20260713 09:06:19.621336 16729 tablet.cc:2406] T be10dce548854fce9a15257a59a6027e P 4490e6c31c9b4b30b68d82cd6cc260d2: Can't schedule compaction. Clean time has not been advanced past its initial value.
I20260713 09:06:19.623680 16745 tablet_bootstrap.cc:492] T c1e42452b3db40529208c9d0a4d85397 P 4490e6c31c9b4b30b68d82cd6cc260d2: No bootstrap required, opened a new log
I20260713 09:06:19.624063 16745 ts_tablet_manager.cc:1403] T c1e42452b3db40529208c9d0a4d85397 P 4490e6c31c9b4b30b68d82cd6cc260d2: Time spent bootstrapping tablet: real 0.017s	user 0.010s	sys 0.000s
I20260713 09:06:19.627185 16745 raft_consensus.cc:359] T c1e42452b3db40529208c9d0a4d85397 P 4490e6c31c9b4b30b68d82cd6cc260d2 [term 0 FOLLOWER]: Replica starting. Triggering 0 pending ops. Active config: opid_index: -1 OBSOLETE_local: false peers { permanent_uuid: "6d7fd50105e046de9947d22acfa1f355" member_type: VOTER last_known_addr { host: "127.16.8.193" port: 42845 } } peers { permanent_uuid: "4363d8b1ad8748c7bf77de99400b5223" member_type: VOTER last_known_addr { host: "127.16.8.194" port: 38855 } } peers { permanent_uuid: "4490e6c31c9b4b30b68d82cd6cc260d2" member_type: VOTER last_known_addr { host: "127.16.8.195" port: 43359 } }
I20260713 09:06:19.627794 16745 raft_consensus.cc:385] T c1e42452b3db40529208c9d0a4d85397 P 4490e6c31c9b4b30b68d82cd6cc260d2 [term 0 FOLLOWER]: Consensus starting up: Expiring failure detector timer to make a prompt election more likely
I20260713 09:06:19.628048 16745 raft_consensus.cc:740] T c1e42452b3db40529208c9d0a4d85397 P 4490e6c31c9b4b30b68d82cd6cc260d2 [term 0 FOLLOWER]: Becoming Follower/Learner. State: Replica: 4490e6c31c9b4b30b68d82cd6cc260d2, State: Initialized, Role: FOLLOWER
I20260713 09:06:19.628728 16745 consensus_queue.cc:260] T c1e42452b3db40529208c9d0a4d85397 P 4490e6c31c9b4b30b68d82cd6cc260d2 [NON_LEADER]: Queue going to NON_LEADER mode. State: All replicated index: 0, Majority replicated index: 0, Committed index: 0, Last appended: 0.0, Last appended by leader: 0, Current term: 0, Majority size: -1, State: 0, Mode: NON_LEADER, active raft config: opid_index: -1 OBSOLETE_local: false peers { permanent_uuid: "6d7fd50105e046de9947d22acfa1f355" member_type: VOTER last_known_addr { host: "127.16.8.193" port: 42845 } } peers { permanent_uuid: "4363d8b1ad8748c7bf77de99400b5223" member_type: VOTER last_known_addr { host: "127.16.8.194" port: 38855 } } peers { permanent_uuid: "4490e6c31c9b4b30b68d82cd6cc260d2" member_type: VOTER last_known_addr { host: "127.16.8.195" port: 43359 } }
I20260713 09:06:19.629498 16748 tablet_bootstrap.cc:492] T c1e42452b3db40529208c9d0a4d85397 P 6d7fd50105e046de9947d22acfa1f355: No bootstrap required, opened a new log
I20260713 09:06:19.629884 16748 ts_tablet_manager.cc:1403] T c1e42452b3db40529208c9d0a4d85397 P 6d7fd50105e046de9947d22acfa1f355: Time spent bootstrapping tablet: real 0.068s	user 0.001s	sys 0.012s
I20260713 09:06:19.631295 16745 ts_tablet_manager.cc:1434] T c1e42452b3db40529208c9d0a4d85397 P 4490e6c31c9b4b30b68d82cd6cc260d2: Time spent starting tablet: real 0.007s	user 0.006s	sys 0.000s
I20260713 09:06:19.632128 16745 tablet_bootstrap.cc:492] T 62095abb8eaa4baf85720c210b4a03b2 P 4490e6c31c9b4b30b68d82cd6cc260d2: Bootstrap starting.
I20260713 09:06:19.632460 16748 raft_consensus.cc:359] T c1e42452b3db40529208c9d0a4d85397 P 6d7fd50105e046de9947d22acfa1f355 [term 0 FOLLOWER]: Replica starting. Triggering 0 pending ops. Active config: opid_index: -1 OBSOLETE_local: false peers { permanent_uuid: "6d7fd50105e046de9947d22acfa1f355" member_type: VOTER last_known_addr { host: "127.16.8.193" port: 42845 } } peers { permanent_uuid: "4363d8b1ad8748c7bf77de99400b5223" member_type: VOTER last_known_addr { host: "127.16.8.194" port: 38855 } } peers { permanent_uuid: "4490e6c31c9b4b30b68d82cd6cc260d2" member_type: VOTER last_known_addr { host: "127.16.8.195" port: 43359 } }
I20260713 09:06:19.633116 16748 raft_consensus.cc:385] T c1e42452b3db40529208c9d0a4d85397 P 6d7fd50105e046de9947d22acfa1f355 [term 0 FOLLOWER]: Consensus starting up: Expiring failure detector timer to make a prompt election more likely
I20260713 09:06:19.633394 16748 raft_consensus.cc:740] T c1e42452b3db40529208c9d0a4d85397 P 6d7fd50105e046de9947d22acfa1f355 [term 0 FOLLOWER]: Becoming Follower/Learner. State: Replica: 6d7fd50105e046de9947d22acfa1f355, State: Initialized, Role: FOLLOWER
I20260713 09:06:19.634054 16748 consensus_queue.cc:260] T c1e42452b3db40529208c9d0a4d85397 P 6d7fd50105e046de9947d22acfa1f355 [NON_LEADER]: Queue going to NON_LEADER mode. State: All replicated index: 0, Majority replicated index: 0, Committed index: 0, Last appended: 0.0, Last appended by leader: 0, Current term: 0, Majority size: -1, State: 0, Mode: NON_LEADER, active raft config: opid_index: -1 OBSOLETE_local: false peers { permanent_uuid: "6d7fd50105e046de9947d22acfa1f355" member_type: VOTER last_known_addr { host: "127.16.8.193" port: 42845 } } peers { permanent_uuid: "4363d8b1ad8748c7bf77de99400b5223" member_type: VOTER last_known_addr { host: "127.16.8.194" port: 38855 } } peers { permanent_uuid: "4490e6c31c9b4b30b68d82cd6cc260d2" member_type: VOTER last_known_addr { host: "127.16.8.195" port: 43359 } }
I20260713 09:06:19.635787 16746 tablet_bootstrap.cc:492] T c1e42452b3db40529208c9d0a4d85397 P 4363d8b1ad8748c7bf77de99400b5223: No bootstrap required, opened a new log
I20260713 09:06:19.636230 16746 ts_tablet_manager.cc:1403] T c1e42452b3db40529208c9d0a4d85397 P 4363d8b1ad8748c7bf77de99400b5223: Time spent bootstrapping tablet: real 0.026s	user 0.025s	sys 0.000s
I20260713 09:06:19.638916 16745 tablet_bootstrap.cc:654] T 62095abb8eaa4baf85720c210b4a03b2 P 4490e6c31c9b4b30b68d82cd6cc260d2: Neither blocks nor log segments found. Creating new log.
I20260713 09:06:19.638759 16746 raft_consensus.cc:359] T c1e42452b3db40529208c9d0a4d85397 P 4363d8b1ad8748c7bf77de99400b5223 [term 0 FOLLOWER]: Replica starting. Triggering 0 pending ops. Active config: opid_index: -1 OBSOLETE_local: false peers { permanent_uuid: "6d7fd50105e046de9947d22acfa1f355" member_type: VOTER last_known_addr { host: "127.16.8.193" port: 42845 } } peers { permanent_uuid: "4363d8b1ad8748c7bf77de99400b5223" member_type: VOTER last_known_addr { host: "127.16.8.194" port: 38855 } } peers { permanent_uuid: "4490e6c31c9b4b30b68d82cd6cc260d2" member_type: VOTER last_known_addr { host: "127.16.8.195" port: 43359 } }
I20260713 09:06:19.639498 16746 raft_consensus.cc:385] T c1e42452b3db40529208c9d0a4d85397 P 4363d8b1ad8748c7bf77de99400b5223 [term 0 FOLLOWER]: Consensus starting up: Expiring failure detector timer to make a prompt election more likely
I20260713 09:06:19.639879 16746 raft_consensus.cc:740] T c1e42452b3db40529208c9d0a4d85397 P 4363d8b1ad8748c7bf77de99400b5223 [term 0 FOLLOWER]: Becoming Follower/Learner. State: Replica: 4363d8b1ad8748c7bf77de99400b5223, State: Initialized, Role: FOLLOWER
I20260713 09:06:19.640518 16746 consensus_queue.cc:260] T c1e42452b3db40529208c9d0a4d85397 P 4363d8b1ad8748c7bf77de99400b5223 [NON_LEADER]: Queue going to NON_LEADER mode. State: All replicated index: 0, Majority replicated index: 0, Committed index: 0, Last appended: 0.0, Last appended by leader: 0, Current term: 0, Majority size: -1, State: 0, Mode: NON_LEADER, active raft config: opid_index: -1 OBSOLETE_local: false peers { permanent_uuid: "6d7fd50105e046de9947d22acfa1f355" member_type: VOTER last_known_addr { host: "127.16.8.193" port: 42845 } } peers { permanent_uuid: "4363d8b1ad8748c7bf77de99400b5223" member_type: VOTER last_known_addr { host: "127.16.8.194" port: 38855 } } peers { permanent_uuid: "4490e6c31c9b4b30b68d82cd6cc260d2" member_type: VOTER last_known_addr { host: "127.16.8.195" port: 43359 } }
I20260713 09:06:19.642410 16746 ts_tablet_manager.cc:1434] T c1e42452b3db40529208c9d0a4d85397 P 4363d8b1ad8748c7bf77de99400b5223: Time spent starting tablet: real 0.006s	user 0.005s	sys 0.000s
I20260713 09:06:19.643285 16746 tablet_bootstrap.cc:492] T 7be85d19052a47ad830cf5c8ee5c2307 P 4363d8b1ad8748c7bf77de99400b5223: Bootstrap starting.
I20260713 09:06:19.649349 16746 tablet_bootstrap.cc:654] T 7be85d19052a47ad830cf5c8ee5c2307 P 4363d8b1ad8748c7bf77de99400b5223: Neither blocks nor log segments found. Creating new log.
I20260713 09:06:19.657859 16579 heartbeater.cc:499] Master 127.16.8.254:36299 was elected leader, sending a full tablet report...
I20260713 09:06:19.657968 16756 raft_consensus.cc:493] T c1e42452b3db40529208c9d0a4d85397 P 6d7fd50105e046de9947d22acfa1f355 [term 0 FOLLOWER]: Starting pre-election (no leader contacted us within the election timeout)
I20260713 09:06:19.658481 16756 raft_consensus.cc:515] T c1e42452b3db40529208c9d0a4d85397 P 6d7fd50105e046de9947d22acfa1f355 [term 0 FOLLOWER]: Starting pre-election with config: opid_index: -1 OBSOLETE_local: false peers { permanent_uuid: "6d7fd50105e046de9947d22acfa1f355" member_type: VOTER last_known_addr { host: "127.16.8.193" port: 42845 } } peers { permanent_uuid: "4363d8b1ad8748c7bf77de99400b5223" member_type: VOTER last_known_addr { host: "127.16.8.194" port: 38855 } } peers { permanent_uuid: "4490e6c31c9b4b30b68d82cd6cc260d2" member_type: VOTER last_known_addr { host: "127.16.8.195" port: 43359 } }
I20260713 09:06:19.664268 16745 tablet_bootstrap.cc:492] T 62095abb8eaa4baf85720c210b4a03b2 P 4490e6c31c9b4b30b68d82cd6cc260d2: No bootstrap required, opened a new log
I20260713 09:06:19.664847 16745 ts_tablet_manager.cc:1403] T 62095abb8eaa4baf85720c210b4a03b2 P 4490e6c31c9b4b30b68d82cd6cc260d2: Time spent bootstrapping tablet: real 0.033s	user 0.007s	sys 0.010s
I20260713 09:06:19.667898 16745 raft_consensus.cc:359] T 62095abb8eaa4baf85720c210b4a03b2 P 4490e6c31c9b4b30b68d82cd6cc260d2 [term 0 FOLLOWER]: Replica starting. Triggering 0 pending ops. Active config: opid_index: -1 OBSOLETE_local: false peers { permanent_uuid: "6d7fd50105e046de9947d22acfa1f355" member_type: VOTER last_known_addr { host: "127.16.8.193" port: 42845 } } peers { permanent_uuid: "4363d8b1ad8748c7bf77de99400b5223" member_type: VOTER last_known_addr { host: "127.16.8.194" port: 38855 } } peers { permanent_uuid: "4490e6c31c9b4b30b68d82cd6cc260d2" member_type: VOTER last_known_addr { host: "127.16.8.195" port: 43359 } }
I20260713 09:06:19.668503 16745 raft_consensus.cc:385] T 62095abb8eaa4baf85720c210b4a03b2 P 4490e6c31c9b4b30b68d82cd6cc260d2 [term 0 FOLLOWER]: Consensus starting up: Expiring failure detector timer to make a prompt election more likely
I20260713 09:06:19.668771 16745 raft_consensus.cc:740] T 62095abb8eaa4baf85720c210b4a03b2 P 4490e6c31c9b4b30b68d82cd6cc260d2 [term 0 FOLLOWER]: Becoming Follower/Learner. State: Replica: 4490e6c31c9b4b30b68d82cd6cc260d2, State: Initialized, Role: FOLLOWER
I20260713 09:06:19.668239 16748 ts_tablet_manager.cc:1434] T c1e42452b3db40529208c9d0a4d85397 P 6d7fd50105e046de9947d22acfa1f355: Time spent starting tablet: real 0.038s	user 0.006s	sys 0.000s
I20260713 09:06:19.670670 16746 tablet_bootstrap.cc:492] T 7be85d19052a47ad830cf5c8ee5c2307 P 4363d8b1ad8748c7bf77de99400b5223: No bootstrap required, opened a new log
I20260713 09:06:19.671144 16746 ts_tablet_manager.cc:1403] T 7be85d19052a47ad830cf5c8ee5c2307 P 4363d8b1ad8748c7bf77de99400b5223: Time spent bootstrapping tablet: real 0.028s	user 0.012s	sys 0.004s
I20260713 09:06:19.671226 16748 tablet_bootstrap.cc:492] T 62095abb8eaa4baf85720c210b4a03b2 P 6d7fd50105e046de9947d22acfa1f355: Bootstrap starting.
I20260713 09:06:19.671218 16745 consensus_queue.cc:260] T 62095abb8eaa4baf85720c210b4a03b2 P 4490e6c31c9b4b30b68d82cd6cc260d2 [NON_LEADER]: Queue going to NON_LEADER mode. State: All replicated index: 0, Majority replicated index: 0, Committed index: 0, Last appended: 0.0, Last appended by leader: 0, Current term: 0, Majority size: -1, State: 0, Mode: NON_LEADER, active raft config: opid_index: -1 OBSOLETE_local: false peers { permanent_uuid: "6d7fd50105e046de9947d22acfa1f355" member_type: VOTER last_known_addr { host: "127.16.8.193" port: 42845 } } peers { permanent_uuid: "4363d8b1ad8748c7bf77de99400b5223" member_type: VOTER last_known_addr { host: "127.16.8.194" port: 38855 } } peers { permanent_uuid: "4490e6c31c9b4b30b68d82cd6cc260d2" member_type: VOTER last_known_addr { host: "127.16.8.195" port: 43359 } }
I20260713 09:06:19.673966 16745 ts_tablet_manager.cc:1434] T 62095abb8eaa4baf85720c210b4a03b2 P 4490e6c31c9b4b30b68d82cd6cc260d2: Time spent starting tablet: real 0.009s	user 0.008s	sys 0.001s
I20260713 09:06:19.674328 16746 raft_consensus.cc:359] T 7be85d19052a47ad830cf5c8ee5c2307 P 4363d8b1ad8748c7bf77de99400b5223 [term 0 FOLLOWER]: Replica starting. Triggering 0 pending ops. Active config: opid_index: -1 OBSOLETE_local: false peers { permanent_uuid: "6d7fd50105e046de9947d22acfa1f355" member_type: VOTER last_known_addr { host: "127.16.8.193" port: 42845 } } peers { permanent_uuid: "4363d8b1ad8748c7bf77de99400b5223" member_type: VOTER last_known_addr { host: "127.16.8.194" port: 38855 } } peers { permanent_uuid: "4490e6c31c9b4b30b68d82cd6cc260d2" member_type: VOTER last_known_addr { host: "127.16.8.195" port: 43359 } }
I20260713 09:06:19.675089 16746 raft_consensus.cc:385] T 7be85d19052a47ad830cf5c8ee5c2307 P 4363d8b1ad8748c7bf77de99400b5223 [term 0 FOLLOWER]: Consensus starting up: Expiring failure detector timer to make a prompt election more likely
I20260713 09:06:19.675448 16746 raft_consensus.cc:740] T 7be85d19052a47ad830cf5c8ee5c2307 P 4363d8b1ad8748c7bf77de99400b5223 [term 0 FOLLOWER]: Becoming Follower/Learner. State: Replica: 4363d8b1ad8748c7bf77de99400b5223, State: Initialized, Role: FOLLOWER
I20260713 09:06:19.676187 16746 consensus_queue.cc:260] T 7be85d19052a47ad830cf5c8ee5c2307 P 4363d8b1ad8748c7bf77de99400b5223 [NON_LEADER]: Queue going to NON_LEADER mode. State: All replicated index: 0, Majority replicated index: 0, Committed index: 0, Last appended: 0.0, Last appended by leader: 0, Current term: 0, Majority size: -1, State: 0, Mode: NON_LEADER, active raft config: opid_index: -1 OBSOLETE_local: false peers { permanent_uuid: "6d7fd50105e046de9947d22acfa1f355" member_type: VOTER last_known_addr { host: "127.16.8.193" port: 42845 } } peers { permanent_uuid: "4363d8b1ad8748c7bf77de99400b5223" member_type: VOTER last_known_addr { host: "127.16.8.194" port: 38855 } } peers { permanent_uuid: "4490e6c31c9b4b30b68d82cd6cc260d2" member_type: VOTER last_known_addr { host: "127.16.8.195" port: 43359 } }
I20260713 09:06:19.674824 16745 tablet_bootstrap.cc:492] T bd0d970f16de4c9d8672ff3cf31987ca P 4490e6c31c9b4b30b68d82cd6cc260d2: Bootstrap starting.
I20260713 09:06:19.680737 16756 leader_election.cc:290] T c1e42452b3db40529208c9d0a4d85397 P 6d7fd50105e046de9947d22acfa1f355 [CANDIDATE]: Term 1 pre-election: Requested pre-vote from peers 4363d8b1ad8748c7bf77de99400b5223 (127.16.8.194:38855), 4490e6c31c9b4b30b68d82cd6cc260d2 (127.16.8.195:43359)
I20260713 09:06:19.680140 16748 tablet_bootstrap.cc:654] T 62095abb8eaa4baf85720c210b4a03b2 P 6d7fd50105e046de9947d22acfa1f355: Neither blocks nor log segments found. Creating new log.
I20260713 09:06:19.684008 16749 raft_consensus.cc:493] T c1e42452b3db40529208c9d0a4d85397 P 4490e6c31c9b4b30b68d82cd6cc260d2 [term 0 FOLLOWER]: Starting pre-election (no leader contacted us within the election timeout)
I20260713 09:06:19.684530 16749 raft_consensus.cc:515] T c1e42452b3db40529208c9d0a4d85397 P 4490e6c31c9b4b30b68d82cd6cc260d2 [term 0 FOLLOWER]: Starting pre-election with config: opid_index: -1 OBSOLETE_local: false peers { permanent_uuid: "6d7fd50105e046de9947d22acfa1f355" member_type: VOTER last_known_addr { host: "127.16.8.193" port: 42845 } } peers { permanent_uuid: "4363d8b1ad8748c7bf77de99400b5223" member_type: VOTER last_known_addr { host: "127.16.8.194" port: 38855 } } peers { permanent_uuid: "4490e6c31c9b4b30b68d82cd6cc260d2" member_type: VOTER last_known_addr { host: "127.16.8.195" port: 43359 } }
I20260713 09:06:19.688239 16746 ts_tablet_manager.cc:1434] T 7be85d19052a47ad830cf5c8ee5c2307 P 4363d8b1ad8748c7bf77de99400b5223: Time spent starting tablet: real 0.017s	user 0.003s	sys 0.002s
I20260713 09:06:19.689122 16749 leader_election.cc:290] T c1e42452b3db40529208c9d0a4d85397 P 4490e6c31c9b4b30b68d82cd6cc260d2 [CANDIDATE]: Term 1 pre-election: Requested pre-vote from peers 6d7fd50105e046de9947d22acfa1f355 (127.16.8.193:42845), 4363d8b1ad8748c7bf77de99400b5223 (127.16.8.194:38855)
I20260713 09:06:19.691891 16746 tablet_bootstrap.cc:492] T bd0d970f16de4c9d8672ff3cf31987ca P 4363d8b1ad8748c7bf77de99400b5223: Bootstrap starting.
I20260713 09:06:19.699527 16629 tablet_service.cc:1917] Received RequestConsensusVote() RPC: tablet_id: "c1e42452b3db40529208c9d0a4d85397" candidate_uuid: "6d7fd50105e046de9947d22acfa1f355" candidate_term: 1 candidate_status { last_received { term: 0 index: 0 } } ignore_live_leader: false dest_uuid: "4363d8b1ad8748c7bf77de99400b5223" is_pre_election: true
I20260713 09:06:19.715302 16745 tablet_bootstrap.cc:654] T bd0d970f16de4c9d8672ff3cf31987ca P 4490e6c31c9b4b30b68d82cd6cc260d2: Neither blocks nor log segments found. Creating new log.
I20260713 09:06:19.707082 16629 raft_consensus.cc:2468] T c1e42452b3db40529208c9d0a4d85397 P 4363d8b1ad8748c7bf77de99400b5223 [term 0 FOLLOWER]: Leader pre-election vote request: Granting yes vote for candidate 6d7fd50105e046de9947d22acfa1f355 in term 0.
I20260713 09:06:19.717412 16520 leader_election.cc:304] T c1e42452b3db40529208c9d0a4d85397 P 6d7fd50105e046de9947d22acfa1f355 [CANDIDATE]: Term 1 pre-election: Election decided. Result: candidate won. Election summary: received 2 responses out of 3 voters: 2 yes votes; 0 no votes. yes voters: 4363d8b1ad8748c7bf77de99400b5223, 6d7fd50105e046de9947d22acfa1f355; no voters: 
I20260713 09:06:19.719014 16756 raft_consensus.cc:2804] T c1e42452b3db40529208c9d0a4d85397 P 6d7fd50105e046de9947d22acfa1f355 [term 0 FOLLOWER]: Leader pre-election won for term 1
I20260713 09:06:19.719395 16756 raft_consensus.cc:493] T c1e42452b3db40529208c9d0a4d85397 P 6d7fd50105e046de9947d22acfa1f355 [term 0 FOLLOWER]: Starting leader election (no leader contacted us within the election timeout)
I20260713 09:06:19.719681 16756 raft_consensus.cc:3060] T c1e42452b3db40529208c9d0a4d85397 P 6d7fd50105e046de9947d22acfa1f355 [term 0 FOLLOWER]: Advancing to term 1
I20260713 09:06:19.718725 16748 tablet_bootstrap.cc:492] T 62095abb8eaa4baf85720c210b4a03b2 P 6d7fd50105e046de9947d22acfa1f355: No bootstrap required, opened a new log
I20260713 09:06:19.724154 16748 ts_tablet_manager.cc:1403] T 62095abb8eaa4baf85720c210b4a03b2 P 6d7fd50105e046de9947d22acfa1f355: Time spent bootstrapping tablet: real 0.053s	user 0.010s	sys 0.011s
I20260713 09:06:19.729615 16746 tablet_bootstrap.cc:654] T bd0d970f16de4c9d8672ff3cf31987ca P 4363d8b1ad8748c7bf77de99400b5223: Neither blocks nor log segments found. Creating new log.
I20260713 09:06:19.729533 16756 raft_consensus.cc:515] T c1e42452b3db40529208c9d0a4d85397 P 6d7fd50105e046de9947d22acfa1f355 [term 1 FOLLOWER]: Starting leader election with config: opid_index: -1 OBSOLETE_local: false peers { permanent_uuid: "6d7fd50105e046de9947d22acfa1f355" member_type: VOTER last_known_addr { host: "127.16.8.193" port: 42845 } } peers { permanent_uuid: "4363d8b1ad8748c7bf77de99400b5223" member_type: VOTER last_known_addr { host: "127.16.8.194" port: 38855 } } peers { permanent_uuid: "4490e6c31c9b4b30b68d82cd6cc260d2" member_type: VOTER last_known_addr { host: "127.16.8.195" port: 43359 } }
I20260713 09:06:19.733090 16756 leader_election.cc:290] T c1e42452b3db40529208c9d0a4d85397 P 6d7fd50105e046de9947d22acfa1f355 [CANDIDATE]: Term 1 election: Requested vote from peers 4363d8b1ad8748c7bf77de99400b5223 (127.16.8.194:38855), 4490e6c31c9b4b30b68d82cd6cc260d2 (127.16.8.195:43359)
I20260713 09:06:19.734709 16629 tablet_service.cc:1917] Received RequestConsensusVote() RPC: tablet_id: "c1e42452b3db40529208c9d0a4d85397" candidate_uuid: "6d7fd50105e046de9947d22acfa1f355" candidate_term: 1 candidate_status { last_received { term: 0 index: 0 } } ignore_live_leader: false dest_uuid: "4363d8b1ad8748c7bf77de99400b5223"
I20260713 09:06:19.735376 16629 raft_consensus.cc:3060] T c1e42452b3db40529208c9d0a4d85397 P 4363d8b1ad8748c7bf77de99400b5223 [term 0 FOLLOWER]: Advancing to term 1
I20260713 09:06:19.737639 16703 tablet_service.cc:1917] Received RequestConsensusVote() RPC: tablet_id: "c1e42452b3db40529208c9d0a4d85397" candidate_uuid: "6d7fd50105e046de9947d22acfa1f355" candidate_term: 1 candidate_status { last_received { term: 0 index: 0 } } ignore_live_leader: false dest_uuid: "4490e6c31c9b4b30b68d82cd6cc260d2" is_pre_election: true
I20260713 09:06:19.738312 16703 raft_consensus.cc:2468] T c1e42452b3db40529208c9d0a4d85397 P 4490e6c31c9b4b30b68d82cd6cc260d2 [term 0 FOLLOWER]: Leader pre-election vote request: Granting yes vote for candidate 6d7fd50105e046de9947d22acfa1f355 in term 0.
I20260713 09:06:19.740123 16703 tablet_service.cc:1917] Received RequestConsensusVote() RPC: tablet_id: "c1e42452b3db40529208c9d0a4d85397" candidate_uuid: "6d7fd50105e046de9947d22acfa1f355" candidate_term: 1 candidate_status { last_received { term: 0 index: 0 } } ignore_live_leader: false dest_uuid: "4490e6c31c9b4b30b68d82cd6cc260d2"
I20260713 09:06:19.740576 16703 raft_consensus.cc:3060] T c1e42452b3db40529208c9d0a4d85397 P 4490e6c31c9b4b30b68d82cd6cc260d2 [term 0 FOLLOWER]: Advancing to term 1
I20260713 09:06:19.742508 16629 raft_consensus.cc:2468] T c1e42452b3db40529208c9d0a4d85397 P 4363d8b1ad8748c7bf77de99400b5223 [term 1 FOLLOWER]: Leader election vote request: Granting yes vote for candidate 6d7fd50105e046de9947d22acfa1f355 in term 1.
I20260713 09:06:19.743690 16520 leader_election.cc:304] T c1e42452b3db40529208c9d0a4d85397 P 6d7fd50105e046de9947d22acfa1f355 [CANDIDATE]: Term 1 election: Election decided. Result: candidate won. Election summary: received 2 responses out of 3 voters: 2 yes votes; 0 no votes. yes voters: 4363d8b1ad8748c7bf77de99400b5223, 6d7fd50105e046de9947d22acfa1f355; no voters: 
I20260713 09:06:19.744423 16756 raft_consensus.cc:2804] T c1e42452b3db40529208c9d0a4d85397 P 6d7fd50105e046de9947d22acfa1f355 [term 1 FOLLOWER]: Leader election won for term 1
I20260713 09:06:19.744904 16756 raft_consensus.cc:697] T c1e42452b3db40529208c9d0a4d85397 P 6d7fd50105e046de9947d22acfa1f355 [term 1 LEADER]: Becoming Leader. State: Replica: 6d7fd50105e046de9947d22acfa1f355, State: Running, Role: LEADER
I20260713 09:06:19.745697 16756 consensus_queue.cc:237] T c1e42452b3db40529208c9d0a4d85397 P 6d7fd50105e046de9947d22acfa1f355 [LEADER]: Queue going to LEADER mode. State: All replicated index: 0, Majority replicated index: 0, Committed index: 0, Last appended: 0.0, Last appended by leader: 0, Current term: 1, Majority size: 2, State: 0, Mode: LEADER, active raft config: opid_index: -1 OBSOLETE_local: false peers { permanent_uuid: "6d7fd50105e046de9947d22acfa1f355" member_type: VOTER last_known_addr { host: "127.16.8.193" port: 42845 } } peers { permanent_uuid: "4363d8b1ad8748c7bf77de99400b5223" member_type: VOTER last_known_addr { host: "127.16.8.194" port: 38855 } } peers { permanent_uuid: "4490e6c31c9b4b30b68d82cd6cc260d2" member_type: VOTER last_known_addr { host: "127.16.8.195" port: 43359 } }
I20260713 09:06:19.747495 16703 raft_consensus.cc:2468] T c1e42452b3db40529208c9d0a4d85397 P 4490e6c31c9b4b30b68d82cd6cc260d2 [term 1 FOLLOWER]: Leader election vote request: Granting yes vote for candidate 6d7fd50105e046de9947d22acfa1f355 in term 1.
I20260713 09:06:19.750311 16748 raft_consensus.cc:359] T 62095abb8eaa4baf85720c210b4a03b2 P 6d7fd50105e046de9947d22acfa1f355 [term 0 FOLLOWER]: Replica starting. Triggering 0 pending ops. Active config: opid_index: -1 OBSOLETE_local: false peers { permanent_uuid: "6d7fd50105e046de9947d22acfa1f355" member_type: VOTER last_known_addr { host: "127.16.8.193" port: 42845 } } peers { permanent_uuid: "4363d8b1ad8748c7bf77de99400b5223" member_type: VOTER last_known_addr { host: "127.16.8.194" port: 38855 } } peers { permanent_uuid: "4490e6c31c9b4b30b68d82cd6cc260d2" member_type: VOTER last_known_addr { host: "127.16.8.195" port: 43359 } }
I20260713 09:06:19.751283 16748 raft_consensus.cc:385] T 62095abb8eaa4baf85720c210b4a03b2 P 6d7fd50105e046de9947d22acfa1f355 [term 0 FOLLOWER]: Consensus starting up: Expiring failure detector timer to make a prompt election more likely
I20260713 09:06:19.751554 16748 raft_consensus.cc:740] T 62095abb8eaa4baf85720c210b4a03b2 P 6d7fd50105e046de9947d22acfa1f355 [term 0 FOLLOWER]: Becoming Follower/Learner. State: Replica: 6d7fd50105e046de9947d22acfa1f355, State: Initialized, Role: FOLLOWER
I20260713 09:06:19.752904 16745 tablet_bootstrap.cc:492] T bd0d970f16de4c9d8672ff3cf31987ca P 4490e6c31c9b4b30b68d82cd6cc260d2: No bootstrap required, opened a new log
I20260713 09:06:19.752518 16748 consensus_queue.cc:260] T 62095abb8eaa4baf85720c210b4a03b2 P 6d7fd50105e046de9947d22acfa1f355 [NON_LEADER]: Queue going to NON_LEADER mode. State: All replicated index: 0, Majority replicated index: 0, Committed index: 0, Last appended: 0.0, Last appended by leader: 0, Current term: 0, Majority size: -1, State: 0, Mode: NON_LEADER, active raft config: opid_index: -1 OBSOLETE_local: false peers { permanent_uuid: "6d7fd50105e046de9947d22acfa1f355" member_type: VOTER last_known_addr { host: "127.16.8.193" port: 42845 } } peers { permanent_uuid: "4363d8b1ad8748c7bf77de99400b5223" member_type: VOTER last_known_addr { host: "127.16.8.194" port: 38855 } } peers { permanent_uuid: "4490e6c31c9b4b30b68d82cd6cc260d2" member_type: VOTER last_known_addr { host: "127.16.8.195" port: 43359 } }
I20260713 09:06:19.754073 16745 ts_tablet_manager.cc:1403] T bd0d970f16de4c9d8672ff3cf31987ca P 4490e6c31c9b4b30b68d82cd6cc260d2: Time spent bootstrapping tablet: real 0.079s	user 0.013s	sys 0.002s
I20260713 09:06:19.759042 16748 ts_tablet_manager.cc:1434] T 62095abb8eaa4baf85720c210b4a03b2 P 6d7fd50105e046de9947d22acfa1f355: Time spent starting tablet: real 0.035s	user 0.005s	sys 0.002s
I20260713 09:06:19.760408 16748 tablet_bootstrap.cc:492] T bd0d970f16de4c9d8672ff3cf31987ca P 6d7fd50105e046de9947d22acfa1f355: Bootstrap starting.
I20260713 09:06:19.757401 16745 raft_consensus.cc:359] T bd0d970f16de4c9d8672ff3cf31987ca P 4490e6c31c9b4b30b68d82cd6cc260d2 [term 0 FOLLOWER]: Replica starting. Triggering 0 pending ops. Active config: opid_index: -1 OBSOLETE_local: false peers { permanent_uuid: "4490e6c31c9b4b30b68d82cd6cc260d2" member_type: VOTER last_known_addr { host: "127.16.8.195" port: 43359 } } peers { permanent_uuid: "4363d8b1ad8748c7bf77de99400b5223" member_type: VOTER last_known_addr { host: "127.16.8.194" port: 38855 } } peers { permanent_uuid: "6d7fd50105e046de9947d22acfa1f355" member_type: VOTER last_known_addr { host: "127.16.8.193" port: 42845 } }
I20260713 09:06:19.761592 16745 raft_consensus.cc:385] T bd0d970f16de4c9d8672ff3cf31987ca P 4490e6c31c9b4b30b68d82cd6cc260d2 [term 0 FOLLOWER]: Consensus starting up: Expiring failure detector timer to make a prompt election more likely
I20260713 09:06:19.761945 16745 raft_consensus.cc:740] T bd0d970f16de4c9d8672ff3cf31987ca P 4490e6c31c9b4b30b68d82cd6cc260d2 [term 0 FOLLOWER]: Becoming Follower/Learner. State: Replica: 4490e6c31c9b4b30b68d82cd6cc260d2, State: Initialized, Role: FOLLOWER
I20260713 09:06:19.764169 16745 consensus_queue.cc:260] T bd0d970f16de4c9d8672ff3cf31987ca P 4490e6c31c9b4b30b68d82cd6cc260d2 [NON_LEADER]: Queue going to NON_LEADER mode. State: All replicated index: 0, Majority replicated index: 0, Committed index: 0, Last appended: 0.0, Last appended by leader: 0, Current term: 0, Majority size: -1, State: 0, Mode: NON_LEADER, active raft config: opid_index: -1 OBSOLETE_local: false peers { permanent_uuid: "4490e6c31c9b4b30b68d82cd6cc260d2" member_type: VOTER last_known_addr { host: "127.16.8.195" port: 43359 } } peers { permanent_uuid: "4363d8b1ad8748c7bf77de99400b5223" member_type: VOTER last_known_addr { host: "127.16.8.194" port: 38855 } } peers { permanent_uuid: "6d7fd50105e046de9947d22acfa1f355" member_type: VOTER last_known_addr { host: "127.16.8.193" port: 42845 } }
I20260713 09:06:19.766521 16745 ts_tablet_manager.cc:1434] T bd0d970f16de4c9d8672ff3cf31987ca P 4490e6c31c9b4b30b68d82cd6cc260d2: Time spent starting tablet: real 0.012s	user 0.000s	sys 0.005s
I20260713 09:06:19.767365 16745 tablet_bootstrap.cc:492] T 7be85d19052a47ad830cf5c8ee5c2307 P 4490e6c31c9b4b30b68d82cd6cc260d2: Bootstrap starting.
I20260713 09:06:19.775959 16554 tablet_service.cc:1917] Received RequestConsensusVote() RPC: tablet_id: "c1e42452b3db40529208c9d0a4d85397" candidate_uuid: "4490e6c31c9b4b30b68d82cd6cc260d2" candidate_term: 1 candidate_status { last_received { term: 0 index: 0 } } ignore_live_leader: false dest_uuid: "6d7fd50105e046de9947d22acfa1f355" is_pre_election: true
I20260713 09:06:19.778018 16629 tablet_service.cc:1917] Received RequestConsensusVote() RPC: tablet_id: "c1e42452b3db40529208c9d0a4d85397" candidate_uuid: "4490e6c31c9b4b30b68d82cd6cc260d2" candidate_term: 1 candidate_status { last_received { term: 0 index: 0 } } ignore_live_leader: false dest_uuid: "4363d8b1ad8748c7bf77de99400b5223" is_pre_election: true
I20260713 09:06:19.778772 16629 raft_consensus.cc:2393] T c1e42452b3db40529208c9d0a4d85397 P 4363d8b1ad8748c7bf77de99400b5223 [term 1 FOLLOWER]: Leader pre-election vote request: Denying vote to candidate 4490e6c31c9b4b30b68d82cd6cc260d2 in current term 1: Already voted for candidate 6d7fd50105e046de9947d22acfa1f355 in this term.
I20260713 09:06:19.779865 16669 leader_election.cc:304] T c1e42452b3db40529208c9d0a4d85397 P 4490e6c31c9b4b30b68d82cd6cc260d2 [CANDIDATE]: Term 1 pre-election: Election decided. Result: candidate lost. Election summary: received 3 responses out of 3 voters: 1 yes votes; 2 no votes. yes voters: 4490e6c31c9b4b30b68d82cd6cc260d2; no voters: 4363d8b1ad8748c7bf77de99400b5223, 6d7fd50105e046de9947d22acfa1f355
I20260713 09:06:19.780736 16749 raft_consensus.cc:2749] T c1e42452b3db40529208c9d0a4d85397 P 4490e6c31c9b4b30b68d82cd6cc260d2 [term 1 FOLLOWER]: Leader pre-election lost for term 1. Reason: could not achieve majority
I20260713 09:06:19.782917 16449 catalog_manager.cc:5697] T c1e42452b3db40529208c9d0a4d85397 P 6d7fd50105e046de9947d22acfa1f355 reported cstate change: term changed from 0 to 1, leader changed from <none> to 6d7fd50105e046de9947d22acfa1f355 (127.16.8.193). New cstate: current_term: 1 leader_uuid: "6d7fd50105e046de9947d22acfa1f355" committed_config { opid_index: -1 OBSOLETE_local: false peers { permanent_uuid: "6d7fd50105e046de9947d22acfa1f355" member_type: VOTER last_known_addr { host: "127.16.8.193" port: 42845 } health_report { overall_health: HEALTHY } } peers { permanent_uuid: "4363d8b1ad8748c7bf77de99400b5223" member_type: VOTER last_known_addr { host: "127.16.8.194" port: 38855 } health_report { overall_health: UNKNOWN } } peers { permanent_uuid: "4490e6c31c9b4b30b68d82cd6cc260d2" member_type: VOTER last_known_addr { host: "127.16.8.195" port: 43359 } health_report { overall_health: UNKNOWN } } }
I20260713 09:06:19.785424 16745 tablet_bootstrap.cc:654] T 7be85d19052a47ad830cf5c8ee5c2307 P 4490e6c31c9b4b30b68d82cd6cc260d2: Neither blocks nor log segments found. Creating new log.
I20260713 09:06:19.785817 16748 tablet_bootstrap.cc:654] T bd0d970f16de4c9d8672ff3cf31987ca P 6d7fd50105e046de9947d22acfa1f355: Neither blocks nor log segments found. Creating new log.
I20260713 09:06:19.790134 16746 tablet_bootstrap.cc:492] T bd0d970f16de4c9d8672ff3cf31987ca P 4363d8b1ad8748c7bf77de99400b5223: No bootstrap required, opened a new log
I20260713 09:06:19.790573 16746 ts_tablet_manager.cc:1403] T bd0d970f16de4c9d8672ff3cf31987ca P 4363d8b1ad8748c7bf77de99400b5223: Time spent bootstrapping tablet: real 0.100s	user 0.016s	sys 0.013s
I20260713 09:06:19.793035 16746 raft_consensus.cc:359] T bd0d970f16de4c9d8672ff3cf31987ca P 4363d8b1ad8748c7bf77de99400b5223 [term 0 FOLLOWER]: Replica starting. Triggering 0 pending ops. Active config: opid_index: -1 OBSOLETE_local: false peers { permanent_uuid: "4490e6c31c9b4b30b68d82cd6cc260d2" member_type: VOTER last_known_addr { host: "127.16.8.195" port: 43359 } } peers { permanent_uuid: "4363d8b1ad8748c7bf77de99400b5223" member_type: VOTER last_known_addr { host: "127.16.8.194" port: 38855 } } peers { permanent_uuid: "6d7fd50105e046de9947d22acfa1f355" member_type: VOTER last_known_addr { host: "127.16.8.193" port: 42845 } }
I20260713 09:06:19.793644 16746 raft_consensus.cc:385] T bd0d970f16de4c9d8672ff3cf31987ca P 4363d8b1ad8748c7bf77de99400b5223 [term 0 FOLLOWER]: Consensus starting up: Expiring failure detector timer to make a prompt election more likely
I20260713 09:06:19.793879 16746 raft_consensus.cc:740] T bd0d970f16de4c9d8672ff3cf31987ca P 4363d8b1ad8748c7bf77de99400b5223 [term 0 FOLLOWER]: Becoming Follower/Learner. State: Replica: 4363d8b1ad8748c7bf77de99400b5223, State: Initialized, Role: FOLLOWER
I20260713 09:06:19.794618 16746 consensus_queue.cc:260] T bd0d970f16de4c9d8672ff3cf31987ca P 4363d8b1ad8748c7bf77de99400b5223 [NON_LEADER]: Queue going to NON_LEADER mode. State: All replicated index: 0, Majority replicated index: 0, Committed index: 0, Last appended: 0.0, Last appended by leader: 0, Current term: 0, Majority size: -1, State: 0, Mode: NON_LEADER, active raft config: opid_index: -1 OBSOLETE_local: false peers { permanent_uuid: "4490e6c31c9b4b30b68d82cd6cc260d2" member_type: VOTER last_known_addr { host: "127.16.8.195" port: 43359 } } peers { permanent_uuid: "4363d8b1ad8748c7bf77de99400b5223" member_type: VOTER last_known_addr { host: "127.16.8.194" port: 38855 } } peers { permanent_uuid: "6d7fd50105e046de9947d22acfa1f355" member_type: VOTER last_known_addr { host: "127.16.8.193" port: 42845 } }
I20260713 09:06:19.796705 16746 ts_tablet_manager.cc:1434] T bd0d970f16de4c9d8672ff3cf31987ca P 4363d8b1ad8748c7bf77de99400b5223: Time spent starting tablet: real 0.006s	user 0.006s	sys 0.000s
I20260713 09:06:19.797492 16746 tablet_bootstrap.cc:492] T be10dce548854fce9a15257a59a6027e P 4363d8b1ad8748c7bf77de99400b5223: Bootstrap starting.
I20260713 09:06:19.803305 16746 tablet_bootstrap.cc:654] T be10dce548854fce9a15257a59a6027e P 4363d8b1ad8748c7bf77de99400b5223: Neither blocks nor log segments found. Creating new log.
I20260713 09:06:19.807480 16745 tablet_bootstrap.cc:492] T 7be85d19052a47ad830cf5c8ee5c2307 P 4490e6c31c9b4b30b68d82cd6cc260d2: No bootstrap required, opened a new log
I20260713 09:06:19.807862 16745 ts_tablet_manager.cc:1403] T 7be85d19052a47ad830cf5c8ee5c2307 P 4490e6c31c9b4b30b68d82cd6cc260d2: Time spent bootstrapping tablet: real 0.041s	user 0.009s	sys 0.001s
I20260713 09:06:19.810359 16745 raft_consensus.cc:359] T 7be85d19052a47ad830cf5c8ee5c2307 P 4490e6c31c9b4b30b68d82cd6cc260d2 [term 0 FOLLOWER]: Replica starting. Triggering 0 pending ops. Active config: opid_index: -1 OBSOLETE_local: false peers { permanent_uuid: "6d7fd50105e046de9947d22acfa1f355" member_type: VOTER last_known_addr { host: "127.16.8.193" port: 42845 } } peers { permanent_uuid: "4363d8b1ad8748c7bf77de99400b5223" member_type: VOTER last_known_addr { host: "127.16.8.194" port: 38855 } } peers { permanent_uuid: "4490e6c31c9b4b30b68d82cd6cc260d2" member_type: VOTER last_known_addr { host: "127.16.8.195" port: 43359 } }
I20260713 09:06:19.811028 16745 raft_consensus.cc:385] T 7be85d19052a47ad830cf5c8ee5c2307 P 4490e6c31c9b4b30b68d82cd6cc260d2 [term 0 FOLLOWER]: Consensus starting up: Expiring failure detector timer to make a prompt election more likely
I20260713 09:06:19.811305 16745 raft_consensus.cc:740] T 7be85d19052a47ad830cf5c8ee5c2307 P 4490e6c31c9b4b30b68d82cd6cc260d2 [term 0 FOLLOWER]: Becoming Follower/Learner. State: Replica: 4490e6c31c9b4b30b68d82cd6cc260d2, State: Initialized, Role: FOLLOWER
I20260713 09:06:19.811968 16745 consensus_queue.cc:260] T 7be85d19052a47ad830cf5c8ee5c2307 P 4490e6c31c9b4b30b68d82cd6cc260d2 [NON_LEADER]: Queue going to NON_LEADER mode. State: All replicated index: 0, Majority replicated index: 0, Committed index: 0, Last appended: 0.0, Last appended by leader: 0, Current term: 0, Majority size: -1, State: 0, Mode: NON_LEADER, active raft config: opid_index: -1 OBSOLETE_local: false peers { permanent_uuid: "6d7fd50105e046de9947d22acfa1f355" member_type: VOTER last_known_addr { host: "127.16.8.193" port: 42845 } } peers { permanent_uuid: "4363d8b1ad8748c7bf77de99400b5223" member_type: VOTER last_known_addr { host: "127.16.8.194" port: 38855 } } peers { permanent_uuid: "4490e6c31c9b4b30b68d82cd6cc260d2" member_type: VOTER last_known_addr { host: "127.16.8.195" port: 43359 } }
I20260713 09:06:19.814052 16745 ts_tablet_manager.cc:1434] T 7be85d19052a47ad830cf5c8ee5c2307 P 4490e6c31c9b4b30b68d82cd6cc260d2: Time spent starting tablet: real 0.006s	user 0.003s	sys 0.004s
I20260713 09:06:19.815474 16745 tablet_bootstrap.cc:492] T dacd32ff64aa4197a7f8c5cf13c02ba9 P 4490e6c31c9b4b30b68d82cd6cc260d2: Bootstrap starting.
I20260713 09:06:19.821388 16745 tablet_bootstrap.cc:654] T dacd32ff64aa4197a7f8c5cf13c02ba9 P 4490e6c31c9b4b30b68d82cd6cc260d2: Neither blocks nor log segments found. Creating new log.
I20260713 09:06:19.833482 16745 tablet_bootstrap.cc:492] T dacd32ff64aa4197a7f8c5cf13c02ba9 P 4490e6c31c9b4b30b68d82cd6cc260d2: No bootstrap required, opened a new log
I20260713 09:06:19.833904 16745 ts_tablet_manager.cc:1403] T dacd32ff64aa4197a7f8c5cf13c02ba9 P 4490e6c31c9b4b30b68d82cd6cc260d2: Time spent bootstrapping tablet: real 0.019s	user 0.006s	sys 0.005s
I20260713 09:06:19.836386 16745 raft_consensus.cc:359] T dacd32ff64aa4197a7f8c5cf13c02ba9 P 4490e6c31c9b4b30b68d82cd6cc260d2 [term 0 FOLLOWER]: Replica starting. Triggering 0 pending ops. Active config: opid_index: -1 OBSOLETE_local: false peers { permanent_uuid: "6d7fd50105e046de9947d22acfa1f355" member_type: VOTER last_known_addr { host: "127.16.8.193" port: 42845 } } peers { permanent_uuid: "4363d8b1ad8748c7bf77de99400b5223" member_type: VOTER last_known_addr { host: "127.16.8.194" port: 38855 } } peers { permanent_uuid: "4490e6c31c9b4b30b68d82cd6cc260d2" member_type: VOTER last_known_addr { host: "127.16.8.195" port: 43359 } }
I20260713 09:06:19.837015 16745 raft_consensus.cc:385] T dacd32ff64aa4197a7f8c5cf13c02ba9 P 4490e6c31c9b4b30b68d82cd6cc260d2 [term 0 FOLLOWER]: Consensus starting up: Expiring failure detector timer to make a prompt election more likely
I20260713 09:06:19.837261 16745 raft_consensus.cc:740] T dacd32ff64aa4197a7f8c5cf13c02ba9 P 4490e6c31c9b4b30b68d82cd6cc260d2 [term 0 FOLLOWER]: Becoming Follower/Learner. State: Replica: 4490e6c31c9b4b30b68d82cd6cc260d2, State: Initialized, Role: FOLLOWER
I20260713 09:06:19.837883 16745 consensus_queue.cc:260] T dacd32ff64aa4197a7f8c5cf13c02ba9 P 4490e6c31c9b4b30b68d82cd6cc260d2 [NON_LEADER]: Queue going to NON_LEADER mode. State: All replicated index: 0, Majority replicated index: 0, Committed index: 0, Last appended: 0.0, Last appended by leader: 0, Current term: 0, Majority size: -1, State: 0, Mode: NON_LEADER, active raft config: opid_index: -1 OBSOLETE_local: false peers { permanent_uuid: "6d7fd50105e046de9947d22acfa1f355" member_type: VOTER last_known_addr { host: "127.16.8.193" port: 42845 } } peers { permanent_uuid: "4363d8b1ad8748c7bf77de99400b5223" member_type: VOTER last_known_addr { host: "127.16.8.194" port: 38855 } } peers { permanent_uuid: "4490e6c31c9b4b30b68d82cd6cc260d2" member_type: VOTER last_known_addr { host: "127.16.8.195" port: 43359 } }
I20260713 09:06:19.840328 16746 tablet_bootstrap.cc:492] T be10dce548854fce9a15257a59a6027e P 4363d8b1ad8748c7bf77de99400b5223: No bootstrap required, opened a new log
I20260713 09:06:19.840894 16746 ts_tablet_manager.cc:1403] T be10dce548854fce9a15257a59a6027e P 4363d8b1ad8748c7bf77de99400b5223: Time spent bootstrapping tablet: real 0.044s	user 0.010s	sys 0.005s
I20260713 09:06:19.843420 16746 raft_consensus.cc:359] T be10dce548854fce9a15257a59a6027e P 4363d8b1ad8748c7bf77de99400b5223 [term 0 FOLLOWER]: Replica starting. Triggering 0 pending ops. Active config: opid_index: -1 OBSOLETE_local: false peers { permanent_uuid: "6d7fd50105e046de9947d22acfa1f355" member_type: VOTER last_known_addr { host: "127.16.8.193" port: 42845 } } peers { permanent_uuid: "4363d8b1ad8748c7bf77de99400b5223" member_type: VOTER last_known_addr { host: "127.16.8.194" port: 38855 } } peers { permanent_uuid: "4490e6c31c9b4b30b68d82cd6cc260d2" member_type: VOTER last_known_addr { host: "127.16.8.195" port: 43359 } }
I20260713 09:06:19.844456 16746 raft_consensus.cc:385] T be10dce548854fce9a15257a59a6027e P 4363d8b1ad8748c7bf77de99400b5223 [term 0 FOLLOWER]: Consensus starting up: Expiring failure detector timer to make a prompt election more likely
I20260713 09:06:19.844830 16746 raft_consensus.cc:740] T be10dce548854fce9a15257a59a6027e P 4363d8b1ad8748c7bf77de99400b5223 [term 0 FOLLOWER]: Becoming Follower/Learner. State: Replica: 4363d8b1ad8748c7bf77de99400b5223, State: Initialized, Role: FOLLOWER
I20260713 09:06:19.845685 16746 consensus_queue.cc:260] T be10dce548854fce9a15257a59a6027e P 4363d8b1ad8748c7bf77de99400b5223 [NON_LEADER]: Queue going to NON_LEADER mode. State: All replicated index: 0, Majority replicated index: 0, Committed index: 0, Last appended: 0.0, Last appended by leader: 0, Current term: 0, Majority size: -1, State: 0, Mode: NON_LEADER, active raft config: opid_index: -1 OBSOLETE_local: false peers { permanent_uuid: "6d7fd50105e046de9947d22acfa1f355" member_type: VOTER last_known_addr { host: "127.16.8.193" port: 42845 } } peers { permanent_uuid: "4363d8b1ad8748c7bf77de99400b5223" member_type: VOTER last_known_addr { host: "127.16.8.194" port: 38855 } } peers { permanent_uuid: "4490e6c31c9b4b30b68d82cd6cc260d2" member_type: VOTER last_known_addr { host: "127.16.8.195" port: 43359 } }
I20260713 09:06:19.847915 16746 ts_tablet_manager.cc:1434] T be10dce548854fce9a15257a59a6027e P 4363d8b1ad8748c7bf77de99400b5223: Time spent starting tablet: real 0.007s	user 0.000s	sys 0.007s
I20260713 09:06:19.848742 16746 tablet_bootstrap.cc:492] T 750088ef87d74cf0b88aec0c110ed89c P 4363d8b1ad8748c7bf77de99400b5223: Bootstrap starting.
I20260713 09:06:19.849996 16749 raft_consensus.cc:493] T 7be85d19052a47ad830cf5c8ee5c2307 P 4490e6c31c9b4b30b68d82cd6cc260d2 [term 0 FOLLOWER]: Starting pre-election (no leader contacted us within the election timeout)
I20260713 09:06:19.850427 16749 raft_consensus.cc:515] T 7be85d19052a47ad830cf5c8ee5c2307 P 4490e6c31c9b4b30b68d82cd6cc260d2 [term 0 FOLLOWER]: Starting pre-election with config: opid_index: -1 OBSOLETE_local: false peers { permanent_uuid: "6d7fd50105e046de9947d22acfa1f355" member_type: VOTER last_known_addr { host: "127.16.8.193" port: 42845 } } peers { permanent_uuid: "4363d8b1ad8748c7bf77de99400b5223" member_type: VOTER last_known_addr { host: "127.16.8.194" port: 38855 } } peers { permanent_uuid: "4490e6c31c9b4b30b68d82cd6cc260d2" member_type: VOTER last_known_addr { host: "127.16.8.195" port: 43359 } }
I20260713 09:06:19.852257 16749 leader_election.cc:290] T 7be85d19052a47ad830cf5c8ee5c2307 P 4490e6c31c9b4b30b68d82cd6cc260d2 [CANDIDATE]: Term 1 pre-election: Requested pre-vote from peers 6d7fd50105e046de9947d22acfa1f355 (127.16.8.193:42845), 4363d8b1ad8748c7bf77de99400b5223 (127.16.8.194:38855)
I20260713 09:06:19.852949 16554 tablet_service.cc:1917] Received RequestConsensusVote() RPC: tablet_id: "7be85d19052a47ad830cf5c8ee5c2307" candidate_uuid: "4490e6c31c9b4b30b68d82cd6cc260d2" candidate_term: 1 candidate_status { last_received { term: 0 index: 0 } } ignore_live_leader: false dest_uuid: "6d7fd50105e046de9947d22acfa1f355" is_pre_election: true
I20260713 09:06:19.853888 16745 ts_tablet_manager.cc:1434] T dacd32ff64aa4197a7f8c5cf13c02ba9 P 4490e6c31c9b4b30b68d82cd6cc260d2: Time spent starting tablet: real 0.020s	user 0.003s	sys 0.003s
I20260713 09:06:19.854682 16629 tablet_service.cc:1917] Received RequestConsensusVote() RPC: tablet_id: "7be85d19052a47ad830cf5c8ee5c2307" candidate_uuid: "4490e6c31c9b4b30b68d82cd6cc260d2" candidate_term: 1 candidate_status { last_received { term: 0 index: 0 } } ignore_live_leader: false dest_uuid: "4363d8b1ad8748c7bf77de99400b5223" is_pre_election: true
I20260713 09:06:19.855273 16629 raft_consensus.cc:2468] T 7be85d19052a47ad830cf5c8ee5c2307 P 4363d8b1ad8748c7bf77de99400b5223 [term 0 FOLLOWER]: Leader pre-election vote request: Granting yes vote for candidate 4490e6c31c9b4b30b68d82cd6cc260d2 in term 0.
I20260713 09:06:19.856503 16669 leader_election.cc:304] T 7be85d19052a47ad830cf5c8ee5c2307 P 4490e6c31c9b4b30b68d82cd6cc260d2 [CANDIDATE]: Term 1 pre-election: Election decided. Result: candidate won. Election summary: received 2 responses out of 3 voters: 2 yes votes; 0 no votes. yes voters: 4363d8b1ad8748c7bf77de99400b5223, 4490e6c31c9b4b30b68d82cd6cc260d2; no voters: 
I20260713 09:06:19.857308 16749 raft_consensus.cc:2804] T 7be85d19052a47ad830cf5c8ee5c2307 P 4490e6c31c9b4b30b68d82cd6cc260d2 [term 0 FOLLOWER]: Leader pre-election won for term 1
I20260713 09:06:19.857656 16749 raft_consensus.cc:493] T 7be85d19052a47ad830cf5c8ee5c2307 P 4490e6c31c9b4b30b68d82cd6cc260d2 [term 0 FOLLOWER]: Starting leader election (no leader contacted us within the election timeout)
I20260713 09:06:19.857983 16749 raft_consensus.cc:3060] T 7be85d19052a47ad830cf5c8ee5c2307 P 4490e6c31c9b4b30b68d82cd6cc260d2 [term 0 FOLLOWER]: Advancing to term 1
W20260713 09:06:19.858453 16669 leader_election.cc:343] T 7be85d19052a47ad830cf5c8ee5c2307 P 4490e6c31c9b4b30b68d82cd6cc260d2 [CANDIDATE]: Term 1 pre-election: Tablet error from VoteRequest() call to peer 6d7fd50105e046de9947d22acfa1f355 (127.16.8.193:42845): Illegal state: must be running to vote when last-logged opid is not known
I20260713 09:06:19.864341 16749 raft_consensus.cc:515] T 7be85d19052a47ad830cf5c8ee5c2307 P 4490e6c31c9b4b30b68d82cd6cc260d2 [term 1 FOLLOWER]: Starting leader election with config: opid_index: -1 OBSOLETE_local: false peers { permanent_uuid: "6d7fd50105e046de9947d22acfa1f355" member_type: VOTER last_known_addr { host: "127.16.8.193" port: 42845 } } peers { permanent_uuid: "4363d8b1ad8748c7bf77de99400b5223" member_type: VOTER last_known_addr { host: "127.16.8.194" port: 38855 } } peers { permanent_uuid: "4490e6c31c9b4b30b68d82cd6cc260d2" member_type: VOTER last_known_addr { host: "127.16.8.195" port: 43359 } }
I20260713 09:06:19.866003 16745 tablet_bootstrap.cc:492] T 1b3dc676141e4f5bb4a0034c80c76df5 P 4490e6c31c9b4b30b68d82cd6cc260d2: Bootstrap starting.
I20260713 09:06:19.868031 16751 raft_consensus.cc:493] T dacd32ff64aa4197a7f8c5cf13c02ba9 P 4363d8b1ad8748c7bf77de99400b5223 [term 0 FOLLOWER]: Starting pre-election (no leader contacted us within the election timeout)
I20260713 09:06:19.868124 16554 tablet_service.cc:1917] Received RequestConsensusVote() RPC: tablet_id: "7be85d19052a47ad830cf5c8ee5c2307" candidate_uuid: "4490e6c31c9b4b30b68d82cd6cc260d2" candidate_term: 1 candidate_status { last_received { term: 0 index: 0 } } ignore_live_leader: false dest_uuid: "6d7fd50105e046de9947d22acfa1f355"
