I20260713 09:06:22.769762 16965 leader_election.cc:304] T c0e01cf4319647e391f225570af6a711 P 4bad00e7b5ce41f191e9a4109b8ff1bc [CANDIDATE]: Term 1 pre-election: Election decided. Result: candidate lost. Election summary: received 3 responses out of 3 voters: 1 yes votes; 2 no votes. yes voters: 4bad00e7b5ce41f191e9a4109b8ff1bc; no voters: 20d698f6c611413ea10095f8273b63d2, 64ce7a563c734fdcaaef64d0415aa1cf
I20260713 09:06:22.770458 17193 raft_consensus.cc:2749] T c0e01cf4319647e391f225570af6a711 P 4bad00e7b5ce41f191e9a4109b8ff1bc [term 0 FOLLOWER]: Leader pre-election lost for term 1. Reason: could not achieve majority
I20260713 09:06:22.772397 17189 ts_tablet_manager.cc:1434] T cd51d1bdb98a42aaa0401aec4c6be924 P 4bad00e7b5ce41f191e9a4109b8ff1bc: Time spent starting tablet: real 0.008s	user 0.005s	sys 0.000s
I20260713 09:06:22.773236 17189 tablet_bootstrap.cc:492] T 019c0694f33e434facf55931dbcc0744 P 4bad00e7b5ce41f191e9a4109b8ff1bc: Bootstrap starting.
I20260713 09:06:22.778085 17190 tablet_bootstrap.cc:492] T 6b27d049be2f44f88f69741777588fd7 P 64ce7a563c734fdcaaef64d0415aa1cf: No bootstrap required, opened a new log
I20260713 09:06:22.778581 17190 ts_tablet_manager.cc:1403] T 6b27d049be2f44f88f69741777588fd7 P 64ce7a563c734fdcaaef64d0415aa1cf: Time spent bootstrapping tablet: real 0.030s	user 0.012s	sys 0.004s
I20260713 09:06:22.780305 17189 tablet_bootstrap.cc:654] T 019c0694f33e434facf55931dbcc0744 P 4bad00e7b5ce41f191e9a4109b8ff1bc: Neither blocks nor log segments found. Creating new log.
I20260713 09:06:22.781313 17190 raft_consensus.cc:359] T 6b27d049be2f44f88f69741777588fd7 P 64ce7a563c734fdcaaef64d0415aa1cf [term 0 FOLLOWER]: Replica starting. Triggering 0 pending ops. Active config: opid_index: -1 OBSOLETE_local: false peers { permanent_uuid: "20d698f6c611413ea10095f8273b63d2" member_type: VOTER last_known_addr { host: "127.15.252.130" port: 36441 } } peers { permanent_uuid: "64ce7a563c734fdcaaef64d0415aa1cf" member_type: VOTER last_known_addr { host: "127.15.252.131" port: 35025 } } peers { permanent_uuid: "4bad00e7b5ce41f191e9a4109b8ff1bc" member_type: VOTER last_known_addr { host: "127.15.252.129" port: 38933 } }
I20260713 09:06:22.781972 17190 raft_consensus.cc:385] T 6b27d049be2f44f88f69741777588fd7 P 64ce7a563c734fdcaaef64d0415aa1cf [term 0 FOLLOWER]: Consensus starting up: Expiring failure detector timer to make a prompt election more likely
I20260713 09:06:22.782227 17190 raft_consensus.cc:740] T 6b27d049be2f44f88f69741777588fd7 P 64ce7a563c734fdcaaef64d0415aa1cf [term 0 FOLLOWER]: Becoming Follower/Learner. State: Replica: 64ce7a563c734fdcaaef64d0415aa1cf, State: Initialized, Role: FOLLOWER
I20260713 09:06:22.783094 17191 tablet_bootstrap.cc:492] T c0e01cf4319647e391f225570af6a711 P 20d698f6c611413ea10095f8273b63d2: No bootstrap required, opened a new log
I20260713 09:06:22.782903 17190 consensus_queue.cc:260] T 6b27d049be2f44f88f69741777588fd7 P 64ce7a563c734fdcaaef64d0415aa1cf [NON_LEADER]: Queue going to NON_LEADER mode. State: All replicated index: 0, Majority replicated index: 0, Committed index: 0, Last appended: 0.0, Last appended by leader: 0, Current term: 0, Majority size: -1, State: 0, Mode: NON_LEADER, active raft config: opid_index: -1 OBSOLETE_local: false peers { permanent_uuid: "20d698f6c611413ea10095f8273b63d2" member_type: VOTER last_known_addr { host: "127.15.252.130" port: 36441 } } peers { permanent_uuid: "64ce7a563c734fdcaaef64d0415aa1cf" member_type: VOTER last_known_addr { host: "127.15.252.131" port: 35025 } } peers { permanent_uuid: "4bad00e7b5ce41f191e9a4109b8ff1bc" member_type: VOTER last_known_addr { host: "127.15.252.129" port: 38933 } }
I20260713 09:06:22.783473 17191 ts_tablet_manager.cc:1403] T c0e01cf4319647e391f225570af6a711 P 20d698f6c611413ea10095f8273b63d2: Time spent bootstrapping tablet: real 0.022s	user 0.008s	sys 0.003s
I20260713 09:06:22.784946 17190 ts_tablet_manager.cc:1434] T 6b27d049be2f44f88f69741777588fd7 P 64ce7a563c734fdcaaef64d0415aa1cf: Time spent starting tablet: real 0.006s	user 0.004s	sys 0.004s
I20260713 09:06:22.785835 17190 tablet_bootstrap.cc:492] T 5959d8a0d155499bbfea7790b9d511e0 P 64ce7a563c734fdcaaef64d0415aa1cf: Bootstrap starting.
I20260713 09:06:22.785797 17191 raft_consensus.cc:359] T c0e01cf4319647e391f225570af6a711 P 20d698f6c611413ea10095f8273b63d2 [term 0 FOLLOWER]: Replica starting. Triggering 0 pending ops. Active config: opid_index: -1 OBSOLETE_local: false peers { permanent_uuid: "4bad00e7b5ce41f191e9a4109b8ff1bc" member_type: VOTER last_known_addr { host: "127.15.252.129" port: 38933 } } peers { permanent_uuid: "20d698f6c611413ea10095f8273b63d2" member_type: VOTER last_known_addr { host: "127.15.252.130" port: 36441 } } peers { permanent_uuid: "64ce7a563c734fdcaaef64d0415aa1cf" member_type: VOTER last_known_addr { host: "127.15.252.131" port: 35025 } }
I20260713 09:06:22.786480 17191 raft_consensus.cc:385] T c0e01cf4319647e391f225570af6a711 P 20d698f6c611413ea10095f8273b63d2 [term 0 FOLLOWER]: Consensus starting up: Expiring failure detector timer to make a prompt election more likely
I20260713 09:06:22.786727 17191 raft_consensus.cc:740] T c0e01cf4319647e391f225570af6a711 P 20d698f6c611413ea10095f8273b63d2 [term 0 FOLLOWER]: Becoming Follower/Learner. State: Replica: 20d698f6c611413ea10095f8273b63d2, State: Initialized, Role: FOLLOWER
I20260713 09:06:22.787422 17191 consensus_queue.cc:260] T c0e01cf4319647e391f225570af6a711 P 20d698f6c611413ea10095f8273b63d2 [NON_LEADER]: Queue going to NON_LEADER mode. State: All replicated index: 0, Majority replicated index: 0, Committed index: 0, Last appended: 0.0, Last appended by leader: 0, Current term: 0, Majority size: -1, State: 0, Mode: NON_LEADER, active raft config: opid_index: -1 OBSOLETE_local: false peers { permanent_uuid: "4bad00e7b5ce41f191e9a4109b8ff1bc" member_type: VOTER last_known_addr { host: "127.15.252.129" port: 38933 } } peers { permanent_uuid: "20d698f6c611413ea10095f8273b63d2" member_type: VOTER last_known_addr { host: "127.15.252.130" port: 36441 } } peers { permanent_uuid: "64ce7a563c734fdcaaef64d0415aa1cf" member_type: VOTER last_known_addr { host: "127.15.252.131" port: 35025 } }
I20260713 09:06:22.791103 17189 tablet_bootstrap.cc:492] T 019c0694f33e434facf55931dbcc0744 P 4bad00e7b5ce41f191e9a4109b8ff1bc: No bootstrap required, opened a new log
I20260713 09:06:22.791481 17189 ts_tablet_manager.cc:1403] T 019c0694f33e434facf55931dbcc0744 P 4bad00e7b5ce41f191e9a4109b8ff1bc: Time spent bootstrapping tablet: real 0.018s	user 0.013s	sys 0.000s
I20260713 09:06:22.792032 17198 raft_consensus.cc:493] T 019c0694f33e434facf55931dbcc0744 P 20d698f6c611413ea10095f8273b63d2 [term 0 FOLLOWER]: Starting pre-election (no leader contacted us within the election timeout)
I20260713 09:06:22.792284 17190 tablet_bootstrap.cc:654] T 5959d8a0d155499bbfea7790b9d511e0 P 64ce7a563c734fdcaaef64d0415aa1cf: Neither blocks nor log segments found. Creating new log.
I20260713 09:06:22.792920 17198 raft_consensus.cc:515] T 019c0694f33e434facf55931dbcc0744 P 20d698f6c611413ea10095f8273b63d2 [term 0 FOLLOWER]: Starting pre-election with config: opid_index: -1 OBSOLETE_local: false peers { permanent_uuid: "4bad00e7b5ce41f191e9a4109b8ff1bc" member_type: VOTER last_known_addr { host: "127.15.252.129" port: 38933 } } peers { permanent_uuid: "20d698f6c611413ea10095f8273b63d2" member_type: VOTER last_known_addr { host: "127.15.252.130" port: 36441 } } peers { permanent_uuid: "64ce7a563c734fdcaaef64d0415aa1cf" member_type: VOTER last_known_addr { host: "127.15.252.131" port: 35025 } }
I20260713 09:06:22.793735 17189 raft_consensus.cc:359] T 019c0694f33e434facf55931dbcc0744 P 4bad00e7b5ce41f191e9a4109b8ff1bc [term 0 FOLLOWER]: Replica starting. Triggering 0 pending ops. Active config: opid_index: -1 OBSOLETE_local: false peers { permanent_uuid: "4bad00e7b5ce41f191e9a4109b8ff1bc" member_type: VOTER last_known_addr { host: "127.15.252.129" port: 38933 } } peers { permanent_uuid: "20d698f6c611413ea10095f8273b63d2" member_type: VOTER last_known_addr { host: "127.15.252.130" port: 36441 } } peers { permanent_uuid: "64ce7a563c734fdcaaef64d0415aa1cf" member_type: VOTER last_known_addr { host: "127.15.252.131" port: 35025 } }
I20260713 09:06:22.794320 17189 raft_consensus.cc:385] T 019c0694f33e434facf55931dbcc0744 P 4bad00e7b5ce41f191e9a4109b8ff1bc [term 0 FOLLOWER]: Consensus starting up: Expiring failure detector timer to make a prompt election more likely
I20260713 09:06:22.794552 17189 raft_consensus.cc:740] T 019c0694f33e434facf55931dbcc0744 P 4bad00e7b5ce41f191e9a4109b8ff1bc [term 0 FOLLOWER]: Becoming Follower/Learner. State: Replica: 4bad00e7b5ce41f191e9a4109b8ff1bc, State: Initialized, Role: FOLLOWER
I20260713 09:06:22.794801 17198 leader_election.cc:290] T 019c0694f33e434facf55931dbcc0744 P 20d698f6c611413ea10095f8273b63d2 [CANDIDATE]: Term 1 pre-election: Requested pre-vote from peers 4bad00e7b5ce41f191e9a4109b8ff1bc (127.15.252.129:38933), 64ce7a563c734fdcaaef64d0415aa1cf (127.15.252.131:35025)
I20260713 09:06:22.795395 17189 consensus_queue.cc:260] T 019c0694f33e434facf55931dbcc0744 P 4bad00e7b5ce41f191e9a4109b8ff1bc [NON_LEADER]: Queue going to NON_LEADER mode. State: All replicated index: 0, Majority replicated index: 0, Committed index: 0, Last appended: 0.0, Last appended by leader: 0, Current term: 0, Majority size: -1, State: 0, Mode: NON_LEADER, active raft config: opid_index: -1 OBSOLETE_local: false peers { permanent_uuid: "4bad00e7b5ce41f191e9a4109b8ff1bc" member_type: VOTER last_known_addr { host: "127.15.252.129" port: 38933 } } peers { permanent_uuid: "20d698f6c611413ea10095f8273b63d2" member_type: VOTER last_known_addr { host: "127.15.252.130" port: 36441 } } peers { permanent_uuid: "64ce7a563c734fdcaaef64d0415aa1cf" member_type: VOTER last_known_addr { host: "127.15.252.131" port: 35025 } }
I20260713 09:06:22.795821 17191 ts_tablet_manager.cc:1434] T c0e01cf4319647e391f225570af6a711 P 20d698f6c611413ea10095f8273b63d2: Time spent starting tablet: real 0.012s	user 0.005s	sys 0.001s
I20260713 09:06:22.796763 17000 tablet_service.cc:1917] Received RequestConsensusVote() RPC: tablet_id: "019c0694f33e434facf55931dbcc0744" candidate_uuid: "20d698f6c611413ea10095f8273b63d2" candidate_term: 1 candidate_status { last_received { term: 0 index: 0 } } ignore_live_leader: false dest_uuid: "4bad00e7b5ce41f191e9a4109b8ff1bc" is_pre_election: true
I20260713 09:06:22.797322 17000 raft_consensus.cc:2468] T 019c0694f33e434facf55931dbcc0744 P 4bad00e7b5ce41f191e9a4109b8ff1bc [term 0 FOLLOWER]: Leader pre-election vote request: Granting yes vote for candidate 20d698f6c611413ea10095f8273b63d2 in term 0.
I20260713 09:06:22.797554 17189 ts_tablet_manager.cc:1434] T 019c0694f33e434facf55931dbcc0744 P 4bad00e7b5ce41f191e9a4109b8ff1bc: Time spent starting tablet: real 0.006s	user 0.006s	sys 0.000s
I20260713 09:06:22.798341 17189 tablet_bootstrap.cc:492] T ff587dde8b4e4214b4caec7c0a3c2706 P 4bad00e7b5ce41f191e9a4109b8ff1bc: Bootstrap starting.
I20260713 09:06:22.798563 17149 tablet_service.cc:1917] Received RequestConsensusVote() RPC: tablet_id: "019c0694f33e434facf55931dbcc0744" candidate_uuid: "20d698f6c611413ea10095f8273b63d2" candidate_term: 1 candidate_status { last_received { term: 0 index: 0 } } ignore_live_leader: false dest_uuid: "64ce7a563c734fdcaaef64d0415aa1cf" is_pre_election: true
I20260713 09:06:22.799075 17149 raft_consensus.cc:2468] T 019c0694f33e434facf55931dbcc0744 P 64ce7a563c734fdcaaef64d0415aa1cf [term 0 FOLLOWER]: Leader pre-election vote request: Granting yes vote for candidate 20d698f6c611413ea10095f8273b63d2 in term 0.
I20260713 09:06:22.803277 17189 tablet_bootstrap.cc:654] T ff587dde8b4e4214b4caec7c0a3c2706 P 4bad00e7b5ce41f191e9a4109b8ff1bc: Neither blocks nor log segments found. Creating new log.
I20260713 09:06:22.804726 17041 leader_election.cc:304] T 019c0694f33e434facf55931dbcc0744 P 20d698f6c611413ea10095f8273b63d2 [CANDIDATE]: Term 1 pre-election: Election decided. Result: candidate won. Election summary: received 2 responses out of 3 voters: 2 yes votes; 0 no votes. yes voters: 20d698f6c611413ea10095f8273b63d2, 64ce7a563c734fdcaaef64d0415aa1cf; no voters: 
I20260713 09:06:22.805035 17198 raft_consensus.cc:493] T f810cacbe74d4612b7fa997260122e71 P 20d698f6c611413ea10095f8273b63d2 [term 0 FOLLOWER]: Starting pre-election (no leader contacted us within the election timeout)
I20260713 09:06:22.805516 17198 raft_consensus.cc:515] T f810cacbe74d4612b7fa997260122e71 P 20d698f6c611413ea10095f8273b63d2 [term 0 FOLLOWER]: Starting pre-election with config: opid_index: -1 OBSOLETE_local: false peers { permanent_uuid: "4bad00e7b5ce41f191e9a4109b8ff1bc" member_type: VOTER last_known_addr { host: "127.15.252.129" port: 38933 } } peers { permanent_uuid: "20d698f6c611413ea10095f8273b63d2" member_type: VOTER last_known_addr { host: "127.15.252.130" port: 36441 } } peers { permanent_uuid: "64ce7a563c734fdcaaef64d0415aa1cf" member_type: VOTER last_known_addr { host: "127.15.252.131" port: 35025 } }
I20260713 09:06:22.807448 17198 leader_election.cc:290] T f810cacbe74d4612b7fa997260122e71 P 20d698f6c611413ea10095f8273b63d2 [CANDIDATE]: Term 1 pre-election: Requested pre-vote from peers 4bad00e7b5ce41f191e9a4109b8ff1bc (127.15.252.129:38933), 64ce7a563c734fdcaaef64d0415aa1cf (127.15.252.131:35025)
I20260713 09:06:22.807938 17198 raft_consensus.cc:2804] T 019c0694f33e434facf55931dbcc0744 P 20d698f6c611413ea10095f8273b63d2 [term 0 FOLLOWER]: Leader pre-election won for term 1
I20260713 09:06:22.808264 17198 raft_consensus.cc:493] T 019c0694f33e434facf55931dbcc0744 P 20d698f6c611413ea10095f8273b63d2 [term 0 FOLLOWER]: Starting leader election (no leader contacted us within the election timeout)
I20260713 09:06:22.808754 17198 raft_consensus.cc:3060] T 019c0694f33e434facf55931dbcc0744 P 20d698f6c611413ea10095f8273b63d2 [term 0 FOLLOWER]: Advancing to term 1
I20260713 09:06:22.809206 17000 tablet_service.cc:1917] Received RequestConsensusVote() RPC: tablet_id: "f810cacbe74d4612b7fa997260122e71" candidate_uuid: "20d698f6c611413ea10095f8273b63d2" candidate_term: 1 candidate_status { last_received { term: 0 index: 0 } } ignore_live_leader: false dest_uuid: "4bad00e7b5ce41f191e9a4109b8ff1bc" is_pre_election: true
I20260713 09:06:22.809815 17000 raft_consensus.cc:2468] T f810cacbe74d4612b7fa997260122e71 P 4bad00e7b5ce41f191e9a4109b8ff1bc [term 0 FOLLOWER]: Leader pre-election vote request: Granting yes vote for candidate 20d698f6c611413ea10095f8273b63d2 in term 0.
I20260713 09:06:22.811178 17041 leader_election.cc:304] T f810cacbe74d4612b7fa997260122e71 P 20d698f6c611413ea10095f8273b63d2 [CANDIDATE]: Term 1 pre-election: Election decided. Result: candidate won. Election summary: received 2 responses out of 3 voters: 2 yes votes; 0 no votes. yes voters: 20d698f6c611413ea10095f8273b63d2, 4bad00e7b5ce41f191e9a4109b8ff1bc; no voters: 
I20260713 09:06:22.812476 17149 tablet_service.cc:1917] Received RequestConsensusVote() RPC: tablet_id: "f810cacbe74d4612b7fa997260122e71" candidate_uuid: "20d698f6c611413ea10095f8273b63d2" candidate_term: 1 candidate_status { last_received { term: 0 index: 0 } } ignore_live_leader: false dest_uuid: "64ce7a563c734fdcaaef64d0415aa1cf" is_pre_election: true
I20260713 09:06:22.813547 17193 raft_consensus.cc:493] T 6b27d049be2f44f88f69741777588fd7 P 4bad00e7b5ce41f191e9a4109b8ff1bc [term 0 FOLLOWER]: Starting pre-election (no leader contacted us within the election timeout)
I20260713 09:06:22.813989 17193 raft_consensus.cc:515] T 6b27d049be2f44f88f69741777588fd7 P 4bad00e7b5ce41f191e9a4109b8ff1bc [term 0 FOLLOWER]: Starting pre-election with config: opid_index: -1 OBSOLETE_local: false peers { permanent_uuid: "20d698f6c611413ea10095f8273b63d2" member_type: VOTER last_known_addr { host: "127.15.252.130" port: 36441 } } peers { permanent_uuid: "64ce7a563c734fdcaaef64d0415aa1cf" member_type: VOTER last_known_addr { host: "127.15.252.131" port: 35025 } } peers { permanent_uuid: "4bad00e7b5ce41f191e9a4109b8ff1bc" member_type: VOTER last_known_addr { host: "127.15.252.129" port: 38933 } }
I20260713 09:06:22.816015 17193 leader_election.cc:290] T 6b27d049be2f44f88f69741777588fd7 P 4bad00e7b5ce41f191e9a4109b8ff1bc [CANDIDATE]: Term 1 pre-election: Requested pre-vote from peers 20d698f6c611413ea10095f8273b63d2 (127.15.252.130:36441), 64ce7a563c734fdcaaef64d0415aa1cf (127.15.252.131:35025)
I20260713 09:06:22.818706 17075 tablet_service.cc:1917] Received RequestConsensusVote() RPC: tablet_id: "6b27d049be2f44f88f69741777588fd7" candidate_uuid: "4bad00e7b5ce41f191e9a4109b8ff1bc" candidate_term: 1 candidate_status { last_received { term: 0 index: 0 } } ignore_live_leader: false dest_uuid: "20d698f6c611413ea10095f8273b63d2" is_pre_election: true
I20260713 09:06:22.819310 17075 raft_consensus.cc:2468] T 6b27d049be2f44f88f69741777588fd7 P 20d698f6c611413ea10095f8273b63d2 [term 0 FOLLOWER]: Leader pre-election vote request: Granting yes vote for candidate 4bad00e7b5ce41f191e9a4109b8ff1bc in term 0.
I20260713 09:06:22.820732 16965 leader_election.cc:304] T 6b27d049be2f44f88f69741777588fd7 P 4bad00e7b5ce41f191e9a4109b8ff1bc [CANDIDATE]: Term 1 pre-election: Election decided. Result: candidate won. Election summary: received 2 responses out of 3 voters: 2 yes votes; 0 no votes. yes voters: 20d698f6c611413ea10095f8273b63d2, 4bad00e7b5ce41f191e9a4109b8ff1bc; no voters: 
W20260713 09:06:22.821874 16946 auto_rebalancer.cc:288] Could not retrieve cluster info: Service unavailable: Tablet not running
I20260713 09:06:22.822058 17149 tablet_service.cc:1917] Received RequestConsensusVote() RPC: tablet_id: "6b27d049be2f44f88f69741777588fd7" candidate_uuid: "4bad00e7b5ce41f191e9a4109b8ff1bc" candidate_term: 1 candidate_status { last_received { term: 0 index: 0 } } ignore_live_leader: false dest_uuid: "64ce7a563c734fdcaaef64d0415aa1cf" is_pre_election: true
I20260713 09:06:22.822693 17149 raft_consensus.cc:2468] T 6b27d049be2f44f88f69741777588fd7 P 64ce7a563c734fdcaaef64d0415aa1cf [term 0 FOLLOWER]: Leader pre-election vote request: Granting yes vote for candidate 4bad00e7b5ce41f191e9a4109b8ff1bc in term 0.
I20260713 09:06:22.824235 17193 raft_consensus.cc:2804] T 6b27d049be2f44f88f69741777588fd7 P 4bad00e7b5ce41f191e9a4109b8ff1bc [term 0 FOLLOWER]: Leader pre-election won for term 1
I20260713 09:06:22.824627 17193 raft_consensus.cc:493] T 6b27d049be2f44f88f69741777588fd7 P 4bad00e7b5ce41f191e9a4109b8ff1bc [term 0 FOLLOWER]: Starting leader election (no leader contacted us within the election timeout)
I20260713 09:06:22.824944 17193 raft_consensus.cc:3060] T 6b27d049be2f44f88f69741777588fd7 P 4bad00e7b5ce41f191e9a4109b8ff1bc [term 0 FOLLOWER]: Advancing to term 1
I20260713 09:06:22.825420 17198 raft_consensus.cc:515] T 019c0694f33e434facf55931dbcc0744 P 20d698f6c611413ea10095f8273b63d2 [term 1 FOLLOWER]: Starting leader election with config: opid_index: -1 OBSOLETE_local: false peers { permanent_uuid: "4bad00e7b5ce41f191e9a4109b8ff1bc" member_type: VOTER last_known_addr { host: "127.15.252.129" port: 38933 } } peers { permanent_uuid: "20d698f6c611413ea10095f8273b63d2" member_type: VOTER last_known_addr { host: "127.15.252.130" port: 36441 } } peers { permanent_uuid: "64ce7a563c734fdcaaef64d0415aa1cf" member_type: VOTER last_known_addr { host: "127.15.252.131" port: 35025 } }
I20260713 09:06:22.827621 17198 leader_election.cc:290] T 019c0694f33e434facf55931dbcc0744 P 20d698f6c611413ea10095f8273b63d2 [CANDIDATE]: Term 1 election: Requested vote from peers 4bad00e7b5ce41f191e9a4109b8ff1bc (127.15.252.129:38933), 64ce7a563c734fdcaaef64d0415aa1cf (127.15.252.131:35025)
I20260713 09:06:22.827945 17218 raft_consensus.cc:2804] T f810cacbe74d4612b7fa997260122e71 P 20d698f6c611413ea10095f8273b63d2 [term 0 FOLLOWER]: Leader pre-election won for term 1
I20260713 09:06:22.828329 17218 raft_consensus.cc:493] T f810cacbe74d4612b7fa997260122e71 P 20d698f6c611413ea10095f8273b63d2 [term 0 FOLLOWER]: Starting leader election (no leader contacted us within the election timeout)
I20260713 09:06:22.828701 17218 raft_consensus.cc:3060] T f810cacbe74d4612b7fa997260122e71 P 20d698f6c611413ea10095f8273b63d2 [term 0 FOLLOWER]: Advancing to term 1
W20260713 09:06:22.829557 17041 leader_election.cc:343] T f810cacbe74d4612b7fa997260122e71 P 20d698f6c611413ea10095f8273b63d2 [CANDIDATE]: Term 1 pre-election: Tablet error from VoteRequest() call to peer 64ce7a563c734fdcaaef64d0415aa1cf (127.15.252.131:35025): Illegal state: must be running to vote when last-logged opid is not known
I20260713 09:06:22.830996 17190 tablet_bootstrap.cc:492] T 5959d8a0d155499bbfea7790b9d511e0 P 64ce7a563c734fdcaaef64d0415aa1cf: No bootstrap required, opened a new log
I20260713 09:06:22.831501 17190 ts_tablet_manager.cc:1403] T 5959d8a0d155499bbfea7790b9d511e0 P 64ce7a563c734fdcaaef64d0415aa1cf: Time spent bootstrapping tablet: real 0.046s	user 0.022s	sys 0.022s
I20260713 09:06:22.833562 17000 tablet_service.cc:1917] Received RequestConsensusVote() RPC: tablet_id: "019c0694f33e434facf55931dbcc0744" candidate_uuid: "20d698f6c611413ea10095f8273b63d2" candidate_term: 1 candidate_status { last_received { term: 0 index: 0 } } ignore_live_leader: false dest_uuid: "4bad00e7b5ce41f191e9a4109b8ff1bc"
I20260713 09:06:22.833832 17193 raft_consensus.cc:515] T 6b27d049be2f44f88f69741777588fd7 P 4bad00e7b5ce41f191e9a4109b8ff1bc [term 1 FOLLOWER]: Starting leader election with config: opid_index: -1 OBSOLETE_local: false peers { permanent_uuid: "20d698f6c611413ea10095f8273b63d2" member_type: VOTER last_known_addr { host: "127.15.252.130" port: 36441 } } peers { permanent_uuid: "64ce7a563c734fdcaaef64d0415aa1cf" member_type: VOTER last_known_addr { host: "127.15.252.131" port: 35025 } } peers { permanent_uuid: "4bad00e7b5ce41f191e9a4109b8ff1bc" member_type: VOTER last_known_addr { host: "127.15.252.129" port: 38933 } }
I20260713 09:06:22.834379 17190 raft_consensus.cc:359] T 5959d8a0d155499bbfea7790b9d511e0 P 64ce7a563c734fdcaaef64d0415aa1cf [term 0 FOLLOWER]: Replica starting. Triggering 0 pending ops. Active config: opid_index: -1 OBSOLETE_local: false peers { permanent_uuid: "4bad00e7b5ce41f191e9a4109b8ff1bc" member_type: VOTER last_known_addr { host: "127.15.252.129" port: 38933 } } peers { permanent_uuid: "20d698f6c611413ea10095f8273b63d2" member_type: VOTER last_known_addr { host: "127.15.252.130" port: 36441 } } peers { permanent_uuid: "64ce7a563c734fdcaaef64d0415aa1cf" member_type: VOTER last_known_addr { host: "127.15.252.131" port: 35025 } }
I20260713 09:06:22.835152 17190 raft_consensus.cc:385] T 5959d8a0d155499bbfea7790b9d511e0 P 64ce7a563c734fdcaaef64d0415aa1cf [term 0 FOLLOWER]: Consensus starting up: Expiring failure detector timer to make a prompt election more likely
I20260713 09:06:22.835487 17190 raft_consensus.cc:740] T 5959d8a0d155499bbfea7790b9d511e0 P 64ce7a563c734fdcaaef64d0415aa1cf [term 0 FOLLOWER]: Becoming Follower/Learner. State: Replica: 64ce7a563c734fdcaaef64d0415aa1cf, State: Initialized, Role: FOLLOWER
I20260713 09:06:22.835894 17193 leader_election.cc:290] T 6b27d049be2f44f88f69741777588fd7 P 4bad00e7b5ce41f191e9a4109b8ff1bc [CANDIDATE]: Term 1 election: Requested vote from peers 20d698f6c611413ea10095f8273b63d2 (127.15.252.130:36441), 64ce7a563c734fdcaaef64d0415aa1cf (127.15.252.131:35025)
I20260713 09:06:22.836318 17190 consensus_queue.cc:260] T 5959d8a0d155499bbfea7790b9d511e0 P 64ce7a563c734fdcaaef64d0415aa1cf [NON_LEADER]: Queue going to NON_LEADER mode. State: All replicated index: 0, Majority replicated index: 0, Committed index: 0, Last appended: 0.0, Last appended by leader: 0, Current term: 0, Majority size: -1, State: 0, Mode: NON_LEADER, active raft config: opid_index: -1 OBSOLETE_local: false peers { permanent_uuid: "4bad00e7b5ce41f191e9a4109b8ff1bc" member_type: VOTER last_known_addr { host: "127.15.252.129" port: 38933 } } peers { permanent_uuid: "20d698f6c611413ea10095f8273b63d2" member_type: VOTER last_known_addr { host: "127.15.252.130" port: 36441 } } peers { permanent_uuid: "64ce7a563c734fdcaaef64d0415aa1cf" member_type: VOTER last_known_addr { host: "127.15.252.131" port: 35025 } }
I20260713 09:06:22.837026 17148 tablet_service.cc:1917] Received RequestConsensusVote() RPC: tablet_id: "6b27d049be2f44f88f69741777588fd7" candidate_uuid: "4bad00e7b5ce41f191e9a4109b8ff1bc" candidate_term: 1 candidate_status { last_received { term: 0 index: 0 } } ignore_live_leader: false dest_uuid: "64ce7a563c734fdcaaef64d0415aa1cf"
I20260713 09:06:22.837563 17148 raft_consensus.cc:3060] T 6b27d049be2f44f88f69741777588fd7 P 64ce7a563c734fdcaaef64d0415aa1cf [term 0 FOLLOWER]: Advancing to term 1
I20260713 09:06:22.837679 17075 tablet_service.cc:1917] Received RequestConsensusVote() RPC: tablet_id: "6b27d049be2f44f88f69741777588fd7" candidate_uuid: "4bad00e7b5ce41f191e9a4109b8ff1bc" candidate_term: 1 candidate_status { last_received { term: 0 index: 0 } } ignore_live_leader: false dest_uuid: "20d698f6c611413ea10095f8273b63d2"
I20260713 09:06:22.838297 17190 ts_tablet_manager.cc:1434] T 5959d8a0d155499bbfea7790b9d511e0 P 64ce7a563c734fdcaaef64d0415aa1cf: Time spent starting tablet: real 0.006s	user 0.005s	sys 0.000s
I20260713 09:06:22.839030 17190 tablet_bootstrap.cc:492] T c0e01cf4319647e391f225570af6a711 P 64ce7a563c734fdcaaef64d0415aa1cf: Bootstrap starting.
I20260713 09:06:22.834152 17000 raft_consensus.cc:3060] T 019c0694f33e434facf55931dbcc0744 P 4bad00e7b5ce41f191e9a4109b8ff1bc [term 0 FOLLOWER]: Advancing to term 1
I20260713 09:06:22.838210 17075 raft_consensus.cc:3060] T 6b27d049be2f44f88f69741777588fd7 P 20d698f6c611413ea10095f8273b63d2 [term 0 FOLLOWER]: Advancing to term 1
I20260713 09:06:22.844543 17190 tablet_bootstrap.cc:654] T c0e01cf4319647e391f225570af6a711 P 64ce7a563c734fdcaaef64d0415aa1cf: Neither blocks nor log segments found. Creating new log.
I20260713 09:06:22.844463 17148 raft_consensus.cc:2468] T 6b27d049be2f44f88f69741777588fd7 P 64ce7a563c734fdcaaef64d0415aa1cf [term 1 FOLLOWER]: Leader election vote request: Granting yes vote for candidate 4bad00e7b5ce41f191e9a4109b8ff1bc in term 1.
I20260713 09:06:22.845491 16966 leader_election.cc:304] T 6b27d049be2f44f88f69741777588fd7 P 4bad00e7b5ce41f191e9a4109b8ff1bc [CANDIDATE]: Term 1 election: Election decided. Result: candidate won. Election summary: received 2 responses out of 3 voters: 2 yes votes; 0 no votes. yes voters: 4bad00e7b5ce41f191e9a4109b8ff1bc, 64ce7a563c734fdcaaef64d0415aa1cf; no voters: 
I20260713 09:06:22.834719 17149 tablet_service.cc:1917] Received RequestConsensusVote() RPC: tablet_id: "019c0694f33e434facf55931dbcc0744" candidate_uuid: "20d698f6c611413ea10095f8273b63d2" candidate_term: 1 candidate_status { last_received { term: 0 index: 0 } } ignore_live_leader: false dest_uuid: "64ce7a563c734fdcaaef64d0415aa1cf"
I20260713 09:06:22.846195 17193 raft_consensus.cc:2804] T 6b27d049be2f44f88f69741777588fd7 P 4bad00e7b5ce41f191e9a4109b8ff1bc [term 1 FOLLOWER]: Leader election won for term 1
I20260713 09:06:22.846318 17149 raft_consensus.cc:3060] T 019c0694f33e434facf55931dbcc0744 P 64ce7a563c734fdcaaef64d0415aa1cf [term 0 FOLLOWER]: Advancing to term 1
I20260713 09:06:22.846755 17193 raft_consensus.cc:697] T 6b27d049be2f44f88f69741777588fd7 P 4bad00e7b5ce41f191e9a4109b8ff1bc [term 1 LEADER]: Becoming Leader. State: Replica: 4bad00e7b5ce41f191e9a4109b8ff1bc, State: Running, Role: LEADER
I20260713 09:06:22.847774 17189 tablet_bootstrap.cc:492] T ff587dde8b4e4214b4caec7c0a3c2706 P 4bad00e7b5ce41f191e9a4109b8ff1bc: No bootstrap required, opened a new log
I20260713 09:06:22.848178 17189 ts_tablet_manager.cc:1403] T ff587dde8b4e4214b4caec7c0a3c2706 P 4bad00e7b5ce41f191e9a4109b8ff1bc: Time spent bootstrapping tablet: real 0.050s	user 0.029s	sys 0.012s
I20260713 09:06:22.847599 17193 consensus_queue.cc:237] T 6b27d049be2f44f88f69741777588fd7 P 4bad00e7b5ce41f191e9a4109b8ff1bc [LEADER]: Queue going to LEADER mode. State: All replicated index: 0, Majority replicated index: 0, Committed index: 0, Last appended: 0.0, Last appended by leader: 0, Current term: 1, Majority size: 2, State: 0, Mode: LEADER, active raft config: opid_index: -1 OBSOLETE_local: false peers { permanent_uuid: "20d698f6c611413ea10095f8273b63d2" member_type: VOTER last_known_addr { host: "127.15.252.130" port: 36441 } } peers { permanent_uuid: "64ce7a563c734fdcaaef64d0415aa1cf" member_type: VOTER last_known_addr { host: "127.15.252.131" port: 35025 } } peers { permanent_uuid: "4bad00e7b5ce41f191e9a4109b8ff1bc" member_type: VOTER last_known_addr { host: "127.15.252.129" port: 38933 } }
I20260713 09:06:22.850536 17189 raft_consensus.cc:359] T ff587dde8b4e4214b4caec7c0a3c2706 P 4bad00e7b5ce41f191e9a4109b8ff1bc [term 0 FOLLOWER]: Replica starting. Triggering 0 pending ops. Active config: opid_index: -1 OBSOLETE_local: false peers { permanent_uuid: "4bad00e7b5ce41f191e9a4109b8ff1bc" member_type: VOTER last_known_addr { host: "127.15.252.129" port: 38933 } } peers { permanent_uuid: "20d698f6c611413ea10095f8273b63d2" member_type: VOTER last_known_addr { host: "127.15.252.130" port: 36441 } } peers { permanent_uuid: "64ce7a563c734fdcaaef64d0415aa1cf" member_type: VOTER last_known_addr { host: "127.15.252.131" port: 35025 } }
I20260713 09:06:22.851141 17189 raft_consensus.cc:385] T ff587dde8b4e4214b4caec7c0a3c2706 P 4bad00e7b5ce41f191e9a4109b8ff1bc [term 0 FOLLOWER]: Consensus starting up: Expiring failure detector timer to make a prompt election more likely
I20260713 09:06:22.851392 17189 raft_consensus.cc:740] T ff587dde8b4e4214b4caec7c0a3c2706 P 4bad00e7b5ce41f191e9a4109b8ff1bc [term 0 FOLLOWER]: Becoming Follower/Learner. State: Replica: 4bad00e7b5ce41f191e9a4109b8ff1bc, State: Initialized, Role: FOLLOWER
I20260713 09:06:22.852013 17000 raft_consensus.cc:2468] T 019c0694f33e434facf55931dbcc0744 P 4bad00e7b5ce41f191e9a4109b8ff1bc [term 1 FOLLOWER]: Leader election vote request: Granting yes vote for candidate 20d698f6c611413ea10095f8273b63d2 in term 1.
I20260713 09:06:22.852113 17189 consensus_queue.cc:260] T ff587dde8b4e4214b4caec7c0a3c2706 P 4bad00e7b5ce41f191e9a4109b8ff1bc [NON_LEADER]: Queue going to NON_LEADER mode. State: All replicated index: 0, Majority replicated index: 0, Committed index: 0, Last appended: 0.0, Last appended by leader: 0, Current term: 0, Majority size: -1, State: 0, Mode: NON_LEADER, active raft config: opid_index: -1 OBSOLETE_local: false peers { permanent_uuid: "4bad00e7b5ce41f191e9a4109b8ff1bc" member_type: VOTER last_known_addr { host: "127.15.252.129" port: 38933 } } peers { permanent_uuid: "20d698f6c611413ea10095f8273b63d2" member_type: VOTER last_known_addr { host: "127.15.252.130" port: 36441 } } peers { permanent_uuid: "64ce7a563c734fdcaaef64d0415aa1cf" member_type: VOTER last_known_addr { host: "127.15.252.131" port: 35025 } }
I20260713 09:06:22.854163 17189 ts_tablet_manager.cc:1434] T ff587dde8b4e4214b4caec7c0a3c2706 P 4bad00e7b5ce41f191e9a4109b8ff1bc: Time spent starting tablet: real 0.006s	user 0.005s	sys 0.000s
I20260713 09:06:22.857885 17218 raft_consensus.cc:515] T f810cacbe74d4612b7fa997260122e71 P 20d698f6c611413ea10095f8273b63d2 [term 1 FOLLOWER]: Starting leader election with config: opid_index: -1 OBSOLETE_local: false peers { permanent_uuid: "4bad00e7b5ce41f191e9a4109b8ff1bc" member_type: VOTER last_known_addr { host: "127.15.252.129" port: 38933 } } peers { permanent_uuid: "20d698f6c611413ea10095f8273b63d2" member_type: VOTER last_known_addr { host: "127.15.252.130" port: 36441 } } peers { permanent_uuid: "64ce7a563c734fdcaaef64d0415aa1cf" member_type: VOTER last_known_addr { host: "127.15.252.131" port: 35025 } }
I20260713 09:06:22.860286 16999 tablet_service.cc:1917] Received RequestConsensusVote() RPC: tablet_id: "f810cacbe74d4612b7fa997260122e71" candidate_uuid: "20d698f6c611413ea10095f8273b63d2" candidate_term: 1 candidate_status { last_received { term: 0 index: 0 } } ignore_live_leader: false dest_uuid: "4bad00e7b5ce41f191e9a4109b8ff1bc"
I20260713 09:06:22.860849 16999 raft_consensus.cc:3060] T f810cacbe74d4612b7fa997260122e71 P 4bad00e7b5ce41f191e9a4109b8ff1bc [term 0 FOLLOWER]: Advancing to term 1
I20260713 09:06:22.864972 17198 raft_consensus.cc:493] T c0e01cf4319647e391f225570af6a711 P 20d698f6c611413ea10095f8273b63d2 [term 0 FOLLOWER]: Starting pre-election (no leader contacted us within the election timeout)
I20260713 09:06:22.865447 17198 raft_consensus.cc:515] T c0e01cf4319647e391f225570af6a711 P 20d698f6c611413ea10095f8273b63d2 [term 0 FOLLOWER]: Starting pre-election with config: opid_index: -1 OBSOLETE_local: false peers { permanent_uuid: "4bad00e7b5ce41f191e9a4109b8ff1bc" member_type: VOTER last_known_addr { host: "127.15.252.129" port: 38933 } } peers { permanent_uuid: "20d698f6c611413ea10095f8273b63d2" member_type: VOTER last_known_addr { host: "127.15.252.130" port: 36441 } } peers { permanent_uuid: "64ce7a563c734fdcaaef64d0415aa1cf" member_type: VOTER last_known_addr { host: "127.15.252.131" port: 35025 } }
I20260713 09:06:22.866431 17196 raft_consensus.cc:493] T 5959d8a0d155499bbfea7790b9d511e0 P 64ce7a563c734fdcaaef64d0415aa1cf [term 0 FOLLOWER]: Starting pre-election (no leader contacted us within the election timeout)
I20260713 09:06:22.866838 17196 raft_consensus.cc:515] T 5959d8a0d155499bbfea7790b9d511e0 P 64ce7a563c734fdcaaef64d0415aa1cf [term 0 FOLLOWER]: Starting pre-election with config: opid_index: -1 OBSOLETE_local: false peers { permanent_uuid: "4bad00e7b5ce41f191e9a4109b8ff1bc" member_type: VOTER last_known_addr { host: "127.15.252.129" port: 38933 } } peers { permanent_uuid: "20d698f6c611413ea10095f8273b63d2" member_type: VOTER last_known_addr { host: "127.15.252.130" port: 36441 } } peers { permanent_uuid: "64ce7a563c734fdcaaef64d0415aa1cf" member_type: VOTER last_known_addr { host: "127.15.252.131" port: 35025 } }
I20260713 09:06:22.867398 17198 leader_election.cc:290] T c0e01cf4319647e391f225570af6a711 P 20d698f6c611413ea10095f8273b63d2 [CANDIDATE]: Term 1 pre-election: Requested pre-vote from peers 4bad00e7b5ce41f191e9a4109b8ff1bc (127.15.252.129:38933), 64ce7a563c734fdcaaef64d0415aa1cf (127.15.252.131:35025)
I20260713 09:06:22.868705 17148 tablet_service.cc:1917] Received RequestConsensusVote() RPC: tablet_id: "c0e01cf4319647e391f225570af6a711" candidate_uuid: "20d698f6c611413ea10095f8273b63d2" candidate_term: 1 candidate_status { last_received { term: 0 index: 0 } } ignore_live_leader: false dest_uuid: "64ce7a563c734fdcaaef64d0415aa1cf" is_pre_election: true
I20260713 09:06:22.869119 17196 leader_election.cc:290] T 5959d8a0d155499bbfea7790b9d511e0 P 64ce7a563c734fdcaaef64d0415aa1cf [CANDIDATE]: Term 1 pre-election: Requested pre-vote from peers 4bad00e7b5ce41f191e9a4109b8ff1bc (127.15.252.129:38933), 20d698f6c611413ea10095f8273b63d2 (127.15.252.130:36441)
I20260713 09:06:22.869120 17075 raft_consensus.cc:2468] T 6b27d049be2f44f88f69741777588fd7 P 20d698f6c611413ea10095f8273b63d2 [term 1 FOLLOWER]: Leader election vote request: Granting yes vote for candidate 4bad00e7b5ce41f191e9a4109b8ff1bc in term 1.
W20260713 09:06:22.871178 17041 leader_election.cc:343] T c0e01cf4319647e391f225570af6a711 P 20d698f6c611413ea10095f8273b63d2 [CANDIDATE]: Term 1 pre-election: Tablet error from VoteRequest() call to peer 64ce7a563c734fdcaaef64d0415aa1cf (127.15.252.131:35025): Illegal state: must be running to vote when last-logged opid is not known
I20260713 09:06:22.871140 17075 tablet_service.cc:1917] Received RequestConsensusVote() RPC: tablet_id: "5959d8a0d155499bbfea7790b9d511e0" candidate_uuid: "64ce7a563c734fdcaaef64d0415aa1cf" candidate_term: 1 candidate_status { last_received { term: 0 index: 0 } } ignore_live_leader: false dest_uuid: "20d698f6c611413ea10095f8273b63d2" is_pre_election: true
I20260713 09:06:22.872012 17075 raft_consensus.cc:2393] T 5959d8a0d155499bbfea7790b9d511e0 P 20d698f6c611413ea10095f8273b63d2 [term 1 FOLLOWER]: Leader pre-election vote request: Denying vote to candidate 64ce7a563c734fdcaaef64d0415aa1cf in current term 1: Already voted for candidate 4bad00e7b5ce41f191e9a4109b8ff1bc in this term.
I20260713 09:06:22.872752 16998 tablet_service.cc:1917] Received RequestConsensusVote() RPC: tablet_id: "5959d8a0d155499bbfea7790b9d511e0" candidate_uuid: "64ce7a563c734fdcaaef64d0415aa1cf" candidate_term: 1 candidate_status { last_received { term: 0 index: 0 } } ignore_live_leader: false dest_uuid: "4bad00e7b5ce41f191e9a4109b8ff1bc" is_pre_election: true
I20260713 09:06:22.873170 17000 tablet_service.cc:1917] Received RequestConsensusVote() RPC: tablet_id: "c0e01cf4319647e391f225570af6a711" candidate_uuid: "20d698f6c611413ea10095f8273b63d2" candidate_term: 1 candidate_status { last_received { term: 0 index: 0 } } ignore_live_leader: false dest_uuid: "4bad00e7b5ce41f191e9a4109b8ff1bc" is_pre_election: true
I20260713 09:06:22.873697 17000 raft_consensus.cc:2468] T c0e01cf4319647e391f225570af6a711 P 4bad00e7b5ce41f191e9a4109b8ff1bc [term 0 FOLLOWER]: Leader pre-election vote request: Granting yes vote for candidate 20d698f6c611413ea10095f8273b63d2 in term 0.
I20260713 09:06:22.873941 17190 tablet_bootstrap.cc:492] T c0e01cf4319647e391f225570af6a711 P 64ce7a563c734fdcaaef64d0415aa1cf: No bootstrap required, opened a new log
I20260713 09:06:22.874356 17190 ts_tablet_manager.cc:1403] T c0e01cf4319647e391f225570af6a711 P 64ce7a563c734fdcaaef64d0415aa1cf: Time spent bootstrapping tablet: real 0.035s	user 0.011s	sys 0.019s
I20260713 09:06:22.874264 17041 leader_election.cc:304] T 019c0694f33e434facf55931dbcc0744 P 20d698f6c611413ea10095f8273b63d2 [CANDIDATE]: Term 1 election: Election decided. Result: candidate won. Election summary: received 2 responses out of 3 voters: 2 yes votes; 0 no votes. yes voters: 20d698f6c611413ea10095f8273b63d2, 4bad00e7b5ce41f191e9a4109b8ff1bc; no voters: 
I20260713 09:06:22.874624 17115 leader_election.cc:304] T 5959d8a0d155499bbfea7790b9d511e0 P 64ce7a563c734fdcaaef64d0415aa1cf [CANDIDATE]: Term 1 pre-election: Election decided. Result: candidate lost. Election summary: received 3 responses out of 3 voters: 1 yes votes; 2 no votes. yes voters: 64ce7a563c734fdcaaef64d0415aa1cf; no voters: 20d698f6c611413ea10095f8273b63d2, 4bad00e7b5ce41f191e9a4109b8ff1bc
I20260713 09:06:22.875017 17198 raft_consensus.cc:2804] T 019c0694f33e434facf55931dbcc0744 P 20d698f6c611413ea10095f8273b63d2 [term 1 FOLLOWER]: Leader election won for term 1
I20260713 09:06:22.875519 16999 raft_consensus.cc:2468] T f810cacbe74d4612b7fa997260122e71 P 4bad00e7b5ce41f191e9a4109b8ff1bc [term 1 FOLLOWER]: Leader election vote request: Granting yes vote for candidate 20d698f6c611413ea10095f8273b63d2 in term 1.
I20260713 09:06:22.876012 17041 leader_election.cc:304] T c0e01cf4319647e391f225570af6a711 P 20d698f6c611413ea10095f8273b63d2 [CANDIDATE]: Term 1 pre-election: Election decided. Result: candidate won. Election summary: received 3 responses out of 3 voters: 2 yes votes; 1 no votes. yes voters: 20d698f6c611413ea10095f8273b63d2, 4bad00e7b5ce41f191e9a4109b8ff1bc; no voters: 64ce7a563c734fdcaaef64d0415aa1cf
I20260713 09:06:22.876586 17218 leader_election.cc:290] T f810cacbe74d4612b7fa997260122e71 P 20d698f6c611413ea10095f8273b63d2 [CANDIDATE]: Term 1 election: Requested vote from peers 4bad00e7b5ce41f191e9a4109b8ff1bc (127.15.252.129:38933), 64ce7a563c734fdcaaef64d0415aa1cf (127.15.252.131:35025)
I20260713 09:06:22.877239 17218 raft_consensus.cc:2804] T c0e01cf4319647e391f225570af6a711 P 20d698f6c611413ea10095f8273b63d2 [term 0 FOLLOWER]: Leader pre-election won for term 1
I20260713 09:06:22.877542 17218 raft_consensus.cc:493] T c0e01cf4319647e391f225570af6a711 P 20d698f6c611413ea10095f8273b63d2 [term 0 FOLLOWER]: Starting leader election (no leader contacted us within the election timeout)
I20260713 09:06:22.877853 17218 raft_consensus.cc:3060] T c0e01cf4319647e391f225570af6a711 P 20d698f6c611413ea10095f8273b63d2 [term 0 FOLLOWER]: Advancing to term 1
I20260713 09:06:22.877900 17196 raft_consensus.cc:3060] T 5959d8a0d155499bbfea7790b9d511e0 P 64ce7a563c734fdcaaef64d0415aa1cf [term 0 FOLLOWER]: Advancing to term 1
I20260713 09:06:22.877820 16895 catalog_manager.cc:5697] T 6b27d049be2f44f88f69741777588fd7 P 4bad00e7b5ce41f191e9a4109b8ff1bc reported cstate change: term changed from 0 to 1, leader changed from <none> to 4bad00e7b5ce41f191e9a4109b8ff1bc (127.15.252.129). New cstate: current_term: 1 leader_uuid: "4bad00e7b5ce41f191e9a4109b8ff1bc" committed_config { opid_index: -1 OBSOLETE_local: false peers { permanent_uuid: "20d698f6c611413ea10095f8273b63d2" member_type: VOTER last_known_addr { host: "127.15.252.130" port: 36441 } health_report { overall_health: UNKNOWN } } peers { permanent_uuid: "64ce7a563c734fdcaaef64d0415aa1cf" member_type: VOTER last_known_addr { host: "127.15.252.131" port: 35025 } health_report { overall_health: UNKNOWN } } peers { permanent_uuid: "4bad00e7b5ce41f191e9a4109b8ff1bc" member_type: VOTER last_known_addr { host: "127.15.252.129" port: 38933 } health_report { overall_health: HEALTHY } } }
I20260713 09:06:22.883914 17190 raft_consensus.cc:359] T c0e01cf4319647e391f225570af6a711 P 64ce7a563c734fdcaaef64d0415aa1cf [term 0 FOLLOWER]: Replica starting. Triggering 0 pending ops. Active config: opid_index: -1 OBSOLETE_local: false peers { permanent_uuid: "4bad00e7b5ce41f191e9a4109b8ff1bc" member_type: VOTER last_known_addr { host: "127.15.252.129" port: 38933 } } peers { permanent_uuid: "20d698f6c611413ea10095f8273b63d2" member_type: VOTER last_known_addr { host: "127.15.252.130" port: 36441 } } peers { permanent_uuid: "64ce7a563c734fdcaaef64d0415aa1cf" member_type: VOTER last_known_addr { host: "127.15.252.131" port: 35025 } }
I20260713 09:06:22.884128 17196 raft_consensus.cc:2749] T 5959d8a0d155499bbfea7790b9d511e0 P 64ce7a563c734fdcaaef64d0415aa1cf [term 1 FOLLOWER]: Leader pre-election lost for term 1. Reason: could not achieve majority
I20260713 09:06:22.868700 17149 raft_consensus.cc:2468] T 019c0694f33e434facf55931dbcc0744 P 64ce7a563c734fdcaaef64d0415aa1cf [term 1 FOLLOWER]: Leader election vote request: Granting yes vote for candidate 20d698f6c611413ea10095f8273b63d2 in term 1.
I20260713 09:06:22.884099 17218 raft_consensus.cc:515] T c0e01cf4319647e391f225570af6a711 P 20d698f6c611413ea10095f8273b63d2 [term 1 FOLLOWER]: Starting leader election with config: opid_index: -1 OBSOLETE_local: false peers { permanent_uuid: "4bad00e7b5ce41f191e9a4109b8ff1bc" member_type: VOTER last_known_addr { host: "127.15.252.129" port: 38933 } } peers { permanent_uuid: "20d698f6c611413ea10095f8273b63d2" member_type: VOTER last_known_addr { host: "127.15.252.130" port: 36441 } } peers { permanent_uuid: "64ce7a563c734fdcaaef64d0415aa1cf" member_type: VOTER last_known_addr { host: "127.15.252.131" port: 35025 } }
I20260713 09:06:22.886406 17218 leader_election.cc:290] T c0e01cf4319647e391f225570af6a711 P 20d698f6c611413ea10095f8273b63d2 [CANDIDATE]: Term 1 election: Requested vote from peers 4bad00e7b5ce41f191e9a4109b8ff1bc (127.15.252.129:38933), 64ce7a563c734fdcaaef64d0415aa1cf (127.15.252.131:35025)
I20260713 09:06:22.884521 17190 raft_consensus.cc:385] T c0e01cf4319647e391f225570af6a711 P 64ce7a563c734fdcaaef64d0415aa1cf [term 0 FOLLOWER]: Consensus starting up: Expiring failure detector timer to make a prompt election more likely
I20260713 09:06:22.887091 17190 raft_consensus.cc:740] T c0e01cf4319647e391f225570af6a711 P 64ce7a563c734fdcaaef64d0415aa1cf [term 0 FOLLOWER]: Becoming Follower/Learner. State: Replica: 64ce7a563c734fdcaaef64d0415aa1cf, State: Initialized, Role: FOLLOWER
I20260713 09:06:22.887754 17190 consensus_queue.cc:260] T c0e01cf4319647e391f225570af6a711 P 64ce7a563c734fdcaaef64d0415aa1cf [NON_LEADER]: Queue going to NON_LEADER mode. State: All replicated index: 0, Majority replicated index: 0, Committed index: 0, Last appended: 0.0, Last appended by leader: 0, Current term: 0, Majority size: -1, State: 0, Mode: NON_LEADER, active raft config: opid_index: -1 OBSOLETE_local: false peers { permanent_uuid: "4bad00e7b5ce41f191e9a4109b8ff1bc" member_type: VOTER last_known_addr { host: "127.15.252.129" port: 38933 } } peers { permanent_uuid: "20d698f6c611413ea10095f8273b63d2" member_type: VOTER last_known_addr { host: "127.15.252.130" port: 36441 } } peers { permanent_uuid: "64ce7a563c734fdcaaef64d0415aa1cf" member_type: VOTER last_known_addr { host: "127.15.252.131" port: 35025 } }
I20260713 09:06:22.890188 16999 tablet_service.cc:1917] Received RequestConsensusVote() RPC: tablet_id: "c0e01cf4319647e391f225570af6a711" candidate_uuid: "20d698f6c611413ea10095f8273b63d2" candidate_term: 1 candidate_status { last_received { term: 0 index: 0 } } ignore_live_leader: false dest_uuid: "4bad00e7b5ce41f191e9a4109b8ff1bc"
I20260713 09:06:22.890170 17149 tablet_service.cc:1917] Received RequestConsensusVote() RPC: tablet_id: "f810cacbe74d4612b7fa997260122e71" candidate_uuid: "20d698f6c611413ea10095f8273b63d2" candidate_term: 1 candidate_status { last_received { term: 0 index: 0 } } ignore_live_leader: false dest_uuid: "64ce7a563c734fdcaaef64d0415aa1cf"
I20260713 09:06:22.890796 16999 raft_consensus.cc:3060] T c0e01cf4319647e391f225570af6a711 P 4bad00e7b5ce41f191e9a4109b8ff1bc [term 0 FOLLOWER]: Advancing to term 1
I20260713 09:06:22.891402 17190 ts_tablet_manager.cc:1434] T c0e01cf4319647e391f225570af6a711 P 64ce7a563c734fdcaaef64d0415aa1cf: Time spent starting tablet: real 0.017s	user 0.000s	sys 0.006s
I20260713 09:06:22.892174 17190 tablet_bootstrap.cc:492] T f31f0b25fbb64b91bf0e50c15019e1d0 P 64ce7a563c734fdcaaef64d0415aa1cf: Bootstrap starting.
I20260713 09:06:22.892227 17149 tablet_service.cc:1917] Received RequestConsensusVote() RPC: tablet_id: "c0e01cf4319647e391f225570af6a711" candidate_uuid: "20d698f6c611413ea10095f8273b63d2" candidate_term: 1 candidate_status { last_received { term: 0 index: 0 } } ignore_live_leader: false dest_uuid: "64ce7a563c734fdcaaef64d0415aa1cf"
I20260713 09:06:22.892843 17149 raft_consensus.cc:3060] T c0e01cf4319647e391f225570af6a711 P 64ce7a563c734fdcaaef64d0415aa1cf [term 0 FOLLOWER]: Advancing to term 1
I20260713 09:06:22.896217 17198 raft_consensus.cc:697] T 019c0694f33e434facf55931dbcc0744 P 20d698f6c611413ea10095f8273b63d2 [term 1 LEADER]: Becoming Leader. State: Replica: 20d698f6c611413ea10095f8273b63d2, State: Running, Role: LEADER
I20260713 09:06:22.897409 16999 raft_consensus.cc:2468] T c0e01cf4319647e391f225570af6a711 P 4bad00e7b5ce41f191e9a4109b8ff1bc [term 1 FOLLOWER]: Leader election vote request: Granting yes vote for candidate 20d698f6c611413ea10095f8273b63d2 in term 1.
I20260713 09:06:22.897045 17198 consensus_queue.cc:237] T 019c0694f33e434facf55931dbcc0744 P 20d698f6c611413ea10095f8273b63d2 [LEADER]: Queue going to LEADER mode. State: All replicated index: 0, Majority replicated index: 0, Committed index: 0, Last appended: 0.0, Last appended by leader: 0, Current term: 1, Majority size: 2, State: 0, Mode: LEADER, active raft config: opid_index: -1 OBSOLETE_local: false peers { permanent_uuid: "4bad00e7b5ce41f191e9a4109b8ff1bc" member_type: VOTER last_known_addr { host: "127.15.252.129" port: 38933 } } peers { permanent_uuid: "20d698f6c611413ea10095f8273b63d2" member_type: VOTER last_known_addr { host: "127.15.252.130" port: 36441 } } peers { permanent_uuid: "64ce7a563c734fdcaaef64d0415aa1cf" member_type: VOTER last_known_addr { host: "127.15.252.131" port: 35025 } }
I20260713 09:06:22.897976 17190 tablet_bootstrap.cc:654] T f31f0b25fbb64b91bf0e50c15019e1d0 P 64ce7a563c734fdcaaef64d0415aa1cf: Neither blocks nor log segments found. Creating new log.
W20260713 09:06:22.898994 17041 leader_election.cc:343] T f810cacbe74d4612b7fa997260122e71 P 20d698f6c611413ea10095f8273b63d2 [CANDIDATE]: Term 1 election: Tablet error from VoteRequest() call to peer 64ce7a563c734fdcaaef64d0415aa1cf (127.15.252.131:35025): Illegal state: must be running to vote when last-logged opid is not known
I20260713 09:06:22.899636 17041 leader_election.cc:304] T f810cacbe74d4612b7fa997260122e71 P 20d698f6c611413ea10095f8273b63d2 [CANDIDATE]: Term 1 election: Election decided. Result: candidate won. Election summary: received 3 responses out of 3 voters: 2 yes votes; 1 no votes. yes voters: 20d698f6c611413ea10095f8273b63d2, 4bad00e7b5ce41f191e9a4109b8ff1bc; no voters: 64ce7a563c734fdcaaef64d0415aa1cf
I20260713 09:06:22.900440 17236 raft_consensus.cc:2804] T f810cacbe74d4612b7fa997260122e71 P 20d698f6c611413ea10095f8273b63d2 [term 1 FOLLOWER]: Leader election won for term 1
I20260713 09:06:22.900907 17236 raft_consensus.cc:697] T f810cacbe74d4612b7fa997260122e71 P 20d698f6c611413ea10095f8273b63d2 [term 1 LEADER]: Becoming Leader. State: Replica: 20d698f6c611413ea10095f8273b63d2, State: Running, Role: LEADER
I20260713 09:06:22.901671 17236 consensus_queue.cc:237] T f810cacbe74d4612b7fa997260122e71 P 20d698f6c611413ea10095f8273b63d2 [LEADER]: Queue going to LEADER mode. State: All replicated index: 0, Majority replicated index: 0, Committed index: 0, Last appended: 0.0, Last appended by leader: 0, Current term: 1, Majority size: 2, State: 0, Mode: LEADER, active raft config: opid_index: -1 OBSOLETE_local: false peers { permanent_uuid: "4bad00e7b5ce41f191e9a4109b8ff1bc" member_type: VOTER last_known_addr { host: "127.15.252.129" port: 38933 } } peers { permanent_uuid: "20d698f6c611413ea10095f8273b63d2" member_type: VOTER last_known_addr { host: "127.15.252.130" port: 36441 } } peers { permanent_uuid: "64ce7a563c734fdcaaef64d0415aa1cf" member_type: VOTER last_known_addr { host: "127.15.252.131" port: 35025 } }
I20260713 09:06:22.905010 17041 leader_election.cc:304] T c0e01cf4319647e391f225570af6a711 P 20d698f6c611413ea10095f8273b63d2 [CANDIDATE]: Term 1 election: Election decided. Result: candidate won. Election summary: received 2 responses out of 3 voters: 2 yes votes; 0 no votes. yes voters: 20d698f6c611413ea10095f8273b63d2, 4bad00e7b5ce41f191e9a4109b8ff1bc; no voters: 
I20260713 09:06:22.906123 17149 raft_consensus.cc:2468] T c0e01cf4319647e391f225570af6a711 P 64ce7a563c734fdcaaef64d0415aa1cf [term 1 FOLLOWER]: Leader election vote request: Granting yes vote for candidate 20d698f6c611413ea10095f8273b63d2 in term 1.
