I20260713 09:06:44.153900 18421 raft_consensus.cc:2955] T 3c2e35dc98304b56bc228f928ee41dfc P 8bcf55dda8784cdfb5349a4ca7b34b24 [term 1 LEADER]: Committing config change with OpId 1.4: config changed from index 3 to 4, VOTER 6d9a1e892eb84e2a9f46122b16638f42 (127.16.68.67) evicted. New config: { opid_index: 4 OBSOLETE_local: false peers { permanent_uuid: "b2872b7159a04ddfab2887dd77c6c704" member_type: VOTER last_known_addr { host: "127.16.68.65" port: 33503 } } peers { permanent_uuid: "8bcf55dda8784cdfb5349a4ca7b34b24" member_type: VOTER last_known_addr { host: "127.16.68.66" port: 45949 } } peers { permanent_uuid: "e663ee0319ff4fd39887a19f55d5cac4" member_type: VOTER last_known_addr { host: "127.16.68.68" port: 43813 } attrs { promote: false } } }
I20260713 09:06:44.154129 18378 raft_consensus.cc:2955] T ad69812267e8432e970a8bdcda5a08d8 P 6d9a1e892eb84e2a9f46122b16638f42 [term 1 LEADER]: Committing config change with OpId 1.4: config changed from index 3 to 4, VOTER 8bcf55dda8784cdfb5349a4ca7b34b24 (127.16.68.66) evicted. New config: { opid_index: 4 OBSOLETE_local: false peers { permanent_uuid: "b2872b7159a04ddfab2887dd77c6c704" member_type: VOTER last_known_addr { host: "127.16.68.65" port: 33503 } } peers { permanent_uuid: "6d9a1e892eb84e2a9f46122b16638f42" member_type: VOTER last_known_addr { host: "127.16.68.67" port: 42089 } } peers { permanent_uuid: "e663ee0319ff4fd39887a19f55d5cac4" member_type: VOTER last_known_addr { host: "127.16.68.68" port: 43813 } attrs { promote: false } } }
I20260713 09:06:44.158667 17786 raft_consensus.cc:2955] T 3c2e35dc98304b56bc228f928ee41dfc P b2872b7159a04ddfab2887dd77c6c704 [term 1 FOLLOWER]: Committing config change with OpId 1.4: config changed from index 3 to 4, VOTER 6d9a1e892eb84e2a9f46122b16638f42 (127.16.68.67) evicted. New config: { opid_index: 4 OBSOLETE_local: false peers { permanent_uuid: "b2872b7159a04ddfab2887dd77c6c704" member_type: VOTER last_known_addr { host: "127.16.68.65" port: 33503 } } peers { permanent_uuid: "8bcf55dda8784cdfb5349a4ca7b34b24" member_type: VOTER last_known_addr { host: "127.16.68.66" port: 45949 } } peers { permanent_uuid: "e663ee0319ff4fd39887a19f55d5cac4" member_type: VOTER last_known_addr { host: "127.16.68.68" port: 43813 } attrs { promote: false } } }
I20260713 09:06:44.179548 17668 catalog_manager.cc:5210] ChangeConfig:REMOVE_PEER RPC for tablet 3c2e35dc98304b56bc228f928ee41dfc with cas_config_opid_index 3: ChangeConfig:REMOVE_PEER succeeded (attempt 1)
I20260713 09:06:44.185545 17785 raft_consensus.cc:2955] T ad69812267e8432e970a8bdcda5a08d8 P b2872b7159a04ddfab2887dd77c6c704 [term 1 FOLLOWER]: Committing config change with OpId 1.4: config changed from index 3 to 4, VOTER 8bcf55dda8784cdfb5349a4ca7b34b24 (127.16.68.66) evicted. New config: { opid_index: 4 OBSOLETE_local: false peers { permanent_uuid: "b2872b7159a04ddfab2887dd77c6c704" member_type: VOTER last_known_addr { host: "127.16.68.65" port: 33503 } } peers { permanent_uuid: "6d9a1e892eb84e2a9f46122b16638f42" member_type: VOTER last_known_addr { host: "127.16.68.67" port: 42089 } } peers { permanent_uuid: "e663ee0319ff4fd39887a19f55d5cac4" member_type: VOTER last_known_addr { host: "127.16.68.68" port: 43813 } attrs { promote: false } } }
W20260713 09:06:44.210043 18433 log.cc:927] Time spent T 659e5fcdf1744844afd7df25f9e2f08d P 6d9a1e892eb84e2a9f46122b16638f42: Append to log took a long time: real 0.069s	user 0.001s	sys 0.000s
I20260713 09:06:44.208148 17668 catalog_manager.cc:5210] ChangeConfig:REMOVE_PEER RPC for tablet ad69812267e8432e970a8bdcda5a08d8 with cas_config_opid_index 3: ChangeConfig:REMOVE_PEER succeeded (attempt 1)
I20260713 09:06:44.204051 17680 catalog_manager.cc:5697] T 3c2e35dc98304b56bc228f928ee41dfc P 8bcf55dda8784cdfb5349a4ca7b34b24 reported cstate change: config changed from index 3 to 4, VOTER 6d9a1e892eb84e2a9f46122b16638f42 (127.16.68.67) evicted. New cstate: current_term: 1 leader_uuid: "8bcf55dda8784cdfb5349a4ca7b34b24" committed_config { opid_index: 4 OBSOLETE_local: false peers { permanent_uuid: "b2872b7159a04ddfab2887dd77c6c704" member_type: VOTER last_known_addr { host: "127.16.68.65" port: 33503 } health_report { overall_health: HEALTHY } } peers { permanent_uuid: "8bcf55dda8784cdfb5349a4ca7b34b24" member_type: VOTER last_known_addr { host: "127.16.68.66" port: 45949 } health_report { overall_health: HEALTHY } } peers { permanent_uuid: "e663ee0319ff4fd39887a19f55d5cac4" member_type: VOTER last_known_addr { host: "127.16.68.68" port: 43813 } attrs { promote: false } health_report { overall_health: UNKNOWN } } }
I20260713 09:06:44.213053 18411 raft_consensus.cc:2955] T 659e5fcdf1744844afd7df25f9e2f08d P 6d9a1e892eb84e2a9f46122b16638f42 [term 1 LEADER]: Committing config change with OpId 1.3: config changed from index 2 to 3, e663ee0319ff4fd39887a19f55d5cac4 (127.16.68.68) changed from NON_VOTER to VOTER. New config: { opid_index: 3 OBSOLETE_local: false peers { permanent_uuid: "b2872b7159a04ddfab2887dd77c6c704" member_type: VOTER last_known_addr { host: "127.16.68.65" port: 33503 } attrs { replace: true } } peers { permanent_uuid: "8bcf55dda8784cdfb5349a4ca7b34b24" member_type: VOTER last_known_addr { host: "127.16.68.66" port: 45949 } } peers { permanent_uuid: "6d9a1e892eb84e2a9f46122b16638f42" member_type: VOTER last_known_addr { host: "127.16.68.67" port: 42089 } } peers { permanent_uuid: "e663ee0319ff4fd39887a19f55d5cac4" member_type: VOTER last_known_addr { host: "127.16.68.68" port: 43813 } attrs { promote: false } } }
I20260713 09:06:44.218237 17681 catalog_manager.cc:5697] T ad69812267e8432e970a8bdcda5a08d8 P 6d9a1e892eb84e2a9f46122b16638f42 reported cstate change: config changed from index 3 to 4, VOTER 8bcf55dda8784cdfb5349a4ca7b34b24 (127.16.68.66) evicted. New cstate: current_term: 1 leader_uuid: "6d9a1e892eb84e2a9f46122b16638f42" committed_config { opid_index: 4 OBSOLETE_local: false peers { permanent_uuid: "b2872b7159a04ddfab2887dd77c6c704" member_type: VOTER last_known_addr { host: "127.16.68.65" port: 33503 } health_report { overall_health: HEALTHY } } peers { permanent_uuid: "6d9a1e892eb84e2a9f46122b16638f42" member_type: VOTER last_known_addr { host: "127.16.68.67" port: 42089 } health_report { overall_health: HEALTHY } } peers { permanent_uuid: "e663ee0319ff4fd39887a19f55d5cac4" member_type: VOTER last_known_addr { host: "127.16.68.68" port: 43813 } attrs { promote: false } health_report { overall_health: UNKNOWN } } }
I20260713 09:06:44.218998 18436 tablet_replica.cc:333] T c3f6f130c29f4bcc9b8ce33d5359852e P 8bcf55dda8784cdfb5349a4ca7b34b24: stopping tablet replica
I20260713 09:06:44.220047 18436 raft_consensus.cc:2243] T c3f6f130c29f4bcc9b8ce33d5359852e P 8bcf55dda8784cdfb5349a4ca7b34b24 [term 1 FOLLOWER]: Raft consensus shutting down.
I20260713 09:06:44.220849 18436 raft_consensus.cc:2272] T c3f6f130c29f4bcc9b8ce33d5359852e P 8bcf55dda8784cdfb5349a4ca7b34b24 [term 1 FOLLOWER]: Raft consensus is shut down!
I20260713 09:06:44.225486 18436 ts_tablet_manager.cc:1916] T c3f6f130c29f4bcc9b8ce33d5359852e P 8bcf55dda8784cdfb5349a4ca7b34b24: Deleting tablet data with delete state TABLET_DATA_TOMBSTONED
I20260713 09:06:44.243652 18202 raft_consensus.cc:2955] T 3c2e35dc98304b56bc228f928ee41dfc P e663ee0319ff4fd39887a19f55d5cac4 [term 1 FOLLOWER]: Committing config change with OpId 1.4: config changed from index 3 to 4, VOTER 6d9a1e892eb84e2a9f46122b16638f42 (127.16.68.67) evicted. New config: { opid_index: 4 OBSOLETE_local: false peers { permanent_uuid: "b2872b7159a04ddfab2887dd77c6c704" member_type: VOTER last_known_addr { host: "127.16.68.65" port: 33503 } } peers { permanent_uuid: "8bcf55dda8784cdfb5349a4ca7b34b24" member_type: VOTER last_known_addr { host: "127.16.68.66" port: 45949 } } peers { permanent_uuid: "e663ee0319ff4fd39887a19f55d5cac4" member_type: VOTER last_known_addr { host: "127.16.68.68" port: 43813 } attrs { promote: false } } }
I20260713 09:06:44.248021 17849 tablet_service.cc:1558] Processing DeleteTablet for tablet ad69812267e8432e970a8bdcda5a08d8 with delete_type TABLET_DATA_TOMBSTONED (TS 8bcf55dda8784cdfb5349a4ca7b34b24 not found in new config with opid_index 4) from {username='slave'} at 127.0.0.1:36188
W20260713 09:06:44.272684 17898 outbound_call.cc:321] RPC callback for RPC call kudu.consensus.ConsensusService.UpdateConsensus -> {remote=127.16.68.65:33503, user_credentials={real_user=slave}} blocked reactor thread for 64634.6us
I20260713 09:06:44.276926 17668 catalog_manager.cc:5210] ChangeConfig:REMOVE_PEER RPC for tablet c3f6f130c29f4bcc9b8ce33d5359852e with cas_config_opid_index 3: ChangeConfig:REMOVE_PEER succeeded (attempt 1)
I20260713 09:06:44.277354 18206 raft_consensus.cc:2955] T ad69812267e8432e970a8bdcda5a08d8 P e663ee0319ff4fd39887a19f55d5cac4 [term 1 FOLLOWER]: Committing config change with OpId 1.4: config changed from index 3 to 4, VOTER 8bcf55dda8784cdfb5349a4ca7b34b24 (127.16.68.66) evicted. New config: { opid_index: 4 OBSOLETE_local: false peers { permanent_uuid: "b2872b7159a04ddfab2887dd77c6c704" member_type: VOTER last_known_addr { host: "127.16.68.65" port: 33503 } } peers { permanent_uuid: "6d9a1e892eb84e2a9f46122b16638f42" member_type: VOTER last_known_addr { host: "127.16.68.67" port: 42089 } } peers { permanent_uuid: "e663ee0319ff4fd39887a19f55d5cac4" member_type: VOTER last_known_addr { host: "127.16.68.68" port: 43813 } attrs { promote: false } } }
I20260713 09:06:44.281577 17924 tablet_service.cc:1558] Processing DeleteTablet for tablet 3c2e35dc98304b56bc228f928ee41dfc with delete_type TABLET_DATA_TOMBSTONED (TS 6d9a1e892eb84e2a9f46122b16638f42 not found in new config with opid_index 4) from {username='slave'} at 127.0.0.1:35852
I20260713 09:06:44.298420 18441 tablet_replica.cc:333] T 3c2e35dc98304b56bc228f928ee41dfc P 6d9a1e892eb84e2a9f46122b16638f42: stopping tablet replica
I20260713 09:06:44.291200 18436 ts_tablet_manager.cc:1929] T c3f6f130c29f4bcc9b8ce33d5359852e P 8bcf55dda8784cdfb5349a4ca7b34b24: tablet deleted with delete type TABLET_DATA_TOMBSTONED: last-logged OpId 1.3
I20260713 09:06:44.299609 18436 log.cc:1199] T c3f6f130c29f4bcc9b8ce33d5359852e P 8bcf55dda8784cdfb5349a4ca7b34b24: Deleting WAL directory at /tmp/dist-test-taskLDaphK/test-tmp/auto_leader_rebalancer-test.0.LeaderRebalancerTest.AddTserver.1783933566149768-16657-0/minicluster-data/ts-1-root/wals/c3f6f130c29f4bcc9b8ce33d5359852e
I20260713 09:06:44.301915 17668 catalog_manager.cc:5028] TS 8bcf55dda8784cdfb5349a4ca7b34b24 (127.16.68.66:45949): tablet c3f6f130c29f4bcc9b8ce33d5359852e (table test-workload [id=f418c2166e0d4c089b7bbc2d97d54dd5]) successfully deleted
I20260713 09:06:44.301903 18436 tablet_replica.cc:333] T ad69812267e8432e970a8bdcda5a08d8 P 8bcf55dda8784cdfb5349a4ca7b34b24: stopping tablet replica
I20260713 09:06:44.303505 18436 raft_consensus.cc:2243] T ad69812267e8432e970a8bdcda5a08d8 P 8bcf55dda8784cdfb5349a4ca7b34b24 [term 1 FOLLOWER]: Raft consensus shutting down.
I20260713 09:06:44.305029 17861 raft_consensus.cc:2955] T 659e5fcdf1744844afd7df25f9e2f08d P 8bcf55dda8784cdfb5349a4ca7b34b24 [term 1 FOLLOWER]: Committing config change with OpId 1.3: config changed from index 2 to 3, e663ee0319ff4fd39887a19f55d5cac4 (127.16.68.68) changed from NON_VOTER to VOTER. New config: { opid_index: 3 OBSOLETE_local: false peers { permanent_uuid: "b2872b7159a04ddfab2887dd77c6c704" member_type: VOTER last_known_addr { host: "127.16.68.65" port: 33503 } attrs { replace: true } } peers { permanent_uuid: "8bcf55dda8784cdfb5349a4ca7b34b24" member_type: VOTER last_known_addr { host: "127.16.68.66" port: 45949 } } peers { permanent_uuid: "6d9a1e892eb84e2a9f46122b16638f42" member_type: VOTER last_known_addr { host: "127.16.68.67" port: 42089 } } peers { permanent_uuid: "e663ee0319ff4fd39887a19f55d5cac4" member_type: VOTER last_known_addr { host: "127.16.68.68" port: 43813 } attrs { promote: false } } }
I20260713 09:06:44.307363 17786 raft_consensus.cc:2955] T 659e5fcdf1744844afd7df25f9e2f08d P b2872b7159a04ddfab2887dd77c6c704 [term 1 FOLLOWER]: Committing config change with OpId 1.3: config changed from index 2 to 3, e663ee0319ff4fd39887a19f55d5cac4 (127.16.68.68) changed from NON_VOTER to VOTER. New config: { opid_index: 3 OBSOLETE_local: false peers { permanent_uuid: "b2872b7159a04ddfab2887dd77c6c704" member_type: VOTER last_known_addr { host: "127.16.68.65" port: 33503 } attrs { replace: true } } peers { permanent_uuid: "8bcf55dda8784cdfb5349a4ca7b34b24" member_type: VOTER last_known_addr { host: "127.16.68.66" port: 45949 } } peers { permanent_uuid: "6d9a1e892eb84e2a9f46122b16638f42" member_type: VOTER last_known_addr { host: "127.16.68.67" port: 42089 } } peers { permanent_uuid: "e663ee0319ff4fd39887a19f55d5cac4" member_type: VOTER last_known_addr { host: "127.16.68.68" port: 43813 } attrs { promote: false } } }
I20260713 09:06:44.304275 18436 raft_consensus.cc:2272] T ad69812267e8432e970a8bdcda5a08d8 P 8bcf55dda8784cdfb5349a4ca7b34b24 [term 1 FOLLOWER]: Raft consensus is shut down!
I20260713 09:06:44.319130 18436 ts_tablet_manager.cc:1916] T ad69812267e8432e970a8bdcda5a08d8 P 8bcf55dda8784cdfb5349a4ca7b34b24: Deleting tablet data with delete state TABLET_DATA_TOMBSTONED
I20260713 09:06:44.331306 17680 catalog_manager.cc:5697] T 659e5fcdf1744844afd7df25f9e2f08d P 8bcf55dda8784cdfb5349a4ca7b34b24 reported cstate change: config changed from index 2 to 3, e663ee0319ff4fd39887a19f55d5cac4 (127.16.68.68) changed from NON_VOTER to VOTER. New cstate: current_term: 1 leader_uuid: "6d9a1e892eb84e2a9f46122b16638f42" committed_config { opid_index: 3 OBSOLETE_local: false peers { permanent_uuid: "b2872b7159a04ddfab2887dd77c6c704" member_type: VOTER last_known_addr { host: "127.16.68.65" port: 33503 } attrs { replace: true } } peers { permanent_uuid: "8bcf55dda8784cdfb5349a4ca7b34b24" member_type: VOTER last_known_addr { host: "127.16.68.66" port: 45949 } } peers { permanent_uuid: "6d9a1e892eb84e2a9f46122b16638f42" member_type: VOTER last_known_addr { host: "127.16.68.67" port: 42089 } } peers { permanent_uuid: "e663ee0319ff4fd39887a19f55d5cac4" member_type: VOTER last_known_addr { host: "127.16.68.68" port: 43813 } attrs { promote: false } } }
I20260713 09:06:44.337152 18441 raft_consensus.cc:2243] T 3c2e35dc98304b56bc228f928ee41dfc P 6d9a1e892eb84e2a9f46122b16638f42 [term 1 FOLLOWER]: Raft consensus shutting down.
I20260713 09:06:44.337922 18441 raft_consensus.cc:2272] T 3c2e35dc98304b56bc228f928ee41dfc P 6d9a1e892eb84e2a9f46122b16638f42 [term 1 FOLLOWER]: Raft consensus is shut down!
I20260713 09:06:44.343465 18441 ts_tablet_manager.cc:1916] T 3c2e35dc98304b56bc228f928ee41dfc P 6d9a1e892eb84e2a9f46122b16638f42: Deleting tablet data with delete state TABLET_DATA_TOMBSTONED
I20260713 09:06:44.351801 18436 ts_tablet_manager.cc:1929] T ad69812267e8432e970a8bdcda5a08d8 P 8bcf55dda8784cdfb5349a4ca7b34b24: tablet deleted with delete type TABLET_DATA_TOMBSTONED: last-logged OpId 1.3
I20260713 09:06:44.352311 18436 log.cc:1199] T ad69812267e8432e970a8bdcda5a08d8 P 8bcf55dda8784cdfb5349a4ca7b34b24: Deleting WAL directory at /tmp/dist-test-taskLDaphK/test-tmp/auto_leader_rebalancer-test.0.LeaderRebalancerTest.AddTserver.1783933566149768-16657-0/minicluster-data/ts-1-root/wals/ad69812267e8432e970a8bdcda5a08d8
I20260713 09:06:44.354862 17668 catalog_manager.cc:5028] TS 8bcf55dda8784cdfb5349a4ca7b34b24 (127.16.68.66:45949): tablet ad69812267e8432e970a8bdcda5a08d8 (table test-workload [id=f418c2166e0d4c089b7bbc2d97d54dd5]) successfully deleted
I20260713 09:06:44.307365 18202 raft_consensus.cc:2955] T 659e5fcdf1744844afd7df25f9e2f08d P e663ee0319ff4fd39887a19f55d5cac4 [term 1 FOLLOWER]: Committing config change with OpId 1.3: config changed from index 2 to 3, e663ee0319ff4fd39887a19f55d5cac4 (127.16.68.68) changed from NON_VOTER to VOTER. New config: { opid_index: 3 OBSOLETE_local: false peers { permanent_uuid: "b2872b7159a04ddfab2887dd77c6c704" member_type: VOTER last_known_addr { host: "127.16.68.65" port: 33503 } attrs { replace: true } } peers { permanent_uuid: "8bcf55dda8784cdfb5349a4ca7b34b24" member_type: VOTER last_known_addr { host: "127.16.68.66" port: 45949 } } peers { permanent_uuid: "6d9a1e892eb84e2a9f46122b16638f42" member_type: VOTER last_known_addr { host: "127.16.68.67" port: 42089 } } peers { permanent_uuid: "e663ee0319ff4fd39887a19f55d5cac4" member_type: VOTER last_known_addr { host: "127.16.68.68" port: 43813 } attrs { promote: false } } }
I20260713 09:06:44.363449 18441 ts_tablet_manager.cc:1929] T 3c2e35dc98304b56bc228f928ee41dfc P 6d9a1e892eb84e2a9f46122b16638f42: tablet deleted with delete type TABLET_DATA_TOMBSTONED: last-logged OpId 1.3
I20260713 09:06:44.366992 18441 log.cc:1199] T 3c2e35dc98304b56bc228f928ee41dfc P 6d9a1e892eb84e2a9f46122b16638f42: Deleting WAL directory at /tmp/dist-test-taskLDaphK/test-tmp/auto_leader_rebalancer-test.0.LeaderRebalancerTest.AddTserver.1783933566149768-16657-0/minicluster-data/ts-2-root/wals/3c2e35dc98304b56bc228f928ee41dfc
I20260713 09:06:44.368791 17668 catalog_manager.cc:5028] TS 6d9a1e892eb84e2a9f46122b16638f42 (127.16.68.67:42089): tablet 3c2e35dc98304b56bc228f928ee41dfc (table test-workload [id=f418c2166e0d4c089b7bbc2d97d54dd5]) successfully deleted
I20260713 09:06:44.375907 17930 consensus_queue.cc:237] T 659e5fcdf1744844afd7df25f9e2f08d P 6d9a1e892eb84e2a9f46122b16638f42 [LEADER]: Queue going to LEADER mode. State: All replicated index: 0, Majority replicated index: 3, Committed index: 3, Last appended: 1.3, Last appended by leader: 0, Current term: 1, Majority size: 2, State: 0, Mode: LEADER, active raft config: opid_index: 4 OBSOLETE_local: false peers { permanent_uuid: "8bcf55dda8784cdfb5349a4ca7b34b24" member_type: VOTER last_known_addr { host: "127.16.68.66" port: 45949 } } peers { permanent_uuid: "6d9a1e892eb84e2a9f46122b16638f42" member_type: VOTER last_known_addr { host: "127.16.68.67" port: 42089 } } peers { permanent_uuid: "e663ee0319ff4fd39887a19f55d5cac4" member_type: VOTER last_known_addr { host: "127.16.68.68" port: 43813 } attrs { promote: false } }
I20260713 09:06:44.384564 17861 raft_consensus.cc:1275] T 659e5fcdf1744844afd7df25f9e2f08d P 8bcf55dda8784cdfb5349a4ca7b34b24 [term 1 FOLLOWER]: Refusing update from remote peer 6d9a1e892eb84e2a9f46122b16638f42: Log matching property violated. Preceding OpId in replica: term: 1 index: 3. Preceding OpId from leader: term: 1 index: 4. (index mismatch)
I20260713 09:06:44.384564 18202 raft_consensus.cc:1275] T 659e5fcdf1744844afd7df25f9e2f08d P e663ee0319ff4fd39887a19f55d5cac4 [term 1 FOLLOWER]: Refusing update from remote peer 6d9a1e892eb84e2a9f46122b16638f42: Log matching property violated. Preceding OpId in replica: term: 1 index: 3. Preceding OpId from leader: term: 1 index: 4. (index mismatch)
I20260713 09:06:44.386279 18405 consensus_queue.cc:1048] T 659e5fcdf1744844afd7df25f9e2f08d P 6d9a1e892eb84e2a9f46122b16638f42 [LEADER]: Connected to new peer: Peer: permanent_uuid: "e663ee0319ff4fd39887a19f55d5cac4" member_type: VOTER last_known_addr { host: "127.16.68.68" port: 43813 } attrs { promote: false }, Status: LMP_MISMATCH, Last received: 0.0, Next index: 4, Last known committed idx: 3, Time since last communication: 0.000s
I20260713 09:06:44.387285 18439 consensus_queue.cc:1048] T 659e5fcdf1744844afd7df25f9e2f08d P 6d9a1e892eb84e2a9f46122b16638f42 [LEADER]: Connected to new peer: Peer: permanent_uuid: "8bcf55dda8784cdfb5349a4ca7b34b24" member_type: VOTER last_known_addr { host: "127.16.68.66" port: 45949 }, Status: LMP_MISMATCH, Last received: 0.0, Next index: 4, Last known committed idx: 3, Time since last communication: 0.000s
I20260713 09:06:44.393975 18440 raft_consensus.cc:2955] T 659e5fcdf1744844afd7df25f9e2f08d P 6d9a1e892eb84e2a9f46122b16638f42 [term 1 LEADER]: Committing config change with OpId 1.4: config changed from index 3 to 4, VOTER b2872b7159a04ddfab2887dd77c6c704 (127.16.68.65) evicted. New config: { opid_index: 4 OBSOLETE_local: false peers { permanent_uuid: "8bcf55dda8784cdfb5349a4ca7b34b24" member_type: VOTER last_known_addr { host: "127.16.68.66" port: 45949 } } peers { permanent_uuid: "6d9a1e892eb84e2a9f46122b16638f42" member_type: VOTER last_known_addr { host: "127.16.68.67" port: 42089 } } peers { permanent_uuid: "e663ee0319ff4fd39887a19f55d5cac4" member_type: VOTER last_known_addr { host: "127.16.68.68" port: 43813 } attrs { promote: false } } }
I20260713 09:06:44.396245 17861 raft_consensus.cc:2955] T 659e5fcdf1744844afd7df25f9e2f08d P 8bcf55dda8784cdfb5349a4ca7b34b24 [term 1 FOLLOWER]: Committing config change with OpId 1.4: config changed from index 3 to 4, VOTER b2872b7159a04ddfab2887dd77c6c704 (127.16.68.65) evicted. New config: { opid_index: 4 OBSOLETE_local: false peers { permanent_uuid: "8bcf55dda8784cdfb5349a4ca7b34b24" member_type: VOTER last_known_addr { host: "127.16.68.66" port: 45949 } } peers { permanent_uuid: "6d9a1e892eb84e2a9f46122b16638f42" member_type: VOTER last_known_addr { host: "127.16.68.67" port: 42089 } } peers { permanent_uuid: "e663ee0319ff4fd39887a19f55d5cac4" member_type: VOTER last_known_addr { host: "127.16.68.68" port: 43813 } attrs { promote: false } } }
I20260713 09:06:44.414283 17668 catalog_manager.cc:5210] ChangeConfig:REMOVE_PEER RPC for tablet 659e5fcdf1744844afd7df25f9e2f08d with cas_config_opid_index 3: ChangeConfig:REMOVE_PEER succeeded (attempt 1)
I20260713 09:06:44.414346 17682 catalog_manager.cc:5697] T 659e5fcdf1744844afd7df25f9e2f08d P 8bcf55dda8784cdfb5349a4ca7b34b24 reported cstate change: config changed from index 3 to 4, VOTER b2872b7159a04ddfab2887dd77c6c704 (127.16.68.65) evicted. New cstate: current_term: 1 leader_uuid: "6d9a1e892eb84e2a9f46122b16638f42" committed_config { opid_index: 4 OBSOLETE_local: false peers { permanent_uuid: "8bcf55dda8784cdfb5349a4ca7b34b24" member_type: VOTER last_known_addr { host: "127.16.68.66" port: 45949 } } peers { permanent_uuid: "6d9a1e892eb84e2a9f46122b16638f42" member_type: VOTER last_known_addr { host: "127.16.68.67" port: 42089 } } peers { permanent_uuid: "e663ee0319ff4fd39887a19f55d5cac4" member_type: VOTER last_known_addr { host: "127.16.68.68" port: 43813 } attrs { promote: false } } }
I20260713 09:06:44.412237 18202 raft_consensus.cc:2955] T 659e5fcdf1744844afd7df25f9e2f08d P e663ee0319ff4fd39887a19f55d5cac4 [term 1 FOLLOWER]: Committing config change with OpId 1.4: config changed from index 3 to 4, VOTER b2872b7159a04ddfab2887dd77c6c704 (127.16.68.65) evicted. New config: { opid_index: 4 OBSOLETE_local: false peers { permanent_uuid: "8bcf55dda8784cdfb5349a4ca7b34b24" member_type: VOTER last_known_addr { host: "127.16.68.66" port: 45949 } } peers { permanent_uuid: "6d9a1e892eb84e2a9f46122b16638f42" member_type: VOTER last_known_addr { host: "127.16.68.67" port: 42089 } } peers { permanent_uuid: "e663ee0319ff4fd39887a19f55d5cac4" member_type: VOTER last_known_addr { host: "127.16.68.68" port: 43813 } attrs { promote: false } } }
I20260713 09:06:44.430276 17771 tablet_service.cc:1558] Processing DeleteTablet for tablet 659e5fcdf1744844afd7df25f9e2f08d with delete_type TABLET_DATA_TOMBSTONED (TS b2872b7159a04ddfab2887dd77c6c704 not found in new config with opid_index 4) from {username='slave'} at 127.0.0.1:33670
I20260713 09:06:44.438601 18442 tablet_replica.cc:333] T 659e5fcdf1744844afd7df25f9e2f08d P b2872b7159a04ddfab2887dd77c6c704: stopping tablet replica
I20260713 09:06:44.439386 18442 raft_consensus.cc:2243] T 659e5fcdf1744844afd7df25f9e2f08d P b2872b7159a04ddfab2887dd77c6c704 [term 1 FOLLOWER]: Raft consensus shutting down.
I20260713 09:06:44.439980 18442 raft_consensus.cc:2272] T 659e5fcdf1744844afd7df25f9e2f08d P b2872b7159a04ddfab2887dd77c6c704 [term 1 FOLLOWER]: Raft consensus is shut down!
I20260713 09:06:44.442691 18442 ts_tablet_manager.cc:1916] T 659e5fcdf1744844afd7df25f9e2f08d P b2872b7159a04ddfab2887dd77c6c704: Deleting tablet data with delete state TABLET_DATA_TOMBSTONED
I20260713 09:06:44.455453 18442 ts_tablet_manager.cc:1929] T 659e5fcdf1744844afd7df25f9e2f08d P b2872b7159a04ddfab2887dd77c6c704: tablet deleted with delete type TABLET_DATA_TOMBSTONED: last-logged OpId 1.3
I20260713 09:06:44.455830 18442 log.cc:1199] T 659e5fcdf1744844afd7df25f9e2f08d P b2872b7159a04ddfab2887dd77c6c704: Deleting WAL directory at /tmp/dist-test-taskLDaphK/test-tmp/auto_leader_rebalancer-test.0.LeaderRebalancerTest.AddTserver.1783933566149768-16657-0/minicluster-data/ts-0-root/wals/659e5fcdf1744844afd7df25f9e2f08d
I20260713 09:06:44.457186 17668 catalog_manager.cc:5028] TS b2872b7159a04ddfab2887dd77c6c704 (127.16.68.65:33503): tablet 659e5fcdf1744844afd7df25f9e2f08d (table test-workload [id=f418c2166e0d4c089b7bbc2d97d54dd5]) successfully deleted
I20260713 09:06:45.462706 17934 consensus_queue.cc:237] T 66327a62136e40a7834cc78ce67a7b18 P 6d9a1e892eb84e2a9f46122b16638f42 [LEADER]: Queue going to LEADER mode. State: All replicated index: 0, Majority replicated index: 1, Committed index: 1, Last appended: 1.1, Last appended by leader: 0, Current term: 1, Majority size: 2, State: 0, Mode: LEADER, active raft config: opid_index: 2 OBSOLETE_local: false peers { permanent_uuid: "b2872b7159a04ddfab2887dd77c6c704" member_type: VOTER last_known_addr { host: "127.16.68.65" port: 33503 } attrs { replace: true } } peers { permanent_uuid: "8bcf55dda8784cdfb5349a4ca7b34b24" member_type: VOTER last_known_addr { host: "127.16.68.66" port: 45949 } } peers { permanent_uuid: "6d9a1e892eb84e2a9f46122b16638f42" member_type: VOTER last_known_addr { host: "127.16.68.67" port: 42089 } } peers { permanent_uuid: "e663ee0319ff4fd39887a19f55d5cac4" member_type: NON_VOTER last_known_addr { host: "127.16.68.68" port: 43813 } attrs { promote: true } }
W20260713 09:06:45.472252 17898 consensus_peers.cc:597] T 66327a62136e40a7834cc78ce67a7b18 P 6d9a1e892eb84e2a9f46122b16638f42 -> Peer e663ee0319ff4fd39887a19f55d5cac4 (127.16.68.68:43813): Couldn't send request to peer e663ee0319ff4fd39887a19f55d5cac4. Error code: TABLET_NOT_FOUND (6). Status: Not found: Tablet not found: 66327a62136e40a7834cc78ce67a7b18. This is attempt 1: this message will repeat every 5th retry.
I20260713 09:06:45.474607 17860 raft_consensus.cc:1275] T 66327a62136e40a7834cc78ce67a7b18 P 8bcf55dda8784cdfb5349a4ca7b34b24 [term 1 FOLLOWER]: Refusing update from remote peer 6d9a1e892eb84e2a9f46122b16638f42: Log matching property violated. Preceding OpId in replica: term: 1 index: 1. Preceding OpId from leader: term: 1 index: 2. (index mismatch)
I20260713 09:06:45.475379 17786 raft_consensus.cc:1275] T 66327a62136e40a7834cc78ce67a7b18 P b2872b7159a04ddfab2887dd77c6c704 [term 1 FOLLOWER]: Refusing update from remote peer 6d9a1e892eb84e2a9f46122b16638f42: Log matching property violated. Preceding OpId in replica: term: 1 index: 1. Preceding OpId from leader: term: 1 index: 2. (index mismatch)
I20260713 09:06:45.476133 18447 consensus_queue.cc:1048] T 66327a62136e40a7834cc78ce67a7b18 P 6d9a1e892eb84e2a9f46122b16638f42 [LEADER]: Connected to new peer: Peer: permanent_uuid: "8bcf55dda8784cdfb5349a4ca7b34b24" member_type: VOTER last_known_addr { host: "127.16.68.66" port: 45949 }, Status: LMP_MISMATCH, Last received: 0.0, Next index: 2, Last known committed idx: 1, Time since last communication: 0.001s
I20260713 09:06:45.477116 18411 consensus_queue.cc:1048] T 66327a62136e40a7834cc78ce67a7b18 P 6d9a1e892eb84e2a9f46122b16638f42 [LEADER]: Connected to new peer: Peer: permanent_uuid: "b2872b7159a04ddfab2887dd77c6c704" member_type: VOTER last_known_addr { host: "127.16.68.65" port: 33503 } attrs { replace: true }, Status: LMP_MISMATCH, Last received: 0.0, Next index: 2, Last known committed idx: 1, Time since last communication: 0.001s
I20260713 09:06:45.493119 18446 raft_consensus.cc:2955] T 66327a62136e40a7834cc78ce67a7b18 P 6d9a1e892eb84e2a9f46122b16638f42 [term 1 LEADER]: Committing config change with OpId 1.2: config changed from index -1 to 2, NON_VOTER e663ee0319ff4fd39887a19f55d5cac4 (127.16.68.68) added. New config: { opid_index: 2 OBSOLETE_local: false peers { permanent_uuid: "b2872b7159a04ddfab2887dd77c6c704" member_type: VOTER last_known_addr { host: "127.16.68.65" port: 33503 } attrs { replace: true } } peers { permanent_uuid: "8bcf55dda8784cdfb5349a4ca7b34b24" member_type: VOTER last_known_addr { host: "127.16.68.66" port: 45949 } } peers { permanent_uuid: "6d9a1e892eb84e2a9f46122b16638f42" member_type: VOTER last_known_addr { host: "127.16.68.67" port: 42089 } } peers { permanent_uuid: "e663ee0319ff4fd39887a19f55d5cac4" member_type: NON_VOTER last_known_addr { host: "127.16.68.68" port: 43813 } attrs { promote: true } } }
I20260713 09:06:45.495709 17786 raft_consensus.cc:2955] T 66327a62136e40a7834cc78ce67a7b18 P b2872b7159a04ddfab2887dd77c6c704 [term 1 FOLLOWER]: Committing config change with OpId 1.2: config changed from index -1 to 2, NON_VOTER e663ee0319ff4fd39887a19f55d5cac4 (127.16.68.68) added. New config: { opid_index: 2 OBSOLETE_local: false peers { permanent_uuid: "b2872b7159a04ddfab2887dd77c6c704" member_type: VOTER last_known_addr { host: "127.16.68.65" port: 33503 } attrs { replace: true } } peers { permanent_uuid: "8bcf55dda8784cdfb5349a4ca7b34b24" member_type: VOTER last_known_addr { host: "127.16.68.66" port: 45949 } } peers { permanent_uuid: "6d9a1e892eb84e2a9f46122b16638f42" member_type: VOTER last_known_addr { host: "127.16.68.67" port: 42089 } } peers { permanent_uuid: "e663ee0319ff4fd39887a19f55d5cac4" member_type: NON_VOTER last_known_addr { host: "127.16.68.68" port: 43813 } attrs { promote: true } } }
I20260713 09:06:45.499781 17860 raft_consensus.cc:2955] T 66327a62136e40a7834cc78ce67a7b18 P 8bcf55dda8784cdfb5349a4ca7b34b24 [term 1 FOLLOWER]: Committing config change with OpId 1.2: config changed from index -1 to 2, NON_VOTER e663ee0319ff4fd39887a19f55d5cac4 (127.16.68.68) added. New config: { opid_index: 2 OBSOLETE_local: false peers { permanent_uuid: "b2872b7159a04ddfab2887dd77c6c704" member_type: VOTER last_known_addr { host: "127.16.68.65" port: 33503 } attrs { replace: true } } peers { permanent_uuid: "8bcf55dda8784cdfb5349a4ca7b34b24" member_type: VOTER last_known_addr { host: "127.16.68.66" port: 45949 } } peers { permanent_uuid: "6d9a1e892eb84e2a9f46122b16638f42" member_type: VOTER last_known_addr { host: "127.16.68.67" port: 42089 } } peers { permanent_uuid: "e663ee0319ff4fd39887a19f55d5cac4" member_type: NON_VOTER last_known_addr { host: "127.16.68.68" port: 43813 } attrs { promote: true } } }
I20260713 09:06:45.511222 17785 consensus_queue.cc:237] T 88ad8f7f5e674e3abb9ee148dbec0ebe P b2872b7159a04ddfab2887dd77c6c704 [LEADER]: Queue going to LEADER mode. State: All replicated index: 0, Majority replicated index: 1, Committed index: 1, Last appended: 1.1, Last appended by leader: 0, Current term: 1, Majority size: 2, State: 0, Mode: LEADER, active raft config: opid_index: 2 OBSOLETE_local: false peers { permanent_uuid: "b2872b7159a04ddfab2887dd77c6c704" member_type: VOTER last_known_addr { host: "127.16.68.65" port: 33503 } } peers { permanent_uuid: "8bcf55dda8784cdfb5349a4ca7b34b24" member_type: VOTER last_known_addr { host: "127.16.68.66" port: 45949 } } peers { permanent_uuid: "6d9a1e892eb84e2a9f46122b16638f42" member_type: VOTER last_known_addr { host: "127.16.68.67" port: 42089 } attrs { replace: true } } peers { permanent_uuid: "e663ee0319ff4fd39887a19f55d5cac4" member_type: NON_VOTER last_known_addr { host: "127.16.68.68" port: 43813 } attrs { promote: true } }
I20260713 09:06:45.516660 17682 catalog_manager.cc:5697] T 66327a62136e40a7834cc78ce67a7b18 P 6d9a1e892eb84e2a9f46122b16638f42 reported cstate change: config changed from index -1 to 2, NON_VOTER e663ee0319ff4fd39887a19f55d5cac4 (127.16.68.68) added. New cstate: current_term: 1 leader_uuid: "6d9a1e892eb84e2a9f46122b16638f42" committed_config { opid_index: 2 OBSOLETE_local: false peers { permanent_uuid: "b2872b7159a04ddfab2887dd77c6c704" member_type: VOTER last_known_addr { host: "127.16.68.65" port: 33503 } attrs { replace: true } health_report { overall_health: HEALTHY } } peers { permanent_uuid: "8bcf55dda8784cdfb5349a4ca7b34b24" member_type: VOTER last_known_addr { host: "127.16.68.66" port: 45949 } health_report { overall_health: HEALTHY } } peers { permanent_uuid: "6d9a1e892eb84e2a9f46122b16638f42" member_type: VOTER last_known_addr { host: "127.16.68.67" port: 42089 } health_report { overall_health: HEALTHY } } peers { permanent_uuid: "e663ee0319ff4fd39887a19f55d5cac4" member_type: NON_VOTER last_known_addr { host: "127.16.68.68" port: 43813 } attrs { promote: true } health_report { overall_health: UNKNOWN } } }
W20260713 09:06:45.532403 17749 consensus_peers.cc:597] T 88ad8f7f5e674e3abb9ee148dbec0ebe P b2872b7159a04ddfab2887dd77c6c704 -> Peer e663ee0319ff4fd39887a19f55d5cac4 (127.16.68.68:43813): Couldn't send request to peer e663ee0319ff4fd39887a19f55d5cac4. Error code: TABLET_NOT_FOUND (6). Status: Not found: Tablet not found: 88ad8f7f5e674e3abb9ee148dbec0ebe. This is attempt 1: this message will repeat every 5th retry.
I20260713 09:06:45.535270 17934 raft_consensus.cc:1275] T 88ad8f7f5e674e3abb9ee148dbec0ebe P 6d9a1e892eb84e2a9f46122b16638f42 [term 1 FOLLOWER]: Refusing update from remote peer b2872b7159a04ddfab2887dd77c6c704: Log matching property violated. Preceding OpId in replica: term: 1 index: 1. Preceding OpId from leader: term: 1 index: 2. (index mismatch)
I20260713 09:06:45.536886 18377 consensus_queue.cc:1048] T 88ad8f7f5e674e3abb9ee148dbec0ebe P b2872b7159a04ddfab2887dd77c6c704 [LEADER]: Connected to new peer: Peer: permanent_uuid: "6d9a1e892eb84e2a9f46122b16638f42" member_type: VOTER last_known_addr { host: "127.16.68.67" port: 42089 } attrs { replace: true }, Status: LMP_MISMATCH, Last received: 0.0, Next index: 2, Last known committed idx: 1, Time since last communication: 0.001s
I20260713 09:06:45.538141 17860 raft_consensus.cc:1275] T 88ad8f7f5e674e3abb9ee148dbec0ebe P 8bcf55dda8784cdfb5349a4ca7b34b24 [term 1 FOLLOWER]: Refusing update from remote peer b2872b7159a04ddfab2887dd77c6c704: Log matching property violated. Preceding OpId in replica: term: 1 index: 1. Preceding OpId from leader: term: 1 index: 2. (index mismatch)
I20260713 09:06:45.539746 18444 consensus_queue.cc:1048] T 88ad8f7f5e674e3abb9ee148dbec0ebe P b2872b7159a04ddfab2887dd77c6c704 [LEADER]: Connected to new peer: Peer: permanent_uuid: "8bcf55dda8784cdfb5349a4ca7b34b24" member_type: VOTER last_known_addr { host: "127.16.68.66" port: 45949 }, Status: LMP_MISMATCH, Last received: 0.0, Next index: 2, Last known committed idx: 1, Time since last communication: 0.000s
I20260713 09:06:45.567142 18377 raft_consensus.cc:2955] T 88ad8f7f5e674e3abb9ee148dbec0ebe P b2872b7159a04ddfab2887dd77c6c704 [term 1 LEADER]: Committing config change with OpId 1.2: config changed from index -1 to 2, NON_VOTER e663ee0319ff4fd39887a19f55d5cac4 (127.16.68.68) added. New config: { opid_index: 2 OBSOLETE_local: false peers { permanent_uuid: "b2872b7159a04ddfab2887dd77c6c704" member_type: VOTER last_known_addr { host: "127.16.68.65" port: 33503 } } peers { permanent_uuid: "8bcf55dda8784cdfb5349a4ca7b34b24" member_type: VOTER last_known_addr { host: "127.16.68.66" port: 45949 } } peers { permanent_uuid: "6d9a1e892eb84e2a9f46122b16638f42" member_type: VOTER last_known_addr { host: "127.16.68.67" port: 42089 } attrs { replace: true } } peers { permanent_uuid: "e663ee0319ff4fd39887a19f55d5cac4" member_type: NON_VOTER last_known_addr { host: "127.16.68.68" port: 43813 } attrs { promote: true } } }
I20260713 09:06:45.571555 17860 raft_consensus.cc:2955] T 88ad8f7f5e674e3abb9ee148dbec0ebe P 8bcf55dda8784cdfb5349a4ca7b34b24 [term 1 FOLLOWER]: Committing config change with OpId 1.2: config changed from index -1 to 2, NON_VOTER e663ee0319ff4fd39887a19f55d5cac4 (127.16.68.68) added. New config: { opid_index: 2 OBSOLETE_local: false peers { permanent_uuid: "b2872b7159a04ddfab2887dd77c6c704" member_type: VOTER last_known_addr { host: "127.16.68.65" port: 33503 } } peers { permanent_uuid: "8bcf55dda8784cdfb5349a4ca7b34b24" member_type: VOTER last_known_addr { host: "127.16.68.66" port: 45949 } } peers { permanent_uuid: "6d9a1e892eb84e2a9f46122b16638f42" member_type: VOTER last_known_addr { host: "127.16.68.67" port: 42089 } attrs { replace: true } } peers { permanent_uuid: "e663ee0319ff4fd39887a19f55d5cac4" member_type: NON_VOTER last_known_addr { host: "127.16.68.68" port: 43813 } attrs { promote: true } } }
I20260713 09:06:45.571462 17934 raft_consensus.cc:2955] T 88ad8f7f5e674e3abb9ee148dbec0ebe P 6d9a1e892eb84e2a9f46122b16638f42 [term 1 FOLLOWER]: Committing config change with OpId 1.2: config changed from index -1 to 2, NON_VOTER e663ee0319ff4fd39887a19f55d5cac4 (127.16.68.68) added. New config: { opid_index: 2 OBSOLETE_local: false peers { permanent_uuid: "b2872b7159a04ddfab2887dd77c6c704" member_type: VOTER last_known_addr { host: "127.16.68.65" port: 33503 } } peers { permanent_uuid: "8bcf55dda8784cdfb5349a4ca7b34b24" member_type: VOTER last_known_addr { host: "127.16.68.66" port: 45949 } } peers { permanent_uuid: "6d9a1e892eb84e2a9f46122b16638f42" member_type: VOTER last_known_addr { host: "127.16.68.67" port: 42089 } attrs { replace: true } } peers { permanent_uuid: "e663ee0319ff4fd39887a19f55d5cac4" member_type: NON_VOTER last_known_addr { host: "127.16.68.68" port: 43813 } attrs { promote: true } } }
I20260713 09:06:45.588116 17786 consensus_queue.cc:237] T aa0ff0c11aec4a8384fc55325922a763 P b2872b7159a04ddfab2887dd77c6c704 [LEADER]: Queue going to LEADER mode. State: All replicated index: 0, Majority replicated index: 1, Committed index: 1, Last appended: 1.1, Last appended by leader: 0, Current term: 1, Majority size: 2, State: 0, Mode: LEADER, active raft config: opid_index: 2 OBSOLETE_local: false peers { permanent_uuid: "b2872b7159a04ddfab2887dd77c6c704" member_type: VOTER last_known_addr { host: "127.16.68.65" port: 33503 } } peers { permanent_uuid: "8bcf55dda8784cdfb5349a4ca7b34b24" member_type: VOTER last_known_addr { host: "127.16.68.66" port: 45949 } attrs { replace: true } } peers { permanent_uuid: "6d9a1e892eb84e2a9f46122b16638f42" member_type: VOTER last_known_addr { host: "127.16.68.67" port: 42089 } } peers { permanent_uuid: "e663ee0319ff4fd39887a19f55d5cac4" member_type: NON_VOTER last_known_addr { host: "127.16.68.68" port: 43813 } attrs { promote: true } }
I20260713 09:06:45.591903 17681 catalog_manager.cc:5697] T 88ad8f7f5e674e3abb9ee148dbec0ebe P 8bcf55dda8784cdfb5349a4ca7b34b24 reported cstate change: config changed from index -1 to 2, NON_VOTER e663ee0319ff4fd39887a19f55d5cac4 (127.16.68.68) added. New cstate: current_term: 1 leader_uuid: "b2872b7159a04ddfab2887dd77c6c704" committed_config { opid_index: 2 OBSOLETE_local: false peers { permanent_uuid: "b2872b7159a04ddfab2887dd77c6c704" member_type: VOTER last_known_addr { host: "127.16.68.65" port: 33503 } } peers { permanent_uuid: "8bcf55dda8784cdfb5349a4ca7b34b24" member_type: VOTER last_known_addr { host: "127.16.68.66" port: 45949 } } peers { permanent_uuid: "6d9a1e892eb84e2a9f46122b16638f42" member_type: VOTER last_known_addr { host: "127.16.68.67" port: 42089 } attrs { replace: true } } peers { permanent_uuid: "e663ee0319ff4fd39887a19f55d5cac4" member_type: NON_VOTER last_known_addr { host: "127.16.68.68" port: 43813 } attrs { promote: true } } }
W20260713 09:06:45.610685 17749 consensus_peers.cc:597] T aa0ff0c11aec4a8384fc55325922a763 P b2872b7159a04ddfab2887dd77c6c704 -> Peer e663ee0319ff4fd39887a19f55d5cac4 (127.16.68.68:43813): Couldn't send request to peer e663ee0319ff4fd39887a19f55d5cac4. Error code: TABLET_NOT_FOUND (6). Status: Not found: Tablet not found: aa0ff0c11aec4a8384fc55325922a763. This is attempt 1: this message will repeat every 5th retry.
I20260713 09:06:45.611157 17934 raft_consensus.cc:1275] T aa0ff0c11aec4a8384fc55325922a763 P 6d9a1e892eb84e2a9f46122b16638f42 [term 1 FOLLOWER]: Refusing update from remote peer b2872b7159a04ddfab2887dd77c6c704: Log matching property violated. Preceding OpId in replica: term: 1 index: 1. Preceding OpId from leader: term: 1 index: 2. (index mismatch)
I20260713 09:06:45.619024 18377 consensus_queue.cc:1048] T aa0ff0c11aec4a8384fc55325922a763 P b2872b7159a04ddfab2887dd77c6c704 [LEADER]: Connected to new peer: Peer: permanent_uuid: "6d9a1e892eb84e2a9f46122b16638f42" member_type: VOTER last_known_addr { host: "127.16.68.67" port: 42089 }, Status: LMP_MISMATCH, Last received: 0.0, Next index: 2, Last known committed idx: 1, Time since last communication: 0.000s
I20260713 09:06:45.623834 17860 raft_consensus.cc:1275] T aa0ff0c11aec4a8384fc55325922a763 P 8bcf55dda8784cdfb5349a4ca7b34b24 [term 1 FOLLOWER]: Refusing update from remote peer b2872b7159a04ddfab2887dd77c6c704: Log matching property violated. Preceding OpId in replica: term: 1 index: 1. Preceding OpId from leader: term: 1 index: 2. (index mismatch)
I20260713 09:06:45.625124 18444 consensus_queue.cc:1048] T aa0ff0c11aec4a8384fc55325922a763 P b2872b7159a04ddfab2887dd77c6c704 [LEADER]: Connected to new peer: Peer: permanent_uuid: "8bcf55dda8784cdfb5349a4ca7b34b24" member_type: VOTER last_known_addr { host: "127.16.68.66" port: 45949 } attrs { replace: true }, Status: LMP_MISMATCH, Last received: 0.0, Next index: 2, Last known committed idx: 1, Time since last communication: 0.000s
I20260713 09:06:45.628945 18377 raft_consensus.cc:2955] T aa0ff0c11aec4a8384fc55325922a763 P b2872b7159a04ddfab2887dd77c6c704 [term 1 LEADER]: Committing config change with OpId 1.2: config changed from index -1 to 2, NON_VOTER e663ee0319ff4fd39887a19f55d5cac4 (127.16.68.68) added. New config: { opid_index: 2 OBSOLETE_local: false peers { permanent_uuid: "b2872b7159a04ddfab2887dd77c6c704" member_type: VOTER last_known_addr { host: "127.16.68.65" port: 33503 } } peers { permanent_uuid: "8bcf55dda8784cdfb5349a4ca7b34b24" member_type: VOTER last_known_addr { host: "127.16.68.66" port: 45949 } attrs { replace: true } } peers { permanent_uuid: "6d9a1e892eb84e2a9f46122b16638f42" member_type: VOTER last_known_addr { host: "127.16.68.67" port: 42089 } } peers { permanent_uuid: "e663ee0319ff4fd39887a19f55d5cac4" member_type: NON_VOTER last_known_addr { host: "127.16.68.68" port: 43813 } attrs { promote: true } } }
I20260713 09:06:45.635569 17934 raft_consensus.cc:2955] T aa0ff0c11aec4a8384fc55325922a763 P 6d9a1e892eb84e2a9f46122b16638f42 [term 1 FOLLOWER]: Committing config change with OpId 1.2: config changed from index -1 to 2, NON_VOTER e663ee0319ff4fd39887a19f55d5cac4 (127.16.68.68) added. New config: { opid_index: 2 OBSOLETE_local: false peers { permanent_uuid: "b2872b7159a04ddfab2887dd77c6c704" member_type: VOTER last_known_addr { host: "127.16.68.65" port: 33503 } } peers { permanent_uuid: "8bcf55dda8784cdfb5349a4ca7b34b24" member_type: VOTER last_known_addr { host: "127.16.68.66" port: 45949 } attrs { replace: true } } peers { permanent_uuid: "6d9a1e892eb84e2a9f46122b16638f42" member_type: VOTER last_known_addr { host: "127.16.68.67" port: 42089 } } peers { permanent_uuid: "e663ee0319ff4fd39887a19f55d5cac4" member_type: NON_VOTER last_known_addr { host: "127.16.68.68" port: 43813 } attrs { promote: true } } }
I20260713 09:06:45.635816 17860 raft_consensus.cc:2955] T aa0ff0c11aec4a8384fc55325922a763 P 8bcf55dda8784cdfb5349a4ca7b34b24 [term 1 FOLLOWER]: Committing config change with OpId 1.2: config changed from index -1 to 2, NON_VOTER e663ee0319ff4fd39887a19f55d5cac4 (127.16.68.68) added. New config: { opid_index: 2 OBSOLETE_local: false peers { permanent_uuid: "b2872b7159a04ddfab2887dd77c6c704" member_type: VOTER last_known_addr { host: "127.16.68.65" port: 33503 } } peers { permanent_uuid: "8bcf55dda8784cdfb5349a4ca7b34b24" member_type: VOTER last_known_addr { host: "127.16.68.66" port: 45949 } attrs { replace: true } } peers { permanent_uuid: "6d9a1e892eb84e2a9f46122b16638f42" member_type: VOTER last_known_addr { host: "127.16.68.67" port: 42089 } } peers { permanent_uuid: "e663ee0319ff4fd39887a19f55d5cac4" member_type: NON_VOTER last_known_addr { host: "127.16.68.68" port: 43813 } attrs { promote: true } } }
I20260713 09:06:45.645561 17785 consensus_queue.cc:237] T 8ab4f9351ff042acac03850e7fa61368 P b2872b7159a04ddfab2887dd77c6c704 [LEADER]: Queue going to LEADER mode. State: All replicated index: 0, Majority replicated index: 1, Committed index: 1, Last appended: 1.1, Last appended by leader: 0, Current term: 1, Majority size: 2, State: 0, Mode: LEADER, active raft config: opid_index: 2 OBSOLETE_local: false peers { permanent_uuid: "b2872b7159a04ddfab2887dd77c6c704" member_type: VOTER last_known_addr { host: "127.16.68.65" port: 33503 } } peers { permanent_uuid: "8bcf55dda8784cdfb5349a4ca7b34b24" member_type: VOTER last_known_addr { host: "127.16.68.66" port: 45949 } attrs { replace: true } } peers { permanent_uuid: "6d9a1e892eb84e2a9f46122b16638f42" member_type: VOTER last_known_addr { host: "127.16.68.67" port: 42089 } } peers { permanent_uuid: "e663ee0319ff4fd39887a19f55d5cac4" member_type: NON_VOTER last_known_addr { host: "127.16.68.68" port: 43813 } attrs { promote: true } }
I20260713 09:06:45.652311 17682 catalog_manager.cc:5697] T aa0ff0c11aec4a8384fc55325922a763 P 6d9a1e892eb84e2a9f46122b16638f42 reported cstate change: config changed from index -1 to 2, NON_VOTER e663ee0319ff4fd39887a19f55d5cac4 (127.16.68.68) added. New cstate: current_term: 1 leader_uuid: "b2872b7159a04ddfab2887dd77c6c704" committed_config { opid_index: 2 OBSOLETE_local: false peers { permanent_uuid: "b2872b7159a04ddfab2887dd77c6c704" member_type: VOTER last_known_addr { host: "127.16.68.65" port: 33503 } } peers { permanent_uuid: "8bcf55dda8784cdfb5349a4ca7b34b24" member_type: VOTER last_known_addr { host: "127.16.68.66" port: 45949 } attrs { replace: true } } peers { permanent_uuid: "6d9a1e892eb84e2a9f46122b16638f42" member_type: VOTER last_known_addr { host: "127.16.68.67" port: 42089 } } peers { permanent_uuid: "e663ee0319ff4fd39887a19f55d5cac4" member_type: NON_VOTER last_known_addr { host: "127.16.68.68" port: 43813 } attrs { promote: true } } }
W20260713 09:06:45.659919 17749 consensus_peers.cc:597] T 8ab4f9351ff042acac03850e7fa61368 P b2872b7159a04ddfab2887dd77c6c704 -> Peer e663ee0319ff4fd39887a19f55d5cac4 (127.16.68.68:43813): Couldn't send request to peer e663ee0319ff4fd39887a19f55d5cac4. Error code: TABLET_NOT_FOUND (6). Status: Not found: Tablet not found: 8ab4f9351ff042acac03850e7fa61368. This is attempt 1: this message will repeat every 5th retry.
I20260713 09:06:45.674265 17934 raft_consensus.cc:1275] T 8ab4f9351ff042acac03850e7fa61368 P 6d9a1e892eb84e2a9f46122b16638f42 [term 1 FOLLOWER]: Refusing update from remote peer b2872b7159a04ddfab2887dd77c6c704: Log matching property violated. Preceding OpId in replica: term: 1 index: 1. Preceding OpId from leader: term: 1 index: 2. (index mismatch)
I20260713 09:06:45.676852 18377 consensus_queue.cc:1048] T 8ab4f9351ff042acac03850e7fa61368 P b2872b7159a04ddfab2887dd77c6c704 [LEADER]: Connected to new peer: Peer: permanent_uuid: "6d9a1e892eb84e2a9f46122b16638f42" member_type: VOTER last_known_addr { host: "127.16.68.67" port: 42089 }, Status: LMP_MISMATCH, Last received: 0.0, Next index: 2, Last known committed idx: 1, Time since last communication: 0.000s
I20260713 09:06:45.691896 17860 raft_consensus.cc:1275] T 8ab4f9351ff042acac03850e7fa61368 P 8bcf55dda8784cdfb5349a4ca7b34b24 [term 1 FOLLOWER]: Refusing update from remote peer b2872b7159a04ddfab2887dd77c6c704: Log matching property violated. Preceding OpId in replica: term: 1 index: 1. Preceding OpId from leader: term: 1 index: 2. (index mismatch)
I20260713 09:06:45.693710 18463 consensus_queue.cc:1048] T 8ab4f9351ff042acac03850e7fa61368 P b2872b7159a04ddfab2887dd77c6c704 [LEADER]: Connected to new peer: Peer: permanent_uuid: "8bcf55dda8784cdfb5349a4ca7b34b24" member_type: VOTER last_known_addr { host: "127.16.68.66" port: 45949 } attrs { replace: true }, Status: LMP_MISMATCH, Last received: 0.0, Next index: 2, Last known committed idx: 1, Time since last communication: 0.000s
I20260713 09:06:45.698274 18377 raft_consensus.cc:2955] T 8ab4f9351ff042acac03850e7fa61368 P b2872b7159a04ddfab2887dd77c6c704 [term 1 LEADER]: Committing config change with OpId 1.2: config changed from index -1 to 2, NON_VOTER e663ee0319ff4fd39887a19f55d5cac4 (127.16.68.68) added. New config: { opid_index: 2 OBSOLETE_local: false peers { permanent_uuid: "b2872b7159a04ddfab2887dd77c6c704" member_type: VOTER last_known_addr { host: "127.16.68.65" port: 33503 } } peers { permanent_uuid: "8bcf55dda8784cdfb5349a4ca7b34b24" member_type: VOTER last_known_addr { host: "127.16.68.66" port: 45949 } attrs { replace: true } } peers { permanent_uuid: "6d9a1e892eb84e2a9f46122b16638f42" member_type: VOTER last_known_addr { host: "127.16.68.67" port: 42089 } } peers { permanent_uuid: "e663ee0319ff4fd39887a19f55d5cac4" member_type: NON_VOTER last_known_addr { host: "127.16.68.68" port: 43813 } attrs { promote: true } } }
I20260713 09:06:45.704406 17930 raft_consensus.cc:2955] T 8ab4f9351ff042acac03850e7fa61368 P 6d9a1e892eb84e2a9f46122b16638f42 [term 1 FOLLOWER]: Committing config change with OpId 1.2: config changed from index -1 to 2, NON_VOTER e663ee0319ff4fd39887a19f55d5cac4 (127.16.68.68) added. New config: { opid_index: 2 OBSOLETE_local: false peers { permanent_uuid: "b2872b7159a04ddfab2887dd77c6c704" member_type: VOTER last_known_addr { host: "127.16.68.65" port: 33503 } } peers { permanent_uuid: "8bcf55dda8784cdfb5349a4ca7b34b24" member_type: VOTER last_known_addr { host: "127.16.68.66" port: 45949 } attrs { replace: true } } peers { permanent_uuid: "6d9a1e892eb84e2a9f46122b16638f42" member_type: VOTER last_known_addr { host: "127.16.68.67" port: 42089 } } peers { permanent_uuid: "e663ee0319ff4fd39887a19f55d5cac4" member_type: NON_VOTER last_known_addr { host: "127.16.68.68" port: 43813 } attrs { promote: true } } }
