I20260713 09:06:41.434862 13172 tablet_copy_client.cc:806] T dc617975e8b64ed0be241e930f7bc5df P 0a3019589a0c453ab2879c4a89b50b75: tablet copy: Starting download of 0 data blocks...
I20260713 09:06:41.435550 13172 tablet_copy_client.cc:670] T dc617975e8b64ed0be241e930f7bc5df P 0a3019589a0c453ab2879c4a89b50b75: tablet copy: Starting download of 1 WAL segments...
I20260713 09:06:41.439625 13172 tablet_copy_client.cc:538] T dc617975e8b64ed0be241e930f7bc5df P 0a3019589a0c453ab2879c4a89b50b75: tablet copy: Tablet Copy complete. Replacing tablet superblock.
I20260713 09:06:41.447642 13172 tablet_bootstrap.cc:492] T dc617975e8b64ed0be241e930f7bc5df P 0a3019589a0c453ab2879c4a89b50b75: Bootstrap starting.
I20260713 09:06:41.467041 13172 tablet_bootstrap.cc:492] T dc617975e8b64ed0be241e930f7bc5df P 0a3019589a0c453ab2879c4a89b50b75: Bootstrap replayed 1/1 log segments. Stats: ops{read=2 overwritten=0 applied=2 ignored=0} inserts{seen=0 ignored=0} mutations{seen=0 ignored=0} orphaned_commits=0. Pending: 0 replicates
I20260713 09:06:41.468071 13172 tablet_bootstrap.cc:492] T dc617975e8b64ed0be241e930f7bc5df P 0a3019589a0c453ab2879c4a89b50b75: Bootstrap complete.
I20260713 09:06:41.468822 13172 ts_tablet_manager.cc:1403] T dc617975e8b64ed0be241e930f7bc5df P 0a3019589a0c453ab2879c4a89b50b75: Time spent bootstrapping tablet: real 0.021s	user 0.023s	sys 0.000s
I20260713 09:06:41.472147 13172 raft_consensus.cc:359] T dc617975e8b64ed0be241e930f7bc5df P 0a3019589a0c453ab2879c4a89b50b75 [term 1 LEARNER]: Replica starting. Triggering 0 pending ops. Active config: opid_index: 2 OBSOLETE_local: false peers { permanent_uuid: "bbbc0b44087e4742a5f084092a43d251" member_type: VOTER last_known_addr { host: "127.11.45.1" port: 38977 } } peers { permanent_uuid: "4a9ecd042f654f9bb9cc438a125b1560" member_type: VOTER last_known_addr { host: "127.11.45.2" port: 46669 } attrs { replace: true } } peers { permanent_uuid: "b5a7c95c41f746deaac2b16b68de3d17" member_type: VOTER last_known_addr { host: "127.11.45.3" port: 42333 } } peers { permanent_uuid: "0a3019589a0c453ab2879c4a89b50b75" member_type: NON_VOTER last_known_addr { host: "127.11.45.4" port: 36095 } attrs { promote: true } }
I20260713 09:06:41.473167 13172 raft_consensus.cc:740] T dc617975e8b64ed0be241e930f7bc5df P 0a3019589a0c453ab2879c4a89b50b75 [term 1 LEARNER]: Becoming Follower/Learner. State: Replica: 0a3019589a0c453ab2879c4a89b50b75, State: Initialized, Role: LEARNER
I20260713 09:06:41.473892 13172 consensus_queue.cc:260] T dc617975e8b64ed0be241e930f7bc5df P 0a3019589a0c453ab2879c4a89b50b75 [NON_LEADER]: Queue going to NON_LEADER mode. State: All replicated index: 0, Majority replicated index: 0, Committed index: 2, Last appended: 1.2, Last appended by leader: 2, Current term: 0, Majority size: -1, State: 0, Mode: NON_LEADER, active raft config: opid_index: 2 OBSOLETE_local: false peers { permanent_uuid: "bbbc0b44087e4742a5f084092a43d251" member_type: VOTER last_known_addr { host: "127.11.45.1" port: 38977 } } peers { permanent_uuid: "4a9ecd042f654f9bb9cc438a125b1560" member_type: VOTER last_known_addr { host: "127.11.45.2" port: 46669 } attrs { replace: true } } peers { permanent_uuid: "b5a7c95c41f746deaac2b16b68de3d17" member_type: VOTER last_known_addr { host: "127.11.45.3" port: 42333 } } peers { permanent_uuid: "0a3019589a0c453ab2879c4a89b50b75" member_type: NON_VOTER last_known_addr { host: "127.11.45.4" port: 36095 } attrs { promote: true } }
I20260713 09:06:41.477123 13172 ts_tablet_manager.cc:1434] T dc617975e8b64ed0be241e930f7bc5df P 0a3019589a0c453ab2879c4a89b50b75: Time spent starting tablet: real 0.008s	user 0.007s	sys 0.000s
I20260713 09:06:41.479264 12711 tablet_copy_service.cc:342] P b5a7c95c41f746deaac2b16b68de3d17: Request end of tablet copy session 0a3019589a0c453ab2879c4a89b50b75-dc617975e8b64ed0be241e930f7bc5df received from {username='slave'} at 127.0.0.1:40960
I20260713 09:06:41.479748 12711 tablet_copy_service.cc:434] P b5a7c95c41f746deaac2b16b68de3d17: ending tablet copy session 0a3019589a0c453ab2879c4a89b50b75-dc617975e8b64ed0be241e930f7bc5df on tablet dc617975e8b64ed0be241e930f7bc5df with peer 0a3019589a0c453ab2879c4a89b50b75
I20260713 09:06:41.504217 13172 ts_tablet_manager.cc:933] T 663fca7b651240609ee417cbbd7d0691 P 0a3019589a0c453ab2879c4a89b50b75: Initiating tablet copy from peer b5a7c95c41f746deaac2b16b68de3d17 (127.11.45.3:42333)
I20260713 09:06:41.506528 13172 tablet_copy_client.cc:323] T 663fca7b651240609ee417cbbd7d0691 P 0a3019589a0c453ab2879c4a89b50b75: tablet copy: Beginning tablet copy session from remote peer at address 127.11.45.3:42333
I20260713 09:06:41.508100 12711 tablet_copy_service.cc:140] P b5a7c95c41f746deaac2b16b68de3d17: Received BeginTabletCopySession request for tablet 663fca7b651240609ee417cbbd7d0691 from peer 0a3019589a0c453ab2879c4a89b50b75 ({username='slave'} at 127.0.0.1:40960)
I20260713 09:06:41.508615 12711 tablet_copy_service.cc:161] P b5a7c95c41f746deaac2b16b68de3d17: Beginning new tablet copy session on tablet 663fca7b651240609ee417cbbd7d0691 from peer 0a3019589a0c453ab2879c4a89b50b75 at {username='slave'} at 127.0.0.1:40960: session id = 0a3019589a0c453ab2879c4a89b50b75-663fca7b651240609ee417cbbd7d0691
I20260713 09:06:41.514439 12711 tablet_copy_source_session.cc:215] T 663fca7b651240609ee417cbbd7d0691 P b5a7c95c41f746deaac2b16b68de3d17: Tablet Copy: opened 0 blocks and 1 log segments
I20260713 09:06:41.517529 13172 data_dirs.cc:400] Could only allocate 1 dirs of requested 3 for tablet 663fca7b651240609ee417cbbd7d0691. 1 dirs total, 0 dirs full, 0 dirs failed
I20260713 09:06:41.531287 13172 tablet_copy_client.cc:806] T 663fca7b651240609ee417cbbd7d0691 P 0a3019589a0c453ab2879c4a89b50b75: tablet copy: Starting download of 0 data blocks...
I20260713 09:06:41.531909 13172 tablet_copy_client.cc:670] T 663fca7b651240609ee417cbbd7d0691 P 0a3019589a0c453ab2879c4a89b50b75: tablet copy: Starting download of 1 WAL segments...
I20260713 09:06:41.535840 13172 tablet_copy_client.cc:538] T 663fca7b651240609ee417cbbd7d0691 P 0a3019589a0c453ab2879c4a89b50b75: tablet copy: Tablet Copy complete. Replacing tablet superblock.
I20260713 09:06:41.543959 13172 tablet_bootstrap.cc:492] T 663fca7b651240609ee417cbbd7d0691 P 0a3019589a0c453ab2879c4a89b50b75: Bootstrap starting.
I20260713 09:06:41.561164 13172 tablet_bootstrap.cc:492] T 663fca7b651240609ee417cbbd7d0691 P 0a3019589a0c453ab2879c4a89b50b75: Bootstrap replayed 1/1 log segments. Stats: ops{read=2 overwritten=0 applied=2 ignored=0} inserts{seen=0 ignored=0} mutations{seen=0 ignored=0} orphaned_commits=0. Pending: 0 replicates
I20260713 09:06:41.561995 13172 tablet_bootstrap.cc:492] T 663fca7b651240609ee417cbbd7d0691 P 0a3019589a0c453ab2879c4a89b50b75: Bootstrap complete.
I20260713 09:06:41.562577 13172 ts_tablet_manager.cc:1403] T 663fca7b651240609ee417cbbd7d0691 P 0a3019589a0c453ab2879c4a89b50b75: Time spent bootstrapping tablet: real 0.019s	user 0.019s	sys 0.000s
I20260713 09:06:41.565344 13172 raft_consensus.cc:359] T 663fca7b651240609ee417cbbd7d0691 P 0a3019589a0c453ab2879c4a89b50b75 [term 1 LEARNER]: Replica starting. Triggering 0 pending ops. Active config: opid_index: 2 OBSOLETE_local: false peers { permanent_uuid: "bbbc0b44087e4742a5f084092a43d251" member_type: VOTER last_known_addr { host: "127.11.45.1" port: 38977 } attrs { replace: true } } peers { permanent_uuid: "4a9ecd042f654f9bb9cc438a125b1560" member_type: VOTER last_known_addr { host: "127.11.45.2" port: 46669 } } peers { permanent_uuid: "b5a7c95c41f746deaac2b16b68de3d17" member_type: VOTER last_known_addr { host: "127.11.45.3" port: 42333 } } peers { permanent_uuid: "0a3019589a0c453ab2879c4a89b50b75" member_type: NON_VOTER last_known_addr { host: "127.11.45.4" port: 36095 } attrs { promote: true } }
I20260713 09:06:41.566124 13172 raft_consensus.cc:740] T 663fca7b651240609ee417cbbd7d0691 P 0a3019589a0c453ab2879c4a89b50b75 [term 1 LEARNER]: Becoming Follower/Learner. State: Replica: 0a3019589a0c453ab2879c4a89b50b75, State: Initialized, Role: LEARNER
I20260713 09:06:41.566790 13172 consensus_queue.cc:260] T 663fca7b651240609ee417cbbd7d0691 P 0a3019589a0c453ab2879c4a89b50b75 [NON_LEADER]: Queue going to NON_LEADER mode. State: All replicated index: 0, Majority replicated index: 0, Committed index: 2, Last appended: 1.2, Last appended by leader: 2, Current term: 0, Majority size: -1, State: 0, Mode: NON_LEADER, active raft config: opid_index: 2 OBSOLETE_local: false peers { permanent_uuid: "bbbc0b44087e4742a5f084092a43d251" member_type: VOTER last_known_addr { host: "127.11.45.1" port: 38977 } attrs { replace: true } } peers { permanent_uuid: "4a9ecd042f654f9bb9cc438a125b1560" member_type: VOTER last_known_addr { host: "127.11.45.2" port: 46669 } } peers { permanent_uuid: "b5a7c95c41f746deaac2b16b68de3d17" member_type: VOTER last_known_addr { host: "127.11.45.3" port: 42333 } } peers { permanent_uuid: "0a3019589a0c453ab2879c4a89b50b75" member_type: NON_VOTER last_known_addr { host: "127.11.45.4" port: 36095 } attrs { promote: true } }
I20260713 09:06:41.569604 13172 ts_tablet_manager.cc:1434] T 663fca7b651240609ee417cbbd7d0691 P 0a3019589a0c453ab2879c4a89b50b75: Time spent starting tablet: real 0.007s	user 0.008s	sys 0.000s
I20260713 09:06:41.571954 12711 tablet_copy_service.cc:342] P b5a7c95c41f746deaac2b16b68de3d17: Request end of tablet copy session 0a3019589a0c453ab2879c4a89b50b75-663fca7b651240609ee417cbbd7d0691 received from {username='slave'} at 127.0.0.1:40960
I20260713 09:06:41.572429 12711 tablet_copy_service.cc:434] P b5a7c95c41f746deaac2b16b68de3d17: ending tablet copy session 0a3019589a0c453ab2879c4a89b50b75-663fca7b651240609ee417cbbd7d0691 on tablet 663fca7b651240609ee417cbbd7d0691 with peer 0a3019589a0c453ab2879c4a89b50b75
I20260713 09:06:41.660000 13172 ts_tablet_manager.cc:933] T e5aa3090ceac492a9310561783a8b8d3 P 0a3019589a0c453ab2879c4a89b50b75: Initiating tablet copy from peer bbbc0b44087e4742a5f084092a43d251 (127.11.45.1:38977)
I20260713 09:06:41.662190 13172 tablet_copy_client.cc:323] T e5aa3090ceac492a9310561783a8b8d3 P 0a3019589a0c453ab2879c4a89b50b75: tablet copy: Beginning tablet copy session from remote peer at address 127.11.45.1:38977
I20260713 09:06:41.663836 12562 tablet_copy_service.cc:140] P bbbc0b44087e4742a5f084092a43d251: Received BeginTabletCopySession request for tablet e5aa3090ceac492a9310561783a8b8d3 from peer 0a3019589a0c453ab2879c4a89b50b75 ({username='slave'} at 127.0.0.1:47828)
I20260713 09:06:41.664335 12562 tablet_copy_service.cc:161] P bbbc0b44087e4742a5f084092a43d251: Beginning new tablet copy session on tablet e5aa3090ceac492a9310561783a8b8d3 from peer 0a3019589a0c453ab2879c4a89b50b75 at {username='slave'} at 127.0.0.1:47828: session id = 0a3019589a0c453ab2879c4a89b50b75-e5aa3090ceac492a9310561783a8b8d3
I20260713 09:06:41.670944 12562 tablet_copy_source_session.cc:215] T e5aa3090ceac492a9310561783a8b8d3 P bbbc0b44087e4742a5f084092a43d251: Tablet Copy: opened 0 blocks and 1 log segments
I20260713 09:06:41.675753 13172 data_dirs.cc:400] Could only allocate 1 dirs of requested 3 for tablet e5aa3090ceac492a9310561783a8b8d3. 1 dirs total, 0 dirs full, 0 dirs failed
I20260713 09:06:41.691273 13172 tablet_copy_client.cc:806] T e5aa3090ceac492a9310561783a8b8d3 P 0a3019589a0c453ab2879c4a89b50b75: tablet copy: Starting download of 0 data blocks...
I20260713 09:06:41.691991 13172 tablet_copy_client.cc:670] T e5aa3090ceac492a9310561783a8b8d3 P 0a3019589a0c453ab2879c4a89b50b75: tablet copy: Starting download of 1 WAL segments...
I20260713 09:06:41.696200 13172 tablet_copy_client.cc:538] T e5aa3090ceac492a9310561783a8b8d3 P 0a3019589a0c453ab2879c4a89b50b75: tablet copy: Tablet Copy complete. Replacing tablet superblock.
I20260713 09:06:41.703210 13172 tablet_bootstrap.cc:492] T e5aa3090ceac492a9310561783a8b8d3 P 0a3019589a0c453ab2879c4a89b50b75: Bootstrap starting.
I20260713 09:06:41.719164 13172 tablet_bootstrap.cc:492] T e5aa3090ceac492a9310561783a8b8d3 P 0a3019589a0c453ab2879c4a89b50b75: Bootstrap replayed 1/1 log segments. Stats: ops{read=2 overwritten=0 applied=2 ignored=0} inserts{seen=0 ignored=0} mutations{seen=0 ignored=0} orphaned_commits=0. Pending: 0 replicates
I20260713 09:06:41.719986 13172 tablet_bootstrap.cc:492] T e5aa3090ceac492a9310561783a8b8d3 P 0a3019589a0c453ab2879c4a89b50b75: Bootstrap complete.
I20260713 09:06:41.720520 13172 ts_tablet_manager.cc:1403] T e5aa3090ceac492a9310561783a8b8d3 P 0a3019589a0c453ab2879c4a89b50b75: Time spent bootstrapping tablet: real 0.017s	user 0.015s	sys 0.000s
I20260713 09:06:41.722707 13172 raft_consensus.cc:359] T e5aa3090ceac492a9310561783a8b8d3 P 0a3019589a0c453ab2879c4a89b50b75 [term 1 LEARNER]: Replica starting. Triggering 0 pending ops. Active config: opid_index: 2 OBSOLETE_local: false peers { permanent_uuid: "bbbc0b44087e4742a5f084092a43d251" member_type: VOTER last_known_addr { host: "127.11.45.1" port: 38977 } } peers { permanent_uuid: "4a9ecd042f654f9bb9cc438a125b1560" member_type: VOTER last_known_addr { host: "127.11.45.2" port: 46669 } } peers { permanent_uuid: "b5a7c95c41f746deaac2b16b68de3d17" member_type: VOTER last_known_addr { host: "127.11.45.3" port: 42333 } attrs { replace: true } } peers { permanent_uuid: "0a3019589a0c453ab2879c4a89b50b75" member_type: NON_VOTER last_known_addr { host: "127.11.45.4" port: 36095 } attrs { promote: true } }
I20260713 09:06:41.723338 13172 raft_consensus.cc:740] T e5aa3090ceac492a9310561783a8b8d3 P 0a3019589a0c453ab2879c4a89b50b75 [term 1 LEARNER]: Becoming Follower/Learner. State: Replica: 0a3019589a0c453ab2879c4a89b50b75, State: Initialized, Role: LEARNER
I20260713 09:06:41.723902 13172 consensus_queue.cc:260] T e5aa3090ceac492a9310561783a8b8d3 P 0a3019589a0c453ab2879c4a89b50b75 [NON_LEADER]: Queue going to NON_LEADER mode. State: All replicated index: 0, Majority replicated index: 0, Committed index: 2, Last appended: 1.2, Last appended by leader: 2, Current term: 0, Majority size: -1, State: 0, Mode: NON_LEADER, active raft config: opid_index: 2 OBSOLETE_local: false peers { permanent_uuid: "bbbc0b44087e4742a5f084092a43d251" member_type: VOTER last_known_addr { host: "127.11.45.1" port: 38977 } } peers { permanent_uuid: "4a9ecd042f654f9bb9cc438a125b1560" member_type: VOTER last_known_addr { host: "127.11.45.2" port: 46669 } } peers { permanent_uuid: "b5a7c95c41f746deaac2b16b68de3d17" member_type: VOTER last_known_addr { host: "127.11.45.3" port: 42333 } attrs { replace: true } } peers { permanent_uuid: "0a3019589a0c453ab2879c4a89b50b75" member_type: NON_VOTER last_known_addr { host: "127.11.45.4" port: 36095 } attrs { promote: true } }
I20260713 09:06:41.725657 13172 ts_tablet_manager.cc:1434] T e5aa3090ceac492a9310561783a8b8d3 P 0a3019589a0c453ab2879c4a89b50b75: Time spent starting tablet: real 0.005s	user 0.008s	sys 0.000s
I20260713 09:06:41.727762 12562 tablet_copy_service.cc:342] P bbbc0b44087e4742a5f084092a43d251: Request end of tablet copy session 0a3019589a0c453ab2879c4a89b50b75-e5aa3090ceac492a9310561783a8b8d3 received from {username='slave'} at 127.0.0.1:47828
I20260713 09:06:41.728225 12562 tablet_copy_service.cc:434] P bbbc0b44087e4742a5f084092a43d251: ending tablet copy session 0a3019589a0c453ab2879c4a89b50b75-e5aa3090ceac492a9310561783a8b8d3 on tablet e5aa3090ceac492a9310561783a8b8d3 with peer 0a3019589a0c453ab2879c4a89b50b75
I20260713 09:06:41.825383 12977 raft_consensus.cc:1217] T 02fdb6aa5f6547768bef5230a2155bf0 P 0a3019589a0c453ab2879c4a89b50b75 [term 1 LEARNER]: Deduplicated request from leader. Original: 1.1->[1.2-1.2]   Dedup: 1.2->[]
I20260713 09:06:41.891662 12977 raft_consensus.cc:1217] T dc617975e8b64ed0be241e930f7bc5df P 0a3019589a0c453ab2879c4a89b50b75 [term 1 LEARNER]: Deduplicated request from leader. Original: 1.1->[1.2-1.2]   Dedup: 1.2->[]
I20260713 09:06:42.078673 12977 raft_consensus.cc:1217] T 663fca7b651240609ee417cbbd7d0691 P 0a3019589a0c453ab2879c4a89b50b75 [term 1 LEARNER]: Deduplicated request from leader. Original: 1.1->[1.2-1.2]   Dedup: 1.2->[]
I20260713 09:06:42.228019 12977 raft_consensus.cc:1217] T e5aa3090ceac492a9310561783a8b8d3 P 0a3019589a0c453ab2879c4a89b50b75 [term 1 LEARNER]: Deduplicated request from leader. Original: 1.1->[1.2-1.2]   Dedup: 1.2->[]
I20260713 09:06:42.257084 13145 raft_consensus.cc:1064] T 02fdb6aa5f6547768bef5230a2155bf0 P b5a7c95c41f746deaac2b16b68de3d17: attempting to promote NON_VOTER 0a3019589a0c453ab2879c4a89b50b75 to VOTER
I20260713 09:06:42.259335 13145 consensus_queue.cc:237] T 02fdb6aa5f6547768bef5230a2155bf0 P b5a7c95c41f746deaac2b16b68de3d17 [LEADER]: Queue going to LEADER mode. State: All replicated index: 0, Majority replicated index: 2, Committed index: 2, Last appended: 1.2, Last appended by leader: 0, Current term: 1, Majority size: 3, State: 0, Mode: LEADER, active raft config: opid_index: 3 OBSOLETE_local: false peers { permanent_uuid: "bbbc0b44087e4742a5f084092a43d251" member_type: VOTER last_known_addr { host: "127.11.45.1" port: 38977 } } peers { permanent_uuid: "4a9ecd042f654f9bb9cc438a125b1560" member_type: VOTER last_known_addr { host: "127.11.45.2" port: 46669 } attrs { replace: true } } peers { permanent_uuid: "b5a7c95c41f746deaac2b16b68de3d17" member_type: VOTER last_known_addr { host: "127.11.45.3" port: 42333 } } peers { permanent_uuid: "0a3019589a0c453ab2879c4a89b50b75" member_type: VOTER last_known_addr { host: "127.11.45.4" port: 36095 } attrs { promote: false } }
I20260713 09:06:42.265842 12975 raft_consensus.cc:1275] T 02fdb6aa5f6547768bef5230a2155bf0 P 0a3019589a0c453ab2879c4a89b50b75 [term 1 LEARNER]: Refusing update from remote peer b5a7c95c41f746deaac2b16b68de3d17: Log matching property violated. Preceding OpId in replica: term: 1 index: 2. Preceding OpId from leader: term: 1 index: 3. (index mismatch)
I20260713 09:06:42.267194 12627 raft_consensus.cc:1275] T 02fdb6aa5f6547768bef5230a2155bf0 P 4a9ecd042f654f9bb9cc438a125b1560 [term 1 FOLLOWER]: Refusing update from remote peer b5a7c95c41f746deaac2b16b68de3d17: Log matching property violated. Preceding OpId in replica: term: 1 index: 2. Preceding OpId from leader: term: 1 index: 3. (index mismatch)
I20260713 09:06:42.267345 12551 raft_consensus.cc:1275] T 02fdb6aa5f6547768bef5230a2155bf0 P bbbc0b44087e4742a5f084092a43d251 [term 1 FOLLOWER]: Refusing update from remote peer b5a7c95c41f746deaac2b16b68de3d17: Log matching property violated. Preceding OpId in replica: term: 1 index: 2. Preceding OpId from leader: term: 1 index: 3. (index mismatch)
I20260713 09:06:42.267561 13145 consensus_queue.cc:1048] T 02fdb6aa5f6547768bef5230a2155bf0 P b5a7c95c41f746deaac2b16b68de3d17 [LEADER]: Connected to new peer: Peer: permanent_uuid: "0a3019589a0c453ab2879c4a89b50b75" member_type: VOTER last_known_addr { host: "127.11.45.4" port: 36095 } attrs { promote: false }, Status: LMP_MISMATCH, Last received: 0.0, Next index: 3, Last known committed idx: 2, Time since last communication: 0.000s
I20260713 09:06:42.268608 13146 consensus_queue.cc:1048] T 02fdb6aa5f6547768bef5230a2155bf0 P b5a7c95c41f746deaac2b16b68de3d17 [LEADER]: Connected to new peer: Peer: permanent_uuid: "bbbc0b44087e4742a5f084092a43d251" member_type: VOTER last_known_addr { host: "127.11.45.1" port: 38977 }, Status: LMP_MISMATCH, Last received: 0.0, Next index: 3, Last known committed idx: 2, Time since last communication: 0.000s
I20260713 09:06:42.269297 13111 consensus_queue.cc:1048] T 02fdb6aa5f6547768bef5230a2155bf0 P b5a7c95c41f746deaac2b16b68de3d17 [LEADER]: Connected to new peer: Peer: permanent_uuid: "4a9ecd042f654f9bb9cc438a125b1560" member_type: VOTER last_known_addr { host: "127.11.45.2" port: 46669 } attrs { replace: true }, Status: LMP_MISMATCH, Last received: 0.0, Next index: 3, Last known committed idx: 2, Time since last communication: 0.000s
I20260713 09:06:42.289559 13146 raft_consensus.cc:2955] T 02fdb6aa5f6547768bef5230a2155bf0 P b5a7c95c41f746deaac2b16b68de3d17 [term 1 LEADER]: Committing config change with OpId 1.3: config changed from index 2 to 3, 0a3019589a0c453ab2879c4a89b50b75 (127.11.45.4) changed from NON_VOTER to VOTER. New config: { opid_index: 3 OBSOLETE_local: false peers { permanent_uuid: "bbbc0b44087e4742a5f084092a43d251" member_type: VOTER last_known_addr { host: "127.11.45.1" port: 38977 } } peers { permanent_uuid: "4a9ecd042f654f9bb9cc438a125b1560" member_type: VOTER last_known_addr { host: "127.11.45.2" port: 46669 } attrs { replace: true } } peers { permanent_uuid: "b5a7c95c41f746deaac2b16b68de3d17" member_type: VOTER last_known_addr { host: "127.11.45.3" port: 42333 } } peers { permanent_uuid: "0a3019589a0c453ab2879c4a89b50b75" member_type: VOTER last_known_addr { host: "127.11.45.4" port: 36095 } attrs { promote: false } } }
I20260713 09:06:42.291115 12627 raft_consensus.cc:2955] T 02fdb6aa5f6547768bef5230a2155bf0 P 4a9ecd042f654f9bb9cc438a125b1560 [term 1 FOLLOWER]: Committing config change with OpId 1.3: config changed from index 2 to 3, 0a3019589a0c453ab2879c4a89b50b75 (127.11.45.4) changed from NON_VOTER to VOTER. New config: { opid_index: 3 OBSOLETE_local: false peers { permanent_uuid: "bbbc0b44087e4742a5f084092a43d251" member_type: VOTER last_known_addr { host: "127.11.45.1" port: 38977 } } peers { permanent_uuid: "4a9ecd042f654f9bb9cc438a125b1560" member_type: VOTER last_known_addr { host: "127.11.45.2" port: 46669 } attrs { replace: true } } peers { permanent_uuid: "b5a7c95c41f746deaac2b16b68de3d17" member_type: VOTER last_known_addr { host: "127.11.45.3" port: 42333 } } peers { permanent_uuid: "0a3019589a0c453ab2879c4a89b50b75" member_type: VOTER last_known_addr { host: "127.11.45.4" port: 36095 } attrs { promote: false } } }
I20260713 09:06:42.303892 12977 raft_consensus.cc:2955] T 02fdb6aa5f6547768bef5230a2155bf0 P 0a3019589a0c453ab2879c4a89b50b75 [term 1 FOLLOWER]: Committing config change with OpId 1.3: config changed from index 2 to 3, 0a3019589a0c453ab2879c4a89b50b75 (127.11.45.4) changed from NON_VOTER to VOTER. New config: { opid_index: 3 OBSOLETE_local: false peers { permanent_uuid: "bbbc0b44087e4742a5f084092a43d251" member_type: VOTER last_known_addr { host: "127.11.45.1" port: 38977 } } peers { permanent_uuid: "4a9ecd042f654f9bb9cc438a125b1560" member_type: VOTER last_known_addr { host: "127.11.45.2" port: 46669 } attrs { replace: true } } peers { permanent_uuid: "b5a7c95c41f746deaac2b16b68de3d17" member_type: VOTER last_known_addr { host: "127.11.45.3" port: 42333 } } peers { permanent_uuid: "0a3019589a0c453ab2879c4a89b50b75" member_type: VOTER last_known_addr { host: "127.11.45.4" port: 36095 } attrs { promote: false } } }
I20260713 09:06:42.303923 12551 raft_consensus.cc:2955] T 02fdb6aa5f6547768bef5230a2155bf0 P bbbc0b44087e4742a5f084092a43d251 [term 1 FOLLOWER]: Committing config change with OpId 1.3: config changed from index 2 to 3, 0a3019589a0c453ab2879c4a89b50b75 (127.11.45.4) changed from NON_VOTER to VOTER. New config: { opid_index: 3 OBSOLETE_local: false peers { permanent_uuid: "bbbc0b44087e4742a5f084092a43d251" member_type: VOTER last_known_addr { host: "127.11.45.1" port: 38977 } } peers { permanent_uuid: "4a9ecd042f654f9bb9cc438a125b1560" member_type: VOTER last_known_addr { host: "127.11.45.2" port: 46669 } attrs { replace: true } } peers { permanent_uuid: "b5a7c95c41f746deaac2b16b68de3d17" member_type: VOTER last_known_addr { host: "127.11.45.3" port: 42333 } } peers { permanent_uuid: "0a3019589a0c453ab2879c4a89b50b75" member_type: VOTER last_known_addr { host: "127.11.45.4" port: 36095 } attrs { promote: false } } }
I20260713 09:06:42.305474 12447 catalog_manager.cc:5697] T 02fdb6aa5f6547768bef5230a2155bf0 P b5a7c95c41f746deaac2b16b68de3d17 reported cstate change: config changed from index 2 to 3, 0a3019589a0c453ab2879c4a89b50b75 (127.11.45.4) changed from NON_VOTER to VOTER. New cstate: current_term: 1 leader_uuid: "b5a7c95c41f746deaac2b16b68de3d17" committed_config { opid_index: 3 OBSOLETE_local: false peers { permanent_uuid: "bbbc0b44087e4742a5f084092a43d251" member_type: VOTER last_known_addr { host: "127.11.45.1" port: 38977 } health_report { overall_health: HEALTHY } } peers { permanent_uuid: "4a9ecd042f654f9bb9cc438a125b1560" member_type: VOTER last_known_addr { host: "127.11.45.2" port: 46669 } attrs { replace: true } health_report { overall_health: HEALTHY } } peers { permanent_uuid: "b5a7c95c41f746deaac2b16b68de3d17" member_type: VOTER last_known_addr { host: "127.11.45.3" port: 42333 } health_report { overall_health: HEALTHY } } peers { permanent_uuid: "0a3019589a0c453ab2879c4a89b50b75" member_type: VOTER last_known_addr { host: "127.11.45.4" port: 36095 } attrs { promote: false } health_report { overall_health: HEALTHY } } }
I20260713 09:06:42.324872 12698 consensus_queue.cc:237] T 02fdb6aa5f6547768bef5230a2155bf0 P b5a7c95c41f746deaac2b16b68de3d17 [LEADER]: Queue going to LEADER mode. State: All replicated index: 0, Majority replicated index: 3, Committed index: 3, Last appended: 1.3, Last appended by leader: 0, Current term: 1, Majority size: 2, State: 0, Mode: LEADER, active raft config: opid_index: 4 OBSOLETE_local: false peers { permanent_uuid: "bbbc0b44087e4742a5f084092a43d251" member_type: VOTER last_known_addr { host: "127.11.45.1" port: 38977 } } peers { permanent_uuid: "b5a7c95c41f746deaac2b16b68de3d17" member_type: VOTER last_known_addr { host: "127.11.45.3" port: 42333 } } peers { permanent_uuid: "0a3019589a0c453ab2879c4a89b50b75" member_type: VOTER last_known_addr { host: "127.11.45.4" port: 36095 } attrs { promote: false } }
I20260713 09:06:42.330787 12977 raft_consensus.cc:1275] T 02fdb6aa5f6547768bef5230a2155bf0 P 0a3019589a0c453ab2879c4a89b50b75 [term 1 FOLLOWER]: Refusing update from remote peer b5a7c95c41f746deaac2b16b68de3d17: Log matching property violated. Preceding OpId in replica: term: 1 index: 3. Preceding OpId from leader: term: 1 index: 4. (index mismatch)
I20260713 09:06:42.332028 13145 consensus_queue.cc:1048] T 02fdb6aa5f6547768bef5230a2155bf0 P b5a7c95c41f746deaac2b16b68de3d17 [LEADER]: Connected to new peer: Peer: permanent_uuid: "0a3019589a0c453ab2879c4a89b50b75" member_type: VOTER last_known_addr { host: "127.11.45.4" port: 36095 } attrs { promote: false }, Status: LMP_MISMATCH, Last received: 0.0, Next index: 4, Last known committed idx: 3, Time since last communication: 0.000s
I20260713 09:06:42.332453 12551 raft_consensus.cc:1275] T 02fdb6aa5f6547768bef5230a2155bf0 P bbbc0b44087e4742a5f084092a43d251 [term 1 FOLLOWER]: Refusing update from remote peer b5a7c95c41f746deaac2b16b68de3d17: Log matching property violated. Preceding OpId in replica: term: 1 index: 3. Preceding OpId from leader: term: 1 index: 4. (index mismatch)
I20260713 09:06:42.333873 13111 consensus_queue.cc:1048] T 02fdb6aa5f6547768bef5230a2155bf0 P b5a7c95c41f746deaac2b16b68de3d17 [LEADER]: Connected to new peer: Peer: permanent_uuid: "bbbc0b44087e4742a5f084092a43d251" member_type: VOTER last_known_addr { host: "127.11.45.1" port: 38977 }, Status: LMP_MISMATCH, Last received: 0.0, Next index: 4, Last known committed idx: 3, Time since last communication: 0.000s
I20260713 09:06:42.338886 13145 raft_consensus.cc:2955] T 02fdb6aa5f6547768bef5230a2155bf0 P b5a7c95c41f746deaac2b16b68de3d17 [term 1 LEADER]: Committing config change with OpId 1.4: config changed from index 3 to 4, VOTER 4a9ecd042f654f9bb9cc438a125b1560 (127.11.45.2) evicted. New config: { opid_index: 4 OBSOLETE_local: false peers { permanent_uuid: "bbbc0b44087e4742a5f084092a43d251" member_type: VOTER last_known_addr { host: "127.11.45.1" port: 38977 } } peers { permanent_uuid: "b5a7c95c41f746deaac2b16b68de3d17" member_type: VOTER last_known_addr { host: "127.11.45.3" port: 42333 } } peers { permanent_uuid: "0a3019589a0c453ab2879c4a89b50b75" member_type: VOTER last_known_addr { host: "127.11.45.4" port: 36095 } attrs { promote: false } } }
I20260713 09:06:42.340638 12977 raft_consensus.cc:2955] T 02fdb6aa5f6547768bef5230a2155bf0 P 0a3019589a0c453ab2879c4a89b50b75 [term 1 FOLLOWER]: Committing config change with OpId 1.4: config changed from index 3 to 4, VOTER 4a9ecd042f654f9bb9cc438a125b1560 (127.11.45.2) evicted. New config: { opid_index: 4 OBSOLETE_local: false peers { permanent_uuid: "bbbc0b44087e4742a5f084092a43d251" member_type: VOTER last_known_addr { host: "127.11.45.1" port: 38977 } } peers { permanent_uuid: "b5a7c95c41f746deaac2b16b68de3d17" member_type: VOTER last_known_addr { host: "127.11.45.3" port: 42333 } } peers { permanent_uuid: "0a3019589a0c453ab2879c4a89b50b75" member_type: VOTER last_known_addr { host: "127.11.45.4" port: 36095 } attrs { promote: false } } }
I20260713 09:06:42.342705 12551 raft_consensus.cc:2955] T 02fdb6aa5f6547768bef5230a2155bf0 P bbbc0b44087e4742a5f084092a43d251 [term 1 FOLLOWER]: Committing config change with OpId 1.4: config changed from index 3 to 4, VOTER 4a9ecd042f654f9bb9cc438a125b1560 (127.11.45.2) evicted. New config: { opid_index: 4 OBSOLETE_local: false peers { permanent_uuid: "bbbc0b44087e4742a5f084092a43d251" member_type: VOTER last_known_addr { host: "127.11.45.1" port: 38977 } } peers { permanent_uuid: "b5a7c95c41f746deaac2b16b68de3d17" member_type: VOTER last_known_addr { host: "127.11.45.3" port: 42333 } } peers { permanent_uuid: "0a3019589a0c453ab2879c4a89b50b75" member_type: VOTER last_known_addr { host: "127.11.45.4" port: 36095 } attrs { promote: false } } }
I20260713 09:06:42.357236 12450 catalog_manager.cc:5697] T 02fdb6aa5f6547768bef5230a2155bf0 P 0a3019589a0c453ab2879c4a89b50b75 reported cstate change: config changed from index 3 to 4, VOTER 4a9ecd042f654f9bb9cc438a125b1560 (127.11.45.2) evicted. New cstate: current_term: 1 leader_uuid: "b5a7c95c41f746deaac2b16b68de3d17" committed_config { opid_index: 4 OBSOLETE_local: false peers { permanent_uuid: "bbbc0b44087e4742a5f084092a43d251" member_type: VOTER last_known_addr { host: "127.11.45.1" port: 38977 } } peers { permanent_uuid: "b5a7c95c41f746deaac2b16b68de3d17" member_type: VOTER last_known_addr { host: "127.11.45.3" port: 42333 } } peers { permanent_uuid: "0a3019589a0c453ab2879c4a89b50b75" member_type: VOTER last_known_addr { host: "127.11.45.4" port: 36095 } attrs { promote: false } } }
I20260713 09:06:42.361378 12437 catalog_manager.cc:5210] ChangeConfig:REMOVE_PEER RPC for tablet 02fdb6aa5f6547768bef5230a2155bf0 with cas_config_opid_index 3: ChangeConfig:REMOVE_PEER succeeded (attempt 1)
I20260713 09:06:42.367558 12613 tablet_service.cc:1558] Processing DeleteTablet for tablet 02fdb6aa5f6547768bef5230a2155bf0 with delete_type TABLET_DATA_TOMBSTONED (TS 4a9ecd042f654f9bb9cc438a125b1560 not found in new config with opid_index 4) from {username='slave'} at 127.0.0.1:46410
I20260713 09:06:42.378203 13190 tablet_replica.cc:333] T 02fdb6aa5f6547768bef5230a2155bf0 P 4a9ecd042f654f9bb9cc438a125b1560: stopping tablet replica
I20260713 09:06:42.379043 13190 raft_consensus.cc:2243] T 02fdb6aa5f6547768bef5230a2155bf0 P 4a9ecd042f654f9bb9cc438a125b1560 [term 1 FOLLOWER]: Raft consensus shutting down.
I20260713 09:06:42.379580 13190 raft_consensus.cc:2272] T 02fdb6aa5f6547768bef5230a2155bf0 P 4a9ecd042f654f9bb9cc438a125b1560 [term 1 FOLLOWER]: Raft consensus is shut down!
I20260713 09:06:42.383227 13190 ts_tablet_manager.cc:1916] T 02fdb6aa5f6547768bef5230a2155bf0 P 4a9ecd042f654f9bb9cc438a125b1560: Deleting tablet data with delete state TABLET_DATA_TOMBSTONED
I20260713 09:06:42.395146 13190 ts_tablet_manager.cc:1929] T 02fdb6aa5f6547768bef5230a2155bf0 P 4a9ecd042f654f9bb9cc438a125b1560: tablet deleted with delete type TABLET_DATA_TOMBSTONED: last-logged OpId 1.3
I20260713 09:06:42.395526 13190 log.cc:1199] T 02fdb6aa5f6547768bef5230a2155bf0 P 4a9ecd042f654f9bb9cc438a125b1560: Deleting WAL directory at /tmp/dist-test-taskUWMuAp/test-tmp/auto_leader_rebalancer-test.0.LeaderRebalancerTest.AddTserver.1783933565571573-11444-0/minicluster-data/ts-1-root/wals/02fdb6aa5f6547768bef5230a2155bf0
I20260713 09:06:42.398697 12436 catalog_manager.cc:5028] TS 4a9ecd042f654f9bb9cc438a125b1560 (127.11.45.2:46669): tablet 02fdb6aa5f6547768bef5230a2155bf0 (table test-workload [id=ef5cc037600440fba89b6f4d52573e81]) successfully deleted
I20260713 09:06:42.400856 13146 raft_consensus.cc:1064] T dc617975e8b64ed0be241e930f7bc5df P b5a7c95c41f746deaac2b16b68de3d17: attempting to promote NON_VOTER 0a3019589a0c453ab2879c4a89b50b75 to VOTER
I20260713 09:06:42.403573 13146 consensus_queue.cc:237] T dc617975e8b64ed0be241e930f7bc5df P b5a7c95c41f746deaac2b16b68de3d17 [LEADER]: Queue going to LEADER mode. State: All replicated index: 0, Majority replicated index: 2, Committed index: 2, Last appended: 1.2, Last appended by leader: 0, Current term: 1, Majority size: 3, State: 0, Mode: LEADER, active raft config: opid_index: 3 OBSOLETE_local: false peers { permanent_uuid: "bbbc0b44087e4742a5f084092a43d251" member_type: VOTER last_known_addr { host: "127.11.45.1" port: 38977 } } peers { permanent_uuid: "4a9ecd042f654f9bb9cc438a125b1560" member_type: VOTER last_known_addr { host: "127.11.45.2" port: 46669 } attrs { replace: true } } peers { permanent_uuid: "b5a7c95c41f746deaac2b16b68de3d17" member_type: VOTER last_known_addr { host: "127.11.45.3" port: 42333 } } peers { permanent_uuid: "0a3019589a0c453ab2879c4a89b50b75" member_type: VOTER last_known_addr { host: "127.11.45.4" port: 36095 } attrs { promote: false } }
I20260713 09:06:42.411588 12627 raft_consensus.cc:1275] T dc617975e8b64ed0be241e930f7bc5df P 4a9ecd042f654f9bb9cc438a125b1560 [term 1 FOLLOWER]: Refusing update from remote peer b5a7c95c41f746deaac2b16b68de3d17: Log matching property violated. Preceding OpId in replica: term: 1 index: 2. Preceding OpId from leader: term: 1 index: 3. (index mismatch)
I20260713 09:06:42.411841 12551 raft_consensus.cc:1275] T dc617975e8b64ed0be241e930f7bc5df P bbbc0b44087e4742a5f084092a43d251 [term 1 FOLLOWER]: Refusing update from remote peer b5a7c95c41f746deaac2b16b68de3d17: Log matching property violated. Preceding OpId in replica: term: 1 index: 2. Preceding OpId from leader: term: 1 index: 3. (index mismatch)
I20260713 09:06:42.413204 12977 raft_consensus.cc:1275] T dc617975e8b64ed0be241e930f7bc5df P 0a3019589a0c453ab2879c4a89b50b75 [term 1 LEARNER]: Refusing update from remote peer b5a7c95c41f746deaac2b16b68de3d17: Log matching property violated. Preceding OpId in replica: term: 1 index: 2. Preceding OpId from leader: term: 1 index: 3. (index mismatch)
I20260713 09:06:42.413582 13145 consensus_queue.cc:1048] T dc617975e8b64ed0be241e930f7bc5df P b5a7c95c41f746deaac2b16b68de3d17 [LEADER]: Connected to new peer: Peer: permanent_uuid: "4a9ecd042f654f9bb9cc438a125b1560" member_type: VOTER last_known_addr { host: "127.11.45.2" port: 46669 } attrs { replace: true }, Status: LMP_MISMATCH, Last received: 0.0, Next index: 3, Last known committed idx: 2, Time since last communication: 0.001s
I20260713 09:06:42.415390 13111 consensus_queue.cc:1048] T dc617975e8b64ed0be241e930f7bc5df P b5a7c95c41f746deaac2b16b68de3d17 [LEADER]: Connected to new peer: Peer: permanent_uuid: "bbbc0b44087e4742a5f084092a43d251" member_type: VOTER last_known_addr { host: "127.11.45.1" port: 38977 }, Status: LMP_MISMATCH, Last received: 0.0, Next index: 3, Last known committed idx: 2, Time since last communication: 0.001s
I20260713 09:06:42.416590 13146 consensus_queue.cc:1048] T dc617975e8b64ed0be241e930f7bc5df P b5a7c95c41f746deaac2b16b68de3d17 [LEADER]: Connected to new peer: Peer: permanent_uuid: "0a3019589a0c453ab2879c4a89b50b75" member_type: VOTER last_known_addr { host: "127.11.45.4" port: 36095 } attrs { promote: false }, Status: LMP_MISMATCH, Last received: 0.0, Next index: 3, Last known committed idx: 2, Time since last communication: 0.001s
I20260713 09:06:42.438946 13111 raft_consensus.cc:2955] T dc617975e8b64ed0be241e930f7bc5df P b5a7c95c41f746deaac2b16b68de3d17 [term 1 LEADER]: Committing config change with OpId 1.3: config changed from index 2 to 3, 0a3019589a0c453ab2879c4a89b50b75 (127.11.45.4) changed from NON_VOTER to VOTER. New config: { opid_index: 3 OBSOLETE_local: false peers { permanent_uuid: "bbbc0b44087e4742a5f084092a43d251" member_type: VOTER last_known_addr { host: "127.11.45.1" port: 38977 } } peers { permanent_uuid: "4a9ecd042f654f9bb9cc438a125b1560" member_type: VOTER last_known_addr { host: "127.11.45.2" port: 46669 } attrs { replace: true } } peers { permanent_uuid: "b5a7c95c41f746deaac2b16b68de3d17" member_type: VOTER last_known_addr { host: "127.11.45.3" port: 42333 } } peers { permanent_uuid: "0a3019589a0c453ab2879c4a89b50b75" member_type: VOTER last_known_addr { host: "127.11.45.4" port: 36095 } attrs { promote: false } } }
I20260713 09:06:42.443622 12977 raft_consensus.cc:2955] T dc617975e8b64ed0be241e930f7bc5df P 0a3019589a0c453ab2879c4a89b50b75 [term 1 FOLLOWER]: Committing config change with OpId 1.3: config changed from index 2 to 3, 0a3019589a0c453ab2879c4a89b50b75 (127.11.45.4) changed from NON_VOTER to VOTER. New config: { opid_index: 3 OBSOLETE_local: false peers { permanent_uuid: "bbbc0b44087e4742a5f084092a43d251" member_type: VOTER last_known_addr { host: "127.11.45.1" port: 38977 } } peers { permanent_uuid: "4a9ecd042f654f9bb9cc438a125b1560" member_type: VOTER last_known_addr { host: "127.11.45.2" port: 46669 } attrs { replace: true } } peers { permanent_uuid: "b5a7c95c41f746deaac2b16b68de3d17" member_type: VOTER last_known_addr { host: "127.11.45.3" port: 42333 } } peers { permanent_uuid: "0a3019589a0c453ab2879c4a89b50b75" member_type: VOTER last_known_addr { host: "127.11.45.4" port: 36095 } attrs { promote: false } } }
I20260713 09:06:42.446117 12551 raft_consensus.cc:2955] T dc617975e8b64ed0be241e930f7bc5df P bbbc0b44087e4742a5f084092a43d251 [term 1 FOLLOWER]: Committing config change with OpId 1.3: config changed from index 2 to 3, 0a3019589a0c453ab2879c4a89b50b75 (127.11.45.4) changed from NON_VOTER to VOTER. New config: { opid_index: 3 OBSOLETE_local: false peers { permanent_uuid: "bbbc0b44087e4742a5f084092a43d251" member_type: VOTER last_known_addr { host: "127.11.45.1" port: 38977 } } peers { permanent_uuid: "4a9ecd042f654f9bb9cc438a125b1560" member_type: VOTER last_known_addr { host: "127.11.45.2" port: 46669 } attrs { replace: true } } peers { permanent_uuid: "b5a7c95c41f746deaac2b16b68de3d17" member_type: VOTER last_known_addr { host: "127.11.45.3" port: 42333 } } peers { permanent_uuid: "0a3019589a0c453ab2879c4a89b50b75" member_type: VOTER last_known_addr { host: "127.11.45.4" port: 36095 } attrs { promote: false } } }
I20260713 09:06:42.451393 12627 raft_consensus.cc:2955] T dc617975e8b64ed0be241e930f7bc5df P 4a9ecd042f654f9bb9cc438a125b1560 [term 1 FOLLOWER]: Committing config change with OpId 1.3: config changed from index 2 to 3, 0a3019589a0c453ab2879c4a89b50b75 (127.11.45.4) changed from NON_VOTER to VOTER. New config: { opid_index: 3 OBSOLETE_local: false peers { permanent_uuid: "bbbc0b44087e4742a5f084092a43d251" member_type: VOTER last_known_addr { host: "127.11.45.1" port: 38977 } } peers { permanent_uuid: "4a9ecd042f654f9bb9cc438a125b1560" member_type: VOTER last_known_addr { host: "127.11.45.2" port: 46669 } attrs { replace: true } } peers { permanent_uuid: "b5a7c95c41f746deaac2b16b68de3d17" member_type: VOTER last_known_addr { host: "127.11.45.3" port: 42333 } } peers { permanent_uuid: "0a3019589a0c453ab2879c4a89b50b75" member_type: VOTER last_known_addr { host: "127.11.45.4" port: 36095 } attrs { promote: false } } }
I20260713 09:06:42.457399 12449 catalog_manager.cc:5697] T dc617975e8b64ed0be241e930f7bc5df P 0a3019589a0c453ab2879c4a89b50b75 reported cstate change: config changed from index 2 to 3, 0a3019589a0c453ab2879c4a89b50b75 (127.11.45.4) changed from NON_VOTER to VOTER. New cstate: current_term: 1 leader_uuid: "b5a7c95c41f746deaac2b16b68de3d17" committed_config { opid_index: 3 OBSOLETE_local: false peers { permanent_uuid: "bbbc0b44087e4742a5f084092a43d251" member_type: VOTER last_known_addr { host: "127.11.45.1" port: 38977 } } peers { permanent_uuid: "4a9ecd042f654f9bb9cc438a125b1560" member_type: VOTER last_known_addr { host: "127.11.45.2" port: 46669 } attrs { replace: true } } peers { permanent_uuid: "b5a7c95c41f746deaac2b16b68de3d17" member_type: VOTER last_known_addr { host: "127.11.45.3" port: 42333 } } peers { permanent_uuid: "0a3019589a0c453ab2879c4a89b50b75" member_type: VOTER last_known_addr { host: "127.11.45.4" port: 36095 } attrs { promote: false } } }
I20260713 09:06:42.471158 12698 consensus_queue.cc:237] T dc617975e8b64ed0be241e930f7bc5df P b5a7c95c41f746deaac2b16b68de3d17 [LEADER]: Queue going to LEADER mode. State: All replicated index: 0, Majority replicated index: 3, Committed index: 3, Last appended: 1.3, Last appended by leader: 0, Current term: 1, Majority size: 2, State: 0, Mode: LEADER, active raft config: opid_index: 4 OBSOLETE_local: false peers { permanent_uuid: "bbbc0b44087e4742a5f084092a43d251" member_type: VOTER last_known_addr { host: "127.11.45.1" port: 38977 } } peers { permanent_uuid: "b5a7c95c41f746deaac2b16b68de3d17" member_type: VOTER last_known_addr { host: "127.11.45.3" port: 42333 } } peers { permanent_uuid: "0a3019589a0c453ab2879c4a89b50b75" member_type: VOTER last_known_addr { host: "127.11.45.4" port: 36095 } attrs { promote: false } }
I20260713 09:06:42.476001 12977 raft_consensus.cc:1275] T dc617975e8b64ed0be241e930f7bc5df P 0a3019589a0c453ab2879c4a89b50b75 [term 1 FOLLOWER]: Refusing update from remote peer b5a7c95c41f746deaac2b16b68de3d17: Log matching property violated. Preceding OpId in replica: term: 1 index: 3. Preceding OpId from leader: term: 1 index: 4. (index mismatch)
I20260713 09:06:42.476096 12551 raft_consensus.cc:1275] T dc617975e8b64ed0be241e930f7bc5df P bbbc0b44087e4742a5f084092a43d251 [term 1 FOLLOWER]: Refusing update from remote peer b5a7c95c41f746deaac2b16b68de3d17: Log matching property violated. Preceding OpId in replica: term: 1 index: 3. Preceding OpId from leader: term: 1 index: 4. (index mismatch)
I20260713 09:06:42.477807 13192 consensus_queue.cc:1048] T dc617975e8b64ed0be241e930f7bc5df P b5a7c95c41f746deaac2b16b68de3d17 [LEADER]: Connected to new peer: Peer: permanent_uuid: "0a3019589a0c453ab2879c4a89b50b75" member_type: VOTER last_known_addr { host: "127.11.45.4" port: 36095 } attrs { promote: false }, Status: LMP_MISMATCH, Last received: 0.0, Next index: 4, Last known committed idx: 3, Time since last communication: 0.000s
I20260713 09:06:42.478983 13111 consensus_queue.cc:1048] T dc617975e8b64ed0be241e930f7bc5df P b5a7c95c41f746deaac2b16b68de3d17 [LEADER]: Connected to new peer: Peer: permanent_uuid: "bbbc0b44087e4742a5f084092a43d251" member_type: VOTER last_known_addr { host: "127.11.45.1" port: 38977 }, Status: LMP_MISMATCH, Last received: 0.0, Next index: 4, Last known committed idx: 3, Time since last communication: 0.000s
I20260713 09:06:42.486562 13145 raft_consensus.cc:2955] T dc617975e8b64ed0be241e930f7bc5df P b5a7c95c41f746deaac2b16b68de3d17 [term 1 LEADER]: Committing config change with OpId 1.4: config changed from index 3 to 4, VOTER 4a9ecd042f654f9bb9cc438a125b1560 (127.11.45.2) evicted. New config: { opid_index: 4 OBSOLETE_local: false peers { permanent_uuid: "bbbc0b44087e4742a5f084092a43d251" member_type: VOTER last_known_addr { host: "127.11.45.1" port: 38977 } } peers { permanent_uuid: "b5a7c95c41f746deaac2b16b68de3d17" member_type: VOTER last_known_addr { host: "127.11.45.3" port: 42333 } } peers { permanent_uuid: "0a3019589a0c453ab2879c4a89b50b75" member_type: VOTER last_known_addr { host: "127.11.45.4" port: 36095 } attrs { promote: false } } }
I20260713 09:06:42.495110 12551 raft_consensus.cc:2955] T dc617975e8b64ed0be241e930f7bc5df P bbbc0b44087e4742a5f084092a43d251 [term 1 FOLLOWER]: Committing config change with OpId 1.4: config changed from index 3 to 4, VOTER 4a9ecd042f654f9bb9cc438a125b1560 (127.11.45.2) evicted. New config: { opid_index: 4 OBSOLETE_local: false peers { permanent_uuid: "bbbc0b44087e4742a5f084092a43d251" member_type: VOTER last_known_addr { host: "127.11.45.1" port: 38977 } } peers { permanent_uuid: "b5a7c95c41f746deaac2b16b68de3d17" member_type: VOTER last_known_addr { host: "127.11.45.3" port: 42333 } } peers { permanent_uuid: "0a3019589a0c453ab2879c4a89b50b75" member_type: VOTER last_known_addr { host: "127.11.45.4" port: 36095 } attrs { promote: false } } }
I20260713 09:06:42.497288 12437 catalog_manager.cc:5210] ChangeConfig:REMOVE_PEER RPC for tablet dc617975e8b64ed0be241e930f7bc5df with cas_config_opid_index 3: ChangeConfig:REMOVE_PEER succeeded (attempt 1)
I20260713 09:06:42.501480 12448 catalog_manager.cc:5697] T dc617975e8b64ed0be241e930f7bc5df P b5a7c95c41f746deaac2b16b68de3d17 reported cstate change: config changed from index 3 to 4, VOTER 4a9ecd042f654f9bb9cc438a125b1560 (127.11.45.2) evicted. New cstate: current_term: 1 leader_uuid: "b5a7c95c41f746deaac2b16b68de3d17" committed_config { opid_index: 4 OBSOLETE_local: false peers { permanent_uuid: "bbbc0b44087e4742a5f084092a43d251" member_type: VOTER last_known_addr { host: "127.11.45.1" port: 38977 } health_report { overall_health: HEALTHY } } peers { permanent_uuid: "b5a7c95c41f746deaac2b16b68de3d17" member_type: VOTER last_known_addr { host: "127.11.45.3" port: 42333 } health_report { overall_health: HEALTHY } } peers { permanent_uuid: "0a3019589a0c453ab2879c4a89b50b75" member_type: VOTER last_known_addr { host: "127.11.45.4" port: 36095 } attrs { promote: false } health_report { overall_health: UNKNOWN } } }
I20260713 09:06:42.507205 12977 raft_consensus.cc:2955] T dc617975e8b64ed0be241e930f7bc5df P 0a3019589a0c453ab2879c4a89b50b75 [term 1 FOLLOWER]: Committing config change with OpId 1.4: config changed from index 3 to 4, VOTER 4a9ecd042f654f9bb9cc438a125b1560 (127.11.45.2) evicted. New config: { opid_index: 4 OBSOLETE_local: false peers { permanent_uuid: "bbbc0b44087e4742a5f084092a43d251" member_type: VOTER last_known_addr { host: "127.11.45.1" port: 38977 } } peers { permanent_uuid: "b5a7c95c41f746deaac2b16b68de3d17" member_type: VOTER last_known_addr { host: "127.11.45.3" port: 42333 } } peers { permanent_uuid: "0a3019589a0c453ab2879c4a89b50b75" member_type: VOTER last_known_addr { host: "127.11.45.4" port: 36095 } attrs { promote: false } } }
I20260713 09:06:42.516942 12613 tablet_service.cc:1558] Processing DeleteTablet for tablet dc617975e8b64ed0be241e930f7bc5df with delete_type TABLET_DATA_TOMBSTONED (TS 4a9ecd042f654f9bb9cc438a125b1560 not found in new config with opid_index 4) from {username='slave'} at 127.0.0.1:46410
I20260713 09:06:42.517970 13190 tablet_replica.cc:333] T dc617975e8b64ed0be241e930f7bc5df P 4a9ecd042f654f9bb9cc438a125b1560: stopping tablet replica
I20260713 09:06:42.518911 13190 raft_consensus.cc:2243] T dc617975e8b64ed0be241e930f7bc5df P 4a9ecd042f654f9bb9cc438a125b1560 [term 1 FOLLOWER]: Raft consensus shutting down.
I20260713 09:06:42.519552 13190 raft_consensus.cc:2272] T dc617975e8b64ed0be241e930f7bc5df P 4a9ecd042f654f9bb9cc438a125b1560 [term 1 FOLLOWER]: Raft consensus is shut down!
I20260713 09:06:42.523257 13190 ts_tablet_manager.cc:1916] T dc617975e8b64ed0be241e930f7bc5df P 4a9ecd042f654f9bb9cc438a125b1560: Deleting tablet data with delete state TABLET_DATA_TOMBSTONED
I20260713 09:06:42.536882 13190 ts_tablet_manager.cc:1929] T dc617975e8b64ed0be241e930f7bc5df P 4a9ecd042f654f9bb9cc438a125b1560: tablet deleted with delete type TABLET_DATA_TOMBSTONED: last-logged OpId 1.3
I20260713 09:06:42.537204 13190 log.cc:1199] T dc617975e8b64ed0be241e930f7bc5df P 4a9ecd042f654f9bb9cc438a125b1560: Deleting WAL directory at /tmp/dist-test-taskUWMuAp/test-tmp/auto_leader_rebalancer-test.0.LeaderRebalancerTest.AddTserver.1783933565571573-11444-0/minicluster-data/ts-1-root/wals/dc617975e8b64ed0be241e930f7bc5df
I20260713 09:06:42.538518 12436 catalog_manager.cc:5028] TS 4a9ecd042f654f9bb9cc438a125b1560 (127.11.45.2:46669): tablet dc617975e8b64ed0be241e930f7bc5df (table test-workload [id=ef5cc037600440fba89b6f4d52573e81]) successfully deleted
I20260713 09:06:42.605129 13145 raft_consensus.cc:1064] T 663fca7b651240609ee417cbbd7d0691 P b5a7c95c41f746deaac2b16b68de3d17: attempting to promote NON_VOTER 0a3019589a0c453ab2879c4a89b50b75 to VOTER
I20260713 09:06:42.607808 13145 consensus_queue.cc:237] T 663fca7b651240609ee417cbbd7d0691 P b5a7c95c41f746deaac2b16b68de3d17 [LEADER]: Queue going to LEADER mode. State: All replicated index: 0, Majority replicated index: 2, Committed index: 2, Last appended: 1.2, Last appended by leader: 0, Current term: 1, Majority size: 3, State: 0, Mode: LEADER, active raft config: opid_index: 3 OBSOLETE_local: false peers { permanent_uuid: "bbbc0b44087e4742a5f084092a43d251" member_type: VOTER last_known_addr { host: "127.11.45.1" port: 38977 } attrs { replace: true } } peers { permanent_uuid: "4a9ecd042f654f9bb9cc438a125b1560" member_type: VOTER last_known_addr { host: "127.11.45.2" port: 46669 } } peers { permanent_uuid: "b5a7c95c41f746deaac2b16b68de3d17" member_type: VOTER last_known_addr { host: "127.11.45.3" port: 42333 } } peers { permanent_uuid: "0a3019589a0c453ab2879c4a89b50b75" member_type: VOTER last_known_addr { host: "127.11.45.4" port: 36095 } attrs { promote: false } }
I20260713 09:06:42.615968 12627 raft_consensus.cc:1275] T 663fca7b651240609ee417cbbd7d0691 P 4a9ecd042f654f9bb9cc438a125b1560 [term 1 FOLLOWER]: Refusing update from remote peer b5a7c95c41f746deaac2b16b68de3d17: Log matching property violated. Preceding OpId in replica: term: 1 index: 2. Preceding OpId from leader: term: 1 index: 3. (index mismatch)
I20260713 09:06:42.616047 12977 raft_consensus.cc:1275] T 663fca7b651240609ee417cbbd7d0691 P 0a3019589a0c453ab2879c4a89b50b75 [term 1 LEARNER]: Refusing update from remote peer b5a7c95c41f746deaac2b16b68de3d17: Log matching property violated. Preceding OpId in replica: term: 1 index: 2. Preceding OpId from leader: term: 1 index: 3. (index mismatch)
I20260713 09:06:42.618988 13192 consensus_queue.cc:1048] T 663fca7b651240609ee417cbbd7d0691 P b5a7c95c41f746deaac2b16b68de3d17 [LEADER]: Connected to new peer: Peer: permanent_uuid: "0a3019589a0c453ab2879c4a89b50b75" member_type: VOTER last_known_addr { host: "127.11.45.4" port: 36095 } attrs { promote: false }, Status: LMP_MISMATCH, Last received: 0.0, Next index: 3, Last known committed idx: 2, Time since last communication: 0.000s
