I20260713 09:06:14.869628 21666 webserver.cc:533] Webserver started at http://127.21.40.131:44299/ using document root <none> and password file <none>
I20260713 09:06:14.870112 21666 fs_manager.cc:362] Metadata directory not provided
I20260713 09:06:14.870301 21666 fs_manager.cc:368] Using write-ahead log directory (fs_wal_dir) as metadata directory
I20260713 09:06:14.870527 21666 server_base.cc:909] This appears to be a new deployment of Kudu; creating new FS layout
I20260713 09:06:14.871522 21666 fs_manager.cc:1068] Generated new instance metadata in path /tmp/dist-test-taskhvsfuT/test-tmp/auto_leader_rebalancer-test.0.LeaderRebalancerTest.FunctionalTestForNotDivided.1783933561852915-21666-0/minicluster-data/ts-2-root/instance:
uuid: "f3b9bef70bd740edb7883d3b9f181ce1"
format_stamp: "Formatted at 2026-07-13 09:06:14 on dist-test-slave-5w1p"
I20260713 09:06:14.875452 21666 fs_manager.cc:696] Time spent creating directory manager: real 0.003s	user 0.005s	sys 0.000s
I20260713 09:06:14.878289 22410 log_block_manager.cc:4127] Time spent loading block containers with low live blocks: real 0.000s	user 0.000s	sys 0.000s
I20260713 09:06:14.878938 21666 fs_manager.cc:730] Time spent opening block manager: real 0.002s	user 0.002s	sys 0.001s
I20260713 09:06:14.879184 21666 fs_manager.cc:647] Opened local filesystem: /tmp/dist-test-taskhvsfuT/test-tmp/auto_leader_rebalancer-test.0.LeaderRebalancerTest.FunctionalTestForNotDivided.1783933561852915-21666-0/minicluster-data/ts-2-root
uuid: "f3b9bef70bd740edb7883d3b9f181ce1"
format_stamp: "Formatted at 2026-07-13 09:06:14 on dist-test-slave-5w1p"
I20260713 09:06:14.879453 21666 fs_report.cc:389] FS layout report
--------------------
wal directory: /tmp/dist-test-taskhvsfuT/test-tmp/auto_leader_rebalancer-test.0.LeaderRebalancerTest.FunctionalTestForNotDivided.1783933561852915-21666-0/minicluster-data/ts-2-root
metadata directory: /tmp/dist-test-taskhvsfuT/test-tmp/auto_leader_rebalancer-test.0.LeaderRebalancerTest.FunctionalTestForNotDivided.1783933561852915-21666-0/minicluster-data/ts-2-root
1 data directories: /tmp/dist-test-taskhvsfuT/test-tmp/auto_leader_rebalancer-test.0.LeaderRebalancerTest.FunctionalTestForNotDivided.1783933561852915-21666-0/minicluster-data/ts-2-root/data
Total live blocks: 0
Total live bytes: 0
Total live bytes (after alignment): 0
Total number of LBM containers: 0 (0 full)
Did not check for missing blocks
Did not check for orphaned blocks
Total full LBM containers with extra space: 0 (0 repaired)
Total full LBM container extra space in bytes: 0 (0 repaired)
Total incomplete LBM containers: 0 (0 repaired)
Total LBM partial records: 0 (0 repaired)
Total corrupted LBM metadata records in RocksDB: 0 (0 repaired)
I20260713 09:06:14.907779 21666 rpc_server.cc:225] running with OpenSSL 1.1.1  11 Sep 2018
I20260713 09:06:14.908962 21666 kserver.cc:163] Server-wide thread pool size limit: 3276
I20260713 09:06:14.910346 21666 txn_system_client.cc:432] TxnSystemClient initialization is disabled...
I20260713 09:06:14.912405 21666 ts_tablet_manager.cc:585] Loaded tablet metadata (0 total tablets, 0 live tablets)
I20260713 09:06:14.912595 21666 ts_tablet_manager.cc:531] Time spent load tablet metadata: real 0.000s	user 0.000s	sys 0.000s
I20260713 09:06:14.912815 21666 ts_tablet_manager.cc:616] Registered 0 tablets
I20260713 09:06:14.912964 21666 ts_tablet_manager.cc:595] Time spent register tablets: real 0.000s	user 0.000s	sys 0.000s
I20260713 09:06:14.949741 21666 rpc_server.cc:307] RPC server started. Bound to: 127.21.40.131:32987
I20260713 09:06:14.949853 22472 acceptor_pool.cc:272] collecting diagnostics on the listening RPC socket 127.21.40.131:32987 every 8 connection(s)
I20260713 09:06:14.962100 22473 heartbeater.cc:344] Connected to a master server at 127.21.40.190:37357
I20260713 09:06:14.962423 22473 heartbeater.cc:461] Registering TS with master...
I20260713 09:06:14.963045 22473 heartbeater.cc:507] Master 127.21.40.190:37357 requested a full tablet report, sending...
I20260713 09:06:14.964846 22197 ts_manager.cc:194] Registered new tserver with Master: f3b9bef70bd740edb7883d3b9f181ce1 (127.21.40.131:32987)
I20260713 09:06:14.965716 21666 internal_mini_cluster.cc:371] 3 TS(s) registered with all masters after 0.013138339s
I20260713 09:06:14.966398 22197 master_service.cc:502] Signed X509 certificate for tserver {username='slave'} at 127.0.0.1:40192
I20260713 09:06:14.988009 22197 catalog_manager.cc:2283] Servicing CreateTable request from {username='slave'} at 127.0.0.1:40198:
name: "test-workload"
schema {
  columns {
    name: "key"
    type: INT32
    is_key: true
    is_nullable: false
    encoding: AUTO_ENCODING
    compression: DEFAULT_COMPRESSION
    cfile_block_size: 0
    immutable: false
  }
  columns {
    name: "int_val"
    type: INT32
    is_key: false
    is_nullable: false
    encoding: AUTO_ENCODING
    compression: DEFAULT_COMPRESSION
    cfile_block_size: 0
    immutable: false
  }
  columns {
    name: "string_val"
    type: STRING
    is_key: false
    is_nullable: true
    encoding: AUTO_ENCODING
    compression: DEFAULT_COMPRESSION
    cfile_block_size: 0
    immutable: false
  }
}
num_replicas: 3
split_rows_range_bounds {
  rows: "\004\001\000\314\314\314\014\004\001\000\230\231\231\031\004\001\000dff&\004\001\0000333\004\001\000\374\377\377?\004\001\000\310\314\314L\004\001\000\224\231\231Y\004\001\000`fff\004\001\000,33s""\004\001\000\314\314\314\014\004\001\000\230\231\231\031\004\001\000dff&\004\001\0000333\004\001\000\374\377\377?\004\001\000\310\314\314L\004\001\000\224\231\231Y\004\001\000`fff\004\001\000,33s"
  indirect_data: """"
}
partition_schema {
  range_schema {
    columns {
      name: "key"
    }
  }
}
W20260713 09:06:14.990671 22197 catalog_manager.cc:7077] The number of live tablet servers is not enough to re-replicate a tablet replica of the newly created table test-workload in case of a server failure: 4 tablet servers would be needed, 3 are available. Consider bringing up more tablet servers.
I20260713 09:06:15.063249 22438 tablet_service.cc:1511] Processing CreateTablet for tablet fb470f3657644d279bcec86adaa38f01 (DEFAULT_TABLE table=test-workload [id=f78bba35cb4043c382bafbe5581cb87f]), partition=RANGE (key) PARTITION VALUES < 214748364
I20260713 09:06:15.064628 22438 data_dirs.cc:400] Could only allocate 1 dirs of requested 3 for tablet fb470f3657644d279bcec86adaa38f01. 1 dirs total, 0 dirs full, 0 dirs failed
I20260713 09:06:15.067018 22437 tablet_service.cc:1511] Processing CreateTablet for tablet 7c1e2b033ff841d0b13b798eda0a1bd3 (DEFAULT_TABLE table=test-workload [id=f78bba35cb4043c382bafbe5581cb87f]), partition=RANGE (key) PARTITION 214748364 <= VALUES < 429496728
I20260713 09:06:15.068277 22437 data_dirs.cc:400] Could only allocate 1 dirs of requested 3 for tablet 7c1e2b033ff841d0b13b798eda0a1bd3. 1 dirs total, 0 dirs full, 0 dirs failed
I20260713 09:06:15.069152 22434 tablet_service.cc:1511] Processing CreateTablet for tablet d82afef340354f6da41fe8583cdb0800 (DEFAULT_TABLE table=test-workload [id=f78bba35cb4043c382bafbe5581cb87f]), partition=RANGE (key) PARTITION 858993456 <= VALUES < 1073741820
I20260713 09:06:15.071060 22435 tablet_service.cc:1511] Processing CreateTablet for tablet d69d226ea24e4bcf88c6901190d0ddb5 (DEFAULT_TABLE table=test-workload [id=f78bba35cb4043c382bafbe5581cb87f]), partition=RANGE (key) PARTITION 644245092 <= VALUES < 858993456
I20260713 09:06:15.071144 22364 tablet_service.cc:1511] Processing CreateTablet for tablet fb470f3657644d279bcec86adaa38f01 (DEFAULT_TABLE table=test-workload [id=f78bba35cb4043c382bafbe5581cb87f]), partition=RANGE (key) PARTITION VALUES < 214748364
I20260713 09:06:15.072360 22364 data_dirs.cc:400] Could only allocate 1 dirs of requested 3 for tablet fb470f3657644d279bcec86adaa38f01. 1 dirs total, 0 dirs full, 0 dirs failed
I20260713 09:06:15.072921 22436 tablet_service.cc:1511] Processing CreateTablet for tablet 1e40fa87730248eca0911fe4ff49e73a (DEFAULT_TABLE table=test-workload [id=f78bba35cb4043c382bafbe5581cb87f]), partition=RANGE (key) PARTITION 429496728 <= VALUES < 644245092
I20260713 09:06:15.074957 22363 tablet_service.cc:1511] Processing CreateTablet for tablet 7c1e2b033ff841d0b13b798eda0a1bd3 (DEFAULT_TABLE table=test-workload [id=f78bba35cb4043c382bafbe5581cb87f]), partition=RANGE (key) PARTITION 214748364 <= VALUES < 429496728
I20260713 09:06:15.075024 22433 tablet_service.cc:1511] Processing CreateTablet for tablet c9c9692a2fc447bf8a400b5d09020f2b (DEFAULT_TABLE table=test-workload [id=f78bba35cb4043c382bafbe5581cb87f]), partition=RANGE (key) PARTITION 1073741820 <= VALUES < 1288490184
I20260713 09:06:15.076213 22363 data_dirs.cc:400] Could only allocate 1 dirs of requested 3 for tablet 7c1e2b033ff841d0b13b798eda0a1bd3. 1 dirs total, 0 dirs full, 0 dirs failed
I20260713 09:06:15.077068 22432 tablet_service.cc:1511] Processing CreateTablet for tablet 97e3e82adddf45c081ecf10bdc76a383 (DEFAULT_TABLE table=test-workload [id=f78bba35cb4043c382bafbe5581cb87f]), partition=RANGE (key) PARTITION 1288490184 <= VALUES < 1503238548
I20260713 09:06:15.078534 22434 data_dirs.cc:400] Could only allocate 1 dirs of requested 3 for tablet d82afef340354f6da41fe8583cdb0800. 1 dirs total, 0 dirs full, 0 dirs failed
I20260713 09:06:15.078433 22362 tablet_service.cc:1511] Processing CreateTablet for tablet 1e40fa87730248eca0911fe4ff49e73a (DEFAULT_TABLE table=test-workload [id=f78bba35cb4043c382bafbe5581cb87f]), partition=RANGE (key) PARTITION 429496728 <= VALUES < 644245092
I20260713 09:06:15.079638 22362 data_dirs.cc:400] Could only allocate 1 dirs of requested 3 for tablet 1e40fa87730248eca0911fe4ff49e73a. 1 dirs total, 0 dirs full, 0 dirs failed
I20260713 09:06:15.081348 22431 tablet_service.cc:1511] Processing CreateTablet for tablet 8d039594bad9426da9116afbe3a649f4 (DEFAULT_TABLE table=test-workload [id=f78bba35cb4043c382bafbe5581cb87f]), partition=RANGE (key) PARTITION 1503238548 <= VALUES < 1717986912
I20260713 09:06:15.081682 22361 tablet_service.cc:1511] Processing CreateTablet for tablet d69d226ea24e4bcf88c6901190d0ddb5 (DEFAULT_TABLE table=test-workload [id=f78bba35cb4043c382bafbe5581cb87f]), partition=RANGE (key) PARTITION 644245092 <= VALUES < 858993456
I20260713 09:06:15.082918 22361 data_dirs.cc:400] Could only allocate 1 dirs of requested 3 for tablet d69d226ea24e4bcf88c6901190d0ddb5. 1 dirs total, 0 dirs full, 0 dirs failed
I20260713 09:06:15.086791 22430 tablet_service.cc:1511] Processing CreateTablet for tablet 2763801c0ded4ac59d91f9eaa1ba4967 (DEFAULT_TABLE table=test-workload [id=f78bba35cb4043c382bafbe5581cb87f]), partition=RANGE (key) PARTITION 1717986912 <= VALUES < 1932735276
I20260713 09:06:15.086956 22360 tablet_service.cc:1511] Processing CreateTablet for tablet d82afef340354f6da41fe8583cdb0800 (DEFAULT_TABLE table=test-workload [id=f78bba35cb4043c382bafbe5581cb87f]), partition=RANGE (key) PARTITION 858993456 <= VALUES < 1073741820
I20260713 09:06:15.088146 22435 data_dirs.cc:400] Could only allocate 1 dirs of requested 3 for tablet d69d226ea24e4bcf88c6901190d0ddb5. 1 dirs total, 0 dirs full, 0 dirs failed
I20260713 09:06:15.089247 22359 tablet_service.cc:1511] Processing CreateTablet for tablet c9c9692a2fc447bf8a400b5d09020f2b (DEFAULT_TABLE table=test-workload [id=f78bba35cb4043c382bafbe5581cb87f]), partition=RANGE (key) PARTITION 1073741820 <= VALUES < 1288490184
I20260713 09:06:15.090376 22433 data_dirs.cc:400] Could only allocate 1 dirs of requested 3 for tablet c9c9692a2fc447bf8a400b5d09020f2b. 1 dirs total, 0 dirs full, 0 dirs failed
I20260713 09:06:15.092082 22429 tablet_service.cc:1511] Processing CreateTablet for tablet 3ef34988a896459bb0564990e29ddc57 (DEFAULT_TABLE table=test-workload [id=f78bba35cb4043c382bafbe5581cb87f]), partition=RANGE (key) PARTITION 1932735276 <= VALUES
I20260713 09:06:15.093250 22429 data_dirs.cc:400] Could only allocate 1 dirs of requested 3 for tablet 3ef34988a896459bb0564990e29ddc57. 1 dirs total, 0 dirs full, 0 dirs failed
I20260713 09:06:15.088160 22360 data_dirs.cc:400] Could only allocate 1 dirs of requested 3 for tablet d82afef340354f6da41fe8583cdb0800. 1 dirs total, 0 dirs full, 0 dirs failed
I20260713 09:06:15.095721 22356 tablet_service.cc:1511] Processing CreateTablet for tablet 2763801c0ded4ac59d91f9eaa1ba4967 (DEFAULT_TABLE table=test-workload [id=f78bba35cb4043c382bafbe5581cb87f]), partition=RANGE (key) PARTITION 1717986912 <= VALUES < 1932735276
I20260713 09:06:15.096900 22356 data_dirs.cc:400] Could only allocate 1 dirs of requested 3 for tablet 2763801c0ded4ac59d91f9eaa1ba4967. 1 dirs total, 0 dirs full, 0 dirs failed
I20260713 09:06:15.096514 22358 tablet_service.cc:1511] Processing CreateTablet for tablet 97e3e82adddf45c081ecf10bdc76a383 (DEFAULT_TABLE table=test-workload [id=f78bba35cb4043c382bafbe5581cb87f]), partition=RANGE (key) PARTITION 1288490184 <= VALUES < 1503238548
I20260713 09:06:15.098491 22436 data_dirs.cc:400] Could only allocate 1 dirs of requested 3 for tablet 1e40fa87730248eca0911fe4ff49e73a. 1 dirs total, 0 dirs full, 0 dirs failed
I20260713 09:06:15.099051 22355 tablet_service.cc:1511] Processing CreateTablet for tablet 3ef34988a896459bb0564990e29ddc57 (DEFAULT_TABLE table=test-workload [id=f78bba35cb4043c382bafbe5581cb87f]), partition=RANGE (key) PARTITION 1932735276 <= VALUES
I20260713 09:06:15.100293 22357 tablet_service.cc:1511] Processing CreateTablet for tablet 8d039594bad9426da9116afbe3a649f4 (DEFAULT_TABLE table=test-workload [id=f78bba35cb4043c382bafbe5581cb87f]), partition=RANGE (key) PARTITION 1503238548 <= VALUES < 1717986912
I20260713 09:06:15.102452 22287 tablet_service.cc:1511] Processing CreateTablet for tablet 1e40fa87730248eca0911fe4ff49e73a (DEFAULT_TABLE table=test-workload [id=f78bba35cb4043c382bafbe5581cb87f]), partition=RANGE (key) PARTITION 429496728 <= VALUES < 644245092
I20260713 09:06:15.102857 22286 tablet_service.cc:1511] Processing CreateTablet for tablet d69d226ea24e4bcf88c6901190d0ddb5 (DEFAULT_TABLE table=test-workload [id=f78bba35cb4043c382bafbe5581cb87f]), partition=RANGE (key) PARTITION 644245092 <= VALUES < 858993456
I20260713 09:06:15.107863 22288 tablet_service.cc:1511] Processing CreateTablet for tablet 7c1e2b033ff841d0b13b798eda0a1bd3 (DEFAULT_TABLE table=test-workload [id=f78bba35cb4043c382bafbe5581cb87f]), partition=RANGE (key) PARTITION 214748364 <= VALUES < 429496728
I20260713 09:06:15.108031 22285 tablet_service.cc:1511] Processing CreateTablet for tablet d82afef340354f6da41fe8583cdb0800 (DEFAULT_TABLE table=test-workload [id=f78bba35cb4043c382bafbe5581cb87f]), partition=RANGE (key) PARTITION 858993456 <= VALUES < 1073741820
I20260713 09:06:15.108578 22286 data_dirs.cc:400] Could only allocate 1 dirs of requested 3 for tablet d69d226ea24e4bcf88c6901190d0ddb5. 1 dirs total, 0 dirs full, 0 dirs failed
I20260713 09:06:15.109191 22288 data_dirs.cc:400] Could only allocate 1 dirs of requested 3 for tablet 7c1e2b033ff841d0b13b798eda0a1bd3. 1 dirs total, 0 dirs full, 0 dirs failed
I20260713 09:06:15.109742 22282 tablet_service.cc:1511] Processing CreateTablet for tablet 8d039594bad9426da9116afbe3a649f4 (DEFAULT_TABLE table=test-workload [id=f78bba35cb4043c382bafbe5581cb87f]), partition=RANGE (key) PARTITION 1503238548 <= VALUES < 1717986912
I20260713 09:06:15.110654 22285 data_dirs.cc:400] Could only allocate 1 dirs of requested 3 for tablet d82afef340354f6da41fe8583cdb0800. 1 dirs total, 0 dirs full, 0 dirs failed
I20260713 09:06:15.110760 22431 data_dirs.cc:400] Could only allocate 1 dirs of requested 3 for tablet 8d039594bad9426da9116afbe3a649f4. 1 dirs total, 0 dirs full, 0 dirs failed
I20260713 09:06:15.111722 22284 tablet_service.cc:1511] Processing CreateTablet for tablet c9c9692a2fc447bf8a400b5d09020f2b (DEFAULT_TABLE table=test-workload [id=f78bba35cb4043c382bafbe5581cb87f]), partition=RANGE (key) PARTITION 1073741820 <= VALUES < 1288490184
I20260713 09:06:15.112875 22284 data_dirs.cc:400] Could only allocate 1 dirs of requested 3 for tablet c9c9692a2fc447bf8a400b5d09020f2b. 1 dirs total, 0 dirs full, 0 dirs failed
I20260713 09:06:15.114037 22287 data_dirs.cc:400] Could only allocate 1 dirs of requested 3 for tablet 1e40fa87730248eca0911fe4ff49e73a. 1 dirs total, 0 dirs full, 0 dirs failed
I20260713 09:06:15.114907 22283 tablet_service.cc:1511] Processing CreateTablet for tablet 97e3e82adddf45c081ecf10bdc76a383 (DEFAULT_TABLE table=test-workload [id=f78bba35cb4043c382bafbe5581cb87f]), partition=RANGE (key) PARTITION 1288490184 <= VALUES < 1503238548
I20260713 09:06:15.116086 22283 data_dirs.cc:400] Could only allocate 1 dirs of requested 3 for tablet 97e3e82adddf45c081ecf10bdc76a383. 1 dirs total, 0 dirs full, 0 dirs failed
I20260713 09:06:15.118296 22432 data_dirs.cc:400] Could only allocate 1 dirs of requested 3 for tablet 97e3e82adddf45c081ecf10bdc76a383. 1 dirs total, 0 dirs full, 0 dirs failed
I20260713 09:06:15.118909 22289 tablet_service.cc:1511] Processing CreateTablet for tablet fb470f3657644d279bcec86adaa38f01 (DEFAULT_TABLE table=test-workload [id=f78bba35cb4043c382bafbe5581cb87f]), partition=RANGE (key) PARTITION VALUES < 214748364
I20260713 09:06:15.120087 22289 data_dirs.cc:400] Could only allocate 1 dirs of requested 3 for tablet fb470f3657644d279bcec86adaa38f01. 1 dirs total, 0 dirs full, 0 dirs failed
I20260713 09:06:15.123449 22281 tablet_service.cc:1511] Processing CreateTablet for tablet 2763801c0ded4ac59d91f9eaa1ba4967 (DEFAULT_TABLE table=test-workload [id=f78bba35cb4043c382bafbe5581cb87f]), partition=RANGE (key) PARTITION 1717986912 <= VALUES < 1932735276
I20260713 09:06:15.125167 22282 data_dirs.cc:400] Could only allocate 1 dirs of requested 3 for tablet 8d039594bad9426da9116afbe3a649f4. 1 dirs total, 0 dirs full, 0 dirs failed
I20260713 09:06:15.114117 22359 data_dirs.cc:400] Could only allocate 1 dirs of requested 3 for tablet c9c9692a2fc447bf8a400b5d09020f2b. 1 dirs total, 0 dirs full, 0 dirs failed
I20260713 09:06:15.143030 22281 data_dirs.cc:400] Could only allocate 1 dirs of requested 3 for tablet 2763801c0ded4ac59d91f9eaa1ba4967. 1 dirs total, 0 dirs full, 0 dirs failed
I20260713 09:06:15.143189 22355 data_dirs.cc:400] Could only allocate 1 dirs of requested 3 for tablet 3ef34988a896459bb0564990e29ddc57. 1 dirs total, 0 dirs full, 0 dirs failed
I20260713 09:06:15.148556 22358 data_dirs.cc:400] Could only allocate 1 dirs of requested 3 for tablet 97e3e82adddf45c081ecf10bdc76a383. 1 dirs total, 0 dirs full, 0 dirs failed
I20260713 09:06:15.149976 22430 data_dirs.cc:400] Could only allocate 1 dirs of requested 3 for tablet 2763801c0ded4ac59d91f9eaa1ba4967. 1 dirs total, 0 dirs full, 0 dirs failed
I20260713 09:06:15.155084 22280 tablet_service.cc:1511] Processing CreateTablet for tablet 3ef34988a896459bb0564990e29ddc57 (DEFAULT_TABLE table=test-workload [id=f78bba35cb4043c382bafbe5581cb87f]), partition=RANGE (key) PARTITION 1932735276 <= VALUES
I20260713 09:06:15.156280 22280 data_dirs.cc:400] Could only allocate 1 dirs of requested 3 for tablet 3ef34988a896459bb0564990e29ddc57. 1 dirs total, 0 dirs full, 0 dirs failed
I20260713 09:06:15.166177 22357 data_dirs.cc:400] Could only allocate 1 dirs of requested 3 for tablet 8d039594bad9426da9116afbe3a649f4. 1 dirs total, 0 dirs full, 0 dirs failed
I20260713 09:06:15.288105 22488 tablet_bootstrap.cc:492] T fb470f3657644d279bcec86adaa38f01 P f3b9bef70bd740edb7883d3b9f181ce1: Bootstrap starting.
I20260713 09:06:15.289391 22490 tablet_bootstrap.cc:492] T d69d226ea24e4bcf88c6901190d0ddb5 P b4860e9f52a54efb94fd9a3debb80af1: Bootstrap starting.
I20260713 09:06:15.292966 22488 tablet_bootstrap.cc:654] T fb470f3657644d279bcec86adaa38f01 P f3b9bef70bd740edb7883d3b9f181ce1: Neither blocks nor log segments found. Creating new log.
I20260713 09:06:15.294703 22489 tablet_bootstrap.cc:492] T d82afef340354f6da41fe8583cdb0800 P e61e42f6375a43e08ced69f82d33d3fe: Bootstrap starting.
I20260713 09:06:15.295173 22490 tablet_bootstrap.cc:654] T d69d226ea24e4bcf88c6901190d0ddb5 P b4860e9f52a54efb94fd9a3debb80af1: Neither blocks nor log segments found. Creating new log.
I20260713 09:06:15.300030 22488 tablet_bootstrap.cc:492] T fb470f3657644d279bcec86adaa38f01 P f3b9bef70bd740edb7883d3b9f181ce1: No bootstrap required, opened a new log
I20260713 09:06:15.300364 22488 ts_tablet_manager.cc:1403] T fb470f3657644d279bcec86adaa38f01 P f3b9bef70bd740edb7883d3b9f181ce1: Time spent bootstrapping tablet: real 0.013s	user 0.007s	sys 0.004s
I20260713 09:06:15.301024 22490 tablet_bootstrap.cc:492] T d69d226ea24e4bcf88c6901190d0ddb5 P b4860e9f52a54efb94fd9a3debb80af1: No bootstrap required, opened a new log
I20260713 09:06:15.301419 22489 tablet_bootstrap.cc:654] T d82afef340354f6da41fe8583cdb0800 P e61e42f6375a43e08ced69f82d33d3fe: Neither blocks nor log segments found. Creating new log.
I20260713 09:06:15.301434 22490 ts_tablet_manager.cc:1403] T d69d226ea24e4bcf88c6901190d0ddb5 P b4860e9f52a54efb94fd9a3debb80af1: Time spent bootstrapping tablet: real 0.012s	user 0.006s	sys 0.004s
I20260713 09:06:15.302431 22488 raft_consensus.cc:359] T fb470f3657644d279bcec86adaa38f01 P f3b9bef70bd740edb7883d3b9f181ce1 [term 0 FOLLOWER]: Replica starting. Triggering 0 pending ops. Active config: opid_index: -1 OBSOLETE_local: false peers { permanent_uuid: "f3b9bef70bd740edb7883d3b9f181ce1" member_type: VOTER last_known_addr { host: "127.21.40.131" port: 32987 } } peers { permanent_uuid: "b4860e9f52a54efb94fd9a3debb80af1" member_type: VOTER last_known_addr { host: "127.21.40.130" port: 41893 } } peers { permanent_uuid: "e61e42f6375a43e08ced69f82d33d3fe" member_type: VOTER last_known_addr { host: "127.21.40.129" port: 34359 } }
I20260713 09:06:15.302923 22488 raft_consensus.cc:385] T fb470f3657644d279bcec86adaa38f01 P f3b9bef70bd740edb7883d3b9f181ce1 [term 0 FOLLOWER]: Consensus starting up: Expiring failure detector timer to make a prompt election more likely
I20260713 09:06:15.303134 22488 raft_consensus.cc:740] T fb470f3657644d279bcec86adaa38f01 P f3b9bef70bd740edb7883d3b9f181ce1 [term 0 FOLLOWER]: Becoming Follower/Learner. State: Replica: f3b9bef70bd740edb7883d3b9f181ce1, State: Initialized, Role: FOLLOWER
I20260713 09:06:15.303710 22488 consensus_queue.cc:260] T fb470f3657644d279bcec86adaa38f01 P f3b9bef70bd740edb7883d3b9f181ce1 [NON_LEADER]: Queue going to NON_LEADER mode. State: All replicated index: 0, Majority replicated index: 0, Committed index: 0, Last appended: 0.0, Last appended by leader: 0, Current term: 0, Majority size: -1, State: 0, Mode: NON_LEADER, active raft config: opid_index: -1 OBSOLETE_local: false peers { permanent_uuid: "f3b9bef70bd740edb7883d3b9f181ce1" member_type: VOTER last_known_addr { host: "127.21.40.131" port: 32987 } } peers { permanent_uuid: "b4860e9f52a54efb94fd9a3debb80af1" member_type: VOTER last_known_addr { host: "127.21.40.130" port: 41893 } } peers { permanent_uuid: "e61e42f6375a43e08ced69f82d33d3fe" member_type: VOTER last_known_addr { host: "127.21.40.129" port: 34359 } }
I20260713 09:06:15.304322 22490 raft_consensus.cc:359] T d69d226ea24e4bcf88c6901190d0ddb5 P b4860e9f52a54efb94fd9a3debb80af1 [term 0 FOLLOWER]: Replica starting. Triggering 0 pending ops. Active config: opid_index: -1 OBSOLETE_local: false peers { permanent_uuid: "e61e42f6375a43e08ced69f82d33d3fe" member_type: VOTER last_known_addr { host: "127.21.40.129" port: 34359 } } peers { permanent_uuid: "b4860e9f52a54efb94fd9a3debb80af1" member_type: VOTER last_known_addr { host: "127.21.40.130" port: 41893 } } peers { permanent_uuid: "f3b9bef70bd740edb7883d3b9f181ce1" member_type: VOTER last_known_addr { host: "127.21.40.131" port: 32987 } }
I20260713 09:06:15.304958 22490 raft_consensus.cc:385] T d69d226ea24e4bcf88c6901190d0ddb5 P b4860e9f52a54efb94fd9a3debb80af1 [term 0 FOLLOWER]: Consensus starting up: Expiring failure detector timer to make a prompt election more likely
I20260713 09:06:15.305245 22490 raft_consensus.cc:740] T d69d226ea24e4bcf88c6901190d0ddb5 P b4860e9f52a54efb94fd9a3debb80af1 [term 0 FOLLOWER]: Becoming Follower/Learner. State: Replica: b4860e9f52a54efb94fd9a3debb80af1, State: Initialized, Role: FOLLOWER
I20260713 09:06:15.305591 22473 heartbeater.cc:499] Master 127.21.40.190:37357 was elected leader, sending a full tablet report...
I20260713 09:06:15.306274 22488 ts_tablet_manager.cc:1434] T fb470f3657644d279bcec86adaa38f01 P f3b9bef70bd740edb7883d3b9f181ce1: Time spent starting tablet: real 0.006s	user 0.006s	sys 0.000s
I20260713 09:06:15.306479 22489 tablet_bootstrap.cc:492] T d82afef340354f6da41fe8583cdb0800 P e61e42f6375a43e08ced69f82d33d3fe: No bootstrap required, opened a new log
I20260713 09:06:15.306049 22490 consensus_queue.cc:260] T d69d226ea24e4bcf88c6901190d0ddb5 P b4860e9f52a54efb94fd9a3debb80af1 [NON_LEADER]: Queue going to NON_LEADER mode. State: All replicated index: 0, Majority replicated index: 0, Committed index: 0, Last appended: 0.0, Last appended by leader: 0, Current term: 0, Majority size: -1, State: 0, Mode: NON_LEADER, active raft config: opid_index: -1 OBSOLETE_local: false peers { permanent_uuid: "e61e42f6375a43e08ced69f82d33d3fe" member_type: VOTER last_known_addr { host: "127.21.40.129" port: 34359 } } peers { permanent_uuid: "b4860e9f52a54efb94fd9a3debb80af1" member_type: VOTER last_known_addr { host: "127.21.40.130" port: 41893 } } peers { permanent_uuid: "f3b9bef70bd740edb7883d3b9f181ce1" member_type: VOTER last_known_addr { host: "127.21.40.131" port: 32987 } }
I20260713 09:06:15.306878 22489 ts_tablet_manager.cc:1403] T d82afef340354f6da41fe8583cdb0800 P e61e42f6375a43e08ced69f82d33d3fe: Time spent bootstrapping tablet: real 0.013s	user 0.006s	sys 0.005s
I20260713 09:06:15.307355 22488 tablet_bootstrap.cc:492] T 7c1e2b033ff841d0b13b798eda0a1bd3 P f3b9bef70bd740edb7883d3b9f181ce1: Bootstrap starting.
I20260713 09:06:15.309545 22489 raft_consensus.cc:359] T d82afef340354f6da41fe8583cdb0800 P e61e42f6375a43e08ced69f82d33d3fe [term 0 FOLLOWER]: Replica starting. Triggering 0 pending ops. Active config: opid_index: -1 OBSOLETE_local: false peers { permanent_uuid: "e61e42f6375a43e08ced69f82d33d3fe" member_type: VOTER last_known_addr { host: "127.21.40.129" port: 34359 } } peers { permanent_uuid: "b4860e9f52a54efb94fd9a3debb80af1" member_type: VOTER last_known_addr { host: "127.21.40.130" port: 41893 } } peers { permanent_uuid: "f3b9bef70bd740edb7883d3b9f181ce1" member_type: VOTER last_known_addr { host: "127.21.40.131" port: 32987 } }
I20260713 09:06:15.310199 22489 raft_consensus.cc:385] T d82afef340354f6da41fe8583cdb0800 P e61e42f6375a43e08ced69f82d33d3fe [term 0 FOLLOWER]: Consensus starting up: Expiring failure detector timer to make a prompt election more likely
I20260713 09:06:15.310489 22489 raft_consensus.cc:740] T d82afef340354f6da41fe8583cdb0800 P e61e42f6375a43e08ced69f82d33d3fe [term 0 FOLLOWER]: Becoming Follower/Learner. State: Replica: e61e42f6375a43e08ced69f82d33d3fe, State: Initialized, Role: FOLLOWER
I20260713 09:06:15.313999 22488 tablet_bootstrap.cc:654] T 7c1e2b033ff841d0b13b798eda0a1bd3 P f3b9bef70bd740edb7883d3b9f181ce1: Neither blocks nor log segments found. Creating new log.
I20260713 09:06:15.315176 22490 ts_tablet_manager.cc:1434] T d69d226ea24e4bcf88c6901190d0ddb5 P b4860e9f52a54efb94fd9a3debb80af1: Time spent starting tablet: real 0.013s	user 0.011s	sys 0.000s
I20260713 09:06:15.315832 22399 heartbeater.cc:499] Master 127.21.40.190:37357 was elected leader, sending a full tablet report...
I20260713 09:06:15.324528 22490 tablet_bootstrap.cc:492] T fb470f3657644d279bcec86adaa38f01 P b4860e9f52a54efb94fd9a3debb80af1: Bootstrap starting.
I20260713 09:06:15.327946 22488 tablet_bootstrap.cc:492] T 7c1e2b033ff841d0b13b798eda0a1bd3 P f3b9bef70bd740edb7883d3b9f181ce1: No bootstrap required, opened a new log
I20260713 09:06:15.328480 22488 ts_tablet_manager.cc:1403] T 7c1e2b033ff841d0b13b798eda0a1bd3 P f3b9bef70bd740edb7883d3b9f181ce1: Time spent bootstrapping tablet: real 0.021s	user 0.017s	sys 0.000s
I20260713 09:06:15.331284 22488 raft_consensus.cc:359] T 7c1e2b033ff841d0b13b798eda0a1bd3 P f3b9bef70bd740edb7883d3b9f181ce1 [term 0 FOLLOWER]: Replica starting. Triggering 0 pending ops. Active config: opid_index: -1 OBSOLETE_local: false peers { permanent_uuid: "e61e42f6375a43e08ced69f82d33d3fe" member_type: VOTER last_known_addr { host: "127.21.40.129" port: 34359 } } peers { permanent_uuid: "b4860e9f52a54efb94fd9a3debb80af1" member_type: VOTER last_known_addr { host: "127.21.40.130" port: 41893 } } peers { permanent_uuid: "f3b9bef70bd740edb7883d3b9f181ce1" member_type: VOTER last_known_addr { host: "127.21.40.131" port: 32987 } }
I20260713 09:06:15.331986 22488 raft_consensus.cc:385] T 7c1e2b033ff841d0b13b798eda0a1bd3 P f3b9bef70bd740edb7883d3b9f181ce1 [term 0 FOLLOWER]: Consensus starting up: Expiring failure detector timer to make a prompt election more likely
I20260713 09:06:15.332267 22488 raft_consensus.cc:740] T 7c1e2b033ff841d0b13b798eda0a1bd3 P f3b9bef70bd740edb7883d3b9f181ce1 [term 0 FOLLOWER]: Becoming Follower/Learner. State: Replica: f3b9bef70bd740edb7883d3b9f181ce1, State: Initialized, Role: FOLLOWER
I20260713 09:06:15.332978 22488 consensus_queue.cc:260] T 7c1e2b033ff841d0b13b798eda0a1bd3 P f3b9bef70bd740edb7883d3b9f181ce1 [NON_LEADER]: Queue going to NON_LEADER mode. State: All replicated index: 0, Majority replicated index: 0, Committed index: 0, Last appended: 0.0, Last appended by leader: 0, Current term: 0, Majority size: -1, State: 0, Mode: NON_LEADER, active raft config: opid_index: -1 OBSOLETE_local: false peers { permanent_uuid: "e61e42f6375a43e08ced69f82d33d3fe" member_type: VOTER last_known_addr { host: "127.21.40.129" port: 34359 } } peers { permanent_uuid: "b4860e9f52a54efb94fd9a3debb80af1" member_type: VOTER last_known_addr { host: "127.21.40.130" port: 41893 } } peers { permanent_uuid: "f3b9bef70bd740edb7883d3b9f181ce1" member_type: VOTER last_known_addr { host: "127.21.40.131" port: 32987 } }
I20260713 09:06:15.334323 22490 tablet_bootstrap.cc:654] T fb470f3657644d279bcec86adaa38f01 P b4860e9f52a54efb94fd9a3debb80af1: Neither blocks nor log segments found. Creating new log.
I20260713 09:06:15.335065 22488 ts_tablet_manager.cc:1434] T 7c1e2b033ff841d0b13b798eda0a1bd3 P f3b9bef70bd740edb7883d3b9f181ce1: Time spent starting tablet: real 0.006s	user 0.005s	sys 0.000s
I20260713 09:06:15.335004 22494 raft_consensus.cc:493] T fb470f3657644d279bcec86adaa38f01 P f3b9bef70bd740edb7883d3b9f181ce1 [term 0 FOLLOWER]: Starting pre-election (no leader contacted us within the election timeout)
I20260713 09:06:15.335636 22494 raft_consensus.cc:515] T fb470f3657644d279bcec86adaa38f01 P f3b9bef70bd740edb7883d3b9f181ce1 [term 0 FOLLOWER]: Starting pre-election with config: opid_index: -1 OBSOLETE_local: false peers { permanent_uuid: "f3b9bef70bd740edb7883d3b9f181ce1" member_type: VOTER last_known_addr { host: "127.21.40.131" port: 32987 } } peers { permanent_uuid: "b4860e9f52a54efb94fd9a3debb80af1" member_type: VOTER last_known_addr { host: "127.21.40.130" port: 41893 } } peers { permanent_uuid: "e61e42f6375a43e08ced69f82d33d3fe" member_type: VOTER last_known_addr { host: "127.21.40.129" port: 34359 } }
I20260713 09:06:15.336063 22488 tablet_bootstrap.cc:492] T 97e3e82adddf45c081ecf10bdc76a383 P f3b9bef70bd740edb7883d3b9f181ce1: Bootstrap starting.
I20260713 09:06:15.342744 22488 tablet_bootstrap.cc:654] T 97e3e82adddf45c081ecf10bdc76a383 P f3b9bef70bd740edb7883d3b9f181ce1: Neither blocks nor log segments found. Creating new log.
I20260713 09:06:15.349505 22490 tablet_bootstrap.cc:492] T fb470f3657644d279bcec86adaa38f01 P b4860e9f52a54efb94fd9a3debb80af1: No bootstrap required, opened a new log
I20260713 09:06:15.349969 22490 ts_tablet_manager.cc:1403] T fb470f3657644d279bcec86adaa38f01 P b4860e9f52a54efb94fd9a3debb80af1: Time spent bootstrapping tablet: real 0.026s	user 0.004s	sys 0.005s
I20260713 09:06:15.352769 22494 leader_election.cc:290] T fb470f3657644d279bcec86adaa38f01 P f3b9bef70bd740edb7883d3b9f181ce1 [CANDIDATE]: Term 1 pre-election: Requested pre-vote from peers b4860e9f52a54efb94fd9a3debb80af1 (127.21.40.130:41893), e61e42f6375a43e08ced69f82d33d3fe (127.21.40.129:34359)
I20260713 09:06:15.360263 22489 consensus_queue.cc:260] T d82afef340354f6da41fe8583cdb0800 P e61e42f6375a43e08ced69f82d33d3fe [NON_LEADER]: Queue going to NON_LEADER mode. State: All replicated index: 0, Majority replicated index: 0, Committed index: 0, Last appended: 0.0, Last appended by leader: 0, Current term: 0, Majority size: -1, State: 0, Mode: NON_LEADER, active raft config: opid_index: -1 OBSOLETE_local: false peers { permanent_uuid: "e61e42f6375a43e08ced69f82d33d3fe" member_type: VOTER last_known_addr { host: "127.21.40.129" port: 34359 } } peers { permanent_uuid: "b4860e9f52a54efb94fd9a3debb80af1" member_type: VOTER last_known_addr { host: "127.21.40.130" port: 41893 } } peers { permanent_uuid: "f3b9bef70bd740edb7883d3b9f181ce1" member_type: VOTER last_known_addr { host: "127.21.40.131" port: 32987 } }
I20260713 09:06:15.361804 22496 raft_consensus.cc:493] T d82afef340354f6da41fe8583cdb0800 P e61e42f6375a43e08ced69f82d33d3fe [term 0 FOLLOWER]: Starting pre-election (no leader contacted us within the election timeout)
I20260713 09:06:15.352677 22490 raft_consensus.cc:359] T fb470f3657644d279bcec86adaa38f01 P b4860e9f52a54efb94fd9a3debb80af1 [term 0 FOLLOWER]: Replica starting. Triggering 0 pending ops. Active config: opid_index: -1 OBSOLETE_local: false peers { permanent_uuid: "f3b9bef70bd740edb7883d3b9f181ce1" member_type: VOTER last_known_addr { host: "127.21.40.131" port: 32987 } } peers { permanent_uuid: "b4860e9f52a54efb94fd9a3debb80af1" member_type: VOTER last_known_addr { host: "127.21.40.130" port: 41893 } } peers { permanent_uuid: "e61e42f6375a43e08ced69f82d33d3fe" member_type: VOTER last_known_addr { host: "127.21.40.129" port: 34359 } }
I20260713 09:06:15.359105 22374 tablet_service.cc:1917] Received RequestConsensusVote() RPC: tablet_id: "fb470f3657644d279bcec86adaa38f01" candidate_uuid: "f3b9bef70bd740edb7883d3b9f181ce1" candidate_term: 1 candidate_status { last_received { term: 0 index: 0 } } ignore_live_leader: false dest_uuid: "b4860e9f52a54efb94fd9a3debb80af1" is_pre_election: true
I20260713 09:06:15.362299 22496 raft_consensus.cc:515] T d82afef340354f6da41fe8583cdb0800 P e61e42f6375a43e08ced69f82d33d3fe [term 0 FOLLOWER]: Starting pre-election with config: opid_index: -1 OBSOLETE_local: false peers { permanent_uuid: "e61e42f6375a43e08ced69f82d33d3fe" member_type: VOTER last_known_addr { host: "127.21.40.129" port: 34359 } } peers { permanent_uuid: "b4860e9f52a54efb94fd9a3debb80af1" member_type: VOTER last_known_addr { host: "127.21.40.130" port: 41893 } } peers { permanent_uuid: "f3b9bef70bd740edb7883d3b9f181ce1" member_type: VOTER last_known_addr { host: "127.21.40.131" port: 32987 } }
I20260713 09:06:15.363240 22490 raft_consensus.cc:385] T fb470f3657644d279bcec86adaa38f01 P b4860e9f52a54efb94fd9a3debb80af1 [term 0 FOLLOWER]: Consensus starting up: Expiring failure detector timer to make a prompt election more likely
I20260713 09:06:15.364050 22490 raft_consensus.cc:740] T fb470f3657644d279bcec86adaa38f01 P b4860e9f52a54efb94fd9a3debb80af1 [term 0 FOLLOWER]: Becoming Follower/Learner. State: Replica: b4860e9f52a54efb94fd9a3debb80af1, State: Initialized, Role: FOLLOWER
I20260713 09:06:15.365540 22490 consensus_queue.cc:260] T fb470f3657644d279bcec86adaa38f01 P b4860e9f52a54efb94fd9a3debb80af1 [NON_LEADER]: Queue going to NON_LEADER mode. State: All replicated index: 0, Majority replicated index: 0, Committed index: 0, Last appended: 0.0, Last appended by leader: 0, Current term: 0, Majority size: -1, State: 0, Mode: NON_LEADER, active raft config: opid_index: -1 OBSOLETE_local: false peers { permanent_uuid: "f3b9bef70bd740edb7883d3b9f181ce1" member_type: VOTER last_known_addr { host: "127.21.40.131" port: 32987 } } peers { permanent_uuid: "b4860e9f52a54efb94fd9a3debb80af1" member_type: VOTER last_known_addr { host: "127.21.40.130" port: 41893 } } peers { permanent_uuid: "e61e42f6375a43e08ced69f82d33d3fe" member_type: VOTER last_known_addr { host: "127.21.40.129" port: 34359 } }
I20260713 09:06:15.367415 22374 raft_consensus.cc:2468] T fb470f3657644d279bcec86adaa38f01 P b4860e9f52a54efb94fd9a3debb80af1 [term 0 FOLLOWER]: Leader pre-election vote request: Granting yes vote for candidate f3b9bef70bd740edb7883d3b9f181ce1 in term 0.
I20260713 09:06:15.371511 22490 ts_tablet_manager.cc:1434] T fb470f3657644d279bcec86adaa38f01 P b4860e9f52a54efb94fd9a3debb80af1: Time spent starting tablet: real 0.021s	user 0.005s	sys 0.001s
I20260713 09:06:15.373245 22490 tablet_bootstrap.cc:492] T c9c9692a2fc447bf8a400b5d09020f2b P b4860e9f52a54efb94fd9a3debb80af1: Bootstrap starting.
I20260713 09:06:15.374356 22414 leader_election.cc:304] T fb470f3657644d279bcec86adaa38f01 P f3b9bef70bd740edb7883d3b9f181ce1 [CANDIDATE]: Term 1 pre-election: Election decided. Result: candidate won. Election summary: received 2 responses out of 3 voters: 2 yes votes; 0 no votes. yes voters: b4860e9f52a54efb94fd9a3debb80af1, f3b9bef70bd740edb7883d3b9f181ce1; no voters: 
I20260713 09:06:15.375109 22494 raft_consensus.cc:2804] T fb470f3657644d279bcec86adaa38f01 P f3b9bef70bd740edb7883d3b9f181ce1 [term 0 FOLLOWER]: Leader pre-election won for term 1
I20260713 09:06:15.375514 22494 raft_consensus.cc:493] T fb470f3657644d279bcec86adaa38f01 P f3b9bef70bd740edb7883d3b9f181ce1 [term 0 FOLLOWER]: Starting leader election (no leader contacted us within the election timeout)
I20260713 09:06:15.375902 22494 raft_consensus.cc:3060] T fb470f3657644d279bcec86adaa38f01 P f3b9bef70bd740edb7883d3b9f181ce1 [term 0 FOLLOWER]: Advancing to term 1
I20260713 09:06:15.381069 22496 leader_election.cc:290] T d82afef340354f6da41fe8583cdb0800 P e61e42f6375a43e08ced69f82d33d3fe [CANDIDATE]: Term 1 pre-election: Requested pre-vote from peers b4860e9f52a54efb94fd9a3debb80af1 (127.21.40.130:41893), f3b9bef70bd740edb7883d3b9f181ce1 (127.21.40.131:32987)
I20260713 09:06:15.384465 22324 heartbeater.cc:499] Master 127.21.40.190:37357 was elected leader, sending a full tablet report...
I20260713 09:06:15.388082 22488 tablet_bootstrap.cc:492] T 97e3e82adddf45c081ecf10bdc76a383 P f3b9bef70bd740edb7883d3b9f181ce1: No bootstrap required, opened a new log
I20260713 09:06:15.388571 22488 ts_tablet_manager.cc:1403] T 97e3e82adddf45c081ecf10bdc76a383 P f3b9bef70bd740edb7883d3b9f181ce1: Time spent bootstrapping tablet: real 0.053s	user 0.033s	sys 0.013s
I20260713 09:06:15.387699 22494 raft_consensus.cc:515] T fb470f3657644d279bcec86adaa38f01 P f3b9bef70bd740edb7883d3b9f181ce1 [term 1 FOLLOWER]: Starting leader election with config: opid_index: -1 OBSOLETE_local: false peers { permanent_uuid: "f3b9bef70bd740edb7883d3b9f181ce1" member_type: VOTER last_known_addr { host: "127.21.40.131" port: 32987 } } peers { permanent_uuid: "b4860e9f52a54efb94fd9a3debb80af1" member_type: VOTER last_known_addr { host: "127.21.40.130" port: 41893 } } peers { permanent_uuid: "e61e42f6375a43e08ced69f82d33d3fe" member_type: VOTER last_known_addr { host: "127.21.40.129" port: 34359 } }
I20260713 09:06:15.398002 22489 ts_tablet_manager.cc:1434] T d82afef340354f6da41fe8583cdb0800 P e61e42f6375a43e08ced69f82d33d3fe: Time spent starting tablet: real 0.091s	user 0.036s	sys 0.026s
I20260713 09:06:15.398083 22299 tablet_service.cc:1917] Received RequestConsensusVote() RPC: tablet_id: "fb470f3657644d279bcec86adaa38f01" candidate_uuid: "f3b9bef70bd740edb7883d3b9f181ce1" candidate_term: 1 candidate_status { last_received { term: 0 index: 0 } } ignore_live_leader: false dest_uuid: "e61e42f6375a43e08ced69f82d33d3fe" is_pre_election: true
I20260713 09:06:15.398484 22490 tablet_bootstrap.cc:654] T c9c9692a2fc447bf8a400b5d09020f2b P b4860e9f52a54efb94fd9a3debb80af1: Neither blocks nor log segments found. Creating new log.
I20260713 09:06:15.399185 22489 tablet_bootstrap.cc:492] T fb470f3657644d279bcec86adaa38f01 P e61e42f6375a43e08ced69f82d33d3fe: Bootstrap starting.
I20260713 09:06:15.399453 22374 tablet_service.cc:1917] Received RequestConsensusVote() RPC: tablet_id: "fb470f3657644d279bcec86adaa38f01" candidate_uuid: "f3b9bef70bd740edb7883d3b9f181ce1" candidate_term: 1 candidate_status { last_received { term: 0 index: 0 } } ignore_live_leader: false dest_uuid: "b4860e9f52a54efb94fd9a3debb80af1"
I20260713 09:06:15.398034 22488 raft_consensus.cc:359] T 97e3e82adddf45c081ecf10bdc76a383 P f3b9bef70bd740edb7883d3b9f181ce1 [term 0 FOLLOWER]: Replica starting. Triggering 0 pending ops. Active config: opid_index: -1 OBSOLETE_local: false peers { permanent_uuid: "e61e42f6375a43e08ced69f82d33d3fe" member_type: VOTER last_known_addr { host: "127.21.40.129" port: 34359 } } peers { permanent_uuid: "b4860e9f52a54efb94fd9a3debb80af1" member_type: VOTER last_known_addr { host: "127.21.40.130" port: 41893 } } peers { permanent_uuid: "f3b9bef70bd740edb7883d3b9f181ce1" member_type: VOTER last_known_addr { host: "127.21.40.131" port: 32987 } }
I20260713 09:06:15.399981 22374 raft_consensus.cc:3060] T fb470f3657644d279bcec86adaa38f01 P b4860e9f52a54efb94fd9a3debb80af1 [term 0 FOLLOWER]: Advancing to term 1
I20260713 09:06:15.400269 22488 raft_consensus.cc:385] T 97e3e82adddf45c081ecf10bdc76a383 P f3b9bef70bd740edb7883d3b9f181ce1 [term 0 FOLLOWER]: Consensus starting up: Expiring failure detector timer to make a prompt election more likely
I20260713 09:06:15.400563 22488 raft_consensus.cc:740] T 97e3e82adddf45c081ecf10bdc76a383 P f3b9bef70bd740edb7883d3b9f181ce1 [term 0 FOLLOWER]: Becoming Follower/Learner. State: Replica: f3b9bef70bd740edb7883d3b9f181ce1, State: Initialized, Role: FOLLOWER
W20260713 09:06:15.404628 22411 leader_election.cc:343] T fb470f3657644d279bcec86adaa38f01 P f3b9bef70bd740edb7883d3b9f181ce1 [CANDIDATE]: Term 1 pre-election: Tablet error from VoteRequest() call to peer e61e42f6375a43e08ced69f82d33d3fe (127.21.40.129:34359): Illegal state: must be running to vote when last-logged opid is not known
I20260713 09:06:15.408092 22494 leader_election.cc:290] T fb470f3657644d279bcec86adaa38f01 P f3b9bef70bd740edb7883d3b9f181ce1 [CANDIDATE]: Term 1 election: Requested vote from peers b4860e9f52a54efb94fd9a3debb80af1 (127.21.40.130:41893), e61e42f6375a43e08ced69f82d33d3fe (127.21.40.129:34359)
I20260713 09:06:15.408685 22488 consensus_queue.cc:260] T 97e3e82adddf45c081ecf10bdc76a383 P f3b9bef70bd740edb7883d3b9f181ce1 [NON_LEADER]: Queue going to NON_LEADER mode. State: All replicated index: 0, Majority replicated index: 0, Committed index: 0, Last appended: 0.0, Last appended by leader: 0, Current term: 0, Majority size: -1, State: 0, Mode: NON_LEADER, active raft config: opid_index: -1 OBSOLETE_local: false peers { permanent_uuid: "e61e42f6375a43e08ced69f82d33d3fe" member_type: VOTER last_known_addr { host: "127.21.40.129" port: 34359 } } peers { permanent_uuid: "b4860e9f52a54efb94fd9a3debb80af1" member_type: VOTER last_known_addr { host: "127.21.40.130" port: 41893 } } peers { permanent_uuid: "f3b9bef70bd740edb7883d3b9f181ce1" member_type: VOTER last_known_addr { host: "127.21.40.131" port: 32987 } }
I20260713 09:06:15.409590 22374 raft_consensus.cc:2468] T fb470f3657644d279bcec86adaa38f01 P b4860e9f52a54efb94fd9a3debb80af1 [term 1 FOLLOWER]: Leader election vote request: Granting yes vote for candidate f3b9bef70bd740edb7883d3b9f181ce1 in term 1.
I20260713 09:06:15.410334 22299 tablet_service.cc:1917] Received RequestConsensusVote() RPC: tablet_id: "fb470f3657644d279bcec86adaa38f01" candidate_uuid: "f3b9bef70bd740edb7883d3b9f181ce1" candidate_term: 1 candidate_status { last_received { term: 0 index: 0 } } ignore_live_leader: false dest_uuid: "e61e42f6375a43e08ced69f82d33d3fe"
I20260713 09:06:15.410799 22488 ts_tablet_manager.cc:1434] T 97e3e82adddf45c081ecf10bdc76a383 P f3b9bef70bd740edb7883d3b9f181ce1: Time spent starting tablet: real 0.022s	user 0.008s	sys 0.000s
I20260713 09:06:15.410960 22414 leader_election.cc:304] T fb470f3657644d279bcec86adaa38f01 P f3b9bef70bd740edb7883d3b9f181ce1 [CANDIDATE]: Term 1 election: Election decided. Result: candidate won. Election summary: received 2 responses out of 3 voters: 2 yes votes; 0 no votes. yes voters: b4860e9f52a54efb94fd9a3debb80af1, f3b9bef70bd740edb7883d3b9f181ce1; no voters: 
W20260713 09:06:15.411525 22411 leader_election.cc:343] T fb470f3657644d279bcec86adaa38f01 P f3b9bef70bd740edb7883d3b9f181ce1 [CANDIDATE]: Term 1 election: Tablet error from VoteRequest() call to peer e61e42f6375a43e08ced69f82d33d3fe (127.21.40.129:34359): Illegal state: must be running to vote when last-logged opid is not known
I20260713 09:06:15.413933 22494 raft_consensus.cc:2804] T fb470f3657644d279bcec86adaa38f01 P f3b9bef70bd740edb7883d3b9f181ce1 [term 1 FOLLOWER]: Leader election won for term 1
I20260713 09:06:15.414942 22494 raft_consensus.cc:697] T fb470f3657644d279bcec86adaa38f01 P f3b9bef70bd740edb7883d3b9f181ce1 [term 1 LEADER]: Becoming Leader. State: Replica: f3b9bef70bd740edb7883d3b9f181ce1, State: Running, Role: LEADER
I20260713 09:06:15.416272 22494 consensus_queue.cc:237] T fb470f3657644d279bcec86adaa38f01 P f3b9bef70bd740edb7883d3b9f181ce1 [LEADER]: Queue going to LEADER mode. State: All replicated index: 0, Majority replicated index: 0, Committed index: 0, Last appended: 0.0, Last appended by leader: 0, Current term: 1, Majority size: 2, State: 0, Mode: LEADER, active raft config: opid_index: -1 OBSOLETE_local: false peers { permanent_uuid: "f3b9bef70bd740edb7883d3b9f181ce1" member_type: VOTER last_known_addr { host: "127.21.40.131" port: 32987 } } peers { permanent_uuid: "b4860e9f52a54efb94fd9a3debb80af1" member_type: VOTER last_known_addr { host: "127.21.40.130" port: 41893 } } peers { permanent_uuid: "e61e42f6375a43e08ced69f82d33d3fe" member_type: VOTER last_known_addr { host: "127.21.40.129" port: 34359 } }
I20260713 09:06:15.424691 22489 tablet_bootstrap.cc:654] T fb470f3657644d279bcec86adaa38f01 P e61e42f6375a43e08ced69f82d33d3fe: Neither blocks nor log segments found. Creating new log.
I20260713 09:06:15.425993 22374 tablet_service.cc:1917] Received RequestConsensusVote() RPC: tablet_id: "d82afef340354f6da41fe8583cdb0800" candidate_uuid: "e61e42f6375a43e08ced69f82d33d3fe" candidate_term: 1 candidate_status { last_received { term: 0 index: 0 } } ignore_live_leader: false dest_uuid: "b4860e9f52a54efb94fd9a3debb80af1" is_pre_election: true
W20260713 09:06:15.427512 22265 leader_election.cc:343] T d82afef340354f6da41fe8583cdb0800 P e61e42f6375a43e08ced69f82d33d3fe [CANDIDATE]: Term 1 pre-election: Tablet error from VoteRequest() call to peer b4860e9f52a54efb94fd9a3debb80af1 (127.21.40.130:41893): Illegal state: must be running to vote when last-logged opid is not known
I20260713 09:06:15.430655 22488 tablet_bootstrap.cc:492] T c9c9692a2fc447bf8a400b5d09020f2b P f3b9bef70bd740edb7883d3b9f181ce1: Bootstrap starting.
I20260713 09:06:15.437767 22490 tablet_bootstrap.cc:492] T c9c9692a2fc447bf8a400b5d09020f2b P b4860e9f52a54efb94fd9a3debb80af1: No bootstrap required, opened a new log
I20260713 09:06:15.438231 22490 ts_tablet_manager.cc:1403] T c9c9692a2fc447bf8a400b5d09020f2b P b4860e9f52a54efb94fd9a3debb80af1: Time spent bootstrapping tablet: real 0.065s	user 0.009s	sys 0.031s
I20260713 09:06:15.439049 22448 tablet_service.cc:1917] Received RequestConsensusVote() RPC: tablet_id: "d82afef340354f6da41fe8583cdb0800" candidate_uuid: "e61e42f6375a43e08ced69f82d33d3fe" candidate_term: 1 candidate_status { last_received { term: 0 index: 0 } } ignore_live_leader: false dest_uuid: "f3b9bef70bd740edb7883d3b9f181ce1" is_pre_election: true
I20260713 09:06:15.440456 22488 tablet_bootstrap.cc:654] T c9c9692a2fc447bf8a400b5d09020f2b P f3b9bef70bd740edb7883d3b9f181ce1: Neither blocks nor log segments found. Creating new log.
W20260713 09:06:15.440637 22264 leader_election.cc:343] T d82afef340354f6da41fe8583cdb0800 P e61e42f6375a43e08ced69f82d33d3fe [CANDIDATE]: Term 1 pre-election: Tablet error from VoteRequest() call to peer f3b9bef70bd740edb7883d3b9f181ce1 (127.21.40.131:32987): Illegal state: must be running to vote when last-logged opid is not known
I20260713 09:06:15.440943 22490 raft_consensus.cc:359] T c9c9692a2fc447bf8a400b5d09020f2b P b4860e9f52a54efb94fd9a3debb80af1 [term 0 FOLLOWER]: Replica starting. Triggering 0 pending ops. Active config: opid_index: -1 OBSOLETE_local: false peers { permanent_uuid: "e61e42f6375a43e08ced69f82d33d3fe" member_type: VOTER last_known_addr { host: "127.21.40.129" port: 34359 } } peers { permanent_uuid: "b4860e9f52a54efb94fd9a3debb80af1" member_type: VOTER last_known_addr { host: "127.21.40.130" port: 41893 } } peers { permanent_uuid: "f3b9bef70bd740edb7883d3b9f181ce1" member_type: VOTER last_known_addr { host: "127.21.40.131" port: 32987 } }
I20260713 09:06:15.441111 22264 leader_election.cc:304] T d82afef340354f6da41fe8583cdb0800 P e61e42f6375a43e08ced69f82d33d3fe [CANDIDATE]: Term 1 pre-election: Election decided. Result: candidate lost. Election summary: received 3 responses out of 3 voters: 1 yes votes; 2 no votes. yes voters: e61e42f6375a43e08ced69f82d33d3fe; no voters: b4860e9f52a54efb94fd9a3debb80af1, f3b9bef70bd740edb7883d3b9f181ce1
I20260713 09:06:15.441659 22490 raft_consensus.cc:385] T c9c9692a2fc447bf8a400b5d09020f2b P b4860e9f52a54efb94fd9a3debb80af1 [term 0 FOLLOWER]: Consensus starting up: Expiring failure detector timer to make a prompt election more likely
I20260713 09:06:15.441989 22490 raft_consensus.cc:740] T c9c9692a2fc447bf8a400b5d09020f2b P b4860e9f52a54efb94fd9a3debb80af1 [term 0 FOLLOWER]: Becoming Follower/Learner. State: Replica: b4860e9f52a54efb94fd9a3debb80af1, State: Initialized, Role: FOLLOWER
I20260713 09:06:15.442178 22501 raft_consensus.cc:2749] T d82afef340354f6da41fe8583cdb0800 P e61e42f6375a43e08ced69f82d33d3fe [term 0 FOLLOWER]: Leader pre-election lost for term 1. Reason: could not achieve majority
