I20260713 09:06:01.794504 16858 ts_tablet_manager.cc:1403] T b7cf8cbdb887493392dc55c0db9858e3 P 50f7fdd466e04990b2b4e001b47a0c83: Time spent bootstrapping tablet: real 0.051s	user 0.009s	sys 0.007s
I20260713 09:06:01.797025 16858 raft_consensus.cc:359] T b7cf8cbdb887493392dc55c0db9858e3 P 50f7fdd466e04990b2b4e001b47a0c83 [term 0 FOLLOWER]: Replica starting. Triggering 0 pending ops. Active config: opid_index: -1 OBSOLETE_local: false peers { permanent_uuid: "635fa358f7d24761864b41a2155a8fb6" member_type: VOTER last_known_addr { host: "127.16.36.129" port: 39049 } } peers { permanent_uuid: "eb8b4352430d42a98249c7ae4f01e086" member_type: VOTER last_known_addr { host: "127.16.36.130" port: 43485 } } peers { permanent_uuid: "50f7fdd466e04990b2b4e001b47a0c83" member_type: VOTER last_known_addr { host: "127.16.36.131" port: 39069 } }
I20260713 09:06:01.800141 16858 raft_consensus.cc:385] T b7cf8cbdb887493392dc55c0db9858e3 P 50f7fdd466e04990b2b4e001b47a0c83 [term 0 FOLLOWER]: Consensus starting up: Expiring failure detector timer to make a prompt election more likely
I20260713 09:06:01.800489 16858 raft_consensus.cc:740] T b7cf8cbdb887493392dc55c0db9858e3 P 50f7fdd466e04990b2b4e001b47a0c83 [term 0 FOLLOWER]: Becoming Follower/Learner. State: Replica: 50f7fdd466e04990b2b4e001b47a0c83, State: Initialized, Role: FOLLOWER
I20260713 09:06:01.801172 16858 consensus_queue.cc:260] T b7cf8cbdb887493392dc55c0db9858e3 P 50f7fdd466e04990b2b4e001b47a0c83 [NON_LEADER]: Queue going to NON_LEADER mode. State: All replicated index: 0, Majority replicated index: 0, Committed index: 0, Last appended: 0.0, Last appended by leader: 0, Current term: 0, Majority size: -1, State: 0, Mode: NON_LEADER, active raft config: opid_index: -1 OBSOLETE_local: false peers { permanent_uuid: "635fa358f7d24761864b41a2155a8fb6" member_type: VOTER last_known_addr { host: "127.16.36.129" port: 39049 } } peers { permanent_uuid: "eb8b4352430d42a98249c7ae4f01e086" member_type: VOTER last_known_addr { host: "127.16.36.130" port: 43485 } } peers { permanent_uuid: "50f7fdd466e04990b2b4e001b47a0c83" member_type: VOTER last_known_addr { host: "127.16.36.131" port: 39069 } }
I20260713 09:06:01.798767 16890 raft_consensus.cc:515] T ad598cda2a08474baef195d3644cc54d P 635fa358f7d24761864b41a2155a8fb6 [term 1 FOLLOWER]: Starting leader election with config: opid_index: -1 OBSOLETE_local: false peers { permanent_uuid: "635fa358f7d24761864b41a2155a8fb6" member_type: VOTER last_known_addr { host: "127.16.36.129" port: 39049 } } peers { permanent_uuid: "eb8b4352430d42a98249c7ae4f01e086" member_type: VOTER last_known_addr { host: "127.16.36.130" port: 43485 } } peers { permanent_uuid: "50f7fdd466e04990b2b4e001b47a0c83" member_type: VOTER last_known_addr { host: "127.16.36.131" port: 39069 } }
I20260713 09:06:01.805215 16890 leader_election.cc:290] T ad598cda2a08474baef195d3644cc54d P 635fa358f7d24761864b41a2155a8fb6 [CANDIDATE]: Term 1 election: Requested vote from peers eb8b4352430d42a98249c7ae4f01e086 (127.16.36.130:43485), 50f7fdd466e04990b2b4e001b47a0c83 (127.16.36.131:39069)
I20260713 09:06:01.806047 16858 ts_tablet_manager.cc:1434] T b7cf8cbdb887493392dc55c0db9858e3 P 50f7fdd466e04990b2b4e001b47a0c83: Time spent starting tablet: real 0.011s	user 0.005s	sys 0.000s
I20260713 09:06:01.805850 16740 tablet_service.cc:1917] Received RequestConsensusVote() RPC: tablet_id: "ad598cda2a08474baef195d3644cc54d" candidate_uuid: "635fa358f7d24761864b41a2155a8fb6" candidate_term: 1 candidate_status { last_received { term: 0 index: 0 } } ignore_live_leader: false dest_uuid: "eb8b4352430d42a98249c7ae4f01e086"
I20260713 09:06:01.806504 16740 raft_consensus.cc:3060] T ad598cda2a08474baef195d3644cc54d P eb8b4352430d42a98249c7ae4f01e086 [term 0 FOLLOWER]: Advancing to term 1
I20260713 09:06:01.806900 16562 catalog_manager.cc:5697] T d4a1bf957d3c471bb7ddb48774e04b44 P eb8b4352430d42a98249c7ae4f01e086 reported cstate change: term changed from 0 to 1, leader changed from <none> to eb8b4352430d42a98249c7ae4f01e086 (127.16.36.130). New cstate: current_term: 1 leader_uuid: "eb8b4352430d42a98249c7ae4f01e086" committed_config { opid_index: -1 OBSOLETE_local: false peers { permanent_uuid: "635fa358f7d24761864b41a2155a8fb6" member_type: VOTER last_known_addr { host: "127.16.36.129" port: 39049 } health_report { overall_health: UNKNOWN } } peers { permanent_uuid: "eb8b4352430d42a98249c7ae4f01e086" member_type: VOTER last_known_addr { host: "127.16.36.130" port: 43485 } health_report { overall_health: HEALTHY } } peers { permanent_uuid: "50f7fdd466e04990b2b4e001b47a0c83" member_type: VOTER last_known_addr { host: "127.16.36.131" port: 39069 } health_report { overall_health: UNKNOWN } } }
I20260713 09:06:01.811182 16813 tablet_service.cc:1917] Received RequestConsensusVote() RPC: tablet_id: "ad598cda2a08474baef195d3644cc54d" candidate_uuid: "635fa358f7d24761864b41a2155a8fb6" candidate_term: 1 candidate_status { last_received { term: 0 index: 0 } } ignore_live_leader: false dest_uuid: "50f7fdd466e04990b2b4e001b47a0c83"
I20260713 09:06:01.811757 16813 raft_consensus.cc:3060] T ad598cda2a08474baef195d3644cc54d P 50f7fdd466e04990b2b4e001b47a0c83 [term 0 FOLLOWER]: Advancing to term 1
I20260713 09:06:01.813782 16740 raft_consensus.cc:2468] T ad598cda2a08474baef195d3644cc54d P eb8b4352430d42a98249c7ae4f01e086 [term 1 FOLLOWER]: Leader election vote request: Granting yes vote for candidate 635fa358f7d24761864b41a2155a8fb6 in term 1.
I20260713 09:06:01.814813 16628 leader_election.cc:304] T ad598cda2a08474baef195d3644cc54d P 635fa358f7d24761864b41a2155a8fb6 [CANDIDATE]: Term 1 election: Election decided. Result: candidate won. Election summary: received 2 responses out of 3 voters: 2 yes votes; 0 no votes. yes voters: 635fa358f7d24761864b41a2155a8fb6, eb8b4352430d42a98249c7ae4f01e086; no voters: 
I20260713 09:06:01.816392 16890 raft_consensus.cc:2804] T ad598cda2a08474baef195d3644cc54d P 635fa358f7d24761864b41a2155a8fb6 [term 1 FOLLOWER]: Leader election won for term 1
I20260713 09:06:01.816932 16890 raft_consensus.cc:697] T ad598cda2a08474baef195d3644cc54d P 635fa358f7d24761864b41a2155a8fb6 [term 1 LEADER]: Becoming Leader. State: Replica: 635fa358f7d24761864b41a2155a8fb6, State: Running, Role: LEADER
I20260713 09:06:01.819599 16890 consensus_queue.cc:237] T ad598cda2a08474baef195d3644cc54d P 635fa358f7d24761864b41a2155a8fb6 [LEADER]: Queue going to LEADER mode. State: All replicated index: 0, Majority replicated index: 0, Committed index: 0, Last appended: 0.0, Last appended by leader: 0, Current term: 1, Majority size: 2, State: 0, Mode: LEADER, active raft config: opid_index: -1 OBSOLETE_local: false peers { permanent_uuid: "635fa358f7d24761864b41a2155a8fb6" member_type: VOTER last_known_addr { host: "127.16.36.129" port: 39049 } } peers { permanent_uuid: "eb8b4352430d42a98249c7ae4f01e086" member_type: VOTER last_known_addr { host: "127.16.36.130" port: 43485 } } peers { permanent_uuid: "50f7fdd466e04990b2b4e001b47a0c83" member_type: VOTER last_known_addr { host: "127.16.36.131" port: 39069 } }
I20260713 09:06:01.818271 16813 raft_consensus.cc:2468] T ad598cda2a08474baef195d3644cc54d P 50f7fdd466e04990b2b4e001b47a0c83 [term 1 FOLLOWER]: Leader election vote request: Granting yes vote for candidate 635fa358f7d24761864b41a2155a8fb6 in term 1.
I20260713 09:06:01.829305 16562 catalog_manager.cc:5697] T ad598cda2a08474baef195d3644cc54d P 635fa358f7d24761864b41a2155a8fb6 reported cstate change: term changed from 0 to 1, leader changed from <none> to 635fa358f7d24761864b41a2155a8fb6 (127.16.36.129). New cstate: current_term: 1 leader_uuid: "635fa358f7d24761864b41a2155a8fb6" committed_config { opid_index: -1 OBSOLETE_local: false peers { permanent_uuid: "635fa358f7d24761864b41a2155a8fb6" member_type: VOTER last_known_addr { host: "127.16.36.129" port: 39049 } health_report { overall_health: HEALTHY } } peers { permanent_uuid: "eb8b4352430d42a98249c7ae4f01e086" member_type: VOTER last_known_addr { host: "127.16.36.130" port: 43485 } health_report { overall_health: UNKNOWN } } peers { permanent_uuid: "50f7fdd466e04990b2b4e001b47a0c83" member_type: VOTER last_known_addr { host: "127.16.36.131" port: 39069 } health_report { overall_health: UNKNOWN } } }
I20260713 09:06:01.837190 16890 consensus_queue.cc:1048] T 451f819d9e9a4c91904aa03142ac7845 P 635fa358f7d24761864b41a2155a8fb6 [LEADER]: Connected to new peer: Peer: permanent_uuid: "50f7fdd466e04990b2b4e001b47a0c83" member_type: VOTER last_known_addr { host: "127.16.36.131" port: 39069 }, Status: LMP_MISMATCH, Last received: 0.0, Next index: 1, Last known committed idx: 0, Time since last communication: 0.000s
I20260713 09:06:01.837723 16862 consensus_queue.cc:1048] T 7a6040c3ed324b9baf10b6e1cdf7fd25 P eb8b4352430d42a98249c7ae4f01e086 [LEADER]: Connected to new peer: Peer: permanent_uuid: "50f7fdd466e04990b2b4e001b47a0c83" member_type: VOTER last_known_addr { host: "127.16.36.131" port: 39069 }, Status: LMP_MISMATCH, Last received: 0.0, Next index: 1, Last known committed idx: 0, Time since last communication: 0.000s
I20260713 09:06:01.853102 16876 consensus_queue.cc:1048] T 7a6040c3ed324b9baf10b6e1cdf7fd25 P eb8b4352430d42a98249c7ae4f01e086 [LEADER]: Connected to new peer: Peer: permanent_uuid: "635fa358f7d24761864b41a2155a8fb6" member_type: VOTER last_known_addr { host: "127.16.36.129" port: 39049 }, Status: LMP_MISMATCH, Last received: 0.0, Next index: 1, Last known committed idx: 0, Time since last communication: 0.001s
I20260713 09:06:01.863547 16864 consensus_queue.cc:1048] T 451f819d9e9a4c91904aa03142ac7845 P 635fa358f7d24761864b41a2155a8fb6 [LEADER]: Connected to new peer: Peer: permanent_uuid: "eb8b4352430d42a98249c7ae4f01e086" member_type: VOTER last_known_addr { host: "127.16.36.130" port: 43485 }, Status: LMP_MISMATCH, Last received: 0.0, Next index: 1, Last known committed idx: 0, Time since last communication: 0.000s
I20260713 09:06:01.928289 16862 raft_consensus.cc:493] T 3c9fc38612084e49b1bf96e5470967f2 P eb8b4352430d42a98249c7ae4f01e086 [term 0 FOLLOWER]: Starting pre-election (no leader contacted us within the election timeout)
I20260713 09:06:01.928742 16862 raft_consensus.cc:515] T 3c9fc38612084e49b1bf96e5470967f2 P eb8b4352430d42a98249c7ae4f01e086 [term 0 FOLLOWER]: Starting pre-election with config: opid_index: -1 OBSOLETE_local: false peers { permanent_uuid: "635fa358f7d24761864b41a2155a8fb6" member_type: VOTER last_known_addr { host: "127.16.36.129" port: 39049 } } peers { permanent_uuid: "eb8b4352430d42a98249c7ae4f01e086" member_type: VOTER last_known_addr { host: "127.16.36.130" port: 43485 } } peers { permanent_uuid: "50f7fdd466e04990b2b4e001b47a0c83" member_type: VOTER last_known_addr { host: "127.16.36.131" port: 39069 } }
I20260713 09:06:01.930505 16862 leader_election.cc:290] T 3c9fc38612084e49b1bf96e5470967f2 P eb8b4352430d42a98249c7ae4f01e086 [CANDIDATE]: Term 1 pre-election: Requested pre-vote from peers 635fa358f7d24761864b41a2155a8fb6 (127.16.36.129:39049), 50f7fdd466e04990b2b4e001b47a0c83 (127.16.36.131:39069)
I20260713 09:06:01.931299 16665 tablet_service.cc:1917] Received RequestConsensusVote() RPC: tablet_id: "3c9fc38612084e49b1bf96e5470967f2" candidate_uuid: "eb8b4352430d42a98249c7ae4f01e086" candidate_term: 1 candidate_status { last_received { term: 0 index: 0 } } ignore_live_leader: false dest_uuid: "635fa358f7d24761864b41a2155a8fb6" is_pre_election: true
I20260713 09:06:01.931659 16814 tablet_service.cc:1917] Received RequestConsensusVote() RPC: tablet_id: "3c9fc38612084e49b1bf96e5470967f2" candidate_uuid: "eb8b4352430d42a98249c7ae4f01e086" candidate_term: 1 candidate_status { last_received { term: 0 index: 0 } } ignore_live_leader: false dest_uuid: "50f7fdd466e04990b2b4e001b47a0c83" is_pre_election: true
I20260713 09:06:01.932035 16665 raft_consensus.cc:2393] T 3c9fc38612084e49b1bf96e5470967f2 P 635fa358f7d24761864b41a2155a8fb6 [term 1 FOLLOWER]: Leader pre-election vote request: Denying vote to candidate eb8b4352430d42a98249c7ae4f01e086 in current term 1: Already voted for candidate 50f7fdd466e04990b2b4e001b47a0c83 in this term.
I20260713 09:06:01.933553 16703 leader_election.cc:304] T 3c9fc38612084e49b1bf96e5470967f2 P eb8b4352430d42a98249c7ae4f01e086 [CANDIDATE]: Term 1 pre-election: Election decided. Result: candidate lost. Election summary: received 3 responses out of 3 voters: 1 yes votes; 2 no votes. yes voters: eb8b4352430d42a98249c7ae4f01e086; no voters: 50f7fdd466e04990b2b4e001b47a0c83, 635fa358f7d24761864b41a2155a8fb6
I20260713 09:06:01.934641 16862 raft_consensus.cc:3060] T 3c9fc38612084e49b1bf96e5470967f2 P eb8b4352430d42a98249c7ae4f01e086 [term 0 FOLLOWER]: Advancing to term 1
I20260713 09:06:01.940889 16862 raft_consensus.cc:2749] T 3c9fc38612084e49b1bf96e5470967f2 P eb8b4352430d42a98249c7ae4f01e086 [term 1 FOLLOWER]: Leader pre-election lost for term 1. Reason: could not achieve majority
I20260713 09:06:01.951931 16814 tablet_service.cc:2072] Received LeaderStepDown RPC: tablet_id: "73a36b1392b9401184e1f3a586375ae7"
dest_uuid: "50f7fdd466e04990b2b4e001b47a0c83"
mode: GRACEFUL
new_leader_uuid: "635fa358f7d24761864b41a2155a8fb6"
 from {username='slave'} at 127.0.0.1:55322
I20260713 09:06:01.952615 16814 raft_consensus.cc:606] T 73a36b1392b9401184e1f3a586375ae7 P 50f7fdd466e04990b2b4e001b47a0c83 [term 1 LEADER]: Received request to transfer leadership to TS 635fa358f7d24761864b41a2155a8fb6
I20260713 09:06:01.968359 16740 tablet_service.cc:2072] Received LeaderStepDown RPC: tablet_id: "7a6040c3ed324b9baf10b6e1cdf7fd25"
dest_uuid: "eb8b4352430d42a98249c7ae4f01e086"
mode: GRACEFUL
new_leader_uuid: "635fa358f7d24761864b41a2155a8fb6"
 from {username='slave'} at 127.0.0.1:56700
I20260713 09:06:01.968858 16740 raft_consensus.cc:606] T 7a6040c3ed324b9baf10b6e1cdf7fd25 P eb8b4352430d42a98249c7ae4f01e086 [term 1 LEADER]: Received request to transfer leadership to TS 635fa358f7d24761864b41a2155a8fb6
I20260713 09:06:01.973426 16740 tablet_service.cc:2072] Received LeaderStepDown RPC: tablet_id: "dbcb5ee5259c4c709d49a6555cf50c49"
dest_uuid: "eb8b4352430d42a98249c7ae4f01e086"
mode: GRACEFUL
new_leader_uuid: "635fa358f7d24761864b41a2155a8fb6"
 from {username='slave'} at 127.0.0.1:56700
I20260713 09:06:01.973930 16740 raft_consensus.cc:606] T dbcb5ee5259c4c709d49a6555cf50c49 P eb8b4352430d42a98249c7ae4f01e086 [term 1 LEADER]: Received request to transfer leadership to TS 635fa358f7d24761864b41a2155a8fb6
I20260713 09:06:01.987922 16665 tablet_service.cc:2072] Received LeaderStepDown RPC: tablet_id: "b7cf8cbdb887493392dc55c0db9858e3"
dest_uuid: "635fa358f7d24761864b41a2155a8fb6"
mode: GRACEFUL
new_leader_uuid: "eb8b4352430d42a98249c7ae4f01e086"
 from {username='slave'} at 127.0.0.1:58602
I20260713 09:06:01.988530 16665 raft_consensus.cc:606] T b7cf8cbdb887493392dc55c0db9858e3 P 635fa358f7d24761864b41a2155a8fb6 [term 1 LEADER]: Received request to transfer leadership to TS eb8b4352430d42a98249c7ae4f01e086
I20260713 09:06:01.993309 16814 tablet_service.cc:2072] Received LeaderStepDown RPC: tablet_id: "2f2a469e4e2f4f36b203005c78ce7959"
dest_uuid: "50f7fdd466e04990b2b4e001b47a0c83"
mode: GRACEFUL
new_leader_uuid: "eb8b4352430d42a98249c7ae4f01e086"
 from {username='slave'} at 127.0.0.1:55322
I20260713 09:06:01.993973 16814 raft_consensus.cc:606] T 2f2a469e4e2f4f36b203005c78ce7959 P 50f7fdd466e04990b2b4e001b47a0c83 [term 1 LEADER]: Received request to transfer leadership to TS eb8b4352430d42a98249c7ae4f01e086
I20260713 09:06:01.998924 16665 tablet_service.cc:2072] Received LeaderStepDown RPC: tablet_id: "ad598cda2a08474baef195d3644cc54d"
dest_uuid: "635fa358f7d24761864b41a2155a8fb6"
mode: GRACEFUL
new_leader_uuid: "eb8b4352430d42a98249c7ae4f01e086"
 from {username='slave'} at 127.0.0.1:58602
I20260713 09:06:01.999444 16665 raft_consensus.cc:606] T ad598cda2a08474baef195d3644cc54d P 635fa358f7d24761864b41a2155a8fb6 [term 1 LEADER]: Received request to transfer leadership to TS eb8b4352430d42a98249c7ae4f01e086
I20260713 09:06:02.029028 16878 raft_consensus.cc:493] T dbcb5ee5259c4c709d49a6555cf50c49 P 50f7fdd466e04990b2b4e001b47a0c83 [term 0 FOLLOWER]: Starting pre-election (no leader contacted us within the election timeout)
I20260713 09:06:02.029554 16878 raft_consensus.cc:515] T dbcb5ee5259c4c709d49a6555cf50c49 P 50f7fdd466e04990b2b4e001b47a0c83 [term 0 FOLLOWER]: Starting pre-election with config: opid_index: -1 OBSOLETE_local: false peers { permanent_uuid: "635fa358f7d24761864b41a2155a8fb6" member_type: VOTER last_known_addr { host: "127.16.36.129" port: 39049 } } peers { permanent_uuid: "eb8b4352430d42a98249c7ae4f01e086" member_type: VOTER last_known_addr { host: "127.16.36.130" port: 43485 } } peers { permanent_uuid: "50f7fdd466e04990b2b4e001b47a0c83" member_type: VOTER last_known_addr { host: "127.16.36.131" port: 39069 } }
I20260713 09:06:02.031644 16878 leader_election.cc:290] T dbcb5ee5259c4c709d49a6555cf50c49 P 50f7fdd466e04990b2b4e001b47a0c83 [CANDIDATE]: Term 1 pre-election: Requested pre-vote from peers 635fa358f7d24761864b41a2155a8fb6 (127.16.36.129:39049), eb8b4352430d42a98249c7ae4f01e086 (127.16.36.130:43485)
I20260713 09:06:02.032480 16665 tablet_service.cc:1917] Received RequestConsensusVote() RPC: tablet_id: "dbcb5ee5259c4c709d49a6555cf50c49" candidate_uuid: "50f7fdd466e04990b2b4e001b47a0c83" candidate_term: 1 candidate_status { last_received { term: 0 index: 0 } } ignore_live_leader: false dest_uuid: "635fa358f7d24761864b41a2155a8fb6" is_pre_election: true
I20260713 09:06:02.032737 16740 tablet_service.cc:1917] Received RequestConsensusVote() RPC: tablet_id: "dbcb5ee5259c4c709d49a6555cf50c49" candidate_uuid: "50f7fdd466e04990b2b4e001b47a0c83" candidate_term: 1 candidate_status { last_received { term: 0 index: 0 } } ignore_live_leader: false dest_uuid: "eb8b4352430d42a98249c7ae4f01e086" is_pre_election: true
I20260713 09:06:02.033239 16665 raft_consensus.cc:2393] T dbcb5ee5259c4c709d49a6555cf50c49 P 635fa358f7d24761864b41a2155a8fb6 [term 1 FOLLOWER]: Leader pre-election vote request: Denying vote to candidate 50f7fdd466e04990b2b4e001b47a0c83 in current term 1: Already voted for candidate eb8b4352430d42a98249c7ae4f01e086 in this term.
I20260713 09:06:02.034193 16777 leader_election.cc:304] T dbcb5ee5259c4c709d49a6555cf50c49 P 50f7fdd466e04990b2b4e001b47a0c83 [CANDIDATE]: Term 1 pre-election: Election decided. Result: candidate lost. Election summary: received 3 responses out of 3 voters: 1 yes votes; 2 no votes. yes voters: 50f7fdd466e04990b2b4e001b47a0c83; no voters: 635fa358f7d24761864b41a2155a8fb6, eb8b4352430d42a98249c7ae4f01e086
I20260713 09:06:02.034879 16878 raft_consensus.cc:3060] T dbcb5ee5259c4c709d49a6555cf50c49 P 50f7fdd466e04990b2b4e001b47a0c83 [term 0 FOLLOWER]: Advancing to term 1
I20260713 09:06:02.039216 16878 raft_consensus.cc:2749] T dbcb5ee5259c4c709d49a6555cf50c49 P 50f7fdd466e04990b2b4e001b47a0c83 [term 1 FOLLOWER]: Leader pre-election lost for term 1. Reason: could not achieve majority
I20260713 09:06:02.042124 16878 raft_consensus.cc:493] T b7cf8cbdb887493392dc55c0db9858e3 P 50f7fdd466e04990b2b4e001b47a0c83 [term 0 FOLLOWER]: Starting pre-election (no leader contacted us within the election timeout)
I20260713 09:06:02.042553 16878 raft_consensus.cc:515] T b7cf8cbdb887493392dc55c0db9858e3 P 50f7fdd466e04990b2b4e001b47a0c83 [term 0 FOLLOWER]: Starting pre-election with config: opid_index: -1 OBSOLETE_local: false peers { permanent_uuid: "635fa358f7d24761864b41a2155a8fb6" member_type: VOTER last_known_addr { host: "127.16.36.129" port: 39049 } } peers { permanent_uuid: "eb8b4352430d42a98249c7ae4f01e086" member_type: VOTER last_known_addr { host: "127.16.36.130" port: 43485 } } peers { permanent_uuid: "50f7fdd466e04990b2b4e001b47a0c83" member_type: VOTER last_known_addr { host: "127.16.36.131" port: 39069 } }
I20260713 09:06:02.044859 16878 leader_election.cc:290] T b7cf8cbdb887493392dc55c0db9858e3 P 50f7fdd466e04990b2b4e001b47a0c83 [CANDIDATE]: Term 1 pre-election: Requested pre-vote from peers 635fa358f7d24761864b41a2155a8fb6 (127.16.36.129:39049), eb8b4352430d42a98249c7ae4f01e086 (127.16.36.130:43485)
I20260713 09:06:02.045668 16665 tablet_service.cc:1917] Received RequestConsensusVote() RPC: tablet_id: "b7cf8cbdb887493392dc55c0db9858e3" candidate_uuid: "50f7fdd466e04990b2b4e001b47a0c83" candidate_term: 1 candidate_status { last_received { term: 0 index: 0 } } ignore_live_leader: false dest_uuid: "635fa358f7d24761864b41a2155a8fb6" is_pre_election: true
I20260713 09:06:02.046455 16740 tablet_service.cc:1917] Received RequestConsensusVote() RPC: tablet_id: "b7cf8cbdb887493392dc55c0db9858e3" candidate_uuid: "50f7fdd466e04990b2b4e001b47a0c83" candidate_term: 1 candidate_status { last_received { term: 0 index: 0 } } ignore_live_leader: false dest_uuid: "eb8b4352430d42a98249c7ae4f01e086" is_pre_election: true
I20260713 09:06:02.047269 16740 raft_consensus.cc:2393] T b7cf8cbdb887493392dc55c0db9858e3 P eb8b4352430d42a98249c7ae4f01e086 [term 1 FOLLOWER]: Leader pre-election vote request: Denying vote to candidate 50f7fdd466e04990b2b4e001b47a0c83 in current term 1: Already voted for candidate 635fa358f7d24761864b41a2155a8fb6 in this term.
I20260713 09:06:02.048385 16777 leader_election.cc:304] T b7cf8cbdb887493392dc55c0db9858e3 P 50f7fdd466e04990b2b4e001b47a0c83 [CANDIDATE]: Term 1 pre-election: Election decided. Result: candidate lost. Election summary: received 3 responses out of 3 voters: 1 yes votes; 2 no votes. yes voters: 50f7fdd466e04990b2b4e001b47a0c83; no voters: 635fa358f7d24761864b41a2155a8fb6, eb8b4352430d42a98249c7ae4f01e086
I20260713 09:06:02.049073 16878 raft_consensus.cc:3060] T b7cf8cbdb887493392dc55c0db9858e3 P 50f7fdd466e04990b2b4e001b47a0c83 [term 0 FOLLOWER]: Advancing to term 1
I20260713 09:06:02.053874 16878 raft_consensus.cc:2749] T b7cf8cbdb887493392dc55c0db9858e3 P 50f7fdd466e04990b2b4e001b47a0c83 [term 1 FOLLOWER]: Leader pre-election lost for term 1. Reason: could not achieve majority
I20260713 09:06:02.098428 16878 consensus_queue.cc:1048] T 73a36b1392b9401184e1f3a586375ae7 P 50f7fdd466e04990b2b4e001b47a0c83 [LEADER]: Connected to new peer: Peer: permanent_uuid: "eb8b4352430d42a98249c7ae4f01e086" member_type: VOTER last_known_addr { host: "127.16.36.130" port: 43485 }, Status: LMP_MISMATCH, Last received: 0.0, Next index: 1, Last known committed idx: 0, Time since last communication: 0.000s
I20260713 09:06:02.108709 16863 consensus_queue.cc:1048] T 73a36b1392b9401184e1f3a586375ae7 P 50f7fdd466e04990b2b4e001b47a0c83 [LEADER]: Connected to new peer: Peer: permanent_uuid: "635fa358f7d24761864b41a2155a8fb6" member_type: VOTER last_known_addr { host: "127.16.36.129" port: 39049 }, Status: LMP_MISMATCH, Last received: 0.0, Next index: 1, Last known committed idx: 0, Time since last communication: 0.000s
I20260713 09:06:02.118048 16862 consensus_queue.cc:1048] T dbcb5ee5259c4c709d49a6555cf50c49 P eb8b4352430d42a98249c7ae4f01e086 [LEADER]: Connected to new peer: Peer: permanent_uuid: "50f7fdd466e04990b2b4e001b47a0c83" member_type: VOTER last_known_addr { host: "127.16.36.131" port: 39069 }, Status: LMP_MISMATCH, Last received: 0.0, Next index: 1, Last known committed idx: 0, Time since last communication: 0.000s
I20260713 09:06:02.127287 16878 raft_consensus.cc:993] T 73a36b1392b9401184e1f3a586375ae7 P 50f7fdd466e04990b2b4e001b47a0c83: : Instructing follower 635fa358f7d24761864b41a2155a8fb6 to start an election
I20260713 09:06:02.128252 16900 raft_consensus.cc:1081] T 73a36b1392b9401184e1f3a586375ae7 P 50f7fdd466e04990b2b4e001b47a0c83 [term 1 LEADER]: Signalling peer 635fa358f7d24761864b41a2155a8fb6 to start an election
I20260713 09:06:02.130481 16665 tablet_service.cc:2044] Received Run Leader Election RPC: tablet_id: "73a36b1392b9401184e1f3a586375ae7"
dest_uuid: "635fa358f7d24761864b41a2155a8fb6"
 from {username='slave'} at 127.0.0.1:58582
I20260713 09:06:02.131055 16665 raft_consensus.cc:493] T 73a36b1392b9401184e1f3a586375ae7 P 635fa358f7d24761864b41a2155a8fb6 [term 1 FOLLOWER]: Starting forced leader election (received explicit request)
I20260713 09:06:02.131438 16665 raft_consensus.cc:3060] T 73a36b1392b9401184e1f3a586375ae7 P 635fa358f7d24761864b41a2155a8fb6 [term 1 FOLLOWER]: Advancing to term 2
I20260713 09:06:02.140970 16876 consensus_queue.cc:1048] T dbcb5ee5259c4c709d49a6555cf50c49 P eb8b4352430d42a98249c7ae4f01e086 [LEADER]: Connected to new peer: Peer: permanent_uuid: "635fa358f7d24761864b41a2155a8fb6" member_type: VOTER last_known_addr { host: "127.16.36.129" port: 39049 }, Status: LMP_MISMATCH, Last received: 0.0, Next index: 1, Last known committed idx: 0, Time since last communication: 0.000s
I20260713 09:06:02.143268 16665 raft_consensus.cc:515] T 73a36b1392b9401184e1f3a586375ae7 P 635fa358f7d24761864b41a2155a8fb6 [term 2 FOLLOWER]: Starting forced leader election with config: opid_index: -1 OBSOLETE_local: false peers { permanent_uuid: "eb8b4352430d42a98249c7ae4f01e086" member_type: VOTER last_known_addr { host: "127.16.36.130" port: 43485 } } peers { permanent_uuid: "50f7fdd466e04990b2b4e001b47a0c83" member_type: VOTER last_known_addr { host: "127.16.36.131" port: 39069 } } peers { permanent_uuid: "635fa358f7d24761864b41a2155a8fb6" member_type: VOTER last_known_addr { host: "127.16.36.129" port: 39049 } }
I20260713 09:06:02.146548 16740 tablet_service.cc:1917] Received RequestConsensusVote() RPC: tablet_id: "73a36b1392b9401184e1f3a586375ae7" candidate_uuid: "635fa358f7d24761864b41a2155a8fb6" candidate_term: 2 candidate_status { last_received { term: 1 index: 1 } } ignore_live_leader: true dest_uuid: "eb8b4352430d42a98249c7ae4f01e086"
I20260713 09:06:02.146848 16665 leader_election.cc:290] T 73a36b1392b9401184e1f3a586375ae7 P 635fa358f7d24761864b41a2155a8fb6 [CANDIDATE]: Term 2 election: Requested vote from peers eb8b4352430d42a98249c7ae4f01e086 (127.16.36.130:43485), 50f7fdd466e04990b2b4e001b47a0c83 (127.16.36.131:39069)
I20260713 09:06:02.147132 16740 raft_consensus.cc:3060] T 73a36b1392b9401184e1f3a586375ae7 P eb8b4352430d42a98249c7ae4f01e086 [term 1 FOLLOWER]: Advancing to term 2
I20260713 09:06:02.147660 16813 tablet_service.cc:1917] Received RequestConsensusVote() RPC: tablet_id: "73a36b1392b9401184e1f3a586375ae7" candidate_uuid: "635fa358f7d24761864b41a2155a8fb6" candidate_term: 2 candidate_status { last_received { term: 1 index: 1 } } ignore_live_leader: true dest_uuid: "50f7fdd466e04990b2b4e001b47a0c83"
I20260713 09:06:02.148239 16813 raft_consensus.cc:3055] T 73a36b1392b9401184e1f3a586375ae7 P 50f7fdd466e04990b2b4e001b47a0c83 [term 1 LEADER]: Stepping down as leader of term 1
I20260713 09:06:02.148559 16813 raft_consensus.cc:740] T 73a36b1392b9401184e1f3a586375ae7 P 50f7fdd466e04990b2b4e001b47a0c83 [term 1 LEADER]: Becoming Follower/Learner. State: Replica: 50f7fdd466e04990b2b4e001b47a0c83, State: Running, Role: LEADER
I20260713 09:06:02.149343 16813 consensus_queue.cc:260] T 73a36b1392b9401184e1f3a586375ae7 P 50f7fdd466e04990b2b4e001b47a0c83 [NON_LEADER]: Queue going to NON_LEADER mode. State: All replicated index: 0, Majority replicated index: 1, Committed index: 1, Last appended: 1.1, Last appended by leader: 1, Current term: 1, Majority size: -1, State: 0, Mode: NON_LEADER, active raft config: opid_index: -1 OBSOLETE_local: false peers { permanent_uuid: "eb8b4352430d42a98249c7ae4f01e086" member_type: VOTER last_known_addr { host: "127.16.36.130" port: 43485 } } peers { permanent_uuid: "50f7fdd466e04990b2b4e001b47a0c83" member_type: VOTER last_known_addr { host: "127.16.36.131" port: 39069 } } peers { permanent_uuid: "635fa358f7d24761864b41a2155a8fb6" member_type: VOTER last_known_addr { host: "127.16.36.129" port: 39049 } }
I20260713 09:06:02.150560 16813 raft_consensus.cc:3060] T 73a36b1392b9401184e1f3a586375ae7 P 50f7fdd466e04990b2b4e001b47a0c83 [term 1 FOLLOWER]: Advancing to term 2
I20260713 09:06:02.153712 16740 raft_consensus.cc:2468] T 73a36b1392b9401184e1f3a586375ae7 P eb8b4352430d42a98249c7ae4f01e086 [term 2 FOLLOWER]: Leader election vote request: Granting yes vote for candidate 635fa358f7d24761864b41a2155a8fb6 in term 2.
I20260713 09:06:02.154688 16628 leader_election.cc:304] T 73a36b1392b9401184e1f3a586375ae7 P 635fa358f7d24761864b41a2155a8fb6 [CANDIDATE]: Term 2 election: Election decided. Result: candidate won. Election summary: received 2 responses out of 3 voters: 2 yes votes; 0 no votes. yes voters: 635fa358f7d24761864b41a2155a8fb6, eb8b4352430d42a98249c7ae4f01e086; no voters: 
I20260713 09:06:02.155530 16864 raft_consensus.cc:2804] T 73a36b1392b9401184e1f3a586375ae7 P 635fa358f7d24761864b41a2155a8fb6 [term 2 FOLLOWER]: Leader election won for term 2
I20260713 09:06:02.155989 16864 raft_consensus.cc:697] T 73a36b1392b9401184e1f3a586375ae7 P 635fa358f7d24761864b41a2155a8fb6 [term 2 LEADER]: Becoming Leader. State: Replica: 635fa358f7d24761864b41a2155a8fb6, State: Running, Role: LEADER
I20260713 09:06:02.156812 16864 consensus_queue.cc:237] T 73a36b1392b9401184e1f3a586375ae7 P 635fa358f7d24761864b41a2155a8fb6 [LEADER]: Queue going to LEADER mode. State: All replicated index: 0, Majority replicated index: 1, Committed index: 1, Last appended: 1.1, Last appended by leader: 1, Current term: 2, Majority size: 2, State: 0, Mode: LEADER, active raft config: opid_index: -1 OBSOLETE_local: false peers { permanent_uuid: "eb8b4352430d42a98249c7ae4f01e086" member_type: VOTER last_known_addr { host: "127.16.36.130" port: 43485 } } peers { permanent_uuid: "50f7fdd466e04990b2b4e001b47a0c83" member_type: VOTER last_known_addr { host: "127.16.36.131" port: 39069 } } peers { permanent_uuid: "635fa358f7d24761864b41a2155a8fb6" member_type: VOTER last_known_addr { host: "127.16.36.129" port: 39049 } }
I20260713 09:06:02.157612 16813 raft_consensus.cc:2468] T 73a36b1392b9401184e1f3a586375ae7 P 50f7fdd466e04990b2b4e001b47a0c83 [term 2 FOLLOWER]: Leader election vote request: Granting yes vote for candidate 635fa358f7d24761864b41a2155a8fb6 in term 2.
I20260713 09:06:02.163650 16876 raft_consensus.cc:993] T dbcb5ee5259c4c709d49a6555cf50c49 P eb8b4352430d42a98249c7ae4f01e086: : Instructing follower 635fa358f7d24761864b41a2155a8fb6 to start an election
I20260713 09:06:02.164052 16862 raft_consensus.cc:1081] T dbcb5ee5259c4c709d49a6555cf50c49 P eb8b4352430d42a98249c7ae4f01e086 [term 1 LEADER]: Signalling peer 635fa358f7d24761864b41a2155a8fb6 to start an election
I20260713 09:06:02.165505 16664 tablet_service.cc:2044] Received Run Leader Election RPC: tablet_id: "dbcb5ee5259c4c709d49a6555cf50c49"
dest_uuid: "635fa358f7d24761864b41a2155a8fb6"
 from {username='slave'} at 127.0.0.1:58586
I20260713 09:06:02.166085 16664 raft_consensus.cc:493] T dbcb5ee5259c4c709d49a6555cf50c49 P 635fa358f7d24761864b41a2155a8fb6 [term 1 FOLLOWER]: Starting forced leader election (received explicit request)
I20260713 09:06:02.166451 16664 raft_consensus.cc:3060] T dbcb5ee5259c4c709d49a6555cf50c49 P 635fa358f7d24761864b41a2155a8fb6 [term 1 FOLLOWER]: Advancing to term 2
I20260713 09:06:02.170660 16664 raft_consensus.cc:515] T dbcb5ee5259c4c709d49a6555cf50c49 P 635fa358f7d24761864b41a2155a8fb6 [term 2 FOLLOWER]: Starting forced leader election with config: opid_index: -1 OBSOLETE_local: false peers { permanent_uuid: "635fa358f7d24761864b41a2155a8fb6" member_type: VOTER last_known_addr { host: "127.16.36.129" port: 39049 } } peers { permanent_uuid: "eb8b4352430d42a98249c7ae4f01e086" member_type: VOTER last_known_addr { host: "127.16.36.130" port: 43485 } } peers { permanent_uuid: "50f7fdd466e04990b2b4e001b47a0c83" member_type: VOTER last_known_addr { host: "127.16.36.131" port: 39069 } }
I20260713 09:06:02.172374 16664 leader_election.cc:290] T dbcb5ee5259c4c709d49a6555cf50c49 P 635fa358f7d24761864b41a2155a8fb6 [CANDIDATE]: Term 2 election: Requested vote from peers eb8b4352430d42a98249c7ae4f01e086 (127.16.36.130:43485), 50f7fdd466e04990b2b4e001b47a0c83 (127.16.36.131:39069)
I20260713 09:06:02.173382 16740 tablet_service.cc:1917] Received RequestConsensusVote() RPC: tablet_id: "dbcb5ee5259c4c709d49a6555cf50c49" candidate_uuid: "635fa358f7d24761864b41a2155a8fb6" candidate_term: 2 candidate_status { last_received { term: 1 index: 1 } } ignore_live_leader: true dest_uuid: "eb8b4352430d42a98249c7ae4f01e086"
I20260713 09:06:02.173781 16813 tablet_service.cc:1917] Received RequestConsensusVote() RPC: tablet_id: "dbcb5ee5259c4c709d49a6555cf50c49" candidate_uuid: "635fa358f7d24761864b41a2155a8fb6" candidate_term: 2 candidate_status { last_received { term: 1 index: 1 } } ignore_live_leader: true dest_uuid: "50f7fdd466e04990b2b4e001b47a0c83"
I20260713 09:06:02.173940 16740 raft_consensus.cc:3055] T dbcb5ee5259c4c709d49a6555cf50c49 P eb8b4352430d42a98249c7ae4f01e086 [term 1 LEADER]: Stepping down as leader of term 1
I20260713 09:06:02.174276 16740 raft_consensus.cc:740] T dbcb5ee5259c4c709d49a6555cf50c49 P eb8b4352430d42a98249c7ae4f01e086 [term 1 LEADER]: Becoming Follower/Learner. State: Replica: eb8b4352430d42a98249c7ae4f01e086, State: Running, Role: LEADER
I20260713 09:06:02.174328 16813 raft_consensus.cc:3060] T dbcb5ee5259c4c709d49a6555cf50c49 P 50f7fdd466e04990b2b4e001b47a0c83 [term 1 FOLLOWER]: Advancing to term 2
I20260713 09:06:02.175156 16740 consensus_queue.cc:260] T dbcb5ee5259c4c709d49a6555cf50c49 P eb8b4352430d42a98249c7ae4f01e086 [NON_LEADER]: Queue going to NON_LEADER mode. State: All replicated index: 0, Majority replicated index: 1, Committed index: 1, Last appended: 1.1, Last appended by leader: 1, Current term: 1, Majority size: -1, State: 0, Mode: NON_LEADER, active raft config: opid_index: -1 OBSOLETE_local: false peers { permanent_uuid: "635fa358f7d24761864b41a2155a8fb6" member_type: VOTER last_known_addr { host: "127.16.36.129" port: 39049 } } peers { permanent_uuid: "eb8b4352430d42a98249c7ae4f01e086" member_type: VOTER last_known_addr { host: "127.16.36.130" port: 43485 } } peers { permanent_uuid: "50f7fdd466e04990b2b4e001b47a0c83" member_type: VOTER last_known_addr { host: "127.16.36.131" port: 39069 } }
I20260713 09:06:02.176497 16740 raft_consensus.cc:3060] T dbcb5ee5259c4c709d49a6555cf50c49 P eb8b4352430d42a98249c7ae4f01e086 [term 1 FOLLOWER]: Advancing to term 2
I20260713 09:06:02.177433 16559 catalog_manager.cc:5697] T 73a36b1392b9401184e1f3a586375ae7 P 635fa358f7d24761864b41a2155a8fb6 reported cstate change: term changed from 1 to 2, leader changed from 50f7fdd466e04990b2b4e001b47a0c83 (127.16.36.131) to 635fa358f7d24761864b41a2155a8fb6 (127.16.36.129). New cstate: current_term: 2 leader_uuid: "635fa358f7d24761864b41a2155a8fb6" committed_config { opid_index: -1 OBSOLETE_local: false peers { permanent_uuid: "eb8b4352430d42a98249c7ae4f01e086" member_type: VOTER last_known_addr { host: "127.16.36.130" port: 43485 } health_report { overall_health: UNKNOWN } } peers { permanent_uuid: "50f7fdd466e04990b2b4e001b47a0c83" member_type: VOTER last_known_addr { host: "127.16.36.131" port: 39069 } health_report { overall_health: UNKNOWN } } peers { permanent_uuid: "635fa358f7d24761864b41a2155a8fb6" member_type: VOTER last_known_addr { host: "127.16.36.129" port: 39049 } health_report { overall_health: HEALTHY } } }
I20260713 09:06:02.181164 16813 raft_consensus.cc:2468] T dbcb5ee5259c4c709d49a6555cf50c49 P 50f7fdd466e04990b2b4e001b47a0c83 [term 2 FOLLOWER]: Leader election vote request: Granting yes vote for candidate 635fa358f7d24761864b41a2155a8fb6 in term 2.
I20260713 09:06:02.182308 16628 leader_election.cc:304] T dbcb5ee5259c4c709d49a6555cf50c49 P 635fa358f7d24761864b41a2155a8fb6 [CANDIDATE]: Term 2 election: Election decided. Result: candidate won. Election summary: received 2 responses out of 3 voters: 2 yes votes; 0 no votes. yes voters: 50f7fdd466e04990b2b4e001b47a0c83, 635fa358f7d24761864b41a2155a8fb6; no voters: 
I20260713 09:06:02.182806 16740 raft_consensus.cc:2468] T dbcb5ee5259c4c709d49a6555cf50c49 P eb8b4352430d42a98249c7ae4f01e086 [term 2 FOLLOWER]: Leader election vote request: Granting yes vote for candidate 635fa358f7d24761864b41a2155a8fb6 in term 2.
I20260713 09:06:02.183212 16864 raft_consensus.cc:2804] T dbcb5ee5259c4c709d49a6555cf50c49 P 635fa358f7d24761864b41a2155a8fb6 [term 2 FOLLOWER]: Leader election won for term 2
I20260713 09:06:02.183676 16864 raft_consensus.cc:697] T dbcb5ee5259c4c709d49a6555cf50c49 P 635fa358f7d24761864b41a2155a8fb6 [term 2 LEADER]: Becoming Leader. State: Replica: 635fa358f7d24761864b41a2155a8fb6, State: Running, Role: LEADER
I20260713 09:06:02.184835 16864 consensus_queue.cc:237] T dbcb5ee5259c4c709d49a6555cf50c49 P 635fa358f7d24761864b41a2155a8fb6 [LEADER]: Queue going to LEADER mode. State: All replicated index: 0, Majority replicated index: 1, Committed index: 1, Last appended: 1.1, Last appended by leader: 1, Current term: 2, Majority size: 2, State: 0, Mode: LEADER, active raft config: opid_index: -1 OBSOLETE_local: false peers { permanent_uuid: "635fa358f7d24761864b41a2155a8fb6" member_type: VOTER last_known_addr { host: "127.16.36.129" port: 39049 } } peers { permanent_uuid: "eb8b4352430d42a98249c7ae4f01e086" member_type: VOTER last_known_addr { host: "127.16.36.130" port: 43485 } } peers { permanent_uuid: "50f7fdd466e04990b2b4e001b47a0c83" member_type: VOTER last_known_addr { host: "127.16.36.131" port: 39069 } }
I20260713 09:06:02.189858 16878 consensus_queue.cc:1048] T 3c9fc38612084e49b1bf96e5470967f2 P 50f7fdd466e04990b2b4e001b47a0c83 [LEADER]: Connected to new peer: Peer: permanent_uuid: "635fa358f7d24761864b41a2155a8fb6" member_type: VOTER last_known_addr { host: "127.16.36.129" port: 39049 }, Status: LMP_MISMATCH, Last received: 0.0, Next index: 1, Last known committed idx: 0, Time since last communication: 0.000s
I20260713 09:06:02.194340 16559 catalog_manager.cc:5697] T dbcb5ee5259c4c709d49a6555cf50c49 P 635fa358f7d24761864b41a2155a8fb6 reported cstate change: term changed from 1 to 2, leader changed from eb8b4352430d42a98249c7ae4f01e086 (127.16.36.130) to 635fa358f7d24761864b41a2155a8fb6 (127.16.36.129). New cstate: current_term: 2 leader_uuid: "635fa358f7d24761864b41a2155a8fb6" committed_config { opid_index: -1 OBSOLETE_local: false peers { permanent_uuid: "635fa358f7d24761864b41a2155a8fb6" member_type: VOTER last_known_addr { host: "127.16.36.129" port: 39049 } health_report { overall_health: HEALTHY } } peers { permanent_uuid: "eb8b4352430d42a98249c7ae4f01e086" member_type: VOTER last_known_addr { host: "127.16.36.130" port: 43485 } health_report { overall_health: UNKNOWN } } peers { permanent_uuid: "50f7fdd466e04990b2b4e001b47a0c83" member_type: VOTER last_known_addr { host: "127.16.36.131" port: 39069 } health_report { overall_health: UNKNOWN } } }
I20260713 09:06:02.199910 16863 consensus_queue.cc:1048] T 3c9fc38612084e49b1bf96e5470967f2 P 50f7fdd466e04990b2b4e001b47a0c83 [LEADER]: Connected to new peer: Peer: permanent_uuid: "eb8b4352430d42a98249c7ae4f01e086" member_type: VOTER last_known_addr { host: "127.16.36.130" port: 43485 }, Status: LMP_MISMATCH, Last received: 0.0, Next index: 1, Last known committed idx: 0, Time since last communication: 0.000s
I20260713 09:06:02.208884 16864 consensus_queue.cc:1048] T ad598cda2a08474baef195d3644cc54d P 635fa358f7d24761864b41a2155a8fb6 [LEADER]: Connected to new peer: Peer: permanent_uuid: "eb8b4352430d42a98249c7ae4f01e086" member_type: VOTER last_known_addr { host: "127.16.36.130" port: 43485 }, Status: LMP_MISMATCH, Last received: 0.0, Next index: 1, Last known committed idx: 0, Time since last communication: 0.000s
I20260713 09:06:02.219934 16864 raft_consensus.cc:993] T ad598cda2a08474baef195d3644cc54d P 635fa358f7d24761864b41a2155a8fb6: : Instructing follower eb8b4352430d42a98249c7ae4f01e086 to start an election
I20260713 09:06:02.220392 16864 raft_consensus.cc:1081] T ad598cda2a08474baef195d3644cc54d P 635fa358f7d24761864b41a2155a8fb6 [term 1 LEADER]: Signalling peer eb8b4352430d42a98249c7ae4f01e086 to start an election
I20260713 09:06:02.222520 16739 tablet_service.cc:2044] Received Run Leader Election RPC: tablet_id: "ad598cda2a08474baef195d3644cc54d"
dest_uuid: "eb8b4352430d42a98249c7ae4f01e086"
 from {username='slave'} at 127.0.0.1:56692
I20260713 09:06:02.223338 16739 raft_consensus.cc:493] T ad598cda2a08474baef195d3644cc54d P eb8b4352430d42a98249c7ae4f01e086 [term 1 FOLLOWER]: Starting forced leader election (received explicit request)
I20260713 09:06:02.223712 16739 raft_consensus.cc:3060] T ad598cda2a08474baef195d3644cc54d P eb8b4352430d42a98249c7ae4f01e086 [term 1 FOLLOWER]: Advancing to term 2
I20260713 09:06:02.225769 16864 consensus_queue.cc:1048] T ad598cda2a08474baef195d3644cc54d P 635fa358f7d24761864b41a2155a8fb6 [LEADER]: Connected to new peer: Peer: permanent_uuid: "50f7fdd466e04990b2b4e001b47a0c83" member_type: VOTER last_known_addr { host: "127.16.36.131" port: 39069 }, Status: LMP_MISMATCH, Last received: 0.0, Next index: 1, Last known committed idx: 0, Time since last communication: 0.000s
I20260713 09:06:02.235559 16739 raft_consensus.cc:515] T ad598cda2a08474baef195d3644cc54d P eb8b4352430d42a98249c7ae4f01e086 [term 2 FOLLOWER]: Starting forced leader election with config: opid_index: -1 OBSOLETE_local: false peers { permanent_uuid: "635fa358f7d24761864b41a2155a8fb6" member_type: VOTER last_known_addr { host: "127.16.36.129" port: 39049 } } peers { permanent_uuid: "eb8b4352430d42a98249c7ae4f01e086" member_type: VOTER last_known_addr { host: "127.16.36.130" port: 43485 } } peers { permanent_uuid: "50f7fdd466e04990b2b4e001b47a0c83" member_type: VOTER last_known_addr { host: "127.16.36.131" port: 39069 } }
I20260713 09:06:02.237880 16739 leader_election.cc:290] T ad598cda2a08474baef195d3644cc54d P eb8b4352430d42a98249c7ae4f01e086 [CANDIDATE]: Term 2 election: Requested vote from peers 635fa358f7d24761864b41a2155a8fb6 (127.16.36.129:39049), 50f7fdd466e04990b2b4e001b47a0c83 (127.16.36.131:39069)
I20260713 09:06:02.238828 16664 tablet_service.cc:1917] Received RequestConsensusVote() RPC: tablet_id: "ad598cda2a08474baef195d3644cc54d" candidate_uuid: "eb8b4352430d42a98249c7ae4f01e086" candidate_term: 2 candidate_status { last_received { term: 1 index: 1 } } ignore_live_leader: true dest_uuid: "635fa358f7d24761864b41a2155a8fb6"
I20260713 09:06:02.239329 16664 raft_consensus.cc:3055] T ad598cda2a08474baef195d3644cc54d P 635fa358f7d24761864b41a2155a8fb6 [term 1 LEADER]: Stepping down as leader of term 1
I20260713 09:06:02.239523 16664 raft_consensus.cc:740] T ad598cda2a08474baef195d3644cc54d P 635fa358f7d24761864b41a2155a8fb6 [term 1 LEADER]: Becoming Follower/Learner. State: Replica: 635fa358f7d24761864b41a2155a8fb6, State: Running, Role: LEADER
I20260713 09:06:02.240432 16864 consensus_queue.cc:1048] T b7cf8cbdb887493392dc55c0db9858e3 P 635fa358f7d24761864b41a2155a8fb6 [LEADER]: Connected to new peer: Peer: permanent_uuid: "eb8b4352430d42a98249c7ae4f01e086" member_type: VOTER last_known_addr { host: "127.16.36.130" port: 43485 }, Status: LMP_MISMATCH, Last received: 0.0, Next index: 1, Last known committed idx: 0, Time since last communication: 0.000s
I20260713 09:06:02.240300 16664 consensus_queue.cc:260] T ad598cda2a08474baef195d3644cc54d P 635fa358f7d24761864b41a2155a8fb6 [NON_LEADER]: Queue going to NON_LEADER mode. State: All replicated index: 0, Majority replicated index: 1, Committed index: 1, Last appended: 1.1, Last appended by leader: 1, Current term: 1, Majority size: -1, State: 0, Mode: NON_LEADER, active raft config: opid_index: -1 OBSOLETE_local: false peers { permanent_uuid: "635fa358f7d24761864b41a2155a8fb6" member_type: VOTER last_known_addr { host: "127.16.36.129" port: 39049 } } peers { permanent_uuid: "eb8b4352430d42a98249c7ae4f01e086" member_type: VOTER last_known_addr { host: "127.16.36.130" port: 43485 } } peers { permanent_uuid: "50f7fdd466e04990b2b4e001b47a0c83" member_type: VOTER last_known_addr { host: "127.16.36.131" port: 39069 } }
I20260713 09:06:02.241341 16664 raft_consensus.cc:3060] T ad598cda2a08474baef195d3644cc54d P 635fa358f7d24761864b41a2155a8fb6 [term 1 FOLLOWER]: Advancing to term 2
I20260713 09:06:02.244889 16814 tablet_service.cc:1917] Received RequestConsensusVote() RPC: tablet_id: "ad598cda2a08474baef195d3644cc54d" candidate_uuid: "eb8b4352430d42a98249c7ae4f01e086" candidate_term: 2 candidate_status { last_received { term: 1 index: 1 } } ignore_live_leader: true dest_uuid: "50f7fdd466e04990b2b4e001b47a0c83"
I20260713 09:06:02.252954 16890 raft_consensus.cc:993] T b7cf8cbdb887493392dc55c0db9858e3 P 635fa358f7d24761864b41a2155a8fb6: : Instructing follower eb8b4352430d42a98249c7ae4f01e086 to start an election
I20260713 09:06:02.252821 16664 raft_consensus.cc:2468] T ad598cda2a08474baef195d3644cc54d P 635fa358f7d24761864b41a2155a8fb6 [term 2 FOLLOWER]: Leader election vote request: Granting yes vote for candidate eb8b4352430d42a98249c7ae4f01e086 in term 2.
I20260713 09:06:02.253377 16890 raft_consensus.cc:1081] T b7cf8cbdb887493392dc55c0db9858e3 P 635fa358f7d24761864b41a2155a8fb6 [term 1 LEADER]: Signalling peer eb8b4352430d42a98249c7ae4f01e086 to start an election
I20260713 09:06:02.254528 16703 leader_election.cc:304] T ad598cda2a08474baef195d3644cc54d P eb8b4352430d42a98249c7ae4f01e086 [CANDIDATE]: Term 2 election: Election decided. Result: candidate won. Election summary: received 3 responses out of 3 voters: 2 yes votes; 1 no votes. yes voters: 635fa358f7d24761864b41a2155a8fb6, eb8b4352430d42a98249c7ae4f01e086; no voters: 50f7fdd466e04990b2b4e001b47a0c83
I20260713 09:06:02.255930 16862 raft_consensus.cc:2804] T ad598cda2a08474baef195d3644cc54d P eb8b4352430d42a98249c7ae4f01e086 [term 2 FOLLOWER]: Leader election won for term 2
I20260713 09:06:02.260278 16890 consensus_queue.cc:1048] T b7cf8cbdb887493392dc55c0db9858e3 P 635fa358f7d24761864b41a2155a8fb6 [LEADER]: Connected to new peer: Peer: permanent_uuid: "50f7fdd466e04990b2b4e001b47a0c83" member_type: VOTER last_known_addr { host: "127.16.36.131" port: 39069 }, Status: LMP_MISMATCH, Last received: 0.0, Next index: 1, Last known committed idx: 0, Time since last communication: 0.001s
I20260713 09:06:02.258235 16740 tablet_service.cc:2044] Received Run Leader Election RPC: tablet_id: "b7cf8cbdb887493392dc55c0db9858e3"
dest_uuid: "eb8b4352430d42a98249c7ae4f01e086"
 from {username='slave'} at 127.0.0.1:56692
I20260713 09:06:02.264326 16740 raft_consensus.cc:493] T b7cf8cbdb887493392dc55c0db9858e3 P eb8b4352430d42a98249c7ae4f01e086 [term 1 FOLLOWER]: Starting forced leader election (received explicit request)
I20260713 09:06:02.264743 16740 raft_consensus.cc:3060] T b7cf8cbdb887493392dc55c0db9858e3 P eb8b4352430d42a98249c7ae4f01e086 [term 1 FOLLOWER]: Advancing to term 2
I20260713 09:06:02.267540 16878 raft_consensus.cc:993] T 2f2a469e4e2f4f36b203005c78ce7959 P 50f7fdd466e04990b2b4e001b47a0c83: : Instructing follower eb8b4352430d42a98249c7ae4f01e086 to start an election
I20260713 09:06:02.267968 16878 raft_consensus.cc:1081] T 2f2a469e4e2f4f36b203005c78ce7959 P 50f7fdd466e04990b2b4e001b47a0c83 [term 1 LEADER]: Signalling peer eb8b4352430d42a98249c7ae4f01e086 to start an election
I20260713 09:06:02.269626 16739 tablet_service.cc:2044] Received Run Leader Election RPC: tablet_id: "2f2a469e4e2f4f36b203005c78ce7959"
dest_uuid: "eb8b4352430d42a98249c7ae4f01e086"
 from {username='slave'} at 127.0.0.1:56686
I20260713 09:06:02.270162 16739 raft_consensus.cc:493] T 2f2a469e4e2f4f36b203005c78ce7959 P eb8b4352430d42a98249c7ae4f01e086 [term 1 FOLLOWER]: Starting forced leader election (received explicit request)
I20260713 09:06:02.270515 16739 raft_consensus.cc:3060] T 2f2a469e4e2f4f36b203005c78ce7959 P eb8b4352430d42a98249c7ae4f01e086 [term 1 FOLLOWER]: Advancing to term 2
I20260713 09:06:02.271590 16740 raft_consensus.cc:515] T b7cf8cbdb887493392dc55c0db9858e3 P eb8b4352430d42a98249c7ae4f01e086 [term 2 FOLLOWER]: Starting forced leader election with config: opid_index: -1 OBSOLETE_local: false peers { permanent_uuid: "635fa358f7d24761864b41a2155a8fb6" member_type: VOTER last_known_addr { host: "127.16.36.129" port: 39049 } } peers { permanent_uuid: "eb8b4352430d42a98249c7ae4f01e086" member_type: VOTER last_known_addr { host: "127.16.36.130" port: 43485 } } peers { permanent_uuid: "50f7fdd466e04990b2b4e001b47a0c83" member_type: VOTER last_known_addr { host: "127.16.36.131" port: 39069 } }
I20260713 09:06:02.273470 16740 leader_election.cc:290] T b7cf8cbdb887493392dc55c0db9858e3 P eb8b4352430d42a98249c7ae4f01e086 [CANDIDATE]: Term 2 election: Requested vote from peers 635fa358f7d24761864b41a2155a8fb6 (127.16.36.129:39049), 50f7fdd466e04990b2b4e001b47a0c83 (127.16.36.131:39069)
I20260713 09:06:02.278529 16739 raft_consensus.cc:515] T 2f2a469e4e2f4f36b203005c78ce7959 P eb8b4352430d42a98249c7ae4f01e086 [term 2 FOLLOWER]: Starting forced leader election with config: opid_index: -1 OBSOLETE_local: false peers { permanent_uuid: "635fa358f7d24761864b41a2155a8fb6" member_type: VOTER last_known_addr { host: "127.16.36.129" port: 39049 } } peers { permanent_uuid: "eb8b4352430d42a98249c7ae4f01e086" member_type: VOTER last_known_addr { host: "127.16.36.130" port: 43485 } } peers { permanent_uuid: "50f7fdd466e04990b2b4e001b47a0c83" member_type: VOTER last_known_addr { host: "127.16.36.131" port: 39069 } }
I20260713 09:06:02.278734 16862 raft_consensus.cc:697] T ad598cda2a08474baef195d3644cc54d P eb8b4352430d42a98249c7ae4f01e086 [term 2 LEADER]: Becoming Leader. State: Replica: eb8b4352430d42a98249c7ae4f01e086, State: Running, Role: LEADER
I20260713 09:06:02.279708 16862 consensus_queue.cc:237] T ad598cda2a08474baef195d3644cc54d P eb8b4352430d42a98249c7ae4f01e086 [LEADER]: Queue going to LEADER mode. State: All replicated index: 0, Majority replicated index: 1, Committed index: 1, Last appended: 1.1, Last appended by leader: 1, Current term: 2, Majority size: 2, State: 0, Mode: LEADER, active raft config: opid_index: -1 OBSOLETE_local: false peers { permanent_uuid: "635fa358f7d24761864b41a2155a8fb6" member_type: VOTER last_known_addr { host: "127.16.36.129" port: 39049 } } peers { permanent_uuid: "eb8b4352430d42a98249c7ae4f01e086" member_type: VOTER last_known_addr { host: "127.16.36.130" port: 43485 } } peers { permanent_uuid: "50f7fdd466e04990b2b4e001b47a0c83" member_type: VOTER last_known_addr { host: "127.16.36.131" port: 39069 } }
