I20260713 09:06:06.731798 21535 webserver.cc:533] Webserver started at http://127.21.7.194:40663/ using document root <none> and password file <none>
I20260713 09:06:06.732354 21535 fs_manager.cc:362] Metadata directory not provided
I20260713 09:06:06.732530 21535 fs_manager.cc:368] Using write-ahead log directory (fs_wal_dir) as metadata directory
I20260713 09:06:06.732770 21535 server_base.cc:909] This appears to be a new deployment of Kudu; creating new FS layout
I20260713 09:06:06.733599 22050 ts_manager.cc:194] Registered new tserver with Master: 5fd73578d0b74d148da30cdf1dfe0d7e (127.21.7.193:39773)
I20260713 09:06:06.734141 21535 fs_manager.cc:1068] Generated new instance metadata in path /tmp/dist-test-taskspVdV_/test-tmp/auto_leader_rebalancer-test.0.LeaderRebalancerTest.FunctionalTestForNotDivided.1783933554372223-21535-0/minicluster-data/ts-1-root/instance:
uuid: "ebc9d17214ee40fb8ecd692e37280671"
format_stamp: "Formatted at 2026-07-13 09:06:06 on dist-test-slave-t5zj"
I20260713 09:06:06.735816 22050 master_service.cc:502] Signed X509 certificate for tserver {username='slave'} at 127.0.0.1:56078
I20260713 09:06:06.738917 21535 fs_manager.cc:696] Time spent creating directory manager: real 0.004s	user 0.001s	sys 0.005s
I20260713 09:06:06.741803 22189 log_block_manager.cc:4127] Time spent loading block containers with low live blocks: real 0.000s	user 0.000s	sys 0.000s
I20260713 09:06:06.742429 21535 fs_manager.cc:730] Time spent opening block manager: real 0.002s	user 0.001s	sys 0.000s
I20260713 09:06:06.742664 21535 fs_manager.cc:647] Opened local filesystem: /tmp/dist-test-taskspVdV_/test-tmp/auto_leader_rebalancer-test.0.LeaderRebalancerTest.FunctionalTestForNotDivided.1783933554372223-21535-0/minicluster-data/ts-1-root
uuid: "ebc9d17214ee40fb8ecd692e37280671"
format_stamp: "Formatted at 2026-07-13 09:06:06 on dist-test-slave-t5zj"
I20260713 09:06:06.742897 21535 fs_report.cc:389] FS layout report
--------------------
wal directory: /tmp/dist-test-taskspVdV_/test-tmp/auto_leader_rebalancer-test.0.LeaderRebalancerTest.FunctionalTestForNotDivided.1783933554372223-21535-0/minicluster-data/ts-1-root
metadata directory: /tmp/dist-test-taskspVdV_/test-tmp/auto_leader_rebalancer-test.0.LeaderRebalancerTest.FunctionalTestForNotDivided.1783933554372223-21535-0/minicluster-data/ts-1-root
1 data directories: /tmp/dist-test-taskspVdV_/test-tmp/auto_leader_rebalancer-test.0.LeaderRebalancerTest.FunctionalTestForNotDivided.1783933554372223-21535-0/minicluster-data/ts-1-root/data
Total live blocks: 0
Total live bytes: 0
Total live bytes (after alignment): 0
Total number of LBM containers: 0 (0 full)
Did not check for missing blocks
Did not check for orphaned blocks
Total full LBM containers with extra space: 0 (0 repaired)
Total full LBM container extra space in bytes: 0 (0 repaired)
Total incomplete LBM containers: 0 (0 repaired)
Total LBM partial records: 0 (0 repaired)
Total corrupted LBM metadata records in RocksDB: 0 (0 repaired)
I20260713 09:06:06.783154 21535 rpc_server.cc:225] running with OpenSSL 1.1.1  11 Sep 2018
I20260713 09:06:06.784286 21535 kserver.cc:163] Server-wide thread pool size limit: 3276
I20260713 09:06:06.785626 21535 txn_system_client.cc:432] TxnSystemClient initialization is disabled...
I20260713 09:06:06.787580 21535 ts_tablet_manager.cc:585] Loaded tablet metadata (0 total tablets, 0 live tablets)
I20260713 09:06:06.787776 21535 ts_tablet_manager.cc:531] Time spent load tablet metadata: real 0.000s	user 0.000s	sys 0.000s
I20260713 09:06:06.787978 21535 ts_tablet_manager.cc:616] Registered 0 tablets
I20260713 09:06:06.788128 21535 ts_tablet_manager.cc:595] Time spent register tablets: real 0.000s	user 0.000s	sys 0.000s
I20260713 09:06:06.823654 21535 rpc_server.cc:307] RPC server started. Bound to: 127.21.7.194:40157
I20260713 09:06:06.823750 22251 acceptor_pool.cc:272] collecting diagnostics on the listening RPC socket 127.21.7.194:40157 every 8 connection(s)
I20260713 09:06:06.827890 21535 file_cache.cc:504] Constructed file cache file cache with capacity 419430
W20260713 09:06:06.834209 22255 instance_detector.cc:116] could not retrieve AWS instance metadata: Network error: curl error: HTTP response code said error: The requested URL returned error: 404
W20260713 09:06:06.835402 22256 instance_detector.cc:116] could not retrieve Azure instance metadata: Network error: curl error: HTTP response code said error: The requested URL returned error: 404
W20260713 09:06:06.838107 22258 instance_detector.cc:116] could not retrieve OpenStack instance metadata: Network error: curl error: HTTP response code said error: The requested URL returned error: 404
I20260713 09:06:06.838665 21535 server_base.cc:1061] running on GCE node
I20260713 09:06:06.838792 22252 heartbeater.cc:344] Connected to a master server at 127.21.7.254:42165
I20260713 09:06:06.839201 22252 heartbeater.cc:461] Registering TS with master...
I20260713 09:06:06.839494 21535 hybrid_clock.cc:584] initializing the hybrid clock with 'system_unsync' time source
W20260713 09:06:06.839681 21535 system_unsync_time.cc:38] NTP support is disabled. Clock error bounds will not be accurate. This configuration is not suitable for distributed clusters.
I20260713 09:06:06.839833 21535 hybrid_clock.cc:648] HybridClock initialized: now 1783933566839816 us; error 0 us; skew 500 ppm
I20260713 09:06:06.839896 22252 heartbeater.cc:507] Master 127.21.7.254:42165 requested a full tablet report, sending...
I20260713 09:06:06.840453 21535 server_base.cc:861] Flag tcmalloc_max_total_thread_cache_bytes is not working since tcmalloc is not enabled.
I20260713 09:06:06.841903 22050 ts_manager.cc:194] Registered new tserver with Master: ebc9d17214ee40fb8ecd692e37280671 (127.21.7.194:40157)
I20260713 09:06:06.843210 21535 webserver.cc:533] Webserver started at http://127.21.7.195:34073/ using document root <none> and password file <none>
I20260713 09:06:06.843521 22050 master_service.cc:502] Signed X509 certificate for tserver {username='slave'} at 127.0.0.1:56086
I20260713 09:06:06.843801 21535 fs_manager.cc:362] Metadata directory not provided
I20260713 09:06:06.844048 21535 fs_manager.cc:368] Using write-ahead log directory (fs_wal_dir) as metadata directory
I20260713 09:06:06.844384 21535 server_base.cc:909] This appears to be a new deployment of Kudu; creating new FS layout
I20260713 09:06:06.845431 21535 fs_manager.cc:1068] Generated new instance metadata in path /tmp/dist-test-taskspVdV_/test-tmp/auto_leader_rebalancer-test.0.LeaderRebalancerTest.FunctionalTestForNotDivided.1783933554372223-21535-0/minicluster-data/ts-2-root/instance:
uuid: "e43d8770963240298372ccbbe9989d8a"
format_stamp: "Formatted at 2026-07-13 09:06:06 on dist-test-slave-t5zj"
I20260713 09:06:06.849283 21535 fs_manager.cc:696] Time spent creating directory manager: real 0.003s	user 0.004s	sys 0.000s
I20260713 09:06:06.852106 22263 log_block_manager.cc:4127] Time spent loading block containers with low live blocks: real 0.000s	user 0.000s	sys 0.000s
I20260713 09:06:06.852767 21535 fs_manager.cc:730] Time spent opening block manager: real 0.002s	user 0.002s	sys 0.001s
I20260713 09:06:06.853015 21535 fs_manager.cc:647] Opened local filesystem: /tmp/dist-test-taskspVdV_/test-tmp/auto_leader_rebalancer-test.0.LeaderRebalancerTest.FunctionalTestForNotDivided.1783933554372223-21535-0/minicluster-data/ts-2-root
uuid: "e43d8770963240298372ccbbe9989d8a"
format_stamp: "Formatted at 2026-07-13 09:06:06 on dist-test-slave-t5zj"
I20260713 09:06:06.853240 21535 fs_report.cc:389] FS layout report
--------------------
wal directory: /tmp/dist-test-taskspVdV_/test-tmp/auto_leader_rebalancer-test.0.LeaderRebalancerTest.FunctionalTestForNotDivided.1783933554372223-21535-0/minicluster-data/ts-2-root
metadata directory: /tmp/dist-test-taskspVdV_/test-tmp/auto_leader_rebalancer-test.0.LeaderRebalancerTest.FunctionalTestForNotDivided.1783933554372223-21535-0/minicluster-data/ts-2-root
1 data directories: /tmp/dist-test-taskspVdV_/test-tmp/auto_leader_rebalancer-test.0.LeaderRebalancerTest.FunctionalTestForNotDivided.1783933554372223-21535-0/minicluster-data/ts-2-root/data
Total live blocks: 0
Total live bytes: 0
Total live bytes (after alignment): 0
Total number of LBM containers: 0 (0 full)
Did not check for missing blocks
Did not check for orphaned blocks
Total full LBM containers with extra space: 0 (0 repaired)
Total full LBM container extra space in bytes: 0 (0 repaired)
Total incomplete LBM containers: 0 (0 repaired)
Total LBM partial records: 0 (0 repaired)
Total corrupted LBM metadata records in RocksDB: 0 (0 repaired)
I20260713 09:06:06.880172 21535 rpc_server.cc:225] running with OpenSSL 1.1.1  11 Sep 2018
I20260713 09:06:06.881220 21535 kserver.cc:163] Server-wide thread pool size limit: 3276
I20260713 09:06:06.882453 21535 txn_system_client.cc:432] TxnSystemClient initialization is disabled...
I20260713 09:06:06.884405 21535 ts_tablet_manager.cc:585] Loaded tablet metadata (0 total tablets, 0 live tablets)
I20260713 09:06:06.884585 21535 ts_tablet_manager.cc:531] Time spent load tablet metadata: real 0.000s	user 0.000s	sys 0.000s
I20260713 09:06:06.884783 21535 ts_tablet_manager.cc:616] Registered 0 tablets
I20260713 09:06:06.884924 21535 ts_tablet_manager.cc:595] Time spent register tablets: real 0.000s	user 0.000s	sys 0.000s
I20260713 09:06:06.920599 21535 rpc_server.cc:307] RPC server started. Bound to: 127.21.7.195:37795
I20260713 09:06:06.920696 22325 acceptor_pool.cc:272] collecting diagnostics on the listening RPC socket 127.21.7.195:37795 every 8 connection(s)
I20260713 09:06:06.932518 22326 heartbeater.cc:344] Connected to a master server at 127.21.7.254:42165
I20260713 09:06:06.932808 22326 heartbeater.cc:461] Registering TS with master...
I20260713 09:06:06.933386 22326 heartbeater.cc:507] Master 127.21.7.254:42165 requested a full tablet report, sending...
I20260713 09:06:06.934966 22050 ts_manager.cc:194] Registered new tserver with Master: e43d8770963240298372ccbbe9989d8a (127.21.7.195:37795)
I20260713 09:06:06.935202 21535 internal_mini_cluster.cc:371] 3 TS(s) registered with all masters after 0.011838503s
I20260713 09:06:06.936553 22050 master_service.cc:502] Signed X509 certificate for tserver {username='slave'} at 127.0.0.1:56096
I20260713 09:06:06.956738 22050 catalog_manager.cc:2283] Servicing CreateTable request from {username='slave'} at 127.0.0.1:56104:
name: "test-workload"
schema {
  columns {
    name: "key"
    type: INT32
    is_key: true
    is_nullable: false
    encoding: AUTO_ENCODING
    compression: DEFAULT_COMPRESSION
    cfile_block_size: 0
    immutable: false
  }
  columns {
    name: "int_val"
    type: INT32
    is_key: false
    is_nullable: false
    encoding: AUTO_ENCODING
    compression: DEFAULT_COMPRESSION
    cfile_block_size: 0
    immutable: false
  }
  columns {
    name: "string_val"
    type: STRING
    is_key: false
    is_nullable: true
    encoding: AUTO_ENCODING
    compression: DEFAULT_COMPRESSION
    cfile_block_size: 0
    immutable: false
  }
}
num_replicas: 3
split_rows_range_bounds {
  rows: "\004\001\000\314\314\314\014\004\001\000\230\231\231\031\004\001\000dff&\004\001\0000333\004\001\000\374\377\377?\004\001\000\310\314\314L\004\001\000\224\231\231Y\004\001\000`fff\004\001\000,33s""\004\001\000\314\314\314\014\004\001\000\230\231\231\031\004\001\000dff&\004\001\0000333\004\001\000\374\377\377?\004\001\000\310\314\314L\004\001\000\224\231\231Y\004\001\000`fff\004\001\000,33s"
  indirect_data: """"
}
partition_schema {
  range_schema {
    columns {
      name: "key"
    }
  }
}
W20260713 09:06:06.959337 22050 catalog_manager.cc:7077] The number of live tablet servers is not enough to re-replicate a tablet replica of the newly created table test-workload in case of a server failure: 4 tablet servers would be needed, 3 are available. Consider bringing up more tablet servers.
I20260713 09:06:07.023433 22291 tablet_service.cc:1511] Processing CreateTablet for tablet c388a2d237324a4a975cf735eb3acf93 (DEFAULT_TABLE table=test-workload [id=eb009463af9b4e3f8cf3c5de56da9224]), partition=RANGE (key) PARTITION VALUES < 214748364
I20260713 09:06:07.024811 22291 data_dirs.cc:400] Could only allocate 1 dirs of requested 3 for tablet c388a2d237324a4a975cf735eb3acf93. 1 dirs total, 0 dirs full, 0 dirs failed
I20260713 09:06:07.025918 22290 tablet_service.cc:1511] Processing CreateTablet for tablet a280cb2e65504a1e868a04b411771b31 (DEFAULT_TABLE table=test-workload [id=eb009463af9b4e3f8cf3c5de56da9224]), partition=RANGE (key) PARTITION 214748364 <= VALUES < 429496728
I20260713 09:06:07.027204 22290 data_dirs.cc:400] Could only allocate 1 dirs of requested 3 for tablet a280cb2e65504a1e868a04b411771b31. 1 dirs total, 0 dirs full, 0 dirs failed
I20260713 09:06:07.029968 22289 tablet_service.cc:1511] Processing CreateTablet for tablet e857c8ffb0df4b49b71e068557de4734 (DEFAULT_TABLE table=test-workload [id=eb009463af9b4e3f8cf3c5de56da9224]), partition=RANGE (key) PARTITION 429496728 <= VALUES < 644245092
I20260713 09:06:07.031227 22289 data_dirs.cc:400] Could only allocate 1 dirs of requested 3 for tablet e857c8ffb0df4b49b71e068557de4734. 1 dirs total, 0 dirs full, 0 dirs failed
I20260713 09:06:07.033113 22288 tablet_service.cc:1511] Processing CreateTablet for tablet 5ee71f807f51453aa836d4611f49b846 (DEFAULT_TABLE table=test-workload [id=eb009463af9b4e3f8cf3c5de56da9224]), partition=RANGE (key) PARTITION 644245092 <= VALUES < 858993456
I20260713 09:06:07.033262 22141 tablet_service.cc:1511] Processing CreateTablet for tablet a280cb2e65504a1e868a04b411771b31 (DEFAULT_TABLE table=test-workload [id=eb009463af9b4e3f8cf3c5de56da9224]), partition=RANGE (key) PARTITION 214748364 <= VALUES < 429496728
I20260713 09:06:07.034332 22141 data_dirs.cc:400] Could only allocate 1 dirs of requested 3 for tablet a280cb2e65504a1e868a04b411771b31. 1 dirs total, 0 dirs full, 0 dirs failed
I20260713 09:06:07.035404 22138 tablet_service.cc:1511] Processing CreateTablet for tablet 6fa33d64dd954ea590fd4e326236e9fc (DEFAULT_TABLE table=test-workload [id=eb009463af9b4e3f8cf3c5de56da9224]), partition=RANGE (key) PARTITION 858993456 <= VALUES < 1073741820
I20260713 09:06:07.037343 22140 tablet_service.cc:1511] Processing CreateTablet for tablet e857c8ffb0df4b49b71e068557de4734 (DEFAULT_TABLE table=test-workload [id=eb009463af9b4e3f8cf3c5de56da9224]), partition=RANGE (key) PARTITION 429496728 <= VALUES < 644245092
I20260713 09:06:07.038580 22140 data_dirs.cc:400] Could only allocate 1 dirs of requested 3 for tablet e857c8ffb0df4b49b71e068557de4734. 1 dirs total, 0 dirs full, 0 dirs failed
I20260713 09:06:07.038393 22287 tablet_service.cc:1511] Processing CreateTablet for tablet 6fa33d64dd954ea590fd4e326236e9fc (DEFAULT_TABLE table=test-workload [id=eb009463af9b4e3f8cf3c5de56da9224]), partition=RANGE (key) PARTITION 858993456 <= VALUES < 1073741820
I20260713 09:06:07.040457 22137 tablet_service.cc:1511] Processing CreateTablet for tablet e5e4eba584534c44a221b64cf9c8d7a7 (DEFAULT_TABLE table=test-workload [id=eb009463af9b4e3f8cf3c5de56da9224]), partition=RANGE (key) PARTITION 1073741820 <= VALUES < 1288490184
I20260713 09:06:07.041630 22137 data_dirs.cc:400] Could only allocate 1 dirs of requested 3 for tablet e5e4eba584534c44a221b64cf9c8d7a7. 1 dirs total, 0 dirs full, 0 dirs failed
I20260713 09:06:07.043506 22286 tablet_service.cc:1511] Processing CreateTablet for tablet e5e4eba584534c44a221b64cf9c8d7a7 (DEFAULT_TABLE table=test-workload [id=eb009463af9b4e3f8cf3c5de56da9224]), partition=RANGE (key) PARTITION 1073741820 <= VALUES < 1288490184
I20260713 09:06:07.045542 22136 tablet_service.cc:1511] Processing CreateTablet for tablet 8b3cd77aecac42c4a2200a4ed5f4793d (DEFAULT_TABLE table=test-workload [id=eb009463af9b4e3f8cf3c5de56da9224]), partition=RANGE (key) PARTITION 1288490184 <= VALUES < 1503238548
I20260713 09:06:07.049131 22285 tablet_service.cc:1511] Processing CreateTablet for tablet 8b3cd77aecac42c4a2200a4ed5f4793d (DEFAULT_TABLE table=test-workload [id=eb009463af9b4e3f8cf3c5de56da9224]), partition=RANGE (key) PARTITION 1288490184 <= VALUES < 1503238548
I20260713 09:06:07.050834 22142 tablet_service.cc:1511] Processing CreateTablet for tablet c388a2d237324a4a975cf735eb3acf93 (DEFAULT_TABLE table=test-workload [id=eb009463af9b4e3f8cf3c5de56da9224]), partition=RANGE (key) PARTITION VALUES < 214748364
I20260713 09:06:07.052914 22135 tablet_service.cc:1511] Processing CreateTablet for tablet b0a0e3aeb463437e98f07e37c7a8fafc (DEFAULT_TABLE table=test-workload [id=eb009463af9b4e3f8cf3c5de56da9224]), partition=RANGE (key) PARTITION 1503238548 <= VALUES < 1717986912
I20260713 09:06:07.037343 22139 tablet_service.cc:1511] Processing CreateTablet for tablet 5ee71f807f51453aa836d4611f49b846 (DEFAULT_TABLE table=test-workload [id=eb009463af9b4e3f8cf3c5de56da9224]), partition=RANGE (key) PARTITION 644245092 <= VALUES < 858993456
I20260713 09:06:07.056946 22284 tablet_service.cc:1511] Processing CreateTablet for tablet b0a0e3aeb463437e98f07e37c7a8fafc (DEFAULT_TABLE table=test-workload [id=eb009463af9b4e3f8cf3c5de56da9224]), partition=RANGE (key) PARTITION 1503238548 <= VALUES < 1717986912
I20260713 09:06:07.058840 22215 tablet_service.cc:1511] Processing CreateTablet for tablet e857c8ffb0df4b49b71e068557de4734 (DEFAULT_TABLE table=test-workload [id=eb009463af9b4e3f8cf3c5de56da9224]), partition=RANGE (key) PARTITION 429496728 <= VALUES < 644245092
I20260713 09:06:07.034334 22288 data_dirs.cc:400] Could only allocate 1 dirs of requested 3 for tablet 5ee71f807f51453aa836d4611f49b846. 1 dirs total, 0 dirs full, 0 dirs failed
I20260713 09:06:07.056847 22217 tablet_service.cc:1511] Processing CreateTablet for tablet c388a2d237324a4a975cf735eb3acf93 (DEFAULT_TABLE table=test-workload [id=eb009463af9b4e3f8cf3c5de56da9224]), partition=RANGE (key) PARTITION VALUES < 214748364
I20260713 09:06:07.057319 22216 tablet_service.cc:1511] Processing CreateTablet for tablet a280cb2e65504a1e868a04b411771b31 (DEFAULT_TABLE table=test-workload [id=eb009463af9b4e3f8cf3c5de56da9224]), partition=RANGE (key) PARTITION 214748364 <= VALUES < 429496728
I20260713 09:06:07.062743 22213 tablet_service.cc:1511] Processing CreateTablet for tablet 6fa33d64dd954ea590fd4e326236e9fc (DEFAULT_TABLE table=test-workload [id=eb009463af9b4e3f8cf3c5de56da9224]), partition=RANGE (key) PARTITION 858993456 <= VALUES < 1073741820
I20260713 09:06:07.063221 22215 data_dirs.cc:400] Could only allocate 1 dirs of requested 3 for tablet e857c8ffb0df4b49b71e068557de4734. 1 dirs total, 0 dirs full, 0 dirs failed
I20260713 09:06:07.065677 22211 tablet_service.cc:1511] Processing CreateTablet for tablet 8b3cd77aecac42c4a2200a4ed5f4793d (DEFAULT_TABLE table=test-workload [id=eb009463af9b4e3f8cf3c5de56da9224]), partition=RANGE (key) PARTITION 1288490184 <= VALUES < 1503238548
I20260713 09:06:07.064401 22134 tablet_service.cc:1511] Processing CreateTablet for tablet 91cd84e2a60f4ed7a5d1e203b9bd2848 (DEFAULT_TABLE table=test-workload [id=eb009463af9b4e3f8cf3c5de56da9224]), partition=RANGE (key) PARTITION 1717986912 <= VALUES < 1932735276
I20260713 09:06:07.067128 22136 data_dirs.cc:400] Could only allocate 1 dirs of requested 3 for tablet 8b3cd77aecac42c4a2200a4ed5f4793d. 1 dirs total, 0 dirs full, 0 dirs failed
I20260713 09:06:07.072284 22210 tablet_service.cc:1511] Processing CreateTablet for tablet b0a0e3aeb463437e98f07e37c7a8fafc (DEFAULT_TABLE table=test-workload [id=eb009463af9b4e3f8cf3c5de56da9224]), partition=RANGE (key) PARTITION 1503238548 <= VALUES < 1717986912
I20260713 09:06:07.072865 22283 tablet_service.cc:1511] Processing CreateTablet for tablet 91cd84e2a60f4ed7a5d1e203b9bd2848 (DEFAULT_TABLE table=test-workload [id=eb009463af9b4e3f8cf3c5de56da9224]), partition=RANGE (key) PARTITION 1717986912 <= VALUES < 1932735276
I20260713 09:06:07.074483 22214 tablet_service.cc:1511] Processing CreateTablet for tablet 5ee71f807f51453aa836d4611f49b846 (DEFAULT_TABLE table=test-workload [id=eb009463af9b4e3f8cf3c5de56da9224]), partition=RANGE (key) PARTITION 644245092 <= VALUES < 858993456
I20260713 09:06:07.075703 22209 tablet_service.cc:1511] Processing CreateTablet for tablet 91cd84e2a60f4ed7a5d1e203b9bd2848 (DEFAULT_TABLE table=test-workload [id=eb009463af9b4e3f8cf3c5de56da9224]), partition=RANGE (key) PARTITION 1717986912 <= VALUES < 1932735276
I20260713 09:06:07.076728 22212 tablet_service.cc:1511] Processing CreateTablet for tablet e5e4eba584534c44a221b64cf9c8d7a7 (DEFAULT_TABLE table=test-workload [id=eb009463af9b4e3f8cf3c5de56da9224]), partition=RANGE (key) PARTITION 1073741820 <= VALUES < 1288490184
I20260713 09:06:07.077708 22287 data_dirs.cc:400] Could only allocate 1 dirs of requested 3 for tablet 6fa33d64dd954ea590fd4e326236e9fc. 1 dirs total, 0 dirs full, 0 dirs failed
I20260713 09:06:07.078302 22286 data_dirs.cc:400] Could only allocate 1 dirs of requested 3 for tablet e5e4eba584534c44a221b64cf9c8d7a7. 1 dirs total, 0 dirs full, 0 dirs failed
I20260713 09:06:07.079480 22217 data_dirs.cc:400] Could only allocate 1 dirs of requested 3 for tablet c388a2d237324a4a975cf735eb3acf93. 1 dirs total, 0 dirs full, 0 dirs failed
I20260713 09:06:07.080545 22284 data_dirs.cc:400] Could only allocate 1 dirs of requested 3 for tablet b0a0e3aeb463437e98f07e37c7a8fafc. 1 dirs total, 0 dirs full, 0 dirs failed
I20260713 09:06:07.084532 22213 data_dirs.cc:400] Could only allocate 1 dirs of requested 3 for tablet 6fa33d64dd954ea590fd4e326236e9fc. 1 dirs total, 0 dirs full, 0 dirs failed
I20260713 09:06:07.086498 22283 data_dirs.cc:400] Could only allocate 1 dirs of requested 3 for tablet 91cd84e2a60f4ed7a5d1e203b9bd2848. 1 dirs total, 0 dirs full, 0 dirs failed
I20260713 09:06:07.086421 22211 data_dirs.cc:400] Could only allocate 1 dirs of requested 3 for tablet 8b3cd77aecac42c4a2200a4ed5f4793d. 1 dirs total, 0 dirs full, 0 dirs failed
I20260713 09:06:07.087618 22139 data_dirs.cc:400] Could only allocate 1 dirs of requested 3 for tablet 5ee71f807f51453aa836d4611f49b846. 1 dirs total, 0 dirs full, 0 dirs failed
I20260713 09:06:07.088502 22134 data_dirs.cc:400] Could only allocate 1 dirs of requested 3 for tablet 91cd84e2a60f4ed7a5d1e203b9bd2848. 1 dirs total, 0 dirs full, 0 dirs failed
I20260713 09:06:07.089143 22135 data_dirs.cc:400] Could only allocate 1 dirs of requested 3 for tablet b0a0e3aeb463437e98f07e37c7a8fafc. 1 dirs total, 0 dirs full, 0 dirs failed
I20260713 09:06:07.090255 22138 data_dirs.cc:400] Could only allocate 1 dirs of requested 3 for tablet 6fa33d64dd954ea590fd4e326236e9fc. 1 dirs total, 0 dirs full, 0 dirs failed
I20260713 09:06:07.091267 22142 data_dirs.cc:400] Could only allocate 1 dirs of requested 3 for tablet c388a2d237324a4a975cf735eb3acf93. 1 dirs total, 0 dirs full, 0 dirs failed
I20260713 09:06:07.096483 22285 data_dirs.cc:400] Could only allocate 1 dirs of requested 3 for tablet 8b3cd77aecac42c4a2200a4ed5f4793d. 1 dirs total, 0 dirs full, 0 dirs failed
I20260713 09:06:07.098284 22216 data_dirs.cc:400] Could only allocate 1 dirs of requested 3 for tablet a280cb2e65504a1e868a04b411771b31. 1 dirs total, 0 dirs full, 0 dirs failed
I20260713 09:06:07.100055 22214 data_dirs.cc:400] Could only allocate 1 dirs of requested 3 for tablet 5ee71f807f51453aa836d4611f49b846. 1 dirs total, 0 dirs full, 0 dirs failed
I20260713 09:06:07.102108 22210 data_dirs.cc:400] Could only allocate 1 dirs of requested 3 for tablet b0a0e3aeb463437e98f07e37c7a8fafc. 1 dirs total, 0 dirs full, 0 dirs failed
I20260713 09:06:07.103879 22212 data_dirs.cc:400] Could only allocate 1 dirs of requested 3 for tablet e5e4eba584534c44a221b64cf9c8d7a7. 1 dirs total, 0 dirs full, 0 dirs failed
I20260713 09:06:07.105113 22209 data_dirs.cc:400] Could only allocate 1 dirs of requested 3 for tablet 91cd84e2a60f4ed7a5d1e203b9bd2848. 1 dirs total, 0 dirs full, 0 dirs failed
I20260713 09:06:07.159183 22341 tablet_bootstrap.cc:492] T a280cb2e65504a1e868a04b411771b31 P e43d8770963240298372ccbbe9989d8a: Bootstrap starting.
W20260713 09:06:07.204857 22037 outbound_call.cc:321] RPC callback for RPC call kudu.tserver.TabletServerAdminService.CreateTablet -> {remote=127.21.7.195:37795, user_credentials={real_user=slave}} blocked reactor thread for 43805.6us
I20260713 09:06:07.222332 22342 tablet_bootstrap.cc:492] T e857c8ffb0df4b49b71e068557de4734 P 5fd73578d0b74d148da30cdf1dfe0d7e: Bootstrap starting.
I20260713 09:06:07.222961 22141 tablet_service.cc:1511] Processing CreateTablet for tablet 6aa6ab351a3144ce88df1593ebb32272 (DEFAULT_TABLE table=test-workload [id=eb009463af9b4e3f8cf3c5de56da9224]), partition=RANGE (key) PARTITION 1932735276 <= VALUES
I20260713 09:06:07.224277 22141 data_dirs.cc:400] Could only allocate 1 dirs of requested 3 for tablet 6aa6ab351a3144ce88df1593ebb32272. 1 dirs total, 0 dirs full, 0 dirs failed
I20260713 09:06:07.236864 22341 tablet_bootstrap.cc:654] T a280cb2e65504a1e868a04b411771b31 P e43d8770963240298372ccbbe9989d8a: Neither blocks nor log segments found. Creating new log.
I20260713 09:06:07.287226 22208 tablet_service.cc:1511] Processing CreateTablet for tablet 6aa6ab351a3144ce88df1593ebb32272 (DEFAULT_TABLE table=test-workload [id=eb009463af9b4e3f8cf3c5de56da9224]), partition=RANGE (key) PARTITION 1932735276 <= VALUES
I20260713 09:06:07.288610 22208 data_dirs.cc:400] Could only allocate 1 dirs of requested 3 for tablet 6aa6ab351a3144ce88df1593ebb32272. 1 dirs total, 0 dirs full, 0 dirs failed
I20260713 09:06:07.301553 22286 tablet_service.cc:1511] Processing CreateTablet for tablet 6aa6ab351a3144ce88df1593ebb32272 (DEFAULT_TABLE table=test-workload [id=eb009463af9b4e3f8cf3c5de56da9224]), partition=RANGE (key) PARTITION 1932735276 <= VALUES
I20260713 09:06:07.302724 22286 data_dirs.cc:400] Could only allocate 1 dirs of requested 3 for tablet 6aa6ab351a3144ce88df1593ebb32272. 1 dirs total, 0 dirs full, 0 dirs failed
I20260713 09:06:07.308787 22342 tablet_bootstrap.cc:654] T e857c8ffb0df4b49b71e068557de4734 P 5fd73578d0b74d148da30cdf1dfe0d7e: Neither blocks nor log segments found. Creating new log.
I20260713 09:06:07.316840 22343 tablet_bootstrap.cc:492] T e5e4eba584534c44a221b64cf9c8d7a7 P ebc9d17214ee40fb8ecd692e37280671: Bootstrap starting.
I20260713 09:06:07.334983 22341 tablet_bootstrap.cc:492] T a280cb2e65504a1e868a04b411771b31 P e43d8770963240298372ccbbe9989d8a: No bootstrap required, opened a new log
I20260713 09:06:07.335430 22341 ts_tablet_manager.cc:1403] T a280cb2e65504a1e868a04b411771b31 P e43d8770963240298372ccbbe9989d8a: Time spent bootstrapping tablet: real 0.176s	user 0.016s	sys 0.006s
I20260713 09:06:07.337390 22343 tablet_bootstrap.cc:654] T e5e4eba584534c44a221b64cf9c8d7a7 P ebc9d17214ee40fb8ecd692e37280671: Neither blocks nor log segments found. Creating new log.
I20260713 09:06:07.337787 22342 tablet_bootstrap.cc:492] T e857c8ffb0df4b49b71e068557de4734 P 5fd73578d0b74d148da30cdf1dfe0d7e: No bootstrap required, opened a new log
I20260713 09:06:07.338176 22342 ts_tablet_manager.cc:1403] T e857c8ffb0df4b49b71e068557de4734 P 5fd73578d0b74d148da30cdf1dfe0d7e: Time spent bootstrapping tablet: real 0.116s	user 0.005s	sys 0.006s
I20260713 09:06:07.338196 22341 raft_consensus.cc:359] T a280cb2e65504a1e868a04b411771b31 P e43d8770963240298372ccbbe9989d8a [term 0 FOLLOWER]: Replica starting. Triggering 0 pending ops. Active config: opid_index: -1 OBSOLETE_local: false peers { permanent_uuid: "5fd73578d0b74d148da30cdf1dfe0d7e" member_type: VOTER last_known_addr { host: "127.21.7.193" port: 39773 } } peers { permanent_uuid: "ebc9d17214ee40fb8ecd692e37280671" member_type: VOTER last_known_addr { host: "127.21.7.194" port: 40157 } } peers { permanent_uuid: "e43d8770963240298372ccbbe9989d8a" member_type: VOTER last_known_addr { host: "127.21.7.195" port: 37795 } }
I20260713 09:06:07.338936 22341 raft_consensus.cc:385] T a280cb2e65504a1e868a04b411771b31 P e43d8770963240298372ccbbe9989d8a [term 0 FOLLOWER]: Consensus starting up: Expiring failure detector timer to make a prompt election more likely
I20260713 09:06:07.339214 22341 raft_consensus.cc:740] T a280cb2e65504a1e868a04b411771b31 P e43d8770963240298372ccbbe9989d8a [term 0 FOLLOWER]: Becoming Follower/Learner. State: Replica: e43d8770963240298372ccbbe9989d8a, State: Initialized, Role: FOLLOWER
I20260713 09:06:07.339941 22341 consensus_queue.cc:260] T a280cb2e65504a1e868a04b411771b31 P e43d8770963240298372ccbbe9989d8a [NON_LEADER]: Queue going to NON_LEADER mode. State: All replicated index: 0, Majority replicated index: 0, Committed index: 0, Last appended: 0.0, Last appended by leader: 0, Current term: 0, Majority size: -1, State: 0, Mode: NON_LEADER, active raft config: opid_index: -1 OBSOLETE_local: false peers { permanent_uuid: "5fd73578d0b74d148da30cdf1dfe0d7e" member_type: VOTER last_known_addr { host: "127.21.7.193" port: 39773 } } peers { permanent_uuid: "ebc9d17214ee40fb8ecd692e37280671" member_type: VOTER last_known_addr { host: "127.21.7.194" port: 40157 } } peers { permanent_uuid: "e43d8770963240298372ccbbe9989d8a" member_type: VOTER last_known_addr { host: "127.21.7.195" port: 37795 } }
I20260713 09:06:07.340497 22342 raft_consensus.cc:359] T e857c8ffb0df4b49b71e068557de4734 P 5fd73578d0b74d148da30cdf1dfe0d7e [term 0 FOLLOWER]: Replica starting. Triggering 0 pending ops. Active config: opid_index: -1 OBSOLETE_local: false peers { permanent_uuid: "5fd73578d0b74d148da30cdf1dfe0d7e" member_type: VOTER last_known_addr { host: "127.21.7.193" port: 39773 } } peers { permanent_uuid: "ebc9d17214ee40fb8ecd692e37280671" member_type: VOTER last_known_addr { host: "127.21.7.194" port: 40157 } } peers { permanent_uuid: "e43d8770963240298372ccbbe9989d8a" member_type: VOTER last_known_addr { host: "127.21.7.195" port: 37795 } }
I20260713 09:06:07.341185 22342 raft_consensus.cc:385] T e857c8ffb0df4b49b71e068557de4734 P 5fd73578d0b74d148da30cdf1dfe0d7e [term 0 FOLLOWER]: Consensus starting up: Expiring failure detector timer to make a prompt election more likely
I20260713 09:06:07.341449 22342 raft_consensus.cc:740] T e857c8ffb0df4b49b71e068557de4734 P 5fd73578d0b74d148da30cdf1dfe0d7e [term 0 FOLLOWER]: Becoming Follower/Learner. State: Replica: 5fd73578d0b74d148da30cdf1dfe0d7e, State: Initialized, Role: FOLLOWER
I20260713 09:06:07.342007 22342 consensus_queue.cc:260] T e857c8ffb0df4b49b71e068557de4734 P 5fd73578d0b74d148da30cdf1dfe0d7e [NON_LEADER]: Queue going to NON_LEADER mode. State: All replicated index: 0, Majority replicated index: 0, Committed index: 0, Last appended: 0.0, Last appended by leader: 0, Current term: 0, Majority size: -1, State: 0, Mode: NON_LEADER, active raft config: opid_index: -1 OBSOLETE_local: false peers { permanent_uuid: "5fd73578d0b74d148da30cdf1dfe0d7e" member_type: VOTER last_known_addr { host: "127.21.7.193" port: 39773 } } peers { permanent_uuid: "ebc9d17214ee40fb8ecd692e37280671" member_type: VOTER last_known_addr { host: "127.21.7.194" port: 40157 } } peers { permanent_uuid: "e43d8770963240298372ccbbe9989d8a" member_type: VOTER last_known_addr { host: "127.21.7.195" port: 37795 } }
I20260713 09:06:07.342702 22343 tablet_bootstrap.cc:492] T e5e4eba584534c44a221b64cf9c8d7a7 P ebc9d17214ee40fb8ecd692e37280671: No bootstrap required, opened a new log
I20260713 09:06:07.343133 22343 ts_tablet_manager.cc:1403] T e5e4eba584534c44a221b64cf9c8d7a7 P ebc9d17214ee40fb8ecd692e37280671: Time spent bootstrapping tablet: real 0.027s	user 0.006s	sys 0.005s
I20260713 09:06:07.343436 22326 heartbeater.cc:499] Master 127.21.7.254:42165 was elected leader, sending a full tablet report...
I20260713 09:06:07.343919 22341 ts_tablet_manager.cc:1434] T a280cb2e65504a1e868a04b411771b31 P e43d8770963240298372ccbbe9989d8a: Time spent starting tablet: real 0.008s	user 0.004s	sys 0.004s
I20260713 09:06:07.344344 22177 heartbeater.cc:499] Master 127.21.7.254:42165 was elected leader, sending a full tablet report...
I20260713 09:06:07.344905 22341 tablet_bootstrap.cc:492] T c388a2d237324a4a975cf735eb3acf93 P e43d8770963240298372ccbbe9989d8a: Bootstrap starting.
I20260713 09:06:07.345762 22343 raft_consensus.cc:359] T e5e4eba584534c44a221b64cf9c8d7a7 P ebc9d17214ee40fb8ecd692e37280671 [term 0 FOLLOWER]: Replica starting. Triggering 0 pending ops. Active config: opid_index: -1 OBSOLETE_local: false peers { permanent_uuid: "5fd73578d0b74d148da30cdf1dfe0d7e" member_type: VOTER last_known_addr { host: "127.21.7.193" port: 39773 } } peers { permanent_uuid: "ebc9d17214ee40fb8ecd692e37280671" member_type: VOTER last_known_addr { host: "127.21.7.194" port: 40157 } } peers { permanent_uuid: "e43d8770963240298372ccbbe9989d8a" member_type: VOTER last_known_addr { host: "127.21.7.195" port: 37795 } }
I20260713 09:06:07.346412 22343 raft_consensus.cc:385] T e5e4eba584534c44a221b64cf9c8d7a7 P ebc9d17214ee40fb8ecd692e37280671 [term 0 FOLLOWER]: Consensus starting up: Expiring failure detector timer to make a prompt election more likely
I20260713 09:06:07.346674 22343 raft_consensus.cc:740] T e5e4eba584534c44a221b64cf9c8d7a7 P ebc9d17214ee40fb8ecd692e37280671 [term 0 FOLLOWER]: Becoming Follower/Learner. State: Replica: ebc9d17214ee40fb8ecd692e37280671, State: Initialized, Role: FOLLOWER
I20260713 09:06:07.347400 22343 consensus_queue.cc:260] T e5e4eba584534c44a221b64cf9c8d7a7 P ebc9d17214ee40fb8ecd692e37280671 [NON_LEADER]: Queue going to NON_LEADER mode. State: All replicated index: 0, Majority replicated index: 0, Committed index: 0, Last appended: 0.0, Last appended by leader: 0, Current term: 0, Majority size: -1, State: 0, Mode: NON_LEADER, active raft config: opid_index: -1 OBSOLETE_local: false peers { permanent_uuid: "5fd73578d0b74d148da30cdf1dfe0d7e" member_type: VOTER last_known_addr { host: "127.21.7.193" port: 39773 } } peers { permanent_uuid: "ebc9d17214ee40fb8ecd692e37280671" member_type: VOTER last_known_addr { host: "127.21.7.194" port: 40157 } } peers { permanent_uuid: "e43d8770963240298372ccbbe9989d8a" member_type: VOTER last_known_addr { host: "127.21.7.195" port: 37795 } }
I20260713 09:06:07.348884 22342 ts_tablet_manager.cc:1434] T e857c8ffb0df4b49b71e068557de4734 P 5fd73578d0b74d148da30cdf1dfe0d7e: Time spent starting tablet: real 0.010s	user 0.005s	sys 0.000s
I20260713 09:06:07.349718 22342 tablet_bootstrap.cc:492] T a280cb2e65504a1e868a04b411771b31 P 5fd73578d0b74d148da30cdf1dfe0d7e: Bootstrap starting.
I20260713 09:06:07.353335 22252 heartbeater.cc:499] Master 127.21.7.254:42165 was elected leader, sending a full tablet report...
I20260713 09:06:07.353776 22343 ts_tablet_manager.cc:1434] T e5e4eba584534c44a221b64cf9c8d7a7 P ebc9d17214ee40fb8ecd692e37280671: Time spent starting tablet: real 0.010s	user 0.010s	sys 0.000s
I20260713 09:06:07.354647 22343 tablet_bootstrap.cc:492] T b0a0e3aeb463437e98f07e37c7a8fafc P ebc9d17214ee40fb8ecd692e37280671: Bootstrap starting.
I20260713 09:06:07.355836 22342 tablet_bootstrap.cc:654] T a280cb2e65504a1e868a04b411771b31 P 5fd73578d0b74d148da30cdf1dfe0d7e: Neither blocks nor log segments found. Creating new log.
I20260713 09:06:07.361485 22343 tablet_bootstrap.cc:654] T b0a0e3aeb463437e98f07e37c7a8fafc P ebc9d17214ee40fb8ecd692e37280671: Neither blocks nor log segments found. Creating new log.
I20260713 09:06:07.367573 22341 tablet_bootstrap.cc:654] T c388a2d237324a4a975cf735eb3acf93 P e43d8770963240298372ccbbe9989d8a: Neither blocks nor log segments found. Creating new log.
I20260713 09:06:07.370317 22343 tablet_bootstrap.cc:492] T b0a0e3aeb463437e98f07e37c7a8fafc P ebc9d17214ee40fb8ecd692e37280671: No bootstrap required, opened a new log
I20260713 09:06:07.370816 22343 ts_tablet_manager.cc:1403] T b0a0e3aeb463437e98f07e37c7a8fafc P ebc9d17214ee40fb8ecd692e37280671: Time spent bootstrapping tablet: real 0.016s	user 0.004s	sys 0.008s
I20260713 09:06:07.372725 22342 tablet_bootstrap.cc:492] T a280cb2e65504a1e868a04b411771b31 P 5fd73578d0b74d148da30cdf1dfe0d7e: No bootstrap required, opened a new log
I20260713 09:06:07.373159 22342 ts_tablet_manager.cc:1403] T a280cb2e65504a1e868a04b411771b31 P 5fd73578d0b74d148da30cdf1dfe0d7e: Time spent bootstrapping tablet: real 0.024s	user 0.011s	sys 0.011s
I20260713 09:06:07.373521 22343 raft_consensus.cc:359] T b0a0e3aeb463437e98f07e37c7a8fafc P ebc9d17214ee40fb8ecd692e37280671 [term 0 FOLLOWER]: Replica starting. Triggering 0 pending ops. Active config: opid_index: -1 OBSOLETE_local: false peers { permanent_uuid: "5fd73578d0b74d148da30cdf1dfe0d7e" member_type: VOTER last_known_addr { host: "127.21.7.193" port: 39773 } } peers { permanent_uuid: "ebc9d17214ee40fb8ecd692e37280671" member_type: VOTER last_known_addr { host: "127.21.7.194" port: 40157 } } peers { permanent_uuid: "e43d8770963240298372ccbbe9989d8a" member_type: VOTER last_known_addr { host: "127.21.7.195" port: 37795 } }
I20260713 09:06:07.374244 22343 raft_consensus.cc:385] T b0a0e3aeb463437e98f07e37c7a8fafc P ebc9d17214ee40fb8ecd692e37280671 [term 0 FOLLOWER]: Consensus starting up: Expiring failure detector timer to make a prompt election more likely
I20260713 09:06:07.374524 22343 raft_consensus.cc:740] T b0a0e3aeb463437e98f07e37c7a8fafc P ebc9d17214ee40fb8ecd692e37280671 [term 0 FOLLOWER]: Becoming Follower/Learner. State: Replica: ebc9d17214ee40fb8ecd692e37280671, State: Initialized, Role: FOLLOWER
I20260713 09:06:07.375402 22343 consensus_queue.cc:260] T b0a0e3aeb463437e98f07e37c7a8fafc P ebc9d17214ee40fb8ecd692e37280671 [NON_LEADER]: Queue going to NON_LEADER mode. State: All replicated index: 0, Majority replicated index: 0, Committed index: 0, Last appended: 0.0, Last appended by leader: 0, Current term: 0, Majority size: -1, State: 0, Mode: NON_LEADER, active raft config: opid_index: -1 OBSOLETE_local: false peers { permanent_uuid: "5fd73578d0b74d148da30cdf1dfe0d7e" member_type: VOTER last_known_addr { host: "127.21.7.193" port: 39773 } } peers { permanent_uuid: "ebc9d17214ee40fb8ecd692e37280671" member_type: VOTER last_known_addr { host: "127.21.7.194" port: 40157 } } peers { permanent_uuid: "e43d8770963240298372ccbbe9989d8a" member_type: VOTER last_known_addr { host: "127.21.7.195" port: 37795 } }
I20260713 09:06:07.375761 22342 raft_consensus.cc:359] T a280cb2e65504a1e868a04b411771b31 P 5fd73578d0b74d148da30cdf1dfe0d7e [term 0 FOLLOWER]: Replica starting. Triggering 0 pending ops. Active config: opid_index: -1 OBSOLETE_local: false peers { permanent_uuid: "5fd73578d0b74d148da30cdf1dfe0d7e" member_type: VOTER last_known_addr { host: "127.21.7.193" port: 39773 } } peers { permanent_uuid: "ebc9d17214ee40fb8ecd692e37280671" member_type: VOTER last_known_addr { host: "127.21.7.194" port: 40157 } } peers { permanent_uuid: "e43d8770963240298372ccbbe9989d8a" member_type: VOTER last_known_addr { host: "127.21.7.195" port: 37795 } }
I20260713 09:06:07.376439 22342 raft_consensus.cc:385] T a280cb2e65504a1e868a04b411771b31 P 5fd73578d0b74d148da30cdf1dfe0d7e [term 0 FOLLOWER]: Consensus starting up: Expiring failure detector timer to make a prompt election more likely
I20260713 09:06:07.376739 22342 raft_consensus.cc:740] T a280cb2e65504a1e868a04b411771b31 P 5fd73578d0b74d148da30cdf1dfe0d7e [term 0 FOLLOWER]: Becoming Follower/Learner. State: Replica: 5fd73578d0b74d148da30cdf1dfe0d7e, State: Initialized, Role: FOLLOWER
I20260713 09:06:07.377719 22343 ts_tablet_manager.cc:1434] T b0a0e3aeb463437e98f07e37c7a8fafc P ebc9d17214ee40fb8ecd692e37280671: Time spent starting tablet: real 0.007s	user 0.006s	sys 0.000s
I20260713 09:06:07.377470 22342 consensus_queue.cc:260] T a280cb2e65504a1e868a04b411771b31 P 5fd73578d0b74d148da30cdf1dfe0d7e [NON_LEADER]: Queue going to NON_LEADER mode. State: All replicated index: 0, Majority replicated index: 0, Committed index: 0, Last appended: 0.0, Last appended by leader: 0, Current term: 0, Majority size: -1, State: 0, Mode: NON_LEADER, active raft config: opid_index: -1 OBSOLETE_local: false peers { permanent_uuid: "5fd73578d0b74d148da30cdf1dfe0d7e" member_type: VOTER last_known_addr { host: "127.21.7.193" port: 39773 } } peers { permanent_uuid: "ebc9d17214ee40fb8ecd692e37280671" member_type: VOTER last_known_addr { host: "127.21.7.194" port: 40157 } } peers { permanent_uuid: "e43d8770963240298372ccbbe9989d8a" member_type: VOTER last_known_addr { host: "127.21.7.195" port: 37795 } }
I20260713 09:06:07.378633 22343 tablet_bootstrap.cc:492] T c388a2d237324a4a975cf735eb3acf93 P ebc9d17214ee40fb8ecd692e37280671: Bootstrap starting.
I20260713 09:06:07.379678 22342 ts_tablet_manager.cc:1434] T a280cb2e65504a1e868a04b411771b31 P 5fd73578d0b74d148da30cdf1dfe0d7e: Time spent starting tablet: real 0.006s	user 0.006s	sys 0.000s
I20260713 09:06:07.380537 22342 tablet_bootstrap.cc:492] T 6aa6ab351a3144ce88df1593ebb32272 P 5fd73578d0b74d148da30cdf1dfe0d7e: Bootstrap starting.
I20260713 09:06:07.383566 22349 raft_consensus.cc:493] T e5e4eba584534c44a221b64cf9c8d7a7 P ebc9d17214ee40fb8ecd692e37280671 [term 0 FOLLOWER]: Starting pre-election (no leader contacted us within the election timeout)
I20260713 09:06:07.384006 22349 raft_consensus.cc:515] T e5e4eba584534c44a221b64cf9c8d7a7 P ebc9d17214ee40fb8ecd692e37280671 [term 0 FOLLOWER]: Starting pre-election with config: opid_index: -1 OBSOLETE_local: false peers { permanent_uuid: "5fd73578d0b74d148da30cdf1dfe0d7e" member_type: VOTER last_known_addr { host: "127.21.7.193" port: 39773 } } peers { permanent_uuid: "ebc9d17214ee40fb8ecd692e37280671" member_type: VOTER last_known_addr { host: "127.21.7.194" port: 40157 } } peers { permanent_uuid: "e43d8770963240298372ccbbe9989d8a" member_type: VOTER last_known_addr { host: "127.21.7.195" port: 37795 } }
I20260713 09:06:07.385072 22343 tablet_bootstrap.cc:654] T c388a2d237324a4a975cf735eb3acf93 P ebc9d17214ee40fb8ecd692e37280671: Neither blocks nor log segments found. Creating new log.
I20260713 09:06:07.386194 22342 tablet_bootstrap.cc:654] T 6aa6ab351a3144ce88df1593ebb32272 P 5fd73578d0b74d148da30cdf1dfe0d7e: Neither blocks nor log segments found. Creating new log.
I20260713 09:06:07.386381 22349 leader_election.cc:290] T e5e4eba584534c44a221b64cf9c8d7a7 P ebc9d17214ee40fb8ecd692e37280671 [CANDIDATE]: Term 1 pre-election: Requested pre-vote from peers 5fd73578d0b74d148da30cdf1dfe0d7e (127.21.7.193:39773), e43d8770963240298372ccbbe9989d8a (127.21.7.195:37795)
I20260713 09:06:07.403636 22342 tablet_bootstrap.cc:492] T 6aa6ab351a3144ce88df1593ebb32272 P 5fd73578d0b74d148da30cdf1dfe0d7e: No bootstrap required, opened a new log
I20260713 09:06:07.404084 22342 ts_tablet_manager.cc:1403] T 6aa6ab351a3144ce88df1593ebb32272 P 5fd73578d0b74d148da30cdf1dfe0d7e: Time spent bootstrapping tablet: real 0.024s	user 0.008s	sys 0.002s
I20260713 09:06:07.406678 22342 raft_consensus.cc:359] T 6aa6ab351a3144ce88df1593ebb32272 P 5fd73578d0b74d148da30cdf1dfe0d7e [term 0 FOLLOWER]: Replica starting. Triggering 0 pending ops. Active config: opid_index: -1 OBSOLETE_local: false peers { permanent_uuid: "5fd73578d0b74d148da30cdf1dfe0d7e" member_type: VOTER last_known_addr { host: "127.21.7.193" port: 39773 } } peers { permanent_uuid: "ebc9d17214ee40fb8ecd692e37280671" member_type: VOTER last_known_addr { host: "127.21.7.194" port: 40157 } } peers { permanent_uuid: "e43d8770963240298372ccbbe9989d8a" member_type: VOTER last_known_addr { host: "127.21.7.195" port: 37795 } }
I20260713 09:06:07.407312 22342 raft_consensus.cc:385] T 6aa6ab351a3144ce88df1593ebb32272 P 5fd73578d0b74d148da30cdf1dfe0d7e [term 0 FOLLOWER]: Consensus starting up: Expiring failure detector timer to make a prompt election more likely
I20260713 09:06:07.407603 22342 raft_consensus.cc:740] T 6aa6ab351a3144ce88df1593ebb32272 P 5fd73578d0b74d148da30cdf1dfe0d7e [term 0 FOLLOWER]: Becoming Follower/Learner. State: Replica: 5fd73578d0b74d148da30cdf1dfe0d7e, State: Initialized, Role: FOLLOWER
I20260713 09:06:07.416375 22342 consensus_queue.cc:260] T 6aa6ab351a3144ce88df1593ebb32272 P 5fd73578d0b74d148da30cdf1dfe0d7e [NON_LEADER]: Queue going to NON_LEADER mode. State: All replicated index: 0, Majority replicated index: 0, Committed index: 0, Last appended: 0.0, Last appended by leader: 0, Current term: 0, Majority size: -1, State: 0, Mode: NON_LEADER, active raft config: opid_index: -1 OBSOLETE_local: false peers { permanent_uuid: "5fd73578d0b74d148da30cdf1dfe0d7e" member_type: VOTER last_known_addr { host: "127.21.7.193" port: 39773 } } peers { permanent_uuid: "ebc9d17214ee40fb8ecd692e37280671" member_type: VOTER last_known_addr { host: "127.21.7.194" port: 40157 } } peers { permanent_uuid: "e43d8770963240298372ccbbe9989d8a" member_type: VOTER last_known_addr { host: "127.21.7.195" port: 37795 } }
I20260713 09:06:07.418087 22152 tablet_service.cc:1917] Received RequestConsensusVote() RPC: tablet_id: "e5e4eba584534c44a221b64cf9c8d7a7" candidate_uuid: "ebc9d17214ee40fb8ecd692e37280671" candidate_term: 1 candidate_status { last_received { term: 0 index: 0 } } ignore_live_leader: false dest_uuid: "5fd73578d0b74d148da30cdf1dfe0d7e" is_pre_election: true
W20260713 09:06:07.419752 22193 leader_election.cc:343] T e5e4eba584534c44a221b64cf9c8d7a7 P ebc9d17214ee40fb8ecd692e37280671 [CANDIDATE]: Term 1 pre-election: Tablet error from VoteRequest() call to peer 5fd73578d0b74d148da30cdf1dfe0d7e (127.21.7.193:39773): Illegal state: must be running to vote when last-logged opid is not known
I20260713 09:06:07.422181 22301 tablet_service.cc:1917] Received RequestConsensusVote() RPC: tablet_id: "e5e4eba584534c44a221b64cf9c8d7a7" candidate_uuid: "ebc9d17214ee40fb8ecd692e37280671" candidate_term: 1 candidate_status { last_received { term: 0 index: 0 } } ignore_live_leader: false dest_uuid: "e43d8770963240298372ccbbe9989d8a" is_pre_election: true
I20260713 09:06:07.422689 22342 ts_tablet_manager.cc:1434] T 6aa6ab351a3144ce88df1593ebb32272 P 5fd73578d0b74d148da30cdf1dfe0d7e: Time spent starting tablet: real 0.018s	user 0.005s	sys 0.000s
W20260713 09:06:07.423487 22193 leader_election.cc:343] T e5e4eba584534c44a221b64cf9c8d7a7 P ebc9d17214ee40fb8ecd692e37280671 [CANDIDATE]: Term 1 pre-election: Tablet error from VoteRequest() call to peer e43d8770963240298372ccbbe9989d8a (127.21.7.195:37795): Illegal state: must be running to vote when last-logged opid is not known
I20260713 09:06:07.424744 22343 tablet_bootstrap.cc:492] T c388a2d237324a4a975cf735eb3acf93 P ebc9d17214ee40fb8ecd692e37280671: No bootstrap required, opened a new log
I20260713 09:06:07.423960 22193 leader_election.cc:304] T e5e4eba584534c44a221b64cf9c8d7a7 P ebc9d17214ee40fb8ecd692e37280671 [CANDIDATE]: Term 1 pre-election: Election decided. Result: candidate lost. Election summary: received 3 responses out of 3 voters: 1 yes votes; 2 no votes. yes voters: ebc9d17214ee40fb8ecd692e37280671; no voters: 5fd73578d0b74d148da30cdf1dfe0d7e, e43d8770963240298372ccbbe9989d8a
I20260713 09:06:07.425228 22343 ts_tablet_manager.cc:1403] T c388a2d237324a4a975cf735eb3acf93 P ebc9d17214ee40fb8ecd692e37280671: Time spent bootstrapping tablet: real 0.047s	user 0.018s	sys 0.024s
I20260713 09:06:07.423641 22342 tablet_bootstrap.cc:492] T e5e4eba584534c44a221b64cf9c8d7a7 P 5fd73578d0b74d148da30cdf1dfe0d7e: Bootstrap starting.
I20260713 09:06:07.425468 22349 raft_consensus.cc:2749] T e5e4eba584534c44a221b64cf9c8d7a7 P ebc9d17214ee40fb8ecd692e37280671 [term 0 FOLLOWER]: Leader pre-election lost for term 1. Reason: could not achieve majority
I20260713 09:06:07.428125 22343 raft_consensus.cc:359] T c388a2d237324a4a975cf735eb3acf93 P ebc9d17214ee40fb8ecd692e37280671 [term 0 FOLLOWER]: Replica starting. Triggering 0 pending ops. Active config: opid_index: -1 OBSOLETE_local: false peers { permanent_uuid: "e43d8770963240298372ccbbe9989d8a" member_type: VOTER last_known_addr { host: "127.21.7.195" port: 37795 } } peers { permanent_uuid: "5fd73578d0b74d148da30cdf1dfe0d7e" member_type: VOTER last_known_addr { host: "127.21.7.193" port: 39773 } } peers { permanent_uuid: "ebc9d17214ee40fb8ecd692e37280671" member_type: VOTER last_known_addr { host: "127.21.7.194" port: 40157 } }
I20260713 09:06:07.428844 22343 raft_consensus.cc:385] T c388a2d237324a4a975cf735eb3acf93 P ebc9d17214ee40fb8ecd692e37280671 [term 0 FOLLOWER]: Consensus starting up: Expiring failure detector timer to make a prompt election more likely
I20260713 09:06:07.429127 22343 raft_consensus.cc:740] T c388a2d237324a4a975cf735eb3acf93 P ebc9d17214ee40fb8ecd692e37280671 [term 0 FOLLOWER]: Becoming Follower/Learner. State: Replica: ebc9d17214ee40fb8ecd692e37280671, State: Initialized, Role: FOLLOWER
I20260713 09:06:07.430011 22343 consensus_queue.cc:260] T c388a2d237324a4a975cf735eb3acf93 P ebc9d17214ee40fb8ecd692e37280671 [NON_LEADER]: Queue going to NON_LEADER mode. State: All replicated index: 0, Majority replicated index: 0, Committed index: 0, Last appended: 0.0, Last appended by leader: 0, Current term: 0, Majority size: -1, State: 0, Mode: NON_LEADER, active raft config: opid_index: -1 OBSOLETE_local: false peers { permanent_uuid: "e43d8770963240298372ccbbe9989d8a" member_type: VOTER last_known_addr { host: "127.21.7.195" port: 37795 } } peers { permanent_uuid: "5fd73578d0b74d148da30cdf1dfe0d7e" member_type: VOTER last_known_addr { host: "127.21.7.193" port: 39773 } } peers { permanent_uuid: "ebc9d17214ee40fb8ecd692e37280671" member_type: VOTER last_known_addr { host: "127.21.7.194" port: 40157 } }
I20260713 09:06:07.431777 22342 tablet_bootstrap.cc:654] T e5e4eba584534c44a221b64cf9c8d7a7 P 5fd73578d0b74d148da30cdf1dfe0d7e: Neither blocks nor log segments found. Creating new log.
I20260713 09:06:07.433274 22343 ts_tablet_manager.cc:1434] T c388a2d237324a4a975cf735eb3acf93 P ebc9d17214ee40fb8ecd692e37280671: Time spent starting tablet: real 0.008s	user 0.007s	sys 0.000s
I20260713 09:06:07.434158 22343 tablet_bootstrap.cc:492] T 6aa6ab351a3144ce88df1593ebb32272 P ebc9d17214ee40fb8ecd692e37280671: Bootstrap starting.
I20260713 09:06:07.439846 22343 tablet_bootstrap.cc:654] T 6aa6ab351a3144ce88df1593ebb32272 P ebc9d17214ee40fb8ecd692e37280671: Neither blocks nor log segments found. Creating new log.
I20260713 09:06:07.439991 22349 raft_consensus.cc:493] T b0a0e3aeb463437e98f07e37c7a8fafc P ebc9d17214ee40fb8ecd692e37280671 [term 0 FOLLOWER]: Starting pre-election (no leader contacted us within the election timeout)
