I20260713 09:06:20.550781 12246 catalog_manager.cc:5697] T ff23e903b9584825b9d28d2268c79cce P 4067fb8e342542b7a906157e1a5f38ac reported cstate change: config changed from index -1 to 2, NON_VOTER cf17543ba73c4c20b72ad1905220b86f (127.10.251.196) added. New cstate: current_term: 1 leader_uuid: "4067fb8e342542b7a906157e1a5f38ac" committed_config { opid_index: 2 OBSOLETE_local: false peers { permanent_uuid: "2ced70481e534813bc03a8256b5a0c1d" member_type: VOTER last_known_addr { host: "127.10.251.193" port: 34451 } health_report { overall_health: UNKNOWN } } peers { permanent_uuid: "4067fb8e342542b7a906157e1a5f38ac" member_type: VOTER last_known_addr { host: "127.10.251.194" port: 37461 } health_report { overall_health: HEALTHY } } peers { permanent_uuid: "6d5d45f94bf74376878739ad58d178d4" member_type: VOTER last_known_addr { host: "127.10.251.195" port: 38123 } attrs { replace: true } health_report { overall_health: HEALTHY } } peers { permanent_uuid: "cf17543ba73c4c20b72ad1905220b86f" member_type: NON_VOTER last_known_addr { host: "127.10.251.196" port: 43529 } attrs { promote: true } health_report { overall_health: UNKNOWN } } }
I20260713 09:06:20.584654 12347 raft_consensus.cc:2955] T ff23e903b9584825b9d28d2268c79cce P 2ced70481e534813bc03a8256b5a0c1d [term 1 FOLLOWER]: Committing config change with OpId 1.2: config changed from index -1 to 2, NON_VOTER cf17543ba73c4c20b72ad1905220b86f (127.10.251.196) added. New config: { opid_index: 2 OBSOLETE_local: false peers { permanent_uuid: "2ced70481e534813bc03a8256b5a0c1d" member_type: VOTER last_known_addr { host: "127.10.251.193" port: 34451 } } peers { permanent_uuid: "4067fb8e342542b7a906157e1a5f38ac" member_type: VOTER last_known_addr { host: "127.10.251.194" port: 37461 } } peers { permanent_uuid: "6d5d45f94bf74376878739ad58d178d4" member_type: VOTER last_known_addr { host: "127.10.251.195" port: 38123 } attrs { replace: true } } peers { permanent_uuid: "cf17543ba73c4c20b72ad1905220b86f" member_type: NON_VOTER last_known_addr { host: "127.10.251.196" port: 43529 } attrs { promote: true } } }
I20260713 09:06:20.609863 12350 consensus_queue.cc:237] T 49686bda909242c79a86d5a3cf4213a8 P 2ced70481e534813bc03a8256b5a0c1d [LEADER]: Queue going to LEADER mode. State: All replicated index: 0, Majority replicated index: 1, Committed index: 1, Last appended: 1.1, Last appended by leader: 0, Current term: 1, Majority size: 2, State: 0, Mode: LEADER, active raft config: opid_index: 2 OBSOLETE_local: false peers { permanent_uuid: "2ced70481e534813bc03a8256b5a0c1d" member_type: VOTER last_known_addr { host: "127.10.251.193" port: 34451 } } peers { permanent_uuid: "4067fb8e342542b7a906157e1a5f38ac" member_type: VOTER last_known_addr { host: "127.10.251.194" port: 37461 } attrs { replace: true } } peers { permanent_uuid: "6d5d45f94bf74376878739ad58d178d4" member_type: VOTER last_known_addr { host: "127.10.251.195" port: 38123 } } peers { permanent_uuid: "cf17543ba73c4c20b72ad1905220b86f" member_type: NON_VOTER last_known_addr { host: "127.10.251.196" port: 43529 } attrs { promote: true } }
W20260713 09:06:20.627686 12391 consensus_peers.cc:597] T ff23e903b9584825b9d28d2268c79cce P 4067fb8e342542b7a906157e1a5f38ac -> Peer cf17543ba73c4c20b72ad1905220b86f (127.10.251.196:43529): Couldn't send request to peer cf17543ba73c4c20b72ad1905220b86f. Error code: TABLET_NOT_FOUND (6). Status: Not found: Tablet not found: ff23e903b9584825b9d28d2268c79cce. This is attempt 1: this message will repeat every 5th retry.
I20260713 09:06:20.636562 12496 raft_consensus.cc:1275] T 49686bda909242c79a86d5a3cf4213a8 P 6d5d45f94bf74376878739ad58d178d4 [term 1 FOLLOWER]: Refusing update from remote peer 2ced70481e534813bc03a8256b5a0c1d: Log matching property violated. Preceding OpId in replica: term: 1 index: 1. Preceding OpId from leader: term: 1 index: 2. (index mismatch)
I20260713 09:06:20.637001 12424 raft_consensus.cc:1275] T 49686bda909242c79a86d5a3cf4213a8 P 4067fb8e342542b7a906157e1a5f38ac [term 1 FOLLOWER]: Refusing update from remote peer 2ced70481e534813bc03a8256b5a0c1d: Log matching property violated. Preceding OpId in replica: term: 1 index: 1. Preceding OpId from leader: term: 1 index: 2. (index mismatch)
I20260713 09:06:20.638535 12694 consensus_queue.cc:1048] T 49686bda909242c79a86d5a3cf4213a8 P 2ced70481e534813bc03a8256b5a0c1d [LEADER]: Connected to new peer: Peer: permanent_uuid: "6d5d45f94bf74376878739ad58d178d4" member_type: VOTER last_known_addr { host: "127.10.251.195" port: 38123 }, Status: LMP_MISMATCH, Last received: 0.0, Next index: 2, Last known committed idx: 1, Time since last communication: 0.001s
I20260713 09:06:20.640336 12803 consensus_queue.cc:1048] T 49686bda909242c79a86d5a3cf4213a8 P 2ced70481e534813bc03a8256b5a0c1d [LEADER]: Connected to new peer: Peer: permanent_uuid: "4067fb8e342542b7a906157e1a5f38ac" member_type: VOTER last_known_addr { host: "127.10.251.194" port: 37461 } attrs { replace: true }, Status: LMP_MISMATCH, Last received: 0.0, Next index: 2, Last known committed idx: 1, Time since last communication: 0.001s
I20260713 09:06:20.657105 12424 raft_consensus.cc:2955] T 49686bda909242c79a86d5a3cf4213a8 P 4067fb8e342542b7a906157e1a5f38ac [term 1 FOLLOWER]: Committing config change with OpId 1.2: config changed from index -1 to 2, NON_VOTER cf17543ba73c4c20b72ad1905220b86f (127.10.251.196) added. New config: { opid_index: 2 OBSOLETE_local: false peers { permanent_uuid: "2ced70481e534813bc03a8256b5a0c1d" member_type: VOTER last_known_addr { host: "127.10.251.193" port: 34451 } } peers { permanent_uuid: "4067fb8e342542b7a906157e1a5f38ac" member_type: VOTER last_known_addr { host: "127.10.251.194" port: 37461 } attrs { replace: true } } peers { permanent_uuid: "6d5d45f94bf74376878739ad58d178d4" member_type: VOTER last_known_addr { host: "127.10.251.195" port: 38123 } } peers { permanent_uuid: "cf17543ba73c4c20b72ad1905220b86f" member_type: NON_VOTER last_known_addr { host: "127.10.251.196" port: 43529 } attrs { promote: true } } }
I20260713 09:06:20.654595 12803 raft_consensus.cc:2955] T 49686bda909242c79a86d5a3cf4213a8 P 2ced70481e534813bc03a8256b5a0c1d [term 1 LEADER]: Committing config change with OpId 1.2: config changed from index -1 to 2, NON_VOTER cf17543ba73c4c20b72ad1905220b86f (127.10.251.196) added. New config: { opid_index: 2 OBSOLETE_local: false peers { permanent_uuid: "2ced70481e534813bc03a8256b5a0c1d" member_type: VOTER last_known_addr { host: "127.10.251.193" port: 34451 } } peers { permanent_uuid: "4067fb8e342542b7a906157e1a5f38ac" member_type: VOTER last_known_addr { host: "127.10.251.194" port: 37461 } attrs { replace: true } } peers { permanent_uuid: "6d5d45f94bf74376878739ad58d178d4" member_type: VOTER last_known_addr { host: "127.10.251.195" port: 38123 } } peers { permanent_uuid: "cf17543ba73c4c20b72ad1905220b86f" member_type: NON_VOTER last_known_addr { host: "127.10.251.196" port: 43529 } attrs { promote: true } } }
I20260713 09:06:20.659799 12498 raft_consensus.cc:2955] T 49686bda909242c79a86d5a3cf4213a8 P 6d5d45f94bf74376878739ad58d178d4 [term 1 FOLLOWER]: Committing config change with OpId 1.2: config changed from index -1 to 2, NON_VOTER cf17543ba73c4c20b72ad1905220b86f (127.10.251.196) added. New config: { opid_index: 2 OBSOLETE_local: false peers { permanent_uuid: "2ced70481e534813bc03a8256b5a0c1d" member_type: VOTER last_known_addr { host: "127.10.251.193" port: 34451 } } peers { permanent_uuid: "4067fb8e342542b7a906157e1a5f38ac" member_type: VOTER last_known_addr { host: "127.10.251.194" port: 37461 } attrs { replace: true } } peers { permanent_uuid: "6d5d45f94bf74376878739ad58d178d4" member_type: VOTER last_known_addr { host: "127.10.251.195" port: 38123 } } peers { permanent_uuid: "cf17543ba73c4c20b72ad1905220b86f" member_type: NON_VOTER last_known_addr { host: "127.10.251.196" port: 43529 } attrs { promote: true } } }
I20260713 09:06:20.688189 12424 consensus_queue.cc:237] T b18e4bf111c748d4ae81fd91116e5658 P 4067fb8e342542b7a906157e1a5f38ac [LEADER]: Queue going to LEADER mode. State: All replicated index: 0, Majority replicated index: 1, Committed index: 1, Last appended: 1.1, Last appended by leader: 0, Current term: 1, Majority size: 2, State: 0, Mode: LEADER, active raft config: opid_index: 2 OBSOLETE_local: false peers { permanent_uuid: "2ced70481e534813bc03a8256b5a0c1d" member_type: VOTER last_known_addr { host: "127.10.251.193" port: 34451 } attrs { replace: true } } peers { permanent_uuid: "4067fb8e342542b7a906157e1a5f38ac" member_type: VOTER last_known_addr { host: "127.10.251.194" port: 37461 } } peers { permanent_uuid: "6d5d45f94bf74376878739ad58d178d4" member_type: VOTER last_known_addr { host: "127.10.251.195" port: 38123 } } peers { permanent_uuid: "cf17543ba73c4c20b72ad1905220b86f" member_type: NON_VOTER last_known_addr { host: "127.10.251.196" port: 43529 } attrs { promote: true } }
W20260713 09:06:20.699798 12391 consensus_peers.cc:597] T b18e4bf111c748d4ae81fd91116e5658 P 4067fb8e342542b7a906157e1a5f38ac -> Peer cf17543ba73c4c20b72ad1905220b86f (127.10.251.196:43529): Couldn't send request to peer cf17543ba73c4c20b72ad1905220b86f. Error code: TABLET_NOT_FOUND (6). Status: Not found: Tablet not found: b18e4bf111c748d4ae81fd91116e5658. This is attempt 1: this message will repeat every 5th retry.
I20260713 09:06:20.699543 12246 catalog_manager.cc:5697] T 49686bda909242c79a86d5a3cf4213a8 P 2ced70481e534813bc03a8256b5a0c1d reported cstate change: config changed from index -1 to 2, NON_VOTER cf17543ba73c4c20b72ad1905220b86f (127.10.251.196) added. New cstate: current_term: 1 leader_uuid: "2ced70481e534813bc03a8256b5a0c1d" committed_config { opid_index: 2 OBSOLETE_local: false peers { permanent_uuid: "2ced70481e534813bc03a8256b5a0c1d" member_type: VOTER last_known_addr { host: "127.10.251.193" port: 34451 } health_report { overall_health: HEALTHY } } peers { permanent_uuid: "4067fb8e342542b7a906157e1a5f38ac" member_type: VOTER last_known_addr { host: "127.10.251.194" port: 37461 } attrs { replace: true } health_report { overall_health: HEALTHY } } peers { permanent_uuid: "6d5d45f94bf74376878739ad58d178d4" member_type: VOTER last_known_addr { host: "127.10.251.195" port: 38123 } health_report { overall_health: HEALTHY } } peers { permanent_uuid: "cf17543ba73c4c20b72ad1905220b86f" member_type: NON_VOTER last_known_addr { host: "127.10.251.196" port: 43529 } attrs { promote: true } health_report { overall_health: UNKNOWN } } }
I20260713 09:06:20.701540 12496 raft_consensus.cc:1275] T b18e4bf111c748d4ae81fd91116e5658 P 6d5d45f94bf74376878739ad58d178d4 [term 1 FOLLOWER]: Refusing update from remote peer 4067fb8e342542b7a906157e1a5f38ac: Log matching property violated. Preceding OpId in replica: term: 1 index: 1. Preceding OpId from leader: term: 1 index: 2. (index mismatch)
I20260713 09:06:20.704780 12610 consensus_queue.cc:1048] T b18e4bf111c748d4ae81fd91116e5658 P 4067fb8e342542b7a906157e1a5f38ac [LEADER]: Connected to new peer: Peer: permanent_uuid: "6d5d45f94bf74376878739ad58d178d4" member_type: VOTER last_known_addr { host: "127.10.251.195" port: 38123 }, Status: LMP_MISMATCH, Last received: 0.0, Next index: 2, Last known committed idx: 1, Time since last communication: 0.001s
I20260713 09:06:20.712999 12350 raft_consensus.cc:1275] T b18e4bf111c748d4ae81fd91116e5658 P 2ced70481e534813bc03a8256b5a0c1d [term 1 FOLLOWER]: Refusing update from remote peer 4067fb8e342542b7a906157e1a5f38ac: Log matching property violated. Preceding OpId in replica: term: 1 index: 1. Preceding OpId from leader: term: 1 index: 2. (index mismatch)
I20260713 09:06:20.714969 12610 consensus_queue.cc:1048] T b18e4bf111c748d4ae81fd91116e5658 P 4067fb8e342542b7a906157e1a5f38ac [LEADER]: Connected to new peer: Peer: permanent_uuid: "2ced70481e534813bc03a8256b5a0c1d" member_type: VOTER last_known_addr { host: "127.10.251.193" port: 34451 } attrs { replace: true }, Status: LMP_MISMATCH, Last received: 0.0, Next index: 2, Last known committed idx: 1, Time since last communication: 0.000s
I20260713 09:06:20.718967 12571 raft_consensus.cc:2955] T b18e4bf111c748d4ae81fd91116e5658 P 4067fb8e342542b7a906157e1a5f38ac [term 1 LEADER]: Committing config change with OpId 1.2: config changed from index -1 to 2, NON_VOTER cf17543ba73c4c20b72ad1905220b86f (127.10.251.196) added. New config: { opid_index: 2 OBSOLETE_local: false peers { permanent_uuid: "2ced70481e534813bc03a8256b5a0c1d" member_type: VOTER last_known_addr { host: "127.10.251.193" port: 34451 } attrs { replace: true } } peers { permanent_uuid: "4067fb8e342542b7a906157e1a5f38ac" member_type: VOTER last_known_addr { host: "127.10.251.194" port: 37461 } } peers { permanent_uuid: "6d5d45f94bf74376878739ad58d178d4" member_type: VOTER last_known_addr { host: "127.10.251.195" port: 38123 } } peers { permanent_uuid: "cf17543ba73c4c20b72ad1905220b86f" member_type: NON_VOTER last_known_addr { host: "127.10.251.196" port: 43529 } attrs { promote: true } } }
W20260713 09:06:20.736608 12316 consensus_peers.cc:597] T 49686bda909242c79a86d5a3cf4213a8 P 2ced70481e534813bc03a8256b5a0c1d -> Peer cf17543ba73c4c20b72ad1905220b86f (127.10.251.196:43529): Couldn't send request to peer cf17543ba73c4c20b72ad1905220b86f. Error code: TABLET_NOT_FOUND (6). Status: Not found: Tablet not found: 49686bda909242c79a86d5a3cf4213a8. This is attempt 1: this message will repeat every 5th retry.
I20260713 09:06:20.737475 12498 raft_consensus.cc:2955] T b18e4bf111c748d4ae81fd91116e5658 P 6d5d45f94bf74376878739ad58d178d4 [term 1 FOLLOWER]: Committing config change with OpId 1.2: config changed from index -1 to 2, NON_VOTER cf17543ba73c4c20b72ad1905220b86f (127.10.251.196) added. New config: { opid_index: 2 OBSOLETE_local: false peers { permanent_uuid: "2ced70481e534813bc03a8256b5a0c1d" member_type: VOTER last_known_addr { host: "127.10.251.193" port: 34451 } attrs { replace: true } } peers { permanent_uuid: "4067fb8e342542b7a906157e1a5f38ac" member_type: VOTER last_known_addr { host: "127.10.251.194" port: 37461 } } peers { permanent_uuid: "6d5d45f94bf74376878739ad58d178d4" member_type: VOTER last_known_addr { host: "127.10.251.195" port: 38123 } } peers { permanent_uuid: "cf17543ba73c4c20b72ad1905220b86f" member_type: NON_VOTER last_known_addr { host: "127.10.251.196" port: 43529 } attrs { promote: true } } }
I20260713 09:06:20.747128 12245 catalog_manager.cc:5697] T b18e4bf111c748d4ae81fd91116e5658 P 4067fb8e342542b7a906157e1a5f38ac reported cstate change: config changed from index -1 to 2, NON_VOTER cf17543ba73c4c20b72ad1905220b86f (127.10.251.196) added. New cstate: current_term: 1 leader_uuid: "4067fb8e342542b7a906157e1a5f38ac" committed_config { opid_index: 2 OBSOLETE_local: false peers { permanent_uuid: "2ced70481e534813bc03a8256b5a0c1d" member_type: VOTER last_known_addr { host: "127.10.251.193" port: 34451 } attrs { replace: true } health_report { overall_health: UNKNOWN } } peers { permanent_uuid: "4067fb8e342542b7a906157e1a5f38ac" member_type: VOTER last_known_addr { host: "127.10.251.194" port: 37461 } health_report { overall_health: HEALTHY } } peers { permanent_uuid: "6d5d45f94bf74376878739ad58d178d4" member_type: VOTER last_known_addr { host: "127.10.251.195" port: 38123 } health_report { overall_health: HEALTHY } } peers { permanent_uuid: "cf17543ba73c4c20b72ad1905220b86f" member_type: NON_VOTER last_known_addr { host: "127.10.251.196" port: 43529 } attrs { promote: true } health_report { overall_health: UNKNOWN } } }
I20260713 09:06:20.763130 12497 consensus_queue.cc:237] T ab0d897c05a04cc185bfaca73721f8ce P 6d5d45f94bf74376878739ad58d178d4 [LEADER]: Queue going to LEADER mode. State: All replicated index: 0, Majority replicated index: 1, Committed index: 1, Last appended: 1.1, Last appended by leader: 0, Current term: 1, Majority size: 2, State: 0, Mode: LEADER, active raft config: opid_index: 2 OBSOLETE_local: false peers { permanent_uuid: "2ced70481e534813bc03a8256b5a0c1d" member_type: VOTER last_known_addr { host: "127.10.251.193" port: 34451 } } peers { permanent_uuid: "4067fb8e342542b7a906157e1a5f38ac" member_type: VOTER last_known_addr { host: "127.10.251.194" port: 37461 } attrs { replace: true } } peers { permanent_uuid: "6d5d45f94bf74376878739ad58d178d4" member_type: VOTER last_known_addr { host: "127.10.251.195" port: 38123 } } peers { permanent_uuid: "cf17543ba73c4c20b72ad1905220b86f" member_type: NON_VOTER last_known_addr { host: "127.10.251.196" port: 43529 } attrs { promote: true } }
I20260713 09:06:20.767311 12350 raft_consensus.cc:2955] T b18e4bf111c748d4ae81fd91116e5658 P 2ced70481e534813bc03a8256b5a0c1d [term 1 FOLLOWER]: Committing config change with OpId 1.2: config changed from index -1 to 2, NON_VOTER cf17543ba73c4c20b72ad1905220b86f (127.10.251.196) added. New config: { opid_index: 2 OBSOLETE_local: false peers { permanent_uuid: "2ced70481e534813bc03a8256b5a0c1d" member_type: VOTER last_known_addr { host: "127.10.251.193" port: 34451 } attrs { replace: true } } peers { permanent_uuid: "4067fb8e342542b7a906157e1a5f38ac" member_type: VOTER last_known_addr { host: "127.10.251.194" port: 37461 } } peers { permanent_uuid: "6d5d45f94bf74376878739ad58d178d4" member_type: VOTER last_known_addr { host: "127.10.251.195" port: 38123 } } peers { permanent_uuid: "cf17543ba73c4c20b72ad1905220b86f" member_type: NON_VOTER last_known_addr { host: "127.10.251.196" port: 43529 } attrs { promote: true } } }
I20260713 09:06:20.778210 12424 raft_consensus.cc:1275] T ab0d897c05a04cc185bfaca73721f8ce P 4067fb8e342542b7a906157e1a5f38ac [term 1 FOLLOWER]: Refusing update from remote peer 6d5d45f94bf74376878739ad58d178d4: Log matching property violated. Preceding OpId in replica: term: 1 index: 1. Preceding OpId from leader: term: 1 index: 2. (index mismatch)
I20260713 09:06:20.779743 12347 raft_consensus.cc:1275] T ab0d897c05a04cc185bfaca73721f8ce P 2ced70481e534813bc03a8256b5a0c1d [term 1 FOLLOWER]: Refusing update from remote peer 6d5d45f94bf74376878739ad58d178d4: Log matching property violated. Preceding OpId in replica: term: 1 index: 1. Preceding OpId from leader: term: 1 index: 2. (index mismatch)
I20260713 09:06:20.784518 12651 consensus_queue.cc:1048] T ab0d897c05a04cc185bfaca73721f8ce P 6d5d45f94bf74376878739ad58d178d4 [LEADER]: Connected to new peer: Peer: permanent_uuid: "4067fb8e342542b7a906157e1a5f38ac" member_type: VOTER last_known_addr { host: "127.10.251.194" port: 37461 } attrs { replace: true }, Status: LMP_MISMATCH, Last received: 0.0, Next index: 2, Last known committed idx: 1, Time since last communication: 0.001s
I20260713 09:06:20.787402 12651 consensus_queue.cc:1048] T ab0d897c05a04cc185bfaca73721f8ce P 6d5d45f94bf74376878739ad58d178d4 [LEADER]: Connected to new peer: Peer: permanent_uuid: "2ced70481e534813bc03a8256b5a0c1d" member_type: VOTER last_known_addr { host: "127.10.251.193" port: 34451 }, Status: LMP_MISMATCH, Last received: 0.0, Next index: 2, Last known committed idx: 1, Time since last communication: 0.001s
I20260713 09:06:20.798784 12549 raft_consensus.cc:2955] T ab0d897c05a04cc185bfaca73721f8ce P 6d5d45f94bf74376878739ad58d178d4 [term 1 LEADER]: Committing config change with OpId 1.2: config changed from index -1 to 2, NON_VOTER cf17543ba73c4c20b72ad1905220b86f (127.10.251.196) added. New config: { opid_index: 2 OBSOLETE_local: false peers { permanent_uuid: "2ced70481e534813bc03a8256b5a0c1d" member_type: VOTER last_known_addr { host: "127.10.251.193" port: 34451 } } peers { permanent_uuid: "4067fb8e342542b7a906157e1a5f38ac" member_type: VOTER last_known_addr { host: "127.10.251.194" port: 37461 } attrs { replace: true } } peers { permanent_uuid: "6d5d45f94bf74376878739ad58d178d4" member_type: VOTER last_known_addr { host: "127.10.251.195" port: 38123 } } peers { permanent_uuid: "cf17543ba73c4c20b72ad1905220b86f" member_type: NON_VOTER last_known_addr { host: "127.10.251.196" port: 43529 } attrs { promote: true } } }
I20260713 09:06:20.807753 12424 raft_consensus.cc:2955] T ab0d897c05a04cc185bfaca73721f8ce P 4067fb8e342542b7a906157e1a5f38ac [term 1 FOLLOWER]: Committing config change with OpId 1.2: config changed from index -1 to 2, NON_VOTER cf17543ba73c4c20b72ad1905220b86f (127.10.251.196) added. New config: { opid_index: 2 OBSOLETE_local: false peers { permanent_uuid: "2ced70481e534813bc03a8256b5a0c1d" member_type: VOTER last_known_addr { host: "127.10.251.193" port: 34451 } } peers { permanent_uuid: "4067fb8e342542b7a906157e1a5f38ac" member_type: VOTER last_known_addr { host: "127.10.251.194" port: 37461 } attrs { replace: true } } peers { permanent_uuid: "6d5d45f94bf74376878739ad58d178d4" member_type: VOTER last_known_addr { host: "127.10.251.195" port: 38123 } } peers { permanent_uuid: "cf17543ba73c4c20b72ad1905220b86f" member_type: NON_VOTER last_known_addr { host: "127.10.251.196" port: 43529 } attrs { promote: true } } }
I20260713 09:06:20.811599 12347 raft_consensus.cc:2955] T ab0d897c05a04cc185bfaca73721f8ce P 2ced70481e534813bc03a8256b5a0c1d [term 1 FOLLOWER]: Committing config change with OpId 1.2: config changed from index -1 to 2, NON_VOTER cf17543ba73c4c20b72ad1905220b86f (127.10.251.196) added. New config: { opid_index: 2 OBSOLETE_local: false peers { permanent_uuid: "2ced70481e534813bc03a8256b5a0c1d" member_type: VOTER last_known_addr { host: "127.10.251.193" port: 34451 } } peers { permanent_uuid: "4067fb8e342542b7a906157e1a5f38ac" member_type: VOTER last_known_addr { host: "127.10.251.194" port: 37461 } attrs { replace: true } } peers { permanent_uuid: "6d5d45f94bf74376878739ad58d178d4" member_type: VOTER last_known_addr { host: "127.10.251.195" port: 38123 } } peers { permanent_uuid: "cf17543ba73c4c20b72ad1905220b86f" member_type: NON_VOTER last_known_addr { host: "127.10.251.196" port: 43529 } attrs { promote: true } } }
I20260713 09:06:20.847098 12246 catalog_manager.cc:5697] T ab0d897c05a04cc185bfaca73721f8ce P 6d5d45f94bf74376878739ad58d178d4 reported cstate change: config changed from index -1 to 2, NON_VOTER cf17543ba73c4c20b72ad1905220b86f (127.10.251.196) added. New cstate: current_term: 1 leader_uuid: "6d5d45f94bf74376878739ad58d178d4" committed_config { opid_index: 2 OBSOLETE_local: false peers { permanent_uuid: "2ced70481e534813bc03a8256b5a0c1d" member_type: VOTER last_known_addr { host: "127.10.251.193" port: 34451 } health_report { overall_health: HEALTHY } } peers { permanent_uuid: "4067fb8e342542b7a906157e1a5f38ac" member_type: VOTER last_known_addr { host: "127.10.251.194" port: 37461 } attrs { replace: true } health_report { overall_health: HEALTHY } } peers { permanent_uuid: "6d5d45f94bf74376878739ad58d178d4" member_type: VOTER last_known_addr { host: "127.10.251.195" port: 38123 } health_report { overall_health: HEALTHY } } peers { permanent_uuid: "cf17543ba73c4c20b72ad1905220b86f" member_type: NON_VOTER last_known_addr { host: "127.10.251.196" port: 43529 } attrs { promote: true } health_report { overall_health: UNKNOWN } } }
W20260713 09:06:20.867862 12465 consensus_peers.cc:597] T ab0d897c05a04cc185bfaca73721f8ce P 6d5d45f94bf74376878739ad58d178d4 -> Peer cf17543ba73c4c20b72ad1905220b86f (127.10.251.196:43529): Couldn't send request to peer cf17543ba73c4c20b72ad1905220b86f. Error code: TABLET_NOT_FOUND (6). Status: Not found: Tablet not found: ab0d897c05a04cc185bfaca73721f8ce. This is attempt 1: this message will repeat every 5th retry.
I20260713 09:06:20.908557 12829 ts_tablet_manager.cc:933] T ff23e903b9584825b9d28d2268c79cce P cf17543ba73c4c20b72ad1905220b86f: Initiating tablet copy from peer 4067fb8e342542b7a906157e1a5f38ac (127.10.251.194:37461)
I20260713 09:06:20.910722 12829 tablet_copy_client.cc:323] T ff23e903b9584825b9d28d2268c79cce P cf17543ba73c4c20b72ad1905220b86f: tablet copy: Beginning tablet copy session from remote peer at address 127.10.251.194:37461
I20260713 09:06:20.925623 12435 tablet_copy_service.cc:140] P 4067fb8e342542b7a906157e1a5f38ac: Received BeginTabletCopySession request for tablet ff23e903b9584825b9d28d2268c79cce from peer cf17543ba73c4c20b72ad1905220b86f ({username='slave'} at 127.0.0.1:57162)
I20260713 09:06:20.926326 12435 tablet_copy_service.cc:161] P 4067fb8e342542b7a906157e1a5f38ac: Beginning new tablet copy session on tablet ff23e903b9584825b9d28d2268c79cce from peer cf17543ba73c4c20b72ad1905220b86f at {username='slave'} at 127.0.0.1:57162: session id = cf17543ba73c4c20b72ad1905220b86f-ff23e903b9584825b9d28d2268c79cce
I20260713 09:06:20.935653 12435 tablet_copy_source_session.cc:215] T ff23e903b9584825b9d28d2268c79cce P 4067fb8e342542b7a906157e1a5f38ac: Tablet Copy: opened 0 blocks and 1 log segments
I20260713 09:06:20.940272 12829 data_dirs.cc:400] Could only allocate 1 dirs of requested 3 for tablet ff23e903b9584825b9d28d2268c79cce. 1 dirs total, 0 dirs full, 0 dirs failed
I20260713 09:06:20.960744 12829 tablet_copy_client.cc:806] T ff23e903b9584825b9d28d2268c79cce P cf17543ba73c4c20b72ad1905220b86f: tablet copy: Starting download of 0 data blocks...
I20260713 09:06:20.961560 12829 tablet_copy_client.cc:670] T ff23e903b9584825b9d28d2268c79cce P cf17543ba73c4c20b72ad1905220b86f: tablet copy: Starting download of 1 WAL segments...
I20260713 09:06:20.966236 12829 tablet_copy_client.cc:538] T ff23e903b9584825b9d28d2268c79cce P cf17543ba73c4c20b72ad1905220b86f: tablet copy: Tablet Copy complete. Replacing tablet superblock.
I20260713 09:06:20.977610 12829 tablet_bootstrap.cc:492] T ff23e903b9584825b9d28d2268c79cce P cf17543ba73c4c20b72ad1905220b86f: Bootstrap starting.
I20260713 09:06:21.006927 12829 tablet_bootstrap.cc:492] T ff23e903b9584825b9d28d2268c79cce P cf17543ba73c4c20b72ad1905220b86f: Bootstrap replayed 1/1 log segments. Stats: ops{read=2 overwritten=0 applied=2 ignored=0} inserts{seen=0 ignored=0} mutations{seen=0 ignored=0} orphaned_commits=0. Pending: 0 replicates
I20260713 09:06:21.008009 12829 tablet_bootstrap.cc:492] T ff23e903b9584825b9d28d2268c79cce P cf17543ba73c4c20b72ad1905220b86f: Bootstrap complete.
I20260713 09:06:21.008874 12829 ts_tablet_manager.cc:1403] T ff23e903b9584825b9d28d2268c79cce P cf17543ba73c4c20b72ad1905220b86f: Time spent bootstrapping tablet: real 0.031s	user 0.014s	sys 0.009s
I20260713 09:06:21.012225 12829 raft_consensus.cc:359] T ff23e903b9584825b9d28d2268c79cce P cf17543ba73c4c20b72ad1905220b86f [term 1 LEARNER]: Replica starting. Triggering 0 pending ops. Active config: opid_index: 2 OBSOLETE_local: false peers { permanent_uuid: "2ced70481e534813bc03a8256b5a0c1d" member_type: VOTER last_known_addr { host: "127.10.251.193" port: 34451 } } peers { permanent_uuid: "4067fb8e342542b7a906157e1a5f38ac" member_type: VOTER last_known_addr { host: "127.10.251.194" port: 37461 } } peers { permanent_uuid: "6d5d45f94bf74376878739ad58d178d4" member_type: VOTER last_known_addr { host: "127.10.251.195" port: 38123 } attrs { replace: true } } peers { permanent_uuid: "cf17543ba73c4c20b72ad1905220b86f" member_type: NON_VOTER last_known_addr { host: "127.10.251.196" port: 43529 } attrs { promote: true } }
I20260713 09:06:21.013185 12829 raft_consensus.cc:740] T ff23e903b9584825b9d28d2268c79cce P cf17543ba73c4c20b72ad1905220b86f [term 1 LEARNER]: Becoming Follower/Learner. State: Replica: cf17543ba73c4c20b72ad1905220b86f, State: Initialized, Role: LEARNER
I20260713 09:06:21.013901 12829 consensus_queue.cc:260] T ff23e903b9584825b9d28d2268c79cce P cf17543ba73c4c20b72ad1905220b86f [NON_LEADER]: Queue going to NON_LEADER mode. State: All replicated index: 0, Majority replicated index: 0, Committed index: 2, Last appended: 1.2, Last appended by leader: 2, Current term: 0, Majority size: -1, State: 0, Mode: NON_LEADER, active raft config: opid_index: 2 OBSOLETE_local: false peers { permanent_uuid: "2ced70481e534813bc03a8256b5a0c1d" member_type: VOTER last_known_addr { host: "127.10.251.193" port: 34451 } } peers { permanent_uuid: "4067fb8e342542b7a906157e1a5f38ac" member_type: VOTER last_known_addr { host: "127.10.251.194" port: 37461 } } peers { permanent_uuid: "6d5d45f94bf74376878739ad58d178d4" member_type: VOTER last_known_addr { host: "127.10.251.195" port: 38123 } attrs { replace: true } } peers { permanent_uuid: "cf17543ba73c4c20b72ad1905220b86f" member_type: NON_VOTER last_known_addr { host: "127.10.251.196" port: 43529 } attrs { promote: true } }
I20260713 09:06:21.017091 12801 heartbeater.cc:499] Master 127.10.251.254:34861 was elected leader, sending a full tablet report...
I20260713 09:06:21.017637 12829 ts_tablet_manager.cc:1434] T ff23e903b9584825b9d28d2268c79cce P cf17543ba73c4c20b72ad1905220b86f: Time spent starting tablet: real 0.008s	user 0.007s	sys 0.000s
I20260713 09:06:21.023747 12435 tablet_copy_service.cc:342] P 4067fb8e342542b7a906157e1a5f38ac: Request end of tablet copy session cf17543ba73c4c20b72ad1905220b86f-ff23e903b9584825b9d28d2268c79cce received from {username='slave'} at 127.0.0.1:57162
I20260713 09:06:21.024312 12435 tablet_copy_service.cc:434] P 4067fb8e342542b7a906157e1a5f38ac: ending tablet copy session cf17543ba73c4c20b72ad1905220b86f-ff23e903b9584825b9d28d2268c79cce on tablet ff23e903b9584825b9d28d2268c79cce with peer cf17543ba73c4c20b72ad1905220b86f
I20260713 09:06:21.212925 12829 ts_tablet_manager.cc:933] T b18e4bf111c748d4ae81fd91116e5658 P cf17543ba73c4c20b72ad1905220b86f: Initiating tablet copy from peer 4067fb8e342542b7a906157e1a5f38ac (127.10.251.194:37461)
I20260713 09:06:21.215749 12829 tablet_copy_client.cc:323] T b18e4bf111c748d4ae81fd91116e5658 P cf17543ba73c4c20b72ad1905220b86f: tablet copy: Beginning tablet copy session from remote peer at address 127.10.251.194:37461
I20260713 09:06:21.216449 12835 ts_tablet_manager.cc:933] T 49686bda909242c79a86d5a3cf4213a8 P cf17543ba73c4c20b72ad1905220b86f: Initiating tablet copy from peer 2ced70481e534813bc03a8256b5a0c1d (127.10.251.193:34451)
I20260713 09:06:21.217707 12435 tablet_copy_service.cc:140] P 4067fb8e342542b7a906157e1a5f38ac: Received BeginTabletCopySession request for tablet b18e4bf111c748d4ae81fd91116e5658 from peer cf17543ba73c4c20b72ad1905220b86f ({username='slave'} at 127.0.0.1:57162)
I20260713 09:06:21.218327 12435 tablet_copy_service.cc:161] P 4067fb8e342542b7a906157e1a5f38ac: Beginning new tablet copy session on tablet b18e4bf111c748d4ae81fd91116e5658 from peer cf17543ba73c4c20b72ad1905220b86f at {username='slave'} at 127.0.0.1:57162: session id = cf17543ba73c4c20b72ad1905220b86f-b18e4bf111c748d4ae81fd91116e5658
I20260713 09:06:21.227586 12435 tablet_copy_source_session.cc:215] T b18e4bf111c748d4ae81fd91116e5658 P 4067fb8e342542b7a906157e1a5f38ac: Tablet Copy: opened 0 blocks and 1 log segments
I20260713 09:06:21.237192 12829 data_dirs.cc:400] Could only allocate 1 dirs of requested 3 for tablet b18e4bf111c748d4ae81fd91116e5658. 1 dirs total, 0 dirs full, 0 dirs failed
I20260713 09:06:21.280731 12837 ts_tablet_manager.cc:933] T ab0d897c05a04cc185bfaca73721f8ce P cf17543ba73c4c20b72ad1905220b86f: Initiating tablet copy from peer 6d5d45f94bf74376878739ad58d178d4 (127.10.251.195:38123)
I20260713 09:06:21.292699 12835 tablet_copy_client.cc:323] T 49686bda909242c79a86d5a3cf4213a8 P cf17543ba73c4c20b72ad1905220b86f: tablet copy: Beginning tablet copy session from remote peer at address 127.10.251.193:34451
I20260713 09:06:21.297585 12837 tablet_copy_client.cc:323] T ab0d897c05a04cc185bfaca73721f8ce P cf17543ba73c4c20b72ad1905220b86f: tablet copy: Beginning tablet copy session from remote peer at address 127.10.251.195:38123
I20260713 09:06:21.323282 12829 tablet_copy_client.cc:806] T b18e4bf111c748d4ae81fd91116e5658 P cf17543ba73c4c20b72ad1905220b86f: tablet copy: Starting download of 0 data blocks...
I20260713 09:06:21.324577 12360 tablet_copy_service.cc:140] P 2ced70481e534813bc03a8256b5a0c1d: Received BeginTabletCopySession request for tablet 49686bda909242c79a86d5a3cf4213a8 from peer cf17543ba73c4c20b72ad1905220b86f ({username='slave'} at 127.0.0.1:60700)
I20260713 09:06:21.329059 12360 tablet_copy_service.cc:161] P 2ced70481e534813bc03a8256b5a0c1d: Beginning new tablet copy session on tablet 49686bda909242c79a86d5a3cf4213a8 from peer cf17543ba73c4c20b72ad1905220b86f at {username='slave'} at 127.0.0.1:60700: session id = cf17543ba73c4c20b72ad1905220b86f-49686bda909242c79a86d5a3cf4213a8
I20260713 09:06:21.335903 12509 tablet_copy_service.cc:140] P 6d5d45f94bf74376878739ad58d178d4: Received BeginTabletCopySession request for tablet ab0d897c05a04cc185bfaca73721f8ce from peer cf17543ba73c4c20b72ad1905220b86f ({username='slave'} at 127.0.0.1:42320)
I20260713 09:06:21.336508 12509 tablet_copy_service.cc:161] P 6d5d45f94bf74376878739ad58d178d4: Beginning new tablet copy session on tablet ab0d897c05a04cc185bfaca73721f8ce from peer cf17543ba73c4c20b72ad1905220b86f at {username='slave'} at 127.0.0.1:42320: session id = cf17543ba73c4c20b72ad1905220b86f-ab0d897c05a04cc185bfaca73721f8ce
I20260713 09:06:21.338294 12360 tablet_copy_source_session.cc:215] T 49686bda909242c79a86d5a3cf4213a8 P 2ced70481e534813bc03a8256b5a0c1d: Tablet Copy: opened 0 blocks and 1 log segments
I20260713 09:06:21.341373 12829 tablet_copy_client.cc:670] T b18e4bf111c748d4ae81fd91116e5658 P cf17543ba73c4c20b72ad1905220b86f: tablet copy: Starting download of 1 WAL segments...
I20260713 09:06:21.342003 12835 data_dirs.cc:400] Could only allocate 1 dirs of requested 3 for tablet 49686bda909242c79a86d5a3cf4213a8. 1 dirs total, 0 dirs full, 0 dirs failed
I20260713 09:06:21.352026 12509 tablet_copy_source_session.cc:215] T ab0d897c05a04cc185bfaca73721f8ce P 6d5d45f94bf74376878739ad58d178d4: Tablet Copy: opened 0 blocks and 1 log segments
I20260713 09:06:21.360404 12835 tablet_copy_client.cc:806] T 49686bda909242c79a86d5a3cf4213a8 P cf17543ba73c4c20b72ad1905220b86f: tablet copy: Starting download of 0 data blocks...
I20260713 09:06:21.357602 12829 tablet_copy_client.cc:538] T b18e4bf111c748d4ae81fd91116e5658 P cf17543ba73c4c20b72ad1905220b86f: tablet copy: Tablet Copy complete. Replacing tablet superblock.
I20260713 09:06:21.361562 12835 tablet_copy_client.cc:670] T 49686bda909242c79a86d5a3cf4213a8 P cf17543ba73c4c20b72ad1905220b86f: tablet copy: Starting download of 1 WAL segments...
I20260713 09:06:21.362169 12837 data_dirs.cc:400] Could only allocate 1 dirs of requested 3 for tablet ab0d897c05a04cc185bfaca73721f8ce. 1 dirs total, 0 dirs full, 0 dirs failed
I20260713 09:06:21.377214 12835 tablet_copy_client.cc:538] T 49686bda909242c79a86d5a3cf4213a8 P cf17543ba73c4c20b72ad1905220b86f: tablet copy: Tablet Copy complete. Replacing tablet superblock.
I20260713 09:06:21.387230 12837 tablet_copy_client.cc:806] T ab0d897c05a04cc185bfaca73721f8ce P cf17543ba73c4c20b72ad1905220b86f: tablet copy: Starting download of 0 data blocks...
I20260713 09:06:21.387916 12837 tablet_copy_client.cc:670] T ab0d897c05a04cc185bfaca73721f8ce P cf17543ba73c4c20b72ad1905220b86f: tablet copy: Starting download of 1 WAL segments...
I20260713 09:06:21.389160 12835 tablet_bootstrap.cc:492] T 49686bda909242c79a86d5a3cf4213a8 P cf17543ba73c4c20b72ad1905220b86f: Bootstrap starting.
I20260713 09:06:21.392529 12837 tablet_copy_client.cc:538] T ab0d897c05a04cc185bfaca73721f8ce P cf17543ba73c4c20b72ad1905220b86f: tablet copy: Tablet Copy complete. Replacing tablet superblock.
I20260713 09:06:21.415742 12776 raft_consensus.cc:1217] T ff23e903b9584825b9d28d2268c79cce P cf17543ba73c4c20b72ad1905220b86f [term 1 LEARNER]: Deduplicated request from leader. Original: 1.1->[1.2-1.2]   Dedup: 1.2->[]
I20260713 09:06:21.437228 12829 tablet_bootstrap.cc:492] T b18e4bf111c748d4ae81fd91116e5658 P cf17543ba73c4c20b72ad1905220b86f: Bootstrap starting.
I20260713 09:06:21.441377 12837 tablet_bootstrap.cc:492] T ab0d897c05a04cc185bfaca73721f8ce P cf17543ba73c4c20b72ad1905220b86f: Bootstrap starting.
I20260713 09:06:21.470280 12835 tablet_bootstrap.cc:492] T 49686bda909242c79a86d5a3cf4213a8 P cf17543ba73c4c20b72ad1905220b86f: Bootstrap replayed 1/1 log segments. Stats: ops{read=2 overwritten=0 applied=2 ignored=0} inserts{seen=0 ignored=0} mutations{seen=0 ignored=0} orphaned_commits=0. Pending: 0 replicates
I20260713 09:06:21.495424 12829 tablet_bootstrap.cc:492] T b18e4bf111c748d4ae81fd91116e5658 P cf17543ba73c4c20b72ad1905220b86f: Bootstrap replayed 1/1 log segments. Stats: ops{read=2 overwritten=0 applied=2 ignored=0} inserts{seen=0 ignored=0} mutations{seen=0 ignored=0} orphaned_commits=0. Pending: 0 replicates
I20260713 09:06:21.496471 12835 tablet_bootstrap.cc:492] T 49686bda909242c79a86d5a3cf4213a8 P cf17543ba73c4c20b72ad1905220b86f: Bootstrap complete.
I20260713 09:06:21.498697 12835 ts_tablet_manager.cc:1403] T 49686bda909242c79a86d5a3cf4213a8 P cf17543ba73c4c20b72ad1905220b86f: Time spent bootstrapping tablet: real 0.110s	user 0.027s	sys 0.012s
I20260713 09:06:21.502156 12835 raft_consensus.cc:359] T 49686bda909242c79a86d5a3cf4213a8 P cf17543ba73c4c20b72ad1905220b86f [term 1 LEARNER]: Replica starting. Triggering 0 pending ops. Active config: opid_index: 2 OBSOLETE_local: false peers { permanent_uuid: "2ced70481e534813bc03a8256b5a0c1d" member_type: VOTER last_known_addr { host: "127.10.251.193" port: 34451 } } peers { permanent_uuid: "4067fb8e342542b7a906157e1a5f38ac" member_type: VOTER last_known_addr { host: "127.10.251.194" port: 37461 } attrs { replace: true } } peers { permanent_uuid: "6d5d45f94bf74376878739ad58d178d4" member_type: VOTER last_known_addr { host: "127.10.251.195" port: 38123 } } peers { permanent_uuid: "cf17543ba73c4c20b72ad1905220b86f" member_type: NON_VOTER last_known_addr { host: "127.10.251.196" port: 43529 } attrs { promote: true } }
I20260713 09:06:21.503078 12835 raft_consensus.cc:740] T 49686bda909242c79a86d5a3cf4213a8 P cf17543ba73c4c20b72ad1905220b86f [term 1 LEARNER]: Becoming Follower/Learner. State: Replica: cf17543ba73c4c20b72ad1905220b86f, State: Initialized, Role: LEARNER
I20260713 09:06:21.505462 12835 consensus_queue.cc:260] T 49686bda909242c79a86d5a3cf4213a8 P cf17543ba73c4c20b72ad1905220b86f [NON_LEADER]: Queue going to NON_LEADER mode. State: All replicated index: 0, Majority replicated index: 0, Committed index: 2, Last appended: 1.2, Last appended by leader: 2, Current term: 0, Majority size: -1, State: 0, Mode: NON_LEADER, active raft config: opid_index: 2 OBSOLETE_local: false peers { permanent_uuid: "2ced70481e534813bc03a8256b5a0c1d" member_type: VOTER last_known_addr { host: "127.10.251.193" port: 34451 } } peers { permanent_uuid: "4067fb8e342542b7a906157e1a5f38ac" member_type: VOTER last_known_addr { host: "127.10.251.194" port: 37461 } attrs { replace: true } } peers { permanent_uuid: "6d5d45f94bf74376878739ad58d178d4" member_type: VOTER last_known_addr { host: "127.10.251.195" port: 38123 } } peers { permanent_uuid: "cf17543ba73c4c20b72ad1905220b86f" member_type: NON_VOTER last_known_addr { host: "127.10.251.196" port: 43529 } attrs { promote: true } }
I20260713 09:06:21.508111 12835 ts_tablet_manager.cc:1434] T 49686bda909242c79a86d5a3cf4213a8 P cf17543ba73c4c20b72ad1905220b86f: Time spent starting tablet: real 0.009s	user 0.004s	sys 0.001s
I20260713 09:06:21.508948 12829 tablet_bootstrap.cc:492] T b18e4bf111c748d4ae81fd91116e5658 P cf17543ba73c4c20b72ad1905220b86f: Bootstrap complete.
I20260713 09:06:21.510005 12360 tablet_copy_service.cc:342] P 2ced70481e534813bc03a8256b5a0c1d: Request end of tablet copy session cf17543ba73c4c20b72ad1905220b86f-49686bda909242c79a86d5a3cf4213a8 received from {username='slave'} at 127.0.0.1:60700
I20260713 09:06:21.510624 12360 tablet_copy_service.cc:434] P 2ced70481e534813bc03a8256b5a0c1d: ending tablet copy session cf17543ba73c4c20b72ad1905220b86f-49686bda909242c79a86d5a3cf4213a8 on tablet 49686bda909242c79a86d5a3cf4213a8 with peer cf17543ba73c4c20b72ad1905220b86f
I20260713 09:06:21.511211 12829 ts_tablet_manager.cc:1403] T b18e4bf111c748d4ae81fd91116e5658 P cf17543ba73c4c20b72ad1905220b86f: Time spent bootstrapping tablet: real 0.074s	user 0.023s	sys 0.013s
I20260713 09:06:21.514482 12829 raft_consensus.cc:359] T b18e4bf111c748d4ae81fd91116e5658 P cf17543ba73c4c20b72ad1905220b86f [term 1 LEARNER]: Replica starting. Triggering 0 pending ops. Active config: opid_index: 2 OBSOLETE_local: false peers { permanent_uuid: "2ced70481e534813bc03a8256b5a0c1d" member_type: VOTER last_known_addr { host: "127.10.251.193" port: 34451 } attrs { replace: true } } peers { permanent_uuid: "4067fb8e342542b7a906157e1a5f38ac" member_type: VOTER last_known_addr { host: "127.10.251.194" port: 37461 } } peers { permanent_uuid: "6d5d45f94bf74376878739ad58d178d4" member_type: VOTER last_known_addr { host: "127.10.251.195" port: 38123 } } peers { permanent_uuid: "cf17543ba73c4c20b72ad1905220b86f" member_type: NON_VOTER last_known_addr { host: "127.10.251.196" port: 43529 } attrs { promote: true } }
I20260713 09:06:21.515950 12829 raft_consensus.cc:740] T b18e4bf111c748d4ae81fd91116e5658 P cf17543ba73c4c20b72ad1905220b86f [term 1 LEARNER]: Becoming Follower/Learner. State: Replica: cf17543ba73c4c20b72ad1905220b86f, State: Initialized, Role: LEARNER
I20260713 09:06:21.517257 12837 tablet_bootstrap.cc:492] T ab0d897c05a04cc185bfaca73721f8ce P cf17543ba73c4c20b72ad1905220b86f: Bootstrap replayed 1/1 log segments. Stats: ops{read=2 overwritten=0 applied=2 ignored=0} inserts{seen=0 ignored=0} mutations{seen=0 ignored=0} orphaned_commits=0. Pending: 0 replicates
I20260713 09:06:21.516674 12829 consensus_queue.cc:260] T b18e4bf111c748d4ae81fd91116e5658 P cf17543ba73c4c20b72ad1905220b86f [NON_LEADER]: Queue going to NON_LEADER mode. State: All replicated index: 0, Majority replicated index: 0, Committed index: 2, Last appended: 1.2, Last appended by leader: 2, Current term: 0, Majority size: -1, State: 0, Mode: NON_LEADER, active raft config: opid_index: 2 OBSOLETE_local: false peers { permanent_uuid: "2ced70481e534813bc03a8256b5a0c1d" member_type: VOTER last_known_addr { host: "127.10.251.193" port: 34451 } attrs { replace: true } } peers { permanent_uuid: "4067fb8e342542b7a906157e1a5f38ac" member_type: VOTER last_known_addr { host: "127.10.251.194" port: 37461 } } peers { permanent_uuid: "6d5d45f94bf74376878739ad58d178d4" member_type: VOTER last_known_addr { host: "127.10.251.195" port: 38123 } } peers { permanent_uuid: "cf17543ba73c4c20b72ad1905220b86f" member_type: NON_VOTER last_known_addr { host: "127.10.251.196" port: 43529 } attrs { promote: true } }
I20260713 09:06:21.519644 12829 ts_tablet_manager.cc:1434] T b18e4bf111c748d4ae81fd91116e5658 P cf17543ba73c4c20b72ad1905220b86f: Time spent starting tablet: real 0.008s	user 0.007s	sys 0.000s
I20260713 09:06:21.522231 12435 tablet_copy_service.cc:342] P 4067fb8e342542b7a906157e1a5f38ac: Request end of tablet copy session cf17543ba73c4c20b72ad1905220b86f-b18e4bf111c748d4ae81fd91116e5658 received from {username='slave'} at 127.0.0.1:57162
I20260713 09:06:21.522769 12435 tablet_copy_service.cc:434] P 4067fb8e342542b7a906157e1a5f38ac: ending tablet copy session cf17543ba73c4c20b72ad1905220b86f-b18e4bf111c748d4ae81fd91116e5658 on tablet b18e4bf111c748d4ae81fd91116e5658 with peer cf17543ba73c4c20b72ad1905220b86f
I20260713 09:06:21.526049 12837 tablet_bootstrap.cc:492] T ab0d897c05a04cc185bfaca73721f8ce P cf17543ba73c4c20b72ad1905220b86f: Bootstrap complete.
I20260713 09:06:21.526888 12837 ts_tablet_manager.cc:1403] T ab0d897c05a04cc185bfaca73721f8ce P cf17543ba73c4c20b72ad1905220b86f: Time spent bootstrapping tablet: real 0.086s	user 0.026s	sys 0.016s
I20260713 09:06:21.530602 12837 raft_consensus.cc:359] T ab0d897c05a04cc185bfaca73721f8ce P cf17543ba73c4c20b72ad1905220b86f [term 1 LEARNER]: Replica starting. Triggering 0 pending ops. Active config: opid_index: 2 OBSOLETE_local: false peers { permanent_uuid: "2ced70481e534813bc03a8256b5a0c1d" member_type: VOTER last_known_addr { host: "127.10.251.193" port: 34451 } } peers { permanent_uuid: "4067fb8e342542b7a906157e1a5f38ac" member_type: VOTER last_known_addr { host: "127.10.251.194" port: 37461 } attrs { replace: true } } peers { permanent_uuid: "6d5d45f94bf74376878739ad58d178d4" member_type: VOTER last_known_addr { host: "127.10.251.195" port: 38123 } } peers { permanent_uuid: "cf17543ba73c4c20b72ad1905220b86f" member_type: NON_VOTER last_known_addr { host: "127.10.251.196" port: 43529 } attrs { promote: true } }
I20260713 09:06:21.531473 12837 raft_consensus.cc:740] T ab0d897c05a04cc185bfaca73721f8ce P cf17543ba73c4c20b72ad1905220b86f [term 1 LEARNER]: Becoming Follower/Learner. State: Replica: cf17543ba73c4c20b72ad1905220b86f, State: Initialized, Role: LEARNER
I20260713 09:06:21.532315 12837 consensus_queue.cc:260] T ab0d897c05a04cc185bfaca73721f8ce P cf17543ba73c4c20b72ad1905220b86f [NON_LEADER]: Queue going to NON_LEADER mode. State: All replicated index: 0, Majority replicated index: 0, Committed index: 2, Last appended: 1.2, Last appended by leader: 2, Current term: 0, Majority size: -1, State: 0, Mode: NON_LEADER, active raft config: opid_index: 2 OBSOLETE_local: false peers { permanent_uuid: "2ced70481e534813bc03a8256b5a0c1d" member_type: VOTER last_known_addr { host: "127.10.251.193" port: 34451 } } peers { permanent_uuid: "4067fb8e342542b7a906157e1a5f38ac" member_type: VOTER last_known_addr { host: "127.10.251.194" port: 37461 } attrs { replace: true } } peers { permanent_uuid: "6d5d45f94bf74376878739ad58d178d4" member_type: VOTER last_known_addr { host: "127.10.251.195" port: 38123 } } peers { permanent_uuid: "cf17543ba73c4c20b72ad1905220b86f" member_type: NON_VOTER last_known_addr { host: "127.10.251.196" port: 43529 } attrs { promote: true } }
I20260713 09:06:21.534775 12837 ts_tablet_manager.cc:1434] T ab0d897c05a04cc185bfaca73721f8ce P cf17543ba73c4c20b72ad1905220b86f: Time spent starting tablet: real 0.007s	user 0.005s	sys 0.000s
I20260713 09:06:21.536464 12509 tablet_copy_service.cc:342] P 6d5d45f94bf74376878739ad58d178d4: Request end of tablet copy session cf17543ba73c4c20b72ad1905220b86f-ab0d897c05a04cc185bfaca73721f8ce received from {username='slave'} at 127.0.0.1:42320
I20260713 09:06:21.536908 12509 tablet_copy_service.cc:434] P 6d5d45f94bf74376878739ad58d178d4: ending tablet copy session cf17543ba73c4c20b72ad1905220b86f-ab0d897c05a04cc185bfaca73721f8ce on tablet ab0d897c05a04cc185bfaca73721f8ce with peer cf17543ba73c4c20b72ad1905220b86f
I20260713 09:06:21.731297 12776 raft_consensus.cc:1217] T 49686bda909242c79a86d5a3cf4213a8 P cf17543ba73c4c20b72ad1905220b86f [term 1 LEARNER]: Deduplicated request from leader. Original: 1.1->[1.2-1.2]   Dedup: 1.2->[]
I20260713 09:06:21.821094 12776 raft_consensus.cc:1217] T b18e4bf111c748d4ae81fd91116e5658 P cf17543ba73c4c20b72ad1905220b86f [term 1 LEARNER]: Deduplicated request from leader. Original: 1.1->[1.2-1.2]   Dedup: 1.2->[]
I20260713 09:06:21.862790 12776 raft_consensus.cc:1217] T ab0d897c05a04cc185bfaca73721f8ce P cf17543ba73c4c20b72ad1905220b86f [term 1 LEARNER]: Deduplicated request from leader. Original: 1.1->[1.2-1.2]   Dedup: 1.2->[]
I20260713 09:06:21.897466 12610 raft_consensus.cc:1064] T ff23e903b9584825b9d28d2268c79cce P 4067fb8e342542b7a906157e1a5f38ac: attempting to promote NON_VOTER cf17543ba73c4c20b72ad1905220b86f to VOTER
I20260713 09:06:21.900483 12610 consensus_queue.cc:237] T ff23e903b9584825b9d28d2268c79cce P 4067fb8e342542b7a906157e1a5f38ac [LEADER]: Queue going to LEADER mode. State: All replicated index: 0, Majority replicated index: 2, Committed index: 2, Last appended: 1.2, Last appended by leader: 0, Current term: 1, Majority size: 3, State: 0, Mode: LEADER, active raft config: opid_index: 3 OBSOLETE_local: false peers { permanent_uuid: "2ced70481e534813bc03a8256b5a0c1d" member_type: VOTER last_known_addr { host: "127.10.251.193" port: 34451 } } peers { permanent_uuid: "4067fb8e342542b7a906157e1a5f38ac" member_type: VOTER last_known_addr { host: "127.10.251.194" port: 37461 } } peers { permanent_uuid: "6d5d45f94bf74376878739ad58d178d4" member_type: VOTER last_known_addr { host: "127.10.251.195" port: 38123 } attrs { replace: true } } peers { permanent_uuid: "cf17543ba73c4c20b72ad1905220b86f" member_type: VOTER last_known_addr { host: "127.10.251.196" port: 43529 } attrs { promote: false } }
I20260713 09:06:21.908357 12776 raft_consensus.cc:1275] T ff23e903b9584825b9d28d2268c79cce P cf17543ba73c4c20b72ad1905220b86f [term 1 LEARNER]: Refusing update from remote peer 4067fb8e342542b7a906157e1a5f38ac: Log matching property violated. Preceding OpId in replica: term: 1 index: 2. Preceding OpId from leader: term: 1 index: 3. (index mismatch)
I20260713 09:06:21.909623 12497 raft_consensus.cc:1275] T ff23e903b9584825b9d28d2268c79cce P 6d5d45f94bf74376878739ad58d178d4 [term 1 FOLLOWER]: Refusing update from remote peer 4067fb8e342542b7a906157e1a5f38ac: Log matching property violated. Preceding OpId in replica: term: 1 index: 2. Preceding OpId from leader: term: 1 index: 3. (index mismatch)
I20260713 09:06:21.910275 12639 consensus_queue.cc:1048] T ff23e903b9584825b9d28d2268c79cce P 4067fb8e342542b7a906157e1a5f38ac [LEADER]: Connected to new peer: Peer: permanent_uuid: "cf17543ba73c4c20b72ad1905220b86f" member_type: VOTER last_known_addr { host: "127.10.251.196" port: 43529 } attrs { promote: false }, Status: LMP_MISMATCH, Last received: 0.0, Next index: 3, Last known committed idx: 2, Time since last communication: 0.000s
I20260713 09:06:21.911520 12849 consensus_queue.cc:1048] T ff23e903b9584825b9d28d2268c79cce P 4067fb8e342542b7a906157e1a5f38ac [LEADER]: Connected to new peer: Peer: permanent_uuid: "6d5d45f94bf74376878739ad58d178d4" member_type: VOTER last_known_addr { host: "127.10.251.195" port: 38123 } attrs { replace: true }, Status: LMP_MISMATCH, Last received: 0.0, Next index: 3, Last known committed idx: 2, Time since last communication: 0.000s
I20260713 09:06:21.929345 12350 raft_consensus.cc:1275] T ff23e903b9584825b9d28d2268c79cce P 2ced70481e534813bc03a8256b5a0c1d [term 1 FOLLOWER]: Refusing update from remote peer 4067fb8e342542b7a906157e1a5f38ac: Log matching property violated. Preceding OpId in replica: term: 1 index: 2. Preceding OpId from leader: term: 1 index: 3. (index mismatch)
