I20260713 09:05:52.840014 16828 raft_consensus.cc:359] T 5433d269874b4a9f83c027707b0aea25 P 20b45f9069e54321935088c21bd3872f [term 0 FOLLOWER]: Replica starting. Triggering 0 pending ops. Active config: opid_index: -1 OBSOLETE_local: false peers { permanent_uuid: "fc8ab7ccf33449beaa81e293705d17ce" member_type: VOTER last_known_addr { host: "127.16.28.193" port: 32873 } } peers { permanent_uuid: "20b45f9069e54321935088c21bd3872f" member_type: VOTER last_known_addr { host: "127.16.28.194" port: 33637 } } peers { permanent_uuid: "85d04af1145343359aa021d17eb3d0cd" member_type: VOTER last_known_addr { host: "127.16.28.195" port: 33929 } }
I20260713 09:05:52.841344 16828 raft_consensus.cc:385] T 5433d269874b4a9f83c027707b0aea25 P 20b45f9069e54321935088c21bd3872f [term 0 FOLLOWER]: Consensus starting up: Expiring failure detector timer to make a prompt election more likely
I20260713 09:05:52.841683 16828 raft_consensus.cc:740] T 5433d269874b4a9f83c027707b0aea25 P 20b45f9069e54321935088c21bd3872f [term 0 FOLLOWER]: Becoming Follower/Learner. State: Replica: 20b45f9069e54321935088c21bd3872f, State: Initialized, Role: FOLLOWER
I20260713 09:05:52.842504 16828 consensus_queue.cc:260] T 5433d269874b4a9f83c027707b0aea25 P 20b45f9069e54321935088c21bd3872f [NON_LEADER]: Queue going to NON_LEADER mode. State: All replicated index: 0, Majority replicated index: 0, Committed index: 0, Last appended: 0.0, Last appended by leader: 0, Current term: 0, Majority size: -1, State: 0, Mode: NON_LEADER, active raft config: opid_index: -1 OBSOLETE_local: false peers { permanent_uuid: "fc8ab7ccf33449beaa81e293705d17ce" member_type: VOTER last_known_addr { host: "127.16.28.193" port: 32873 } } peers { permanent_uuid: "20b45f9069e54321935088c21bd3872f" member_type: VOTER last_known_addr { host: "127.16.28.194" port: 33637 } } peers { permanent_uuid: "85d04af1145343359aa021d17eb3d0cd" member_type: VOTER last_known_addr { host: "127.16.28.195" port: 33929 } }
I20260713 09:05:52.843449 16708 raft_consensus.cc:2468] T 5433d269874b4a9f83c027707b0aea25 P 20b45f9069e54321935088c21bd3872f [term 0 FOLLOWER]: Leader pre-election vote request: Granting yes vote for candidate fc8ab7ccf33449beaa81e293705d17ce in term 0.
I20260713 09:05:52.825922 16827 raft_consensus.cc:359] T 5433d269874b4a9f83c027707b0aea25 P 85d04af1145343359aa021d17eb3d0cd [term 0 FOLLOWER]: Replica starting. Triggering 0 pending ops. Active config: opid_index: -1 OBSOLETE_local: false peers { permanent_uuid: "fc8ab7ccf33449beaa81e293705d17ce" member_type: VOTER last_known_addr { host: "127.16.28.193" port: 32873 } } peers { permanent_uuid: "20b45f9069e54321935088c21bd3872f" member_type: VOTER last_known_addr { host: "127.16.28.194" port: 33637 } } peers { permanent_uuid: "85d04af1145343359aa021d17eb3d0cd" member_type: VOTER last_known_addr { host: "127.16.28.195" port: 33929 } }
I20260713 09:05:52.843977 16827 raft_consensus.cc:385] T 5433d269874b4a9f83c027707b0aea25 P 85d04af1145343359aa021d17eb3d0cd [term 0 FOLLOWER]: Consensus starting up: Expiring failure detector timer to make a prompt election more likely
I20260713 09:05:52.844334 16827 raft_consensus.cc:740] T 5433d269874b4a9f83c027707b0aea25 P 85d04af1145343359aa021d17eb3d0cd [term 0 FOLLOWER]: Becoming Follower/Learner. State: Replica: 85d04af1145343359aa021d17eb3d0cd, State: Initialized, Role: FOLLOWER
I20260713 09:05:52.844853 16826 tablet_bootstrap.cc:492] T b4735d38ef6e4175a4a0a298c51801ad P fc8ab7ccf33449beaa81e293705d17ce: No bootstrap required, opened a new log
I20260713 09:05:52.845785 16826 ts_tablet_manager.cc:1403] T b4735d38ef6e4175a4a0a298c51801ad P fc8ab7ccf33449beaa81e293705d17ce: Time spent bootstrapping tablet: real 0.019s	user 0.012s	sys 0.003s
I20260713 09:05:52.845263 16827 consensus_queue.cc:260] T 5433d269874b4a9f83c027707b0aea25 P 85d04af1145343359aa021d17eb3d0cd [NON_LEADER]: Queue going to NON_LEADER mode. State: All replicated index: 0, Majority replicated index: 0, Committed index: 0, Last appended: 0.0, Last appended by leader: 0, Current term: 0, Majority size: -1, State: 0, Mode: NON_LEADER, active raft config: opid_index: -1 OBSOLETE_local: false peers { permanent_uuid: "fc8ab7ccf33449beaa81e293705d17ce" member_type: VOTER last_known_addr { host: "127.16.28.193" port: 32873 } } peers { permanent_uuid: "20b45f9069e54321935088c21bd3872f" member_type: VOTER last_known_addr { host: "127.16.28.194" port: 33637 } } peers { permanent_uuid: "85d04af1145343359aa021d17eb3d0cd" member_type: VOTER last_known_addr { host: "127.16.28.195" port: 33929 } }
I20260713 09:05:52.847803 16707 raft_consensus.cc:2468] T e86b4baa7105413580108df5f5e65848 P 20b45f9069e54321935088c21bd3872f [term 1 FOLLOWER]: Leader election vote request: Granting yes vote for candidate fc8ab7ccf33449beaa81e293705d17ce in term 1.
I20260713 09:05:52.850015 16826 raft_consensus.cc:359] T b4735d38ef6e4175a4a0a298c51801ad P fc8ab7ccf33449beaa81e293705d17ce [term 0 FOLLOWER]: Replica starting. Triggering 0 pending ops. Active config: opid_index: -1 OBSOLETE_local: false peers { permanent_uuid: "fc8ab7ccf33449beaa81e293705d17ce" member_type: VOTER last_known_addr { host: "127.16.28.193" port: 32873 } } peers { permanent_uuid: "20b45f9069e54321935088c21bd3872f" member_type: VOTER last_known_addr { host: "127.16.28.194" port: 33637 } } peers { permanent_uuid: "85d04af1145343359aa021d17eb3d0cd" member_type: VOTER last_known_addr { host: "127.16.28.195" port: 33929 } }
I20260713 09:05:52.850706 16826 raft_consensus.cc:385] T b4735d38ef6e4175a4a0a298c51801ad P fc8ab7ccf33449beaa81e293705d17ce [term 0 FOLLOWER]: Consensus starting up: Expiring failure detector timer to make a prompt election more likely
I20260713 09:05:52.850988 16826 raft_consensus.cc:740] T b4735d38ef6e4175a4a0a298c51801ad P fc8ab7ccf33449beaa81e293705d17ce [term 0 FOLLOWER]: Becoming Follower/Learner. State: Replica: fc8ab7ccf33449beaa81e293705d17ce, State: Initialized, Role: FOLLOWER
I20260713 09:05:52.851677 16826 consensus_queue.cc:260] T b4735d38ef6e4175a4a0a298c51801ad P fc8ab7ccf33449beaa81e293705d17ce [NON_LEADER]: Queue going to NON_LEADER mode. State: All replicated index: 0, Majority replicated index: 0, Committed index: 0, Last appended: 0.0, Last appended by leader: 0, Current term: 0, Majority size: -1, State: 0, Mode: NON_LEADER, active raft config: opid_index: -1 OBSOLETE_local: false peers { permanent_uuid: "fc8ab7ccf33449beaa81e293705d17ce" member_type: VOTER last_known_addr { host: "127.16.28.193" port: 32873 } } peers { permanent_uuid: "20b45f9069e54321935088c21bd3872f" member_type: VOTER last_known_addr { host: "127.16.28.194" port: 33637 } } peers { permanent_uuid: "85d04af1145343359aa021d17eb3d0cd" member_type: VOTER last_known_addr { host: "127.16.28.195" port: 33929 } }
I20260713 09:05:52.853978 16826 ts_tablet_manager.cc:1434] T b4735d38ef6e4175a4a0a298c51801ad P fc8ab7ccf33449beaa81e293705d17ce: Time spent starting tablet: real 0.006s	user 0.005s	sys 0.001s
I20260713 09:05:52.853926 16707 tablet_service.cc:1917] Received RequestConsensusVote() RPC: tablet_id: "1328d86fc46e44a0a5db0429aade1811" candidate_uuid: "fc8ab7ccf33449beaa81e293705d17ce" candidate_term: 1 candidate_status { last_received { term: 0 index: 0 } } ignore_live_leader: false dest_uuid: "20b45f9069e54321935088c21bd3872f" is_pre_election: true
I20260713 09:05:52.854581 16707 raft_consensus.cc:2468] T 1328d86fc46e44a0a5db0429aade1811 P 20b45f9069e54321935088c21bd3872f [term 0 FOLLOWER]: Leader pre-election vote request: Granting yes vote for candidate fc8ab7ccf33449beaa81e293705d17ce in term 0.
I20260713 09:05:52.854974 16826 tablet_bootstrap.cc:492] T 998a73a642934811b17dd925177b9fa4 P fc8ab7ccf33449beaa81e293705d17ce: Bootstrap starting.
I20260713 09:05:52.856890 16598 leader_election.cc:304] T 5433d269874b4a9f83c027707b0aea25 P fc8ab7ccf33449beaa81e293705d17ce [CANDIDATE]: Term 1 pre-election: Election decided. Result: candidate won. Election summary: received 3 responses out of 3 voters: 2 yes votes; 1 no votes. yes voters: 20b45f9069e54321935088c21bd3872f, fc8ab7ccf33449beaa81e293705d17ce; no voters: 85d04af1145343359aa021d17eb3d0cd
I20260713 09:05:52.857702 16834 raft_consensus.cc:2804] T 5433d269874b4a9f83c027707b0aea25 P fc8ab7ccf33449beaa81e293705d17ce [term 0 FOLLOWER]: Leader pre-election won for term 1
I20260713 09:05:52.858026 16834 raft_consensus.cc:493] T 5433d269874b4a9f83c027707b0aea25 P fc8ab7ccf33449beaa81e293705d17ce [term 0 FOLLOWER]: Starting leader election (no leader contacted us within the election timeout)
I20260713 09:05:52.858433 16834 raft_consensus.cc:3060] T 5433d269874b4a9f83c027707b0aea25 P fc8ab7ccf33449beaa81e293705d17ce [term 0 FOLLOWER]: Advancing to term 1
I20260713 09:05:52.859582 16782 tablet_service.cc:1917] Received RequestConsensusVote() RPC: tablet_id: "e86b4baa7105413580108df5f5e65848" candidate_uuid: "fc8ab7ccf33449beaa81e293705d17ce" candidate_term: 1 candidate_status { last_received { term: 0 index: 0 } } ignore_live_leader: false dest_uuid: "85d04af1145343359aa021d17eb3d0cd"
I20260713 09:05:52.860145 16782 raft_consensus.cc:3060] T e86b4baa7105413580108df5f5e65848 P 85d04af1145343359aa021d17eb3d0cd [term 0 FOLLOWER]: Advancing to term 1
I20260713 09:05:52.864714 16834 raft_consensus.cc:515] T 5433d269874b4a9f83c027707b0aea25 P fc8ab7ccf33449beaa81e293705d17ce [term 1 FOLLOWER]: Starting leader election with config: opid_index: -1 OBSOLETE_local: false peers { permanent_uuid: "fc8ab7ccf33449beaa81e293705d17ce" member_type: VOTER last_known_addr { host: "127.16.28.193" port: 32873 } } peers { permanent_uuid: "20b45f9069e54321935088c21bd3872f" member_type: VOTER last_known_addr { host: "127.16.28.194" port: 33637 } } peers { permanent_uuid: "85d04af1145343359aa021d17eb3d0cd" member_type: VOTER last_known_addr { host: "127.16.28.195" port: 33929 } }
I20260713 09:05:52.866719 16827 ts_tablet_manager.cc:1434] T 5433d269874b4a9f83c027707b0aea25 P 85d04af1145343359aa021d17eb3d0cd: Time spent starting tablet: real 0.045s	user 0.007s	sys 0.000s
I20260713 09:05:52.867727 16833 raft_consensus.cc:493] T 4e4cfc0757b24a8ca6b8eb76b5cca5a7 P 20b45f9069e54321935088c21bd3872f [term 0 FOLLOWER]: Starting pre-election (no leader contacted us within the election timeout)
I20260713 09:05:52.868214 16833 raft_consensus.cc:515] T 4e4cfc0757b24a8ca6b8eb76b5cca5a7 P 20b45f9069e54321935088c21bd3872f [term 0 FOLLOWER]: Starting pre-election with config: opid_index: -1 OBSOLETE_local: false peers { permanent_uuid: "fc8ab7ccf33449beaa81e293705d17ce" member_type: VOTER last_known_addr { host: "127.16.28.193" port: 32873 } } peers { permanent_uuid: "20b45f9069e54321935088c21bd3872f" member_type: VOTER last_known_addr { host: "127.16.28.194" port: 33637 } } peers { permanent_uuid: "85d04af1145343359aa021d17eb3d0cd" member_type: VOTER last_known_addr { host: "127.16.28.195" port: 33929 } }
I20260713 09:05:52.870966 16833 leader_election.cc:290] T 4e4cfc0757b24a8ca6b8eb76b5cca5a7 P 20b45f9069e54321935088c21bd3872f [CANDIDATE]: Term 1 pre-election: Requested pre-vote from peers fc8ab7ccf33449beaa81e293705d17ce (127.16.28.193:32873), 85d04af1145343359aa021d17eb3d0cd (127.16.28.195:33929)
I20260713 09:05:52.871443 16833 raft_consensus.cc:493] T f65041f974dc4806a36a8bfc1651c30c P 20b45f9069e54321935088c21bd3872f [term 0 FOLLOWER]: Starting pre-election (no leader contacted us within the election timeout)
I20260713 09:05:52.871799 16782 raft_consensus.cc:2468] T e86b4baa7105413580108df5f5e65848 P 85d04af1145343359aa021d17eb3d0cd [term 1 FOLLOWER]: Leader election vote request: Granting yes vote for candidate fc8ab7ccf33449beaa81e293705d17ce in term 1.
I20260713 09:05:52.871922 16833 raft_consensus.cc:515] T f65041f974dc4806a36a8bfc1651c30c P 20b45f9069e54321935088c21bd3872f [term 0 FOLLOWER]: Starting pre-election with config: opid_index: -1 OBSOLETE_local: false peers { permanent_uuid: "fc8ab7ccf33449beaa81e293705d17ce" member_type: VOTER last_known_addr { host: "127.16.28.193" port: 32873 } } peers { permanent_uuid: "20b45f9069e54321935088c21bd3872f" member_type: VOTER last_known_addr { host: "127.16.28.194" port: 33637 } } peers { permanent_uuid: "85d04af1145343359aa021d17eb3d0cd" member_type: VOTER last_known_addr { host: "127.16.28.195" port: 33929 } }
I20260713 09:05:52.873775 16833 leader_election.cc:290] T f65041f974dc4806a36a8bfc1651c30c P 20b45f9069e54321935088c21bd3872f [CANDIDATE]: Term 1 pre-election: Requested pre-vote from peers fc8ab7ccf33449beaa81e293705d17ce (127.16.28.193:32873), 85d04af1145343359aa021d17eb3d0cd (127.16.28.195:33929)
I20260713 09:05:52.866649 16834 leader_election.cc:290] T 5433d269874b4a9f83c027707b0aea25 P fc8ab7ccf33449beaa81e293705d17ce [CANDIDATE]: Term 1 election: Requested vote from peers 20b45f9069e54321935088c21bd3872f (127.16.28.194:33637), 85d04af1145343359aa021d17eb3d0cd (127.16.28.195:33929)
I20260713 09:05:52.871445 16826 tablet_bootstrap.cc:654] T 998a73a642934811b17dd925177b9fa4 P fc8ab7ccf33449beaa81e293705d17ce: Neither blocks nor log segments found. Creating new log.
I20260713 09:05:52.874434 16783 tablet_service.cc:1917] Received RequestConsensusVote() RPC: tablet_id: "5433d269874b4a9f83c027707b0aea25" candidate_uuid: "fc8ab7ccf33449beaa81e293705d17ce" candidate_term: 1 candidate_status { last_received { term: 0 index: 0 } } ignore_live_leader: false dest_uuid: "85d04af1145343359aa021d17eb3d0cd"
I20260713 09:05:52.847112 16828 ts_tablet_manager.cc:1434] T 5433d269874b4a9f83c027707b0aea25 P 20b45f9069e54321935088c21bd3872f: Time spent starting tablet: real 0.015s	user 0.002s	sys 0.004s
I20260713 09:05:52.875082 16783 raft_consensus.cc:3060] T 5433d269874b4a9f83c027707b0aea25 P 85d04af1145343359aa021d17eb3d0cd [term 0 FOLLOWER]: Advancing to term 1
I20260713 09:05:52.877738 16828 tablet_bootstrap.cc:492] T 998a73a642934811b17dd925177b9fa4 P 20b45f9069e54321935088c21bd3872f: Bootstrap starting.
I20260713 09:05:52.885917 16826 tablet_bootstrap.cc:492] T 998a73a642934811b17dd925177b9fa4 P fc8ab7ccf33449beaa81e293705d17ce: No bootstrap required, opened a new log
I20260713 09:05:52.886372 16826 ts_tablet_manager.cc:1403] T 998a73a642934811b17dd925177b9fa4 P fc8ab7ccf33449beaa81e293705d17ce: Time spent bootstrapping tablet: real 0.032s	user 0.004s	sys 0.013s
I20260713 09:05:52.875047 16827 tablet_bootstrap.cc:492] T db12b0a8be44414e8619e684736f46a6 P 85d04af1145343359aa021d17eb3d0cd: Bootstrap starting.
I20260713 09:05:52.887593 16782 tablet_service.cc:1917] Received RequestConsensusVote() RPC: tablet_id: "1328d86fc46e44a0a5db0429aade1811" candidate_uuid: "fc8ab7ccf33449beaa81e293705d17ce" candidate_term: 1 candidate_status { last_received { term: 0 index: 0 } } ignore_live_leader: false dest_uuid: "85d04af1145343359aa021d17eb3d0cd" is_pre_election: true
I20260713 09:05:52.888196 16782 raft_consensus.cc:2468] T 1328d86fc46e44a0a5db0429aade1811 P 85d04af1145343359aa021d17eb3d0cd [term 0 FOLLOWER]: Leader pre-election vote request: Granting yes vote for candidate fc8ab7ccf33449beaa81e293705d17ce in term 0.
I20260713 09:05:52.888809 16826 raft_consensus.cc:359] T 998a73a642934811b17dd925177b9fa4 P fc8ab7ccf33449beaa81e293705d17ce [term 0 FOLLOWER]: Replica starting. Triggering 0 pending ops. Active config: opid_index: -1 OBSOLETE_local: false peers { permanent_uuid: "fc8ab7ccf33449beaa81e293705d17ce" member_type: VOTER last_known_addr { host: "127.16.28.193" port: 32873 } } peers { permanent_uuid: "20b45f9069e54321935088c21bd3872f" member_type: VOTER last_known_addr { host: "127.16.28.194" port: 33637 } } peers { permanent_uuid: "85d04af1145343359aa021d17eb3d0cd" member_type: VOTER last_known_addr { host: "127.16.28.195" port: 33929 } }
I20260713 09:05:52.889422 16826 raft_consensus.cc:385] T 998a73a642934811b17dd925177b9fa4 P fc8ab7ccf33449beaa81e293705d17ce [term 0 FOLLOWER]: Consensus starting up: Expiring failure detector timer to make a prompt election more likely
I20260713 09:05:52.889689 16826 raft_consensus.cc:740] T 998a73a642934811b17dd925177b9fa4 P fc8ab7ccf33449beaa81e293705d17ce [term 0 FOLLOWER]: Becoming Follower/Learner. State: Replica: fc8ab7ccf33449beaa81e293705d17ce, State: Initialized, Role: FOLLOWER
I20260713 09:05:52.890277 16826 consensus_queue.cc:260] T 998a73a642934811b17dd925177b9fa4 P fc8ab7ccf33449beaa81e293705d17ce [NON_LEADER]: Queue going to NON_LEADER mode. State: All replicated index: 0, Majority replicated index: 0, Committed index: 0, Last appended: 0.0, Last appended by leader: 0, Current term: 0, Majority size: -1, State: 0, Mode: NON_LEADER, active raft config: opid_index: -1 OBSOLETE_local: false peers { permanent_uuid: "fc8ab7ccf33449beaa81e293705d17ce" member_type: VOTER last_known_addr { host: "127.16.28.193" port: 32873 } } peers { permanent_uuid: "20b45f9069e54321935088c21bd3872f" member_type: VOTER last_known_addr { host: "127.16.28.194" port: 33637 } } peers { permanent_uuid: "85d04af1145343359aa021d17eb3d0cd" member_type: VOTER last_known_addr { host: "127.16.28.195" port: 33929 } }
I20260713 09:05:52.892513 16826 ts_tablet_manager.cc:1434] T 998a73a642934811b17dd925177b9fa4 P fc8ab7ccf33449beaa81e293705d17ce: Time spent starting tablet: real 0.006s	user 0.005s	sys 0.000s
I20260713 09:05:52.893325 16826 tablet_bootstrap.cc:492] T db12b0a8be44414e8619e684736f46a6 P fc8ab7ccf33449beaa81e293705d17ce: Bootstrap starting.
I20260713 09:05:52.893420 16783 raft_consensus.cc:2468] T 5433d269874b4a9f83c027707b0aea25 P 85d04af1145343359aa021d17eb3d0cd [term 1 FOLLOWER]: Leader election vote request: Granting yes vote for candidate fc8ab7ccf33449beaa81e293705d17ce in term 1.
I20260713 09:05:52.858112 16598 leader_election.cc:304] T e86b4baa7105413580108df5f5e65848 P fc8ab7ccf33449beaa81e293705d17ce [CANDIDATE]: Term 1 election: Election decided. Result: candidate won. Election summary: received 2 responses out of 3 voters: 2 yes votes; 0 no votes. yes voters: 20b45f9069e54321935088c21bd3872f, fc8ab7ccf33449beaa81e293705d17ce; no voters: 
I20260713 09:05:52.896495 16834 raft_consensus.cc:2804] T e86b4baa7105413580108df5f5e65848 P fc8ab7ccf33449beaa81e293705d17ce [term 1 FOLLOWER]: Leader election won for term 1
I20260713 09:05:52.897007 16834 raft_consensus.cc:697] T e86b4baa7105413580108df5f5e65848 P fc8ab7ccf33449beaa81e293705d17ce [term 1 LEADER]: Becoming Leader. State: Replica: fc8ab7ccf33449beaa81e293705d17ce, State: Running, Role: LEADER
I20260713 09:05:52.897855 16834 consensus_queue.cc:237] T e86b4baa7105413580108df5f5e65848 P fc8ab7ccf33449beaa81e293705d17ce [LEADER]: Queue going to LEADER mode. State: All replicated index: 0, Majority replicated index: 0, Committed index: 0, Last appended: 0.0, Last appended by leader: 0, Current term: 1, Majority size: 2, State: 0, Mode: LEADER, active raft config: opid_index: -1 OBSOLETE_local: false peers { permanent_uuid: "20b45f9069e54321935088c21bd3872f" member_type: VOTER last_known_addr { host: "127.16.28.194" port: 33637 } } peers { permanent_uuid: "fc8ab7ccf33449beaa81e293705d17ce" member_type: VOTER last_known_addr { host: "127.16.28.193" port: 32873 } } peers { permanent_uuid: "85d04af1145343359aa021d17eb3d0cd" member_type: VOTER last_known_addr { host: "127.16.28.195" port: 33929 } }
I20260713 09:05:52.896656 16598 leader_election.cc:304] T 1328d86fc46e44a0a5db0429aade1811 P fc8ab7ccf33449beaa81e293705d17ce [CANDIDATE]: Term 1 pre-election: Election decided. Result: candidate won. Election summary: received 2 responses out of 3 voters: 2 yes votes; 0 no votes. yes voters: 20b45f9069e54321935088c21bd3872f, fc8ab7ccf33449beaa81e293705d17ce; no voters: 
I20260713 09:05:52.899617 16599 leader_election.cc:304] T 5433d269874b4a9f83c027707b0aea25 P fc8ab7ccf33449beaa81e293705d17ce [CANDIDATE]: Term 1 election: Election decided. Result: candidate won. Election summary: received 2 responses out of 3 voters: 2 yes votes; 0 no votes. yes voters: 85d04af1145343359aa021d17eb3d0cd, fc8ab7ccf33449beaa81e293705d17ce; no voters: 
I20260713 09:05:52.900710 16855 raft_consensus.cc:2804] T 1328d86fc46e44a0a5db0429aade1811 P fc8ab7ccf33449beaa81e293705d17ce [term 0 FOLLOWER]: Leader pre-election won for term 1
I20260713 09:05:52.901357 16855 raft_consensus.cc:493] T 1328d86fc46e44a0a5db0429aade1811 P fc8ab7ccf33449beaa81e293705d17ce [term 0 FOLLOWER]: Starting leader election (no leader contacted us within the election timeout)
I20260713 09:05:52.902987 16855 raft_consensus.cc:3060] T 1328d86fc46e44a0a5db0429aade1811 P fc8ab7ccf33449beaa81e293705d17ce [term 0 FOLLOWER]: Advancing to term 1
I20260713 09:05:52.903031 16707 tablet_service.cc:1917] Received RequestConsensusVote() RPC: tablet_id: "5433d269874b4a9f83c027707b0aea25" candidate_uuid: "fc8ab7ccf33449beaa81e293705d17ce" candidate_term: 1 candidate_status { last_received { term: 0 index: 0 } } ignore_live_leader: false dest_uuid: "20b45f9069e54321935088c21bd3872f"
I20260713 09:05:52.904201 16832 raft_consensus.cc:493] T 4e4cfc0757b24a8ca6b8eb76b5cca5a7 P 85d04af1145343359aa021d17eb3d0cd [term 0 FOLLOWER]: Starting pre-election (no leader contacted us within the election timeout)
I20260713 09:05:52.906715 16832 raft_consensus.cc:515] T 4e4cfc0757b24a8ca6b8eb76b5cca5a7 P 85d04af1145343359aa021d17eb3d0cd [term 0 FOLLOWER]: Starting pre-election with config: opid_index: -1 OBSOLETE_local: false peers { permanent_uuid: "fc8ab7ccf33449beaa81e293705d17ce" member_type: VOTER last_known_addr { host: "127.16.28.193" port: 32873 } } peers { permanent_uuid: "20b45f9069e54321935088c21bd3872f" member_type: VOTER last_known_addr { host: "127.16.28.194" port: 33637 } } peers { permanent_uuid: "85d04af1145343359aa021d17eb3d0cd" member_type: VOTER last_known_addr { host: "127.16.28.195" port: 33929 } }
I20260713 09:05:52.908907 16832 leader_election.cc:290] T 4e4cfc0757b24a8ca6b8eb76b5cca5a7 P 85d04af1145343359aa021d17eb3d0cd [CANDIDATE]: Term 1 pre-election: Requested pre-vote from peers fc8ab7ccf33449beaa81e293705d17ce (127.16.28.193:32873), 20b45f9069e54321935088c21bd3872f (127.16.28.194:33637)
I20260713 09:05:52.909790 16707 raft_consensus.cc:3060] T 5433d269874b4a9f83c027707b0aea25 P 20b45f9069e54321935088c21bd3872f [term 0 FOLLOWER]: Advancing to term 1
I20260713 09:05:52.914422 16832 raft_consensus.cc:493] T f65041f974dc4806a36a8bfc1651c30c P 85d04af1145343359aa021d17eb3d0cd [term 0 FOLLOWER]: Starting pre-election (no leader contacted us within the election timeout)
I20260713 09:05:52.914907 16832 raft_consensus.cc:515] T f65041f974dc4806a36a8bfc1651c30c P 85d04af1145343359aa021d17eb3d0cd [term 0 FOLLOWER]: Starting pre-election with config: opid_index: -1 OBSOLETE_local: false peers { permanent_uuid: "fc8ab7ccf33449beaa81e293705d17ce" member_type: VOTER last_known_addr { host: "127.16.28.193" port: 32873 } } peers { permanent_uuid: "20b45f9069e54321935088c21bd3872f" member_type: VOTER last_known_addr { host: "127.16.28.194" port: 33637 } } peers { permanent_uuid: "85d04af1145343359aa021d17eb3d0cd" member_type: VOTER last_known_addr { host: "127.16.28.195" port: 33929 } }
I20260713 09:05:52.917299 16832 leader_election.cc:290] T f65041f974dc4806a36a8bfc1651c30c P 85d04af1145343359aa021d17eb3d0cd [CANDIDATE]: Term 1 pre-election: Requested pre-vote from peers fc8ab7ccf33449beaa81e293705d17ce (127.16.28.193:32873), 20b45f9069e54321935088c21bd3872f (127.16.28.194:33637)
I20260713 09:05:52.903507 16828 tablet_bootstrap.cc:654] T 998a73a642934811b17dd925177b9fa4 P 20b45f9069e54321935088c21bd3872f: Neither blocks nor log segments found. Creating new log.
I20260713 09:05:52.920246 16827 tablet_bootstrap.cc:654] T db12b0a8be44414e8619e684736f46a6 P 85d04af1145343359aa021d17eb3d0cd: Neither blocks nor log segments found. Creating new log.
I20260713 09:05:52.935402 16634 tablet_service.cc:1917] Received RequestConsensusVote() RPC: tablet_id: "a5a5135f83fb40cb9d5563c2368c0fd4" candidate_uuid: "85d04af1145343359aa021d17eb3d0cd" candidate_term: 1 candidate_status { last_received { term: 0 index: 0 } } ignore_live_leader: false dest_uuid: "fc8ab7ccf33449beaa81e293705d17ce" is_pre_election: true
I20260713 09:05:52.945096 16863 raft_consensus.cc:2804] T 5433d269874b4a9f83c027707b0aea25 P fc8ab7ccf33449beaa81e293705d17ce [term 1 FOLLOWER]: Leader election won for term 1
I20260713 09:05:52.946024 16863 raft_consensus.cc:697] T 5433d269874b4a9f83c027707b0aea25 P fc8ab7ccf33449beaa81e293705d17ce [term 1 LEADER]: Becoming Leader. State: Replica: fc8ab7ccf33449beaa81e293705d17ce, State: Running, Role: LEADER
I20260713 09:05:52.946894 16826 tablet_bootstrap.cc:654] T db12b0a8be44414e8619e684736f46a6 P fc8ab7ccf33449beaa81e293705d17ce: Neither blocks nor log segments found. Creating new log.
I20260713 09:05:52.943681 16633 tablet_service.cc:1917] Received RequestConsensusVote() RPC: tablet_id: "4e4cfc0757b24a8ca6b8eb76b5cca5a7" candidate_uuid: "85d04af1145343359aa021d17eb3d0cd" candidate_term: 1 candidate_status { last_received { term: 0 index: 0 } } ignore_live_leader: false dest_uuid: "fc8ab7ccf33449beaa81e293705d17ce" is_pre_election: true
I20260713 09:05:52.953821 16633 raft_consensus.cc:2468] T 4e4cfc0757b24a8ca6b8eb76b5cca5a7 P fc8ab7ccf33449beaa81e293705d17ce [term 0 FOLLOWER]: Leader pre-election vote request: Granting yes vote for candidate 85d04af1145343359aa021d17eb3d0cd in term 0.
I20260713 09:05:52.945292 16634 raft_consensus.cc:2468] T a5a5135f83fb40cb9d5563c2368c0fd4 P fc8ab7ccf33449beaa81e293705d17ce [term 0 FOLLOWER]: Leader pre-election vote request: Granting yes vote for candidate 85d04af1145343359aa021d17eb3d0cd in term 0.
I20260713 09:05:52.947238 16863 consensus_queue.cc:237] T 5433d269874b4a9f83c027707b0aea25 P fc8ab7ccf33449beaa81e293705d17ce [LEADER]: Queue going to LEADER mode. State: All replicated index: 0, Majority replicated index: 0, Committed index: 0, Last appended: 0.0, Last appended by leader: 0, Current term: 1, Majority size: 2, State: 0, Mode: LEADER, active raft config: opid_index: -1 OBSOLETE_local: false peers { permanent_uuid: "fc8ab7ccf33449beaa81e293705d17ce" member_type: VOTER last_known_addr { host: "127.16.28.193" port: 32873 } } peers { permanent_uuid: "20b45f9069e54321935088c21bd3872f" member_type: VOTER last_known_addr { host: "127.16.28.194" port: 33637 } } peers { permanent_uuid: "85d04af1145343359aa021d17eb3d0cd" member_type: VOTER last_known_addr { host: "127.16.28.195" port: 33929 } }
I20260713 09:05:52.960839 16828 tablet_bootstrap.cc:492] T 998a73a642934811b17dd925177b9fa4 P 20b45f9069e54321935088c21bd3872f: No bootstrap required, opened a new log
I20260713 09:05:52.961984 16708 tablet_service.cc:1917] Received RequestConsensusVote() RPC: tablet_id: "a5a5135f83fb40cb9d5563c2368c0fd4" candidate_uuid: "85d04af1145343359aa021d17eb3d0cd" candidate_term: 1 candidate_status { last_received { term: 0 index: 0 } } ignore_live_leader: false dest_uuid: "20b45f9069e54321935088c21bd3872f" is_pre_election: true
I20260713 09:05:52.957471 16632 tablet_service.cc:1917] Received RequestConsensusVote() RPC: tablet_id: "f65041f974dc4806a36a8bfc1651c30c" candidate_uuid: "85d04af1145343359aa021d17eb3d0cd" candidate_term: 1 candidate_status { last_received { term: 0 index: 0 } } ignore_live_leader: false dest_uuid: "fc8ab7ccf33449beaa81e293705d17ce" is_pre_election: true
I20260713 09:05:52.962541 16828 ts_tablet_manager.cc:1403] T 998a73a642934811b17dd925177b9fa4 P 20b45f9069e54321935088c21bd3872f: Time spent bootstrapping tablet: real 0.085s	user 0.012s	sys 0.004s
I20260713 09:05:52.964082 16632 raft_consensus.cc:2468] T f65041f974dc4806a36a8bfc1651c30c P fc8ab7ccf33449beaa81e293705d17ce [term 0 FOLLOWER]: Leader pre-election vote request: Granting yes vote for candidate 85d04af1145343359aa021d17eb3d0cd in term 0.
I20260713 09:05:52.965579 16707 raft_consensus.cc:2468] T 5433d269874b4a9f83c027707b0aea25 P 20b45f9069e54321935088c21bd3872f [term 1 FOLLOWER]: Leader election vote request: Granting yes vote for candidate fc8ab7ccf33449beaa81e293705d17ce in term 1.
I20260713 09:05:52.959471 16746 leader_election.cc:304] T 4e4cfc0757b24a8ca6b8eb76b5cca5a7 P 85d04af1145343359aa021d17eb3d0cd [CANDIDATE]: Term 1 pre-election: Election decided. Result: candidate won. Election summary: received 2 responses out of 3 voters: 2 yes votes; 0 no votes. yes voters: 85d04af1145343359aa021d17eb3d0cd, fc8ab7ccf33449beaa81e293705d17ce; no voters: 
I20260713 09:05:52.968330 16832 raft_consensus.cc:2804] T 4e4cfc0757b24a8ca6b8eb76b5cca5a7 P 85d04af1145343359aa021d17eb3d0cd [term 0 FOLLOWER]: Leader pre-election won for term 1
I20260713 09:05:52.968674 16832 raft_consensus.cc:493] T 4e4cfc0757b24a8ca6b8eb76b5cca5a7 P 85d04af1145343359aa021d17eb3d0cd [term 0 FOLLOWER]: Starting leader election (no leader contacted us within the election timeout)
I20260713 09:05:52.968556 16746 leader_election.cc:304] T a5a5135f83fb40cb9d5563c2368c0fd4 P 85d04af1145343359aa021d17eb3d0cd [CANDIDATE]: Term 1 pre-election: Election decided. Result: candidate won. Election summary: received 2 responses out of 3 voters: 2 yes votes; 0 no votes. yes voters: 85d04af1145343359aa021d17eb3d0cd, fc8ab7ccf33449beaa81e293705d17ce; no voters: 
I20260713 09:05:52.969031 16832 raft_consensus.cc:3060] T 4e4cfc0757b24a8ca6b8eb76b5cca5a7 P 85d04af1145343359aa021d17eb3d0cd [term 0 FOLLOWER]: Advancing to term 1
I20260713 09:05:52.964104 16709 tablet_service.cc:1917] Received RequestConsensusVote() RPC: tablet_id: "4e4cfc0757b24a8ca6b8eb76b5cca5a7" candidate_uuid: "85d04af1145343359aa021d17eb3d0cd" candidate_term: 1 candidate_status { last_received { term: 0 index: 0 } } ignore_live_leader: false dest_uuid: "20b45f9069e54321935088c21bd3872f" is_pre_election: true
I20260713 09:05:52.963245 16708 raft_consensus.cc:2468] T a5a5135f83fb40cb9d5563c2368c0fd4 P 20b45f9069e54321935088c21bd3872f [term 0 FOLLOWER]: Leader pre-election vote request: Granting yes vote for candidate 85d04af1145343359aa021d17eb3d0cd in term 0.
I20260713 09:05:52.970734 16709 raft_consensus.cc:2468] T 4e4cfc0757b24a8ca6b8eb76b5cca5a7 P 20b45f9069e54321935088c21bd3872f [term 0 FOLLOWER]: Leader pre-election vote request: Granting yes vote for candidate 85d04af1145343359aa021d17eb3d0cd in term 0.
I20260713 09:05:52.966579 16706 tablet_service.cc:1917] Received RequestConsensusVote() RPC: tablet_id: "f65041f974dc4806a36a8bfc1651c30c" candidate_uuid: "85d04af1145343359aa021d17eb3d0cd" candidate_term: 1 candidate_status { last_received { term: 0 index: 0 } } ignore_live_leader: false dest_uuid: "20b45f9069e54321935088c21bd3872f" is_pre_election: true
I20260713 09:05:52.971673 16706 raft_consensus.cc:2468] T f65041f974dc4806a36a8bfc1651c30c P 20b45f9069e54321935088c21bd3872f [term 0 FOLLOWER]: Leader pre-election vote request: Granting yes vote for candidate 85d04af1145343359aa021d17eb3d0cd in term 0.
I20260713 09:05:52.973935 16827 tablet_bootstrap.cc:492] T db12b0a8be44414e8619e684736f46a6 P 85d04af1145343359aa021d17eb3d0cd: No bootstrap required, opened a new log
I20260713 09:05:52.974521 16827 ts_tablet_manager.cc:1403] T db12b0a8be44414e8619e684736f46a6 P 85d04af1145343359aa021d17eb3d0cd: Time spent bootstrapping tablet: real 0.100s	user 0.014s	sys 0.013s
I20260713 09:05:52.980932 16747 leader_election.cc:304] T f65041f974dc4806a36a8bfc1651c30c P 85d04af1145343359aa021d17eb3d0cd [CANDIDATE]: Term 1 pre-election: Election decided. Result: candidate won. Election summary: received 2 responses out of 3 voters: 2 yes votes; 0 no votes. yes voters: 20b45f9069e54321935088c21bd3872f, 85d04af1145343359aa021d17eb3d0cd; no voters: 
I20260713 09:05:52.981455 16827 raft_consensus.cc:359] T db12b0a8be44414e8619e684736f46a6 P 85d04af1145343359aa021d17eb3d0cd [term 0 FOLLOWER]: Replica starting. Triggering 0 pending ops. Active config: opid_index: -1 OBSOLETE_local: false peers { permanent_uuid: "fc8ab7ccf33449beaa81e293705d17ce" member_type: VOTER last_known_addr { host: "127.16.28.193" port: 32873 } } peers { permanent_uuid: "20b45f9069e54321935088c21bd3872f" member_type: VOTER last_known_addr { host: "127.16.28.194" port: 33637 } } peers { permanent_uuid: "85d04af1145343359aa021d17eb3d0cd" member_type: VOTER last_known_addr { host: "127.16.28.195" port: 33929 } }
I20260713 09:05:52.974277 16528 catalog_manager.cc:5697] T e86b4baa7105413580108df5f5e65848 P fc8ab7ccf33449beaa81e293705d17ce reported cstate change: term changed from 0 to 1, leader changed from <none> to fc8ab7ccf33449beaa81e293705d17ce (127.16.28.193). New cstate: current_term: 1 leader_uuid: "fc8ab7ccf33449beaa81e293705d17ce" committed_config { opid_index: -1 OBSOLETE_local: false peers { permanent_uuid: "20b45f9069e54321935088c21bd3872f" member_type: VOTER last_known_addr { host: "127.16.28.194" port: 33637 } health_report { overall_health: UNKNOWN } } peers { permanent_uuid: "fc8ab7ccf33449beaa81e293705d17ce" member_type: VOTER last_known_addr { host: "127.16.28.193" port: 32873 } health_report { overall_health: HEALTHY } } peers { permanent_uuid: "85d04af1145343359aa021d17eb3d0cd" member_type: VOTER last_known_addr { host: "127.16.28.195" port: 33929 } health_report { overall_health: UNKNOWN } } }
I20260713 09:05:52.985637 16828 raft_consensus.cc:359] T 998a73a642934811b17dd925177b9fa4 P 20b45f9069e54321935088c21bd3872f [term 0 FOLLOWER]: Replica starting. Triggering 0 pending ops. Active config: opid_index: -1 OBSOLETE_local: false peers { permanent_uuid: "fc8ab7ccf33449beaa81e293705d17ce" member_type: VOTER last_known_addr { host: "127.16.28.193" port: 32873 } } peers { permanent_uuid: "20b45f9069e54321935088c21bd3872f" member_type: VOTER last_known_addr { host: "127.16.28.194" port: 33637 } } peers { permanent_uuid: "85d04af1145343359aa021d17eb3d0cd" member_type: VOTER last_known_addr { host: "127.16.28.195" port: 33929 } }
I20260713 09:05:52.983736 16827 raft_consensus.cc:385] T db12b0a8be44414e8619e684736f46a6 P 85d04af1145343359aa021d17eb3d0cd [term 0 FOLLOWER]: Consensus starting up: Expiring failure detector timer to make a prompt election more likely
I20260713 09:05:52.986685 16827 raft_consensus.cc:740] T db12b0a8be44414e8619e684736f46a6 P 85d04af1145343359aa021d17eb3d0cd [term 0 FOLLOWER]: Becoming Follower/Learner. State: Replica: 85d04af1145343359aa021d17eb3d0cd, State: Initialized, Role: FOLLOWER
I20260713 09:05:52.975199 16855 raft_consensus.cc:515] T 1328d86fc46e44a0a5db0429aade1811 P fc8ab7ccf33449beaa81e293705d17ce [term 1 FOLLOWER]: Starting leader election with config: opid_index: -1 OBSOLETE_local: false peers { permanent_uuid: "fc8ab7ccf33449beaa81e293705d17ce" member_type: VOTER last_known_addr { host: "127.16.28.193" port: 32873 } } peers { permanent_uuid: "20b45f9069e54321935088c21bd3872f" member_type: VOTER last_known_addr { host: "127.16.28.194" port: 33637 } } peers { permanent_uuid: "85d04af1145343359aa021d17eb3d0cd" member_type: VOTER last_known_addr { host: "127.16.28.195" port: 33929 } }
I20260713 09:05:52.987375 16827 consensus_queue.cc:260] T db12b0a8be44414e8619e684736f46a6 P 85d04af1145343359aa021d17eb3d0cd [NON_LEADER]: Queue going to NON_LEADER mode. State: All replicated index: 0, Majority replicated index: 0, Committed index: 0, Last appended: 0.0, Last appended by leader: 0, Current term: 0, Majority size: -1, State: 0, Mode: NON_LEADER, active raft config: opid_index: -1 OBSOLETE_local: false peers { permanent_uuid: "fc8ab7ccf33449beaa81e293705d17ce" member_type: VOTER last_known_addr { host: "127.16.28.193" port: 32873 } } peers { permanent_uuid: "20b45f9069e54321935088c21bd3872f" member_type: VOTER last_known_addr { host: "127.16.28.194" port: 33637 } } peers { permanent_uuid: "85d04af1145343359aa021d17eb3d0cd" member_type: VOTER last_known_addr { host: "127.16.28.195" port: 33929 } }
I20260713 09:05:52.991890 16855 leader_election.cc:290] T 1328d86fc46e44a0a5db0429aade1811 P fc8ab7ccf33449beaa81e293705d17ce [CANDIDATE]: Term 1 election: Requested vote from peers 20b45f9069e54321935088c21bd3872f (127.16.28.194:33637), 85d04af1145343359aa021d17eb3d0cd (127.16.28.195:33929)
I20260713 09:05:52.992703 16708 tablet_service.cc:1917] Received RequestConsensusVote() RPC: tablet_id: "1328d86fc46e44a0a5db0429aade1811" candidate_uuid: "fc8ab7ccf33449beaa81e293705d17ce" candidate_term: 1 candidate_status { last_received { term: 0 index: 0 } } ignore_live_leader: false dest_uuid: "20b45f9069e54321935088c21bd3872f"
I20260713 09:05:52.993245 16708 raft_consensus.cc:3060] T 1328d86fc46e44a0a5db0429aade1811 P 20b45f9069e54321935088c21bd3872f [term 0 FOLLOWER]: Advancing to term 1
I20260713 09:05:52.986330 16828 raft_consensus.cc:385] T 998a73a642934811b17dd925177b9fa4 P 20b45f9069e54321935088c21bd3872f [term 0 FOLLOWER]: Consensus starting up: Expiring failure detector timer to make a prompt election more likely
I20260713 09:05:52.996163 16783 tablet_service.cc:1917] Received RequestConsensusVote() RPC: tablet_id: "1328d86fc46e44a0a5db0429aade1811" candidate_uuid: "fc8ab7ccf33449beaa81e293705d17ce" candidate_term: 1 candidate_status { last_received { term: 0 index: 0 } } ignore_live_leader: false dest_uuid: "85d04af1145343359aa021d17eb3d0cd"
I20260713 09:05:52.997004 16783 raft_consensus.cc:3060] T 1328d86fc46e44a0a5db0429aade1811 P 85d04af1145343359aa021d17eb3d0cd [term 0 FOLLOWER]: Advancing to term 1
I20260713 09:05:52.998911 16832 raft_consensus.cc:515] T 4e4cfc0757b24a8ca6b8eb76b5cca5a7 P 85d04af1145343359aa021d17eb3d0cd [term 1 FOLLOWER]: Starting leader election with config: opid_index: -1 OBSOLETE_local: false peers { permanent_uuid: "fc8ab7ccf33449beaa81e293705d17ce" member_type: VOTER last_known_addr { host: "127.16.28.193" port: 32873 } } peers { permanent_uuid: "20b45f9069e54321935088c21bd3872f" member_type: VOTER last_known_addr { host: "127.16.28.194" port: 33637 } } peers { permanent_uuid: "85d04af1145343359aa021d17eb3d0cd" member_type: VOTER last_known_addr { host: "127.16.28.195" port: 33929 } }
I20260713 09:05:53.000782 16832 leader_election.cc:290] T 4e4cfc0757b24a8ca6b8eb76b5cca5a7 P 85d04af1145343359aa021d17eb3d0cd [CANDIDATE]: Term 1 election: Requested vote from peers fc8ab7ccf33449beaa81e293705d17ce (127.16.28.193:32873), 20b45f9069e54321935088c21bd3872f (127.16.28.194:33637)
I20260713 09:05:53.001245 16832 raft_consensus.cc:2804] T a5a5135f83fb40cb9d5563c2368c0fd4 P 85d04af1145343359aa021d17eb3d0cd [term 0 FOLLOWER]: Leader pre-election won for term 1
I20260713 09:05:53.001556 16832 raft_consensus.cc:493] T a5a5135f83fb40cb9d5563c2368c0fd4 P 85d04af1145343359aa021d17eb3d0cd [term 0 FOLLOWER]: Starting leader election (no leader contacted us within the election timeout)
I20260713 09:05:53.001839 16832 raft_consensus.cc:3060] T a5a5135f83fb40cb9d5563c2368c0fd4 P 85d04af1145343359aa021d17eb3d0cd [term 0 FOLLOWER]: Advancing to term 1
I20260713 09:05:52.994479 16828 raft_consensus.cc:740] T 998a73a642934811b17dd925177b9fa4 P 20b45f9069e54321935088c21bd3872f [term 0 FOLLOWER]: Becoming Follower/Learner. State: Replica: 20b45f9069e54321935088c21bd3872f, State: Initialized, Role: FOLLOWER
I20260713 09:05:53.008662 16828 consensus_queue.cc:260] T 998a73a642934811b17dd925177b9fa4 P 20b45f9069e54321935088c21bd3872f [NON_LEADER]: Queue going to NON_LEADER mode. State: All replicated index: 0, Majority replicated index: 0, Committed index: 0, Last appended: 0.0, Last appended by leader: 0, Current term: 0, Majority size: -1, State: 0, Mode: NON_LEADER, active raft config: opid_index: -1 OBSOLETE_local: false peers { permanent_uuid: "fc8ab7ccf33449beaa81e293705d17ce" member_type: VOTER last_known_addr { host: "127.16.28.193" port: 32873 } } peers { permanent_uuid: "20b45f9069e54321935088c21bd3872f" member_type: VOTER last_known_addr { host: "127.16.28.194" port: 33637 } } peers { permanent_uuid: "85d04af1145343359aa021d17eb3d0cd" member_type: VOTER last_known_addr { host: "127.16.28.195" port: 33929 } }
I20260713 09:05:53.016433 16867 raft_consensus.cc:2804] T f65041f974dc4806a36a8bfc1651c30c P 85d04af1145343359aa021d17eb3d0cd [term 0 FOLLOWER]: Leader pre-election won for term 1
I20260713 09:05:53.016875 16867 raft_consensus.cc:493] T f65041f974dc4806a36a8bfc1651c30c P 85d04af1145343359aa021d17eb3d0cd [term 0 FOLLOWER]: Starting leader election (no leader contacted us within the election timeout)
I20260713 09:05:53.017222 16867 raft_consensus.cc:3060] T f65041f974dc4806a36a8bfc1651c30c P 85d04af1145343359aa021d17eb3d0cd [term 0 FOLLOWER]: Advancing to term 1
I20260713 09:05:53.023934 16828 ts_tablet_manager.cc:1434] T 998a73a642934811b17dd925177b9fa4 P 20b45f9069e54321935088c21bd3872f: Time spent starting tablet: real 0.060s	user 0.004s	sys 0.003s
I20260713 09:05:53.024180 16783 raft_consensus.cc:2468] T 1328d86fc46e44a0a5db0429aade1811 P 85d04af1145343359aa021d17eb3d0cd [term 1 FOLLOWER]: Leader election vote request: Granting yes vote for candidate fc8ab7ccf33449beaa81e293705d17ce in term 1.
I20260713 09:05:53.026047 16599 leader_election.cc:304] T 1328d86fc46e44a0a5db0429aade1811 P fc8ab7ccf33449beaa81e293705d17ce [CANDIDATE]: Term 1 election: Election decided. Result: candidate won. Election summary: received 2 responses out of 3 voters: 2 yes votes; 0 no votes. yes voters: 85d04af1145343359aa021d17eb3d0cd, fc8ab7ccf33449beaa81e293705d17ce; no voters: 
I20260713 09:05:53.024529 16826 tablet_bootstrap.cc:492] T db12b0a8be44414e8619e684736f46a6 P fc8ab7ccf33449beaa81e293705d17ce: No bootstrap required, opened a new log
I20260713 09:05:53.027495 16826 ts_tablet_manager.cc:1403] T db12b0a8be44414e8619e684736f46a6 P fc8ab7ccf33449beaa81e293705d17ce: Time spent bootstrapping tablet: real 0.134s	user 0.022s	sys 0.000s
I20260713 09:05:53.027056 16855 raft_consensus.cc:2804] T 1328d86fc46e44a0a5db0429aade1811 P fc8ab7ccf33449beaa81e293705d17ce [term 1 FOLLOWER]: Leader election won for term 1
I20260713 09:05:53.036252 16832 raft_consensus.cc:515] T a5a5135f83fb40cb9d5563c2368c0fd4 P 85d04af1145343359aa021d17eb3d0cd [term 1 FOLLOWER]: Starting leader election with config: opid_index: -1 OBSOLETE_local: false peers { permanent_uuid: "fc8ab7ccf33449beaa81e293705d17ce" member_type: VOTER last_known_addr { host: "127.16.28.193" port: 32873 } } peers { permanent_uuid: "20b45f9069e54321935088c21bd3872f" member_type: VOTER last_known_addr { host: "127.16.28.194" port: 33637 } } peers { permanent_uuid: "85d04af1145343359aa021d17eb3d0cd" member_type: VOTER last_known_addr { host: "127.16.28.195" port: 33929 } }
I20260713 09:05:53.038148 16832 leader_election.cc:290] T a5a5135f83fb40cb9d5563c2368c0fd4 P 85d04af1145343359aa021d17eb3d0cd [CANDIDATE]: Term 1 election: Requested vote from peers fc8ab7ccf33449beaa81e293705d17ce (127.16.28.193:32873), 20b45f9069e54321935088c21bd3872f (127.16.28.194:33637)
I20260713 09:05:53.031132 16855 raft_consensus.cc:697] T 1328d86fc46e44a0a5db0429aade1811 P fc8ab7ccf33449beaa81e293705d17ce [term 1 LEADER]: Becoming Leader. State: Replica: fc8ab7ccf33449beaa81e293705d17ce, State: Running, Role: LEADER
I20260713 09:05:53.042346 16855 consensus_queue.cc:237] T 1328d86fc46e44a0a5db0429aade1811 P fc8ab7ccf33449beaa81e293705d17ce [LEADER]: Queue going to LEADER mode. State: All replicated index: 0, Majority replicated index: 0, Committed index: 0, Last appended: 0.0, Last appended by leader: 0, Current term: 1, Majority size: 2, State: 0, Mode: LEADER, active raft config: opid_index: -1 OBSOLETE_local: false peers { permanent_uuid: "fc8ab7ccf33449beaa81e293705d17ce" member_type: VOTER last_known_addr { host: "127.16.28.193" port: 32873 } } peers { permanent_uuid: "20b45f9069e54321935088c21bd3872f" member_type: VOTER last_known_addr { host: "127.16.28.194" port: 33637 } } peers { permanent_uuid: "85d04af1145343359aa021d17eb3d0cd" member_type: VOTER last_known_addr { host: "127.16.28.195" port: 33929 } }
I20260713 09:05:53.043136 16708 raft_consensus.cc:2468] T 1328d86fc46e44a0a5db0429aade1811 P 20b45f9069e54321935088c21bd3872f [term 1 FOLLOWER]: Leader election vote request: Granting yes vote for candidate fc8ab7ccf33449beaa81e293705d17ce in term 1.
I20260713 09:05:53.045397 16834 raft_consensus.cc:493] T b4735d38ef6e4175a4a0a298c51801ad P fc8ab7ccf33449beaa81e293705d17ce [term 0 FOLLOWER]: Starting pre-election (no leader contacted us within the election timeout)
I20260713 09:05:53.045869 16834 raft_consensus.cc:515] T b4735d38ef6e4175a4a0a298c51801ad P fc8ab7ccf33449beaa81e293705d17ce [term 0 FOLLOWER]: Starting pre-election with config: opid_index: -1 OBSOLETE_local: false peers { permanent_uuid: "fc8ab7ccf33449beaa81e293705d17ce" member_type: VOTER last_known_addr { host: "127.16.28.193" port: 32873 } } peers { permanent_uuid: "20b45f9069e54321935088c21bd3872f" member_type: VOTER last_known_addr { host: "127.16.28.194" port: 33637 } } peers { permanent_uuid: "85d04af1145343359aa021d17eb3d0cd" member_type: VOTER last_known_addr { host: "127.16.28.195" port: 33929 } }
I20260713 09:05:53.062299 16706 tablet_service.cc:1917] Received RequestConsensusVote() RPC: tablet_id: "a5a5135f83fb40cb9d5563c2368c0fd4" candidate_uuid: "85d04af1145343359aa021d17eb3d0cd" candidate_term: 1 candidate_status { last_received { term: 0 index: 0 } } ignore_live_leader: false dest_uuid: "20b45f9069e54321935088c21bd3872f"
I20260713 09:05:53.062978 16706 raft_consensus.cc:3060] T a5a5135f83fb40cb9d5563c2368c0fd4 P 20b45f9069e54321935088c21bd3872f [term 0 FOLLOWER]: Advancing to term 1
I20260713 09:05:53.064541 16708 tablet_service.cc:1917] Received RequestConsensusVote() RPC: tablet_id: "4e4cfc0757b24a8ca6b8eb76b5cca5a7" candidate_uuid: "85d04af1145343359aa021d17eb3d0cd" candidate_term: 1 candidate_status { last_received { term: 0 index: 0 } } ignore_live_leader: false dest_uuid: "20b45f9069e54321935088c21bd3872f"
I20260713 09:05:53.064913 16828 tablet_bootstrap.cc:492] T db12b0a8be44414e8619e684736f46a6 P 20b45f9069e54321935088c21bd3872f: Bootstrap starting.
I20260713 09:05:53.065289 16708 raft_consensus.cc:3060] T 4e4cfc0757b24a8ca6b8eb76b5cca5a7 P 20b45f9069e54321935088c21bd3872f [term 0 FOLLOWER]: Advancing to term 1
W20260713 09:05:53.014448 16746 outbound_call.cc:321] RPC callback for RPC call kudu.consensus.ConsensusService.RequestConsensusVote -> {remote=127.16.28.193:32873, user_credentials={real_user=slave}} blocked reactor thread for 45974.2us
I20260713 09:05:53.076047 16632 tablet_service.cc:1917] Received RequestConsensusVote() RPC: tablet_id: "4e4cfc0757b24a8ca6b8eb76b5cca5a7" candidate_uuid: "85d04af1145343359aa021d17eb3d0cd" candidate_term: 1 candidate_status { last_received { term: 0 index: 0 } } ignore_live_leader: false dest_uuid: "fc8ab7ccf33449beaa81e293705d17ce"
I20260713 09:05:53.076668 16632 raft_consensus.cc:3060] T 4e4cfc0757b24a8ca6b8eb76b5cca5a7 P fc8ab7ccf33449beaa81e293705d17ce [term 0 FOLLOWER]: Advancing to term 1
I20260713 09:05:53.094851 16826 raft_consensus.cc:359] T db12b0a8be44414e8619e684736f46a6 P fc8ab7ccf33449beaa81e293705d17ce [term 0 FOLLOWER]: Replica starting. Triggering 0 pending ops. Active config: opid_index: -1 OBSOLETE_local: false peers { permanent_uuid: "fc8ab7ccf33449beaa81e293705d17ce" member_type: VOTER last_known_addr { host: "127.16.28.193" port: 32873 } } peers { permanent_uuid: "20b45f9069e54321935088c21bd3872f" member_type: VOTER last_known_addr { host: "127.16.28.194" port: 33637 } } peers { permanent_uuid: "85d04af1145343359aa021d17eb3d0cd" member_type: VOTER last_known_addr { host: "127.16.28.195" port: 33929 } }
I20260713 09:05:53.095600 16826 raft_consensus.cc:385] T db12b0a8be44414e8619e684736f46a6 P fc8ab7ccf33449beaa81e293705d17ce [term 0 FOLLOWER]: Consensus starting up: Expiring failure detector timer to make a prompt election more likely
I20260713 09:05:53.095912 16826 raft_consensus.cc:740] T db12b0a8be44414e8619e684736f46a6 P fc8ab7ccf33449beaa81e293705d17ce [term 0 FOLLOWER]: Becoming Follower/Learner. State: Replica: fc8ab7ccf33449beaa81e293705d17ce, State: Initialized, Role: FOLLOWER
I20260713 09:05:53.096990 16783 tablet_service.cc:1917] Received RequestConsensusVote() RPC: tablet_id: "4e4cfc0757b24a8ca6b8eb76b5cca5a7" candidate_uuid: "20b45f9069e54321935088c21bd3872f" candidate_term: 1 candidate_status { last_received { term: 0 index: 0 } } ignore_live_leader: false dest_uuid: "85d04af1145343359aa021d17eb3d0cd" is_pre_election: true
I20260713 09:05:53.097859 16783 raft_consensus.cc:2393] T 4e4cfc0757b24a8ca6b8eb76b5cca5a7 P 85d04af1145343359aa021d17eb3d0cd [term 1 FOLLOWER]: Leader pre-election vote request: Denying vote to candidate 20b45f9069e54321935088c21bd3872f in current term 1: Already voted for candidate 85d04af1145343359aa021d17eb3d0cd in this term.
I20260713 09:05:53.097600 16867 raft_consensus.cc:515] T f65041f974dc4806a36a8bfc1651c30c P 85d04af1145343359aa021d17eb3d0cd [term 1 FOLLOWER]: Starting leader election with config: opid_index: -1 OBSOLETE_local: false peers { permanent_uuid: "fc8ab7ccf33449beaa81e293705d17ce" member_type: VOTER last_known_addr { host: "127.16.28.193" port: 32873 } } peers { permanent_uuid: "20b45f9069e54321935088c21bd3872f" member_type: VOTER last_known_addr { host: "127.16.28.194" port: 33637 } } peers { permanent_uuid: "85d04af1145343359aa021d17eb3d0cd" member_type: VOTER last_known_addr { host: "127.16.28.195" port: 33929 } }
I20260713 09:05:53.099833 16782 tablet_service.cc:1917] Received RequestConsensusVote() RPC: tablet_id: "f65041f974dc4806a36a8bfc1651c30c" candidate_uuid: "20b45f9069e54321935088c21bd3872f" candidate_term: 1 candidate_status { last_received { term: 0 index: 0 } } ignore_live_leader: false dest_uuid: "85d04af1145343359aa021d17eb3d0cd" is_pre_election: true
I20260713 09:05:53.100596 16782 raft_consensus.cc:2393] T f65041f974dc4806a36a8bfc1651c30c P 85d04af1145343359aa021d17eb3d0cd [term 1 FOLLOWER]: Leader pre-election vote request: Denying vote to candidate 20b45f9069e54321935088c21bd3872f in current term 1: Already voted for candidate 85d04af1145343359aa021d17eb3d0cd in this term.
I20260713 09:05:53.103693 16827 ts_tablet_manager.cc:1434] T db12b0a8be44414e8619e684736f46a6 P 85d04af1145343359aa021d17eb3d0cd: Time spent starting tablet: real 0.129s	user 0.019s	sys 0.006s
I20260713 09:05:53.103987 16828 tablet_bootstrap.cc:654] T db12b0a8be44414e8619e684736f46a6 P 20b45f9069e54321935088c21bd3872f: Neither blocks nor log segments found. Creating new log.
