I20260713 09:00:17.813323  1482 catalog_manager.cc:5697] T 03758992c3724111a81b77ac8e7dc17d P c58ba66904b049f89a06fee6ea45e05b reported cstate change: config changed from index 3 to 4, VOTER 77251e546fda47a2b92275bb010e1c71 (127.0.107.195) evicted. New cstate: current_term: 1 leader_uuid: "c58ba66904b049f89a06fee6ea45e05b" committed_config { opid_index: 4 OBSOLETE_local: false peers { permanent_uuid: "17d0848d22334b7c8831c64850418d90" member_type: VOTER last_known_addr { host: "127.0.107.193" port: 44161 } health_report { overall_health: UNKNOWN } } peers { permanent_uuid: "c58ba66904b049f89a06fee6ea45e05b" member_type: VOTER last_known_addr { host: "127.0.107.194" port: 35659 } health_report { overall_health: HEALTHY } } peers { permanent_uuid: "5a2d3d02c35f4653921a96e2feeae679" member_type: VOTER last_known_addr { host: "127.0.107.196" port: 43623 } attrs { promote: false } health_report { overall_health: HEALTHY } } }
I20260713 09:00:17.826678  1733 raft_consensus.cc:1275] T e5675919b45f49a68cfaf4e8c4d0f21b P 77251e546fda47a2b92275bb010e1c71 [term 1 FOLLOWER]: Refusing update from remote peer 17d0848d22334b7c8831c64850418d90: Log matching property violated. Preceding OpId in replica: term: 1 index: 2. Preceding OpId from leader: term: 1 index: 3. (index mismatch)
I20260713 09:00:17.828768  1714 tablet_service.cc:1558] Processing DeleteTablet for tablet 03758992c3724111a81b77ac8e7dc17d with delete_type TABLET_DATA_TOMBSTONED (TS 77251e546fda47a2b92275bb010e1c71 not found in new config with opid_index 4) from {username='slave'} at 127.0.0.1:51432
I20260713 09:00:17.828960  2359 consensus_queue.cc:1048] T e5675919b45f49a68cfaf4e8c4d0f21b P 17d0848d22334b7c8831c64850418d90 [LEADER]: Connected to new peer: Peer: permanent_uuid: "77251e546fda47a2b92275bb010e1c71" member_type: VOTER last_known_addr { host: "127.0.107.195" port: 36671 }, Status: LMP_MISMATCH, Last received: 0.0, Next index: 3, Last known committed idx: 2, Time since last communication: 0.000s
I20260713 09:00:17.850263  2011 raft_consensus.cc:1275] T e5675919b45f49a68cfaf4e8c4d0f21b P 5a2d3d02c35f4653921a96e2feeae679 [term 1 LEARNER]: Refusing update from remote peer 17d0848d22334b7c8831c64850418d90: Log matching property violated. Preceding OpId in replica: term: 1 index: 2. Preceding OpId from leader: term: 1 index: 3. (index mismatch)
I20260713 09:00:17.851742  2294 consensus_queue.cc:1048] T e5675919b45f49a68cfaf4e8c4d0f21b P 17d0848d22334b7c8831c64850418d90 [LEADER]: Connected to new peer: Peer: permanent_uuid: "5a2d3d02c35f4653921a96e2feeae679" member_type: VOTER last_known_addr { host: "127.0.107.196" port: 43623 } attrs { promote: false }, Status: LMP_MISMATCH, Last received: 0.0, Next index: 3, Last known committed idx: 2, Time since last communication: 0.000s
I20260713 09:00:17.854439  1659 raft_consensus.cc:1275] T e5675919b45f49a68cfaf4e8c4d0f21b P c58ba66904b049f89a06fee6ea45e05b [term 1 FOLLOWER]: Refusing update from remote peer 17d0848d22334b7c8831c64850418d90: Log matching property violated. Preceding OpId in replica: term: 1 index: 2. Preceding OpId from leader: term: 1 index: 3. (index mismatch)
I20260713 09:00:17.854382  2367 tablet_replica.cc:333] T 03758992c3724111a81b77ac8e7dc17d P 77251e546fda47a2b92275bb010e1c71: stopping tablet replica
I20260713 09:00:17.856285  2359 consensus_queue.cc:1048] T e5675919b45f49a68cfaf4e8c4d0f21b P 17d0848d22334b7c8831c64850418d90 [LEADER]: Connected to new peer: Peer: permanent_uuid: "c58ba66904b049f89a06fee6ea45e05b" member_type: VOTER last_known_addr { host: "127.0.107.194" port: 35659 } attrs { replace: true }, Status: LMP_MISMATCH, Last received: 0.0, Next index: 3, Last known committed idx: 2, Time since last communication: 0.000s
I20260713 09:00:17.862295  2367 raft_consensus.cc:2243] T 03758992c3724111a81b77ac8e7dc17d P 77251e546fda47a2b92275bb010e1c71 [term 1 FOLLOWER]: Raft consensus shutting down.
I20260713 09:00:17.864418  2367 raft_consensus.cc:2272] T 03758992c3724111a81b77ac8e7dc17d P 77251e546fda47a2b92275bb010e1c71 [term 1 FOLLOWER]: Raft consensus is shut down!
I20260713 09:00:17.879139  2367 ts_tablet_manager.cc:1916] T 03758992c3724111a81b77ac8e7dc17d P 77251e546fda47a2b92275bb010e1c71: Deleting tablet data with delete state TABLET_DATA_TOMBSTONED
I20260713 09:00:17.892560  2294 raft_consensus.cc:2955] T e5675919b45f49a68cfaf4e8c4d0f21b P 17d0848d22334b7c8831c64850418d90 [term 1 LEADER]: Committing config change with OpId 1.3: config changed from index 2 to 3, 5a2d3d02c35f4653921a96e2feeae679 (127.0.107.196) changed from NON_VOTER to VOTER. New config: { opid_index: 3 OBSOLETE_local: false peers { permanent_uuid: "17d0848d22334b7c8831c64850418d90" member_type: VOTER last_known_addr { host: "127.0.107.193" port: 44161 } } peers { permanent_uuid: "c58ba66904b049f89a06fee6ea45e05b" member_type: VOTER last_known_addr { host: "127.0.107.194" port: 35659 } attrs { replace: true } } peers { permanent_uuid: "77251e546fda47a2b92275bb010e1c71" member_type: VOTER last_known_addr { host: "127.0.107.195" port: 36671 } } peers { permanent_uuid: "5a2d3d02c35f4653921a96e2feeae679" member_type: VOTER last_known_addr { host: "127.0.107.196" port: 43623 } attrs { promote: false } } }
I20260713 09:00:17.896108  1659 raft_consensus.cc:2955] T e5675919b45f49a68cfaf4e8c4d0f21b P c58ba66904b049f89a06fee6ea45e05b [term 1 FOLLOWER]: Committing config change with OpId 1.3: config changed from index 2 to 3, 5a2d3d02c35f4653921a96e2feeae679 (127.0.107.196) changed from NON_VOTER to VOTER. New config: { opid_index: 3 OBSOLETE_local: false peers { permanent_uuid: "17d0848d22334b7c8831c64850418d90" member_type: VOTER last_known_addr { host: "127.0.107.193" port: 44161 } } peers { permanent_uuid: "c58ba66904b049f89a06fee6ea45e05b" member_type: VOTER last_known_addr { host: "127.0.107.194" port: 35659 } attrs { replace: true } } peers { permanent_uuid: "77251e546fda47a2b92275bb010e1c71" member_type: VOTER last_known_addr { host: "127.0.107.195" port: 36671 } } peers { permanent_uuid: "5a2d3d02c35f4653921a96e2feeae679" member_type: VOTER last_known_addr { host: "127.0.107.196" port: 43623 } attrs { promote: false } } }
I20260713 09:00:17.906176  1733 raft_consensus.cc:2955] T e5675919b45f49a68cfaf4e8c4d0f21b P 77251e546fda47a2b92275bb010e1c71 [term 1 FOLLOWER]: Committing config change with OpId 1.3: config changed from index 2 to 3, 5a2d3d02c35f4653921a96e2feeae679 (127.0.107.196) changed from NON_VOTER to VOTER. New config: { opid_index: 3 OBSOLETE_local: false peers { permanent_uuid: "17d0848d22334b7c8831c64850418d90" member_type: VOTER last_known_addr { host: "127.0.107.193" port: 44161 } } peers { permanent_uuid: "c58ba66904b049f89a06fee6ea45e05b" member_type: VOTER last_known_addr { host: "127.0.107.194" port: 35659 } attrs { replace: true } } peers { permanent_uuid: "77251e546fda47a2b92275bb010e1c71" member_type: VOTER last_known_addr { host: "127.0.107.195" port: 36671 } } peers { permanent_uuid: "5a2d3d02c35f4653921a96e2feeae679" member_type: VOTER last_known_addr { host: "127.0.107.196" port: 43623 } attrs { promote: false } } }
I20260713 09:00:17.919690  2367 ts_tablet_manager.cc:1929] T 03758992c3724111a81b77ac8e7dc17d P 77251e546fda47a2b92275bb010e1c71: tablet deleted with delete type TABLET_DATA_TOMBSTONED: last-logged OpId 1.3
I20260713 09:00:17.920274  2367 log.cc:1199] T 03758992c3724111a81b77ac8e7dc17d P 77251e546fda47a2b92275bb010e1c71: Deleting WAL directory at /tmp/dist-test-taskOEfTYE/test-tmp/auto_leader_rebalancer-test.0.LeaderRebalancerTest.AddTserver.1783933172388832-431-0/minicluster-data/ts-2-root/wals/03758992c3724111a81b77ac8e7dc17d
I20260713 09:00:17.914762  2011 raft_consensus.cc:2955] T e5675919b45f49a68cfaf4e8c4d0f21b P 5a2d3d02c35f4653921a96e2feeae679 [term 1 FOLLOWER]: Committing config change with OpId 1.3: config changed from index 2 to 3, 5a2d3d02c35f4653921a96e2feeae679 (127.0.107.196) changed from NON_VOTER to VOTER. New config: { opid_index: 3 OBSOLETE_local: false peers { permanent_uuid: "17d0848d22334b7c8831c64850418d90" member_type: VOTER last_known_addr { host: "127.0.107.193" port: 44161 } } peers { permanent_uuid: "c58ba66904b049f89a06fee6ea45e05b" member_type: VOTER last_known_addr { host: "127.0.107.194" port: 35659 } attrs { replace: true } } peers { permanent_uuid: "77251e546fda47a2b92275bb010e1c71" member_type: VOTER last_known_addr { host: "127.0.107.195" port: 36671 } } peers { permanent_uuid: "5a2d3d02c35f4653921a96e2feeae679" member_type: VOTER last_known_addr { host: "127.0.107.196" port: 43623 } attrs { promote: false } } }
I20260713 09:00:17.922145  1467 catalog_manager.cc:5028] TS 77251e546fda47a2b92275bb010e1c71 (127.0.107.195:36671): tablet 03758992c3724111a81b77ac8e7dc17d (table test-workload [id=08c2562608e14b8e9837c100627e0a01]) successfully deleted
I20260713 09:00:17.920792  1482 catalog_manager.cc:5697] T e5675919b45f49a68cfaf4e8c4d0f21b P c58ba66904b049f89a06fee6ea45e05b reported cstate change: config changed from index 2 to 3, 5a2d3d02c35f4653921a96e2feeae679 (127.0.107.196) changed from NON_VOTER to VOTER. New cstate: current_term: 1 leader_uuid: "17d0848d22334b7c8831c64850418d90" committed_config { opid_index: 3 OBSOLETE_local: false peers { permanent_uuid: "17d0848d22334b7c8831c64850418d90" member_type: VOTER last_known_addr { host: "127.0.107.193" port: 44161 } } peers { permanent_uuid: "c58ba66904b049f89a06fee6ea45e05b" member_type: VOTER last_known_addr { host: "127.0.107.194" port: 35659 } attrs { replace: true } } peers { permanent_uuid: "77251e546fda47a2b92275bb010e1c71" member_type: VOTER last_known_addr { host: "127.0.107.195" port: 36671 } } peers { permanent_uuid: "5a2d3d02c35f4653921a96e2feeae679" member_type: VOTER last_known_addr { host: "127.0.107.196" port: 43623 } attrs { promote: false } } }
I20260713 09:00:17.945747  1580 consensus_queue.cc:237] T e5675919b45f49a68cfaf4e8c4d0f21b P 17d0848d22334b7c8831c64850418d90 [LEADER]: Queue going to LEADER mode. State: All replicated index: 0, Majority replicated index: 3, Committed index: 3, Last appended: 1.3, Last appended by leader: 0, Current term: 1, Majority size: 2, State: 0, Mode: LEADER, active raft config: opid_index: 4 OBSOLETE_local: false peers { permanent_uuid: "17d0848d22334b7c8831c64850418d90" member_type: VOTER last_known_addr { host: "127.0.107.193" port: 44161 } } peers { permanent_uuid: "77251e546fda47a2b92275bb010e1c71" member_type: VOTER last_known_addr { host: "127.0.107.195" port: 36671 } } peers { permanent_uuid: "5a2d3d02c35f4653921a96e2feeae679" member_type: VOTER last_known_addr { host: "127.0.107.196" port: 43623 } attrs { promote: false } }
I20260713 09:00:17.950762  2011 raft_consensus.cc:1275] T e5675919b45f49a68cfaf4e8c4d0f21b P 5a2d3d02c35f4653921a96e2feeae679 [term 1 FOLLOWER]: Refusing update from remote peer 17d0848d22334b7c8831c64850418d90: Log matching property violated. Preceding OpId in replica: term: 1 index: 3. Preceding OpId from leader: term: 1 index: 4. (index mismatch)
I20260713 09:00:17.950711  1733 raft_consensus.cc:1275] T e5675919b45f49a68cfaf4e8c4d0f21b P 77251e546fda47a2b92275bb010e1c71 [term 1 FOLLOWER]: Refusing update from remote peer 17d0848d22334b7c8831c64850418d90: Log matching property violated. Preceding OpId in replica: term: 1 index: 3. Preceding OpId from leader: term: 1 index: 4. (index mismatch)
I20260713 09:00:17.952555  2368 consensus_queue.cc:1048] T e5675919b45f49a68cfaf4e8c4d0f21b P 17d0848d22334b7c8831c64850418d90 [LEADER]: Connected to new peer: Peer: permanent_uuid: "77251e546fda47a2b92275bb010e1c71" member_type: VOTER last_known_addr { host: "127.0.107.195" port: 36671 }, Status: LMP_MISMATCH, Last received: 0.0, Next index: 4, Last known committed idx: 3, Time since last communication: 0.000s
I20260713 09:00:17.954592  2294 consensus_queue.cc:1048] T e5675919b45f49a68cfaf4e8c4d0f21b P 17d0848d22334b7c8831c64850418d90 [LEADER]: Connected to new peer: Peer: permanent_uuid: "5a2d3d02c35f4653921a96e2feeae679" member_type: VOTER last_known_addr { host: "127.0.107.196" port: 43623 } attrs { promote: false }, Status: LMP_MISMATCH, Last received: 0.0, Next index: 4, Last known committed idx: 3, Time since last communication: 0.001s
I20260713 09:00:17.960913  2359 raft_consensus.cc:2955] T e5675919b45f49a68cfaf4e8c4d0f21b P 17d0848d22334b7c8831c64850418d90 [term 1 LEADER]: Committing config change with OpId 1.4: config changed from index 3 to 4, VOTER c58ba66904b049f89a06fee6ea45e05b (127.0.107.194) evicted. New config: { opid_index: 4 OBSOLETE_local: false peers { permanent_uuid: "17d0848d22334b7c8831c64850418d90" member_type: VOTER last_known_addr { host: "127.0.107.193" port: 44161 } } peers { permanent_uuid: "77251e546fda47a2b92275bb010e1c71" member_type: VOTER last_known_addr { host: "127.0.107.195" port: 36671 } } peers { permanent_uuid: "5a2d3d02c35f4653921a96e2feeae679" member_type: VOTER last_known_addr { host: "127.0.107.196" port: 43623 } attrs { promote: false } } }
I20260713 09:00:17.969043  1730 raft_consensus.cc:2955] T e5675919b45f49a68cfaf4e8c4d0f21b P 77251e546fda47a2b92275bb010e1c71 [term 1 FOLLOWER]: Committing config change with OpId 1.4: config changed from index 3 to 4, VOTER c58ba66904b049f89a06fee6ea45e05b (127.0.107.194) evicted. New config: { opid_index: 4 OBSOLETE_local: false peers { permanent_uuid: "17d0848d22334b7c8831c64850418d90" member_type: VOTER last_known_addr { host: "127.0.107.193" port: 44161 } } peers { permanent_uuid: "77251e546fda47a2b92275bb010e1c71" member_type: VOTER last_known_addr { host: "127.0.107.195" port: 36671 } } peers { permanent_uuid: "5a2d3d02c35f4653921a96e2feeae679" member_type: VOTER last_known_addr { host: "127.0.107.196" port: 43623 } attrs { promote: false } } }
I20260713 09:00:17.974884  2011 raft_consensus.cc:2955] T e5675919b45f49a68cfaf4e8c4d0f21b P 5a2d3d02c35f4653921a96e2feeae679 [term 1 FOLLOWER]: Committing config change with OpId 1.4: config changed from index 3 to 4, VOTER c58ba66904b049f89a06fee6ea45e05b (127.0.107.194) evicted. New config: { opid_index: 4 OBSOLETE_local: false peers { permanent_uuid: "17d0848d22334b7c8831c64850418d90" member_type: VOTER last_known_addr { host: "127.0.107.193" port: 44161 } } peers { permanent_uuid: "77251e546fda47a2b92275bb010e1c71" member_type: VOTER last_known_addr { host: "127.0.107.195" port: 36671 } } peers { permanent_uuid: "5a2d3d02c35f4653921a96e2feeae679" member_type: VOTER last_known_addr { host: "127.0.107.196" port: 43623 } attrs { promote: false } } }
I20260713 09:00:17.984741  1469 catalog_manager.cc:5210] ChangeConfig:REMOVE_PEER RPC for tablet e5675919b45f49a68cfaf4e8c4d0f21b with cas_config_opid_index 3: ChangeConfig:REMOVE_PEER succeeded (attempt 1)
I20260713 09:00:17.984815  1478 catalog_manager.cc:5697] T e5675919b45f49a68cfaf4e8c4d0f21b P 77251e546fda47a2b92275bb010e1c71 reported cstate change: config changed from index 3 to 4, VOTER c58ba66904b049f89a06fee6ea45e05b (127.0.107.194) evicted. New cstate: current_term: 1 leader_uuid: "17d0848d22334b7c8831c64850418d90" committed_config { opid_index: 4 OBSOLETE_local: false peers { permanent_uuid: "17d0848d22334b7c8831c64850418d90" member_type: VOTER last_known_addr { host: "127.0.107.193" port: 44161 } } peers { permanent_uuid: "77251e546fda47a2b92275bb010e1c71" member_type: VOTER last_known_addr { host: "127.0.107.195" port: 36671 } } peers { permanent_uuid: "5a2d3d02c35f4653921a96e2feeae679" member_type: VOTER last_known_addr { host: "127.0.107.196" port: 43623 } attrs { promote: false } } }
I20260713 09:00:17.995730  1649 tablet_service.cc:1558] Processing DeleteTablet for tablet e5675919b45f49a68cfaf4e8c4d0f21b with delete_type TABLET_DATA_TOMBSTONED (TS c58ba66904b049f89a06fee6ea45e05b not found in new config with opid_index 4) from {username='slave'} at 127.0.0.1:33588
I20260713 09:00:18.001624  2372 tablet_replica.cc:333] T e5675919b45f49a68cfaf4e8c4d0f21b P c58ba66904b049f89a06fee6ea45e05b: stopping tablet replica
I20260713 09:00:18.003105  2372 raft_consensus.cc:2243] T e5675919b45f49a68cfaf4e8c4d0f21b P c58ba66904b049f89a06fee6ea45e05b [term 1 FOLLOWER]: Raft consensus shutting down.
I20260713 09:00:18.003885  2372 raft_consensus.cc:2272] T e5675919b45f49a68cfaf4e8c4d0f21b P c58ba66904b049f89a06fee6ea45e05b [term 1 FOLLOWER]: Raft consensus is shut down!
I20260713 09:00:18.006755  2372 ts_tablet_manager.cc:1916] T e5675919b45f49a68cfaf4e8c4d0f21b P c58ba66904b049f89a06fee6ea45e05b: Deleting tablet data with delete state TABLET_DATA_TOMBSTONED
I20260713 09:00:18.017410  2372 ts_tablet_manager.cc:1929] T e5675919b45f49a68cfaf4e8c4d0f21b P c58ba66904b049f89a06fee6ea45e05b: tablet deleted with delete type TABLET_DATA_TOMBSTONED: last-logged OpId 1.3
I20260713 09:00:18.017702  2372 log.cc:1199] T e5675919b45f49a68cfaf4e8c4d0f21b P c58ba66904b049f89a06fee6ea45e05b: Deleting WAL directory at /tmp/dist-test-taskOEfTYE/test-tmp/auto_leader_rebalancer-test.0.LeaderRebalancerTest.AddTserver.1783933172388832-431-0/minicluster-data/ts-1-root/wals/e5675919b45f49a68cfaf4e8c4d0f21b
I20260713 09:00:18.019100  1468 catalog_manager.cc:5028] TS c58ba66904b049f89a06fee6ea45e05b (127.0.107.194:35659): tablet e5675919b45f49a68cfaf4e8c4d0f21b (table test-workload [id=08c2562608e14b8e9837c100627e0a01]) successfully deleted
W20260713 09:00:18.152541  2035 debug-util.cc:398] Leaking SignalData structure 0x7b080024dda0 after lost signal to thread 434
W20260713 09:00:18.153376  2035 debug-util.cc:398] Leaking SignalData structure 0x7b080024e480 after lost signal to thread 1516
W20260713 09:00:18.154198  2035 debug-util.cc:398] Leaking SignalData structure 0x7b0800200c20 after lost signal to thread 1608
W20260713 09:00:18.155007  2035 debug-util.cc:398] Leaking SignalData structure 0x7b0800279ba0 after lost signal to thread 1683
W20260713 09:00:18.155742  2035 debug-util.cc:398] Leaking SignalData structure 0x7b0800280560 after lost signal to thread 1757
W20260713 09:00:18.156512  2035 debug-util.cc:398] Leaking SignalData structure 0x7b0800264b60 after lost signal to thread 2038
W20260713 09:00:18.156771  2035 debug-util.cc:398] Leaking SignalData structure 0x7b0800287aa0 after lost signal to thread 2336
I20260713 09:00:23.421240   431 auto_leader_rebalancer.cc:141] leader rebalance for table test-workload
I20260713 09:00:23.481884  1657 tablet_service.cc:2072] Received LeaderStepDown RPC: tablet_id: "03758992c3724111a81b77ac8e7dc17d"
dest_uuid: "c58ba66904b049f89a06fee6ea45e05b"
mode: GRACEFUL
new_leader_uuid: "5a2d3d02c35f4653921a96e2feeae679"
 from {username='slave'} at 127.0.0.1:36778
I20260713 09:00:23.482772  1657 raft_consensus.cc:606] T 03758992c3724111a81b77ac8e7dc17d P c58ba66904b049f89a06fee6ea45e05b [term 1 LEADER]: Received request to transfer leadership to TS 5a2d3d02c35f4653921a96e2feeae679
I20260713 09:00:23.486717  1657 tablet_service.cc:2072] Received LeaderStepDown RPC: tablet_id: "4bc479fea6114acfaad099b54192be13"
dest_uuid: "c58ba66904b049f89a06fee6ea45e05b"
mode: GRACEFUL
new_leader_uuid: "17d0848d22334b7c8831c64850418d90"
 from {username='slave'} at 127.0.0.1:36778
I20260713 09:00:23.487365  1657 raft_consensus.cc:606] T 4bc479fea6114acfaad099b54192be13 P c58ba66904b049f89a06fee6ea45e05b [term 1 LEADER]: Received request to transfer leadership to TS 17d0848d22334b7c8831c64850418d90
I20260713 09:00:23.489908  1657 tablet_service.cc:2072] Received LeaderStepDown RPC: tablet_id: "537f2134c234430dbd8879d8e4276035"
dest_uuid: "c58ba66904b049f89a06fee6ea45e05b"
mode: GRACEFUL
new_leader_uuid: "77251e546fda47a2b92275bb010e1c71"
 from {username='slave'} at 127.0.0.1:36778
I20260713 09:00:23.490315  1657 raft_consensus.cc:606] T 537f2134c234430dbd8879d8e4276035 P c58ba66904b049f89a06fee6ea45e05b [term 1 LEADER]: Received request to transfer leadership to TS 77251e546fda47a2b92275bb010e1c71
I20260713 09:00:23.502334  1730 tablet_service.cc:2072] Received LeaderStepDown RPC: tablet_id: "a05729102fd5478394d5de648b02a822"
dest_uuid: "77251e546fda47a2b92275bb010e1c71"
mode: GRACEFUL
new_leader_uuid: "5a2d3d02c35f4653921a96e2feeae679"
 from {username='slave'} at 127.0.0.1:54110
I20260713 09:00:23.503098  1730 raft_consensus.cc:606] T a05729102fd5478394d5de648b02a822 P 77251e546fda47a2b92275bb010e1c71 [term 1 LEADER]: Received request to transfer leadership to TS 5a2d3d02c35f4653921a96e2feeae679
I20260713 09:00:23.515903  1580 tablet_service.cc:2072] Received LeaderStepDown RPC: tablet_id: "be7b665e3b67456f9492351767358721"
dest_uuid: "17d0848d22334b7c8831c64850418d90"
mode: GRACEFUL
new_leader_uuid: "5a2d3d02c35f4653921a96e2feeae679"
 from {username='slave'} at 127.0.0.1:40588
I20260713 09:00:23.516467  1580 raft_consensus.cc:606] T be7b665e3b67456f9492351767358721 P 17d0848d22334b7c8831c64850418d90 [term 1 LEADER]: Received request to transfer leadership to TS 5a2d3d02c35f4653921a96e2feeae679
I20260713 09:00:23.517803   431 auto_leader_rebalancer.cc:479] table: test-workload, leader rebalance finish, leader transfer count: 5
I20260713 09:00:23.518213  2380 raft_consensus.cc:993] T 03758992c3724111a81b77ac8e7dc17d P c58ba66904b049f89a06fee6ea45e05b: : Instructing follower 5a2d3d02c35f4653921a96e2feeae679 to start an election
I20260713 09:00:23.518613   431 auto_leader_rebalancer.cc:554] All tables' leader rebalancing finished this round
I20260713 09:00:23.518847  2377 raft_consensus.cc:1081] T 03758992c3724111a81b77ac8e7dc17d P c58ba66904b049f89a06fee6ea45e05b [term 1 LEADER]: Signalling peer 5a2d3d02c35f4653921a96e2feeae679 to start an election
I20260713 09:00:23.520385  2014 tablet_service.cc:2044] Received Run Leader Election RPC: tablet_id: "03758992c3724111a81b77ac8e7dc17d"
dest_uuid: "5a2d3d02c35f4653921a96e2feeae679"
 from {username='slave'} at 127.0.0.1:57672
I20260713 09:00:23.520803  2014 raft_consensus.cc:493] T 03758992c3724111a81b77ac8e7dc17d P 5a2d3d02c35f4653921a96e2feeae679 [term 1 FOLLOWER]: Starting forced leader election (received explicit request)
I20260713 09:00:23.521060  2014 raft_consensus.cc:3060] T 03758992c3724111a81b77ac8e7dc17d P 5a2d3d02c35f4653921a96e2feeae679 [term 1 FOLLOWER]: Advancing to term 2
I20260713 09:00:23.526837  2014 raft_consensus.cc:515] T 03758992c3724111a81b77ac8e7dc17d P 5a2d3d02c35f4653921a96e2feeae679 [term 2 FOLLOWER]: Starting forced leader election with config: opid_index: 4 OBSOLETE_local: false peers { permanent_uuid: "17d0848d22334b7c8831c64850418d90" member_type: VOTER last_known_addr { host: "127.0.107.193" port: 44161 } } peers { permanent_uuid: "c58ba66904b049f89a06fee6ea45e05b" member_type: VOTER last_known_addr { host: "127.0.107.194" port: 35659 } } peers { permanent_uuid: "5a2d3d02c35f4653921a96e2feeae679" member_type: VOTER last_known_addr { host: "127.0.107.196" port: 43623 } attrs { promote: false } }
I20260713 09:00:23.528894  2014 leader_election.cc:290] T 03758992c3724111a81b77ac8e7dc17d P 5a2d3d02c35f4653921a96e2feeae679 [CANDIDATE]: Term 2 election: Requested vote from peers 17d0848d22334b7c8831c64850418d90 (127.0.107.193:44161), c58ba66904b049f89a06fee6ea45e05b (127.0.107.194:35659)
I20260713 09:00:23.530054  1580 tablet_service.cc:1917] Received RequestConsensusVote() RPC: tablet_id: "03758992c3724111a81b77ac8e7dc17d" candidate_uuid: "5a2d3d02c35f4653921a96e2feeae679" candidate_term: 2 candidate_status { last_received { term: 1 index: 4 } } ignore_live_leader: true dest_uuid: "17d0848d22334b7c8831c64850418d90"
I20260713 09:00:23.530210  1657 tablet_service.cc:1917] Received RequestConsensusVote() RPC: tablet_id: "03758992c3724111a81b77ac8e7dc17d" candidate_uuid: "5a2d3d02c35f4653921a96e2feeae679" candidate_term: 2 candidate_status { last_received { term: 1 index: 4 } } ignore_live_leader: true dest_uuid: "c58ba66904b049f89a06fee6ea45e05b"
I20260713 09:00:23.530903  1580 raft_consensus.cc:3060] T 03758992c3724111a81b77ac8e7dc17d P 17d0848d22334b7c8831c64850418d90 [term 1 FOLLOWER]: Advancing to term 2
I20260713 09:00:23.530903  1657 raft_consensus.cc:3055] T 03758992c3724111a81b77ac8e7dc17d P c58ba66904b049f89a06fee6ea45e05b [term 1 LEADER]: Stepping down as leader of term 1
I20260713 09:00:23.531473  1657 raft_consensus.cc:740] T 03758992c3724111a81b77ac8e7dc17d P c58ba66904b049f89a06fee6ea45e05b [term 1 LEADER]: Becoming Follower/Learner. State: Replica: c58ba66904b049f89a06fee6ea45e05b, State: Running, Role: LEADER
I20260713 09:00:23.532424  1657 consensus_queue.cc:260] T 03758992c3724111a81b77ac8e7dc17d P c58ba66904b049f89a06fee6ea45e05b [NON_LEADER]: Queue going to NON_LEADER mode. State: All replicated index: 0, Majority replicated index: 4, Committed index: 4, Last appended: 1.4, Last appended by leader: 4, Current term: 1, Majority size: -1, State: 0, Mode: NON_LEADER, active raft config: opid_index: 4 OBSOLETE_local: false peers { permanent_uuid: "17d0848d22334b7c8831c64850418d90" member_type: VOTER last_known_addr { host: "127.0.107.193" port: 44161 } } peers { permanent_uuid: "c58ba66904b049f89a06fee6ea45e05b" member_type: VOTER last_known_addr { host: "127.0.107.194" port: 35659 } } peers { permanent_uuid: "5a2d3d02c35f4653921a96e2feeae679" member_type: VOTER last_known_addr { host: "127.0.107.196" port: 43623 } attrs { promote: false } }
I20260713 09:00:23.533702  1657 raft_consensus.cc:3060] T 03758992c3724111a81b77ac8e7dc17d P c58ba66904b049f89a06fee6ea45e05b [term 1 FOLLOWER]: Advancing to term 2
I20260713 09:00:23.538280  1580 raft_consensus.cc:2468] T 03758992c3724111a81b77ac8e7dc17d P 17d0848d22334b7c8831c64850418d90 [term 2 FOLLOWER]: Leader election vote request: Granting yes vote for candidate 5a2d3d02c35f4653921a96e2feeae679 in term 2.
I20260713 09:00:23.539718  1980 leader_election.cc:304] T 03758992c3724111a81b77ac8e7dc17d P 5a2d3d02c35f4653921a96e2feeae679 [CANDIDATE]: Term 2 election: Election decided. Result: candidate won. Election summary: received 2 responses out of 3 voters: 2 yes votes; 0 no votes. yes voters: 17d0848d22334b7c8831c64850418d90, 5a2d3d02c35f4653921a96e2feeae679; no voters: 
I20260713 09:00:23.540621  1657 raft_consensus.cc:2468] T 03758992c3724111a81b77ac8e7dc17d P c58ba66904b049f89a06fee6ea45e05b [term 2 FOLLOWER]: Leader election vote request: Granting yes vote for candidate 5a2d3d02c35f4653921a96e2feeae679 in term 2.
I20260713 09:00:23.541895  2388 raft_consensus.cc:2804] T 03758992c3724111a81b77ac8e7dc17d P 5a2d3d02c35f4653921a96e2feeae679 [term 2 FOLLOWER]: Leader election won for term 2
I20260713 09:00:23.543179  2388 raft_consensus.cc:697] T 03758992c3724111a81b77ac8e7dc17d P 5a2d3d02c35f4653921a96e2feeae679 [term 2 LEADER]: Becoming Leader. State: Replica: 5a2d3d02c35f4653921a96e2feeae679, State: Running, Role: LEADER
I20260713 09:00:23.544250  2388 consensus_queue.cc:237] T 03758992c3724111a81b77ac8e7dc17d P 5a2d3d02c35f4653921a96e2feeae679 [LEADER]: Queue going to LEADER mode. State: All replicated index: 0, Majority replicated index: 4, Committed index: 4, Last appended: 1.4, Last appended by leader: 4, Current term: 2, Majority size: 2, State: 0, Mode: LEADER, active raft config: opid_index: 4 OBSOLETE_local: false peers { permanent_uuid: "17d0848d22334b7c8831c64850418d90" member_type: VOTER last_known_addr { host: "127.0.107.193" port: 44161 } } peers { permanent_uuid: "c58ba66904b049f89a06fee6ea45e05b" member_type: VOTER last_known_addr { host: "127.0.107.194" port: 35659 } } peers { permanent_uuid: "5a2d3d02c35f4653921a96e2feeae679" member_type: VOTER last_known_addr { host: "127.0.107.196" port: 43623 } attrs { promote: false } }
I20260713 09:00:23.551725  1480 catalog_manager.cc:5697] T 03758992c3724111a81b77ac8e7dc17d P 5a2d3d02c35f4653921a96e2feeae679 reported cstate change: term changed from 1 to 2, leader changed from c58ba66904b049f89a06fee6ea45e05b (127.0.107.194) to 5a2d3d02c35f4653921a96e2feeae679 (127.0.107.196). New cstate: current_term: 2 leader_uuid: "5a2d3d02c35f4653921a96e2feeae679" committed_config { opid_index: 4 OBSOLETE_local: false peers { permanent_uuid: "17d0848d22334b7c8831c64850418d90" member_type: VOTER last_known_addr { host: "127.0.107.193" port: 44161 } health_report { overall_health: UNKNOWN } } peers { permanent_uuid: "c58ba66904b049f89a06fee6ea45e05b" member_type: VOTER last_known_addr { host: "127.0.107.194" port: 35659 } health_report { overall_health: UNKNOWN } } peers { permanent_uuid: "5a2d3d02c35f4653921a96e2feeae679" member_type: VOTER last_known_addr { host: "127.0.107.196" port: 43623 } attrs { promote: false } health_report { overall_health: HEALTHY } } }
I20260713 09:00:23.652913  2380 raft_consensus.cc:993] T 537f2134c234430dbd8879d8e4276035 P c58ba66904b049f89a06fee6ea45e05b: : Instructing follower 77251e546fda47a2b92275bb010e1c71 to start an election
I20260713 09:00:23.653393  2377 raft_consensus.cc:1081] T 537f2134c234430dbd8879d8e4276035 P c58ba66904b049f89a06fee6ea45e05b [term 1 LEADER]: Signalling peer 77251e546fda47a2b92275bb010e1c71 to start an election
I20260713 09:00:23.654922  1730 tablet_service.cc:2044] Received Run Leader Election RPC: tablet_id: "537f2134c234430dbd8879d8e4276035"
dest_uuid: "77251e546fda47a2b92275bb010e1c71"
 from {username='slave'} at 127.0.0.1:51450
I20260713 09:00:23.655458  1730 raft_consensus.cc:493] T 537f2134c234430dbd8879d8e4276035 P 77251e546fda47a2b92275bb010e1c71 [term 1 FOLLOWER]: Starting forced leader election (received explicit request)
I20260713 09:00:23.655750  1730 raft_consensus.cc:3060] T 537f2134c234430dbd8879d8e4276035 P 77251e546fda47a2b92275bb010e1c71 [term 1 FOLLOWER]: Advancing to term 2
I20260713 09:00:23.660701  1730 raft_consensus.cc:515] T 537f2134c234430dbd8879d8e4276035 P 77251e546fda47a2b92275bb010e1c71 [term 2 FOLLOWER]: Starting forced leader election with config: opid_index: -1 OBSOLETE_local: false peers { permanent_uuid: "17d0848d22334b7c8831c64850418d90" member_type: VOTER last_known_addr { host: "127.0.107.193" port: 44161 } } peers { permanent_uuid: "c58ba66904b049f89a06fee6ea45e05b" member_type: VOTER last_known_addr { host: "127.0.107.194" port: 35659 } } peers { permanent_uuid: "77251e546fda47a2b92275bb010e1c71" member_type: VOTER last_known_addr { host: "127.0.107.195" port: 36671 } }
I20260713 09:00:23.662335  1730 leader_election.cc:290] T 537f2134c234430dbd8879d8e4276035 P 77251e546fda47a2b92275bb010e1c71 [CANDIDATE]: Term 2 election: Requested vote from peers 17d0848d22334b7c8831c64850418d90 (127.0.107.193:44161), c58ba66904b049f89a06fee6ea45e05b (127.0.107.194:35659)
I20260713 09:00:23.663213  1580 tablet_service.cc:1917] Received RequestConsensusVote() RPC: tablet_id: "537f2134c234430dbd8879d8e4276035" candidate_uuid: "77251e546fda47a2b92275bb010e1c71" candidate_term: 2 candidate_status { last_received { term: 1 index: 1 } } ignore_live_leader: true dest_uuid: "17d0848d22334b7c8831c64850418d90"
I20260713 09:00:23.663353  1657 tablet_service.cc:1917] Received RequestConsensusVote() RPC: tablet_id: "537f2134c234430dbd8879d8e4276035" candidate_uuid: "77251e546fda47a2b92275bb010e1c71" candidate_term: 2 candidate_status { last_received { term: 1 index: 1 } } ignore_live_leader: true dest_uuid: "c58ba66904b049f89a06fee6ea45e05b"
I20260713 09:00:23.663858  1580 raft_consensus.cc:3060] T 537f2134c234430dbd8879d8e4276035 P 17d0848d22334b7c8831c64850418d90 [term 1 FOLLOWER]: Advancing to term 2
I20260713 09:00:23.663942  1657 raft_consensus.cc:3055] T 537f2134c234430dbd8879d8e4276035 P c58ba66904b049f89a06fee6ea45e05b [term 1 LEADER]: Stepping down as leader of term 1
I20260713 09:00:23.664321  1657 raft_consensus.cc:740] T 537f2134c234430dbd8879d8e4276035 P c58ba66904b049f89a06fee6ea45e05b [term 1 LEADER]: Becoming Follower/Learner. State: Replica: c58ba66904b049f89a06fee6ea45e05b, State: Running, Role: LEADER
I20260713 09:00:23.664932  1657 consensus_queue.cc:260] T 537f2134c234430dbd8879d8e4276035 P c58ba66904b049f89a06fee6ea45e05b [NON_LEADER]: Queue going to NON_LEADER mode. State: All replicated index: 0, Majority replicated index: 1, Committed index: 1, Last appended: 1.1, Last appended by leader: 1, Current term: 1, Majority size: -1, State: 0, Mode: NON_LEADER, active raft config: opid_index: -1 OBSOLETE_local: false peers { permanent_uuid: "17d0848d22334b7c8831c64850418d90" member_type: VOTER last_known_addr { host: "127.0.107.193" port: 44161 } } peers { permanent_uuid: "c58ba66904b049f89a06fee6ea45e05b" member_type: VOTER last_known_addr { host: "127.0.107.194" port: 35659 } } peers { permanent_uuid: "77251e546fda47a2b92275bb010e1c71" member_type: VOTER last_known_addr { host: "127.0.107.195" port: 36671 } }
I20260713 09:00:23.665776  1657 raft_consensus.cc:3060] T 537f2134c234430dbd8879d8e4276035 P c58ba66904b049f89a06fee6ea45e05b [term 1 FOLLOWER]: Advancing to term 2
I20260713 09:00:23.668491  1580 raft_consensus.cc:2468] T 537f2134c234430dbd8879d8e4276035 P 17d0848d22334b7c8831c64850418d90 [term 2 FOLLOWER]: Leader election vote request: Granting yes vote for candidate 77251e546fda47a2b92275bb010e1c71 in term 2.
I20260713 09:00:23.669646  1699 leader_election.cc:304] T 537f2134c234430dbd8879d8e4276035 P 77251e546fda47a2b92275bb010e1c71 [CANDIDATE]: Term 2 election: Election decided. Result: candidate won. Election summary: received 2 responses out of 3 voters: 2 yes votes; 0 no votes. yes voters: 17d0848d22334b7c8831c64850418d90, 77251e546fda47a2b92275bb010e1c71; no voters: 
I20260713 09:00:23.670532  2383 raft_consensus.cc:2804] T 537f2134c234430dbd8879d8e4276035 P 77251e546fda47a2b92275bb010e1c71 [term 2 FOLLOWER]: Leader election won for term 2
I20260713 09:00:23.670627  1657 raft_consensus.cc:2468] T 537f2134c234430dbd8879d8e4276035 P c58ba66904b049f89a06fee6ea45e05b [term 2 FOLLOWER]: Leader election vote request: Granting yes vote for candidate 77251e546fda47a2b92275bb010e1c71 in term 2.
I20260713 09:00:23.671039  2383 raft_consensus.cc:697] T 537f2134c234430dbd8879d8e4276035 P 77251e546fda47a2b92275bb010e1c71 [term 2 LEADER]: Becoming Leader. State: Replica: 77251e546fda47a2b92275bb010e1c71, State: Running, Role: LEADER
I20260713 09:00:23.672093  2383 consensus_queue.cc:237] T 537f2134c234430dbd8879d8e4276035 P 77251e546fda47a2b92275bb010e1c71 [LEADER]: Queue going to LEADER mode. State: All replicated index: 0, Majority replicated index: 1, Committed index: 1, Last appended: 1.1, Last appended by leader: 1, Current term: 2, Majority size: 2, State: 0, Mode: LEADER, active raft config: opid_index: -1 OBSOLETE_local: false peers { permanent_uuid: "17d0848d22334b7c8831c64850418d90" member_type: VOTER last_known_addr { host: "127.0.107.193" port: 44161 } } peers { permanent_uuid: "c58ba66904b049f89a06fee6ea45e05b" member_type: VOTER last_known_addr { host: "127.0.107.194" port: 35659 } } peers { permanent_uuid: "77251e546fda47a2b92275bb010e1c71" member_type: VOTER last_known_addr { host: "127.0.107.195" port: 36671 } }
I20260713 09:00:23.679534  1480 catalog_manager.cc:5697] T 537f2134c234430dbd8879d8e4276035 P 77251e546fda47a2b92275bb010e1c71 reported cstate change: term changed from 1 to 2, leader changed from c58ba66904b049f89a06fee6ea45e05b (127.0.107.194) to 77251e546fda47a2b92275bb010e1c71 (127.0.107.195). New cstate: current_term: 2 leader_uuid: "77251e546fda47a2b92275bb010e1c71" committed_config { opid_index: -1 OBSOLETE_local: false peers { permanent_uuid: "17d0848d22334b7c8831c64850418d90" member_type: VOTER last_known_addr { host: "127.0.107.193" port: 44161 } health_report { overall_health: UNKNOWN } } peers { permanent_uuid: "c58ba66904b049f89a06fee6ea45e05b" member_type: VOTER last_known_addr { host: "127.0.107.194" port: 35659 } health_report { overall_health: UNKNOWN } } peers { permanent_uuid: "77251e546fda47a2b92275bb010e1c71" member_type: VOTER last_known_addr { host: "127.0.107.195" port: 36671 } health_report { overall_health: HEALTHY } } }
I20260713 09:00:23.919979  2260 raft_consensus.cc:993] T a05729102fd5478394d5de648b02a822 P 77251e546fda47a2b92275bb010e1c71: : Instructing follower 5a2d3d02c35f4653921a96e2feeae679 to start an election
I20260713 09:00:23.920502  2383 raft_consensus.cc:1081] T a05729102fd5478394d5de648b02a822 P 77251e546fda47a2b92275bb010e1c71 [term 1 LEADER]: Signalling peer 5a2d3d02c35f4653921a96e2feeae679 to start an election
I20260713 09:00:23.922329  2013 tablet_service.cc:2044] Received Run Leader Election RPC: tablet_id: "a05729102fd5478394d5de648b02a822"
dest_uuid: "5a2d3d02c35f4653921a96e2feeae679"
 from {username='slave'} at 127.0.0.1:52942
I20260713 09:00:23.922883  2013 raft_consensus.cc:493] T a05729102fd5478394d5de648b02a822 P 5a2d3d02c35f4653921a96e2feeae679 [term 1 FOLLOWER]: Starting forced leader election (received explicit request)
I20260713 09:00:23.923286  2013 raft_consensus.cc:3060] T a05729102fd5478394d5de648b02a822 P 5a2d3d02c35f4653921a96e2feeae679 [term 1 FOLLOWER]: Advancing to term 2
I20260713 09:00:23.928576  2013 raft_consensus.cc:515] T a05729102fd5478394d5de648b02a822 P 5a2d3d02c35f4653921a96e2feeae679 [term 2 FOLLOWER]: Starting forced leader election with config: opid_index: 4 OBSOLETE_local: false peers { permanent_uuid: "c58ba66904b049f89a06fee6ea45e05b" member_type: VOTER last_known_addr { host: "127.0.107.194" port: 35659 } } peers { permanent_uuid: "77251e546fda47a2b92275bb010e1c71" member_type: VOTER last_known_addr { host: "127.0.107.195" port: 36671 } } peers { permanent_uuid: "5a2d3d02c35f4653921a96e2feeae679" member_type: VOTER last_known_addr { host: "127.0.107.196" port: 43623 } attrs { promote: false } }
I20260713 09:00:23.930259  2013 leader_election.cc:290] T a05729102fd5478394d5de648b02a822 P 5a2d3d02c35f4653921a96e2feeae679 [CANDIDATE]: Term 2 election: Requested vote from peers c58ba66904b049f89a06fee6ea45e05b (127.0.107.194:35659), 77251e546fda47a2b92275bb010e1c71 (127.0.107.195:36671)
I20260713 09:00:23.931088  1657 tablet_service.cc:1917] Received RequestConsensusVote() RPC: tablet_id: "a05729102fd5478394d5de648b02a822" candidate_uuid: "5a2d3d02c35f4653921a96e2feeae679" candidate_term: 2 candidate_status { last_received { term: 1 index: 4 } } ignore_live_leader: true dest_uuid: "c58ba66904b049f89a06fee6ea45e05b"
I20260713 09:00:23.931310  1730 tablet_service.cc:1917] Received RequestConsensusVote() RPC: tablet_id: "a05729102fd5478394d5de648b02a822" candidate_uuid: "5a2d3d02c35f4653921a96e2feeae679" candidate_term: 2 candidate_status { last_received { term: 1 index: 4 } } ignore_live_leader: true dest_uuid: "77251e546fda47a2b92275bb010e1c71"
I20260713 09:00:23.931723  1657 raft_consensus.cc:3060] T a05729102fd5478394d5de648b02a822 P c58ba66904b049f89a06fee6ea45e05b [term 1 FOLLOWER]: Advancing to term 2
I20260713 09:00:23.931782  1730 raft_consensus.cc:3055] T a05729102fd5478394d5de648b02a822 P 77251e546fda47a2b92275bb010e1c71 [term 1 LEADER]: Stepping down as leader of term 1
I20260713 09:00:23.932174  1730 raft_consensus.cc:740] T a05729102fd5478394d5de648b02a822 P 77251e546fda47a2b92275bb010e1c71 [term 1 LEADER]: Becoming Follower/Learner. State: Replica: 77251e546fda47a2b92275bb010e1c71, State: Running, Role: LEADER
I20260713 09:00:23.932912  1730 consensus_queue.cc:260] T a05729102fd5478394d5de648b02a822 P 77251e546fda47a2b92275bb010e1c71 [NON_LEADER]: Queue going to NON_LEADER mode. State: All replicated index: 0, Majority replicated index: 4, Committed index: 4, Last appended: 1.4, Last appended by leader: 4, Current term: 1, Majority size: -1, State: 0, Mode: NON_LEADER, active raft config: opid_index: 4 OBSOLETE_local: false peers { permanent_uuid: "c58ba66904b049f89a06fee6ea45e05b" member_type: VOTER last_known_addr { host: "127.0.107.194" port: 35659 } } peers { permanent_uuid: "77251e546fda47a2b92275bb010e1c71" member_type: VOTER last_known_addr { host: "127.0.107.195" port: 36671 } } peers { permanent_uuid: "5a2d3d02c35f4653921a96e2feeae679" member_type: VOTER last_known_addr { host: "127.0.107.196" port: 43623 } attrs { promote: false } }
I20260713 09:00:23.934114  1730 raft_consensus.cc:3060] T a05729102fd5478394d5de648b02a822 P 77251e546fda47a2b92275bb010e1c71 [term 1 FOLLOWER]: Advancing to term 2
I20260713 09:00:23.938047  1657 raft_consensus.cc:2468] T a05729102fd5478394d5de648b02a822 P c58ba66904b049f89a06fee6ea45e05b [term 2 FOLLOWER]: Leader election vote request: Granting yes vote for candidate 5a2d3d02c35f4653921a96e2feeae679 in term 2.
I20260713 09:00:23.939258  1979 leader_election.cc:304] T a05729102fd5478394d5de648b02a822 P 5a2d3d02c35f4653921a96e2feeae679 [CANDIDATE]: Term 2 election: Election decided. Result: candidate won. Election summary: received 2 responses out of 3 voters: 2 yes votes; 0 no votes. yes voters: 5a2d3d02c35f4653921a96e2feeae679, c58ba66904b049f89a06fee6ea45e05b; no voters: 
I20260713 09:00:23.939970  2388 raft_consensus.cc:2804] T a05729102fd5478394d5de648b02a822 P 5a2d3d02c35f4653921a96e2feeae679 [term 2 FOLLOWER]: Leader election won for term 2
I20260713 09:00:23.940240  1730 raft_consensus.cc:2468] T a05729102fd5478394d5de648b02a822 P 77251e546fda47a2b92275bb010e1c71 [term 2 FOLLOWER]: Leader election vote request: Granting yes vote for candidate 5a2d3d02c35f4653921a96e2feeae679 in term 2.
I20260713 09:00:23.940498  2388 raft_consensus.cc:697] T a05729102fd5478394d5de648b02a822 P 5a2d3d02c35f4653921a96e2feeae679 [term 2 LEADER]: Becoming Leader. State: Replica: 5a2d3d02c35f4653921a96e2feeae679, State: Running, Role: LEADER
I20260713 09:00:23.941481  2388 consensus_queue.cc:237] T a05729102fd5478394d5de648b02a822 P 5a2d3d02c35f4653921a96e2feeae679 [LEADER]: Queue going to LEADER mode. State: All replicated index: 0, Majority replicated index: 4, Committed index: 4, Last appended: 1.4, Last appended by leader: 4, Current term: 2, Majority size: 2, State: 0, Mode: LEADER, active raft config: opid_index: 4 OBSOLETE_local: false peers { permanent_uuid: "c58ba66904b049f89a06fee6ea45e05b" member_type: VOTER last_known_addr { host: "127.0.107.194" port: 35659 } } peers { permanent_uuid: "77251e546fda47a2b92275bb010e1c71" member_type: VOTER last_known_addr { host: "127.0.107.195" port: 36671 } } peers { permanent_uuid: "5a2d3d02c35f4653921a96e2feeae679" member_type: VOTER last_known_addr { host: "127.0.107.196" port: 43623 } attrs { promote: false } }
I20260713 09:00:23.950119  1480 catalog_manager.cc:5697] T a05729102fd5478394d5de648b02a822 P 5a2d3d02c35f4653921a96e2feeae679 reported cstate change: term changed from 1 to 2, leader changed from 77251e546fda47a2b92275bb010e1c71 (127.0.107.195) to 5a2d3d02c35f4653921a96e2feeae679 (127.0.107.196). New cstate: current_term: 2 leader_uuid: "5a2d3d02c35f4653921a96e2feeae679" committed_config { opid_index: 4 OBSOLETE_local: false peers { permanent_uuid: "c58ba66904b049f89a06fee6ea45e05b" member_type: VOTER last_known_addr { host: "127.0.107.194" port: 35659 } health_report { overall_health: UNKNOWN } } peers { permanent_uuid: "77251e546fda47a2b92275bb010e1c71" member_type: VOTER last_known_addr { host: "127.0.107.195" port: 36671 } health_report { overall_health: UNKNOWN } } peers { permanent_uuid: "5a2d3d02c35f4653921a96e2feeae679" member_type: VOTER last_known_addr { host: "127.0.107.196" port: 43623 } attrs { promote: false } health_report { overall_health: HEALTHY } } }
I20260713 09:00:23.965590  2378 raft_consensus.cc:993] T be7b665e3b67456f9492351767358721 P 17d0848d22334b7c8831c64850418d90: : Instructing follower 5a2d3d02c35f4653921a96e2feeae679 to start an election
I20260713 09:00:23.966279  2397 raft_consensus.cc:1081] T be7b665e3b67456f9492351767358721 P 17d0848d22334b7c8831c64850418d90 [term 1 LEADER]: Signalling peer 5a2d3d02c35f4653921a96e2feeae679 to start an election
I20260713 09:00:23.967834  2013 tablet_service.cc:2044] Received Run Leader Election RPC: tablet_id: "be7b665e3b67456f9492351767358721"
dest_uuid: "5a2d3d02c35f4653921a96e2feeae679"
 from {username='slave'} at 127.0.0.1:57662
I20260713 09:00:23.968372  2013 raft_consensus.cc:493] T be7b665e3b67456f9492351767358721 P 5a2d3d02c35f4653921a96e2feeae679 [term 1 FOLLOWER]: Starting forced leader election (received explicit request)
I20260713 09:00:23.968628  2013 raft_consensus.cc:3060] T be7b665e3b67456f9492351767358721 P 5a2d3d02c35f4653921a96e2feeae679 [term 1 FOLLOWER]: Advancing to term 2
I20260713 09:00:23.972983  2013 raft_consensus.cc:515] T be7b665e3b67456f9492351767358721 P 5a2d3d02c35f4653921a96e2feeae679 [term 2 FOLLOWER]: Starting forced leader election with config: opid_index: 4 OBSOLETE_local: false peers { permanent_uuid: "17d0848d22334b7c8831c64850418d90" member_type: VOTER last_known_addr { host: "127.0.107.193" port: 44161 } } peers { permanent_uuid: "77251e546fda47a2b92275bb010e1c71" member_type: VOTER last_known_addr { host: "127.0.107.195" port: 36671 } } peers { permanent_uuid: "5a2d3d02c35f4653921a96e2feeae679" member_type: VOTER last_known_addr { host: "127.0.107.196" port: 43623 } attrs { promote: false } }
I20260713 09:00:23.974400  2013 leader_election.cc:290] T be7b665e3b67456f9492351767358721 P 5a2d3d02c35f4653921a96e2feeae679 [CANDIDATE]: Term 2 election: Requested vote from peers 17d0848d22334b7c8831c64850418d90 (127.0.107.193:44161), 77251e546fda47a2b92275bb010e1c71 (127.0.107.195:36671)
I20260713 09:00:23.975208  1580 tablet_service.cc:1917] Received RequestConsensusVote() RPC: tablet_id: "be7b665e3b67456f9492351767358721" candidate_uuid: "5a2d3d02c35f4653921a96e2feeae679" candidate_term: 2 candidate_status { last_received { term: 1 index: 4 } } ignore_live_leader: true dest_uuid: "17d0848d22334b7c8831c64850418d90"
I20260713 09:00:23.975399  1730 tablet_service.cc:1917] Received RequestConsensusVote() RPC: tablet_id: "be7b665e3b67456f9492351767358721" candidate_uuid: "5a2d3d02c35f4653921a96e2feeae679" candidate_term: 2 candidate_status { last_received { term: 1 index: 4 } } ignore_live_leader: true dest_uuid: "77251e546fda47a2b92275bb010e1c71"
I20260713 09:00:23.975821  1580 raft_consensus.cc:3055] T be7b665e3b67456f9492351767358721 P 17d0848d22334b7c8831c64850418d90 [term 1 LEADER]: Stepping down as leader of term 1
I20260713 09:00:23.975998  1730 raft_consensus.cc:3060] T be7b665e3b67456f9492351767358721 P 77251e546fda47a2b92275bb010e1c71 [term 1 FOLLOWER]: Advancing to term 2
I20260713 09:00:23.976151  1580 raft_consensus.cc:740] T be7b665e3b67456f9492351767358721 P 17d0848d22334b7c8831c64850418d90 [term 1 LEADER]: Becoming Follower/Learner. State: Replica: 17d0848d22334b7c8831c64850418d90, State: Running, Role: LEADER
I20260713 09:00:23.976949  1580 consensus_queue.cc:260] T be7b665e3b67456f9492351767358721 P 17d0848d22334b7c8831c64850418d90 [NON_LEADER]: Queue going to NON_LEADER mode. State: All replicated index: 0, Majority replicated index: 4, Committed index: 4, Last appended: 1.4, Last appended by leader: 4, Current term: 1, Majority size: -1, State: 0, Mode: NON_LEADER, active raft config: opid_index: 4 OBSOLETE_local: false peers { permanent_uuid: "17d0848d22334b7c8831c64850418d90" member_type: VOTER last_known_addr { host: "127.0.107.193" port: 44161 } } peers { permanent_uuid: "77251e546fda47a2b92275bb010e1c71" member_type: VOTER last_known_addr { host: "127.0.107.195" port: 36671 } } peers { permanent_uuid: "5a2d3d02c35f4653921a96e2feeae679" member_type: VOTER last_known_addr { host: "127.0.107.196" port: 43623 } attrs { promote: false } }
I20260713 09:00:23.977850  1580 raft_consensus.cc:3060] T be7b665e3b67456f9492351767358721 P 17d0848d22334b7c8831c64850418d90 [term 1 FOLLOWER]: Advancing to term 2
I20260713 09:00:23.980613  1730 raft_consensus.cc:2468] T be7b665e3b67456f9492351767358721 P 77251e546fda47a2b92275bb010e1c71 [term 2 FOLLOWER]: Leader election vote request: Granting yes vote for candidate 5a2d3d02c35f4653921a96e2feeae679 in term 2.
I20260713 09:00:23.981828  1978 leader_election.cc:304] T be7b665e3b67456f9492351767358721 P 5a2d3d02c35f4653921a96e2feeae679 [CANDIDATE]: Term 2 election: Election decided. Result: candidate won. Election summary: received 2 responses out of 3 voters: 2 yes votes; 0 no votes. yes voters: 5a2d3d02c35f4653921a96e2feeae679, 77251e546fda47a2b92275bb010e1c71; no voters: 
I20260713 09:00:23.982402  1580 raft_consensus.cc:2468] T be7b665e3b67456f9492351767358721 P 17d0848d22334b7c8831c64850418d90 [term 2 FOLLOWER]: Leader election vote request: Granting yes vote for candidate 5a2d3d02c35f4653921a96e2feeae679 in term 2.
I20260713 09:00:23.982746  2388 raft_consensus.cc:2804] T be7b665e3b67456f9492351767358721 P 5a2d3d02c35f4653921a96e2feeae679 [term 2 FOLLOWER]: Leader election won for term 2
I20260713 09:00:23.983395  2388 raft_consensus.cc:697] T be7b665e3b67456f9492351767358721 P 5a2d3d02c35f4653921a96e2feeae679 [term 2 LEADER]: Becoming Leader. State: Replica: 5a2d3d02c35f4653921a96e2feeae679, State: Running, Role: LEADER
I20260713 09:00:23.984356  2388 consensus_queue.cc:237] T be7b665e3b67456f9492351767358721 P 5a2d3d02c35f4653921a96e2feeae679 [LEADER]: Queue going to LEADER mode. State: All replicated index: 0, Majority replicated index: 4, Committed index: 4, Last appended: 1.4, Last appended by leader: 4, Current term: 2, Majority size: 2, State: 0, Mode: LEADER, active raft config: opid_index: 4 OBSOLETE_local: false peers { permanent_uuid: "17d0848d22334b7c8831c64850418d90" member_type: VOTER last_known_addr { host: "127.0.107.193" port: 44161 } } peers { permanent_uuid: "77251e546fda47a2b92275bb010e1c71" member_type: VOTER last_known_addr { host: "127.0.107.195" port: 36671 } } peers { permanent_uuid: "5a2d3d02c35f4653921a96e2feeae679" member_type: VOTER last_known_addr { host: "127.0.107.196" port: 43623 } attrs { promote: false } }
I20260713 09:00:23.987150  2380 raft_consensus.cc:993] T 4bc479fea6114acfaad099b54192be13 P c58ba66904b049f89a06fee6ea45e05b: : Instructing follower 17d0848d22334b7c8831c64850418d90 to start an election
I20260713 09:00:23.987797  2377 raft_consensus.cc:1081] T 4bc479fea6114acfaad099b54192be13 P c58ba66904b049f89a06fee6ea45e05b [term 1 LEADER]: Signalling peer 17d0848d22334b7c8831c64850418d90 to start an election
I20260713 09:00:23.989625  1580 tablet_service.cc:2044] Received Run Leader Election RPC: tablet_id: "4bc479fea6114acfaad099b54192be13"
dest_uuid: "17d0848d22334b7c8831c64850418d90"
 from {username='slave'} at 127.0.0.1:34886
