new_leader_uuid: "fe78d597827e45008db1c6f5c203d805"
 from {username='slave'} at 127.0.0.1:49838
I20260713 09:06:07.669485 17190 raft_consensus.cc:606] T f595f05a2e9c450488dd54955a6e7fa6 P 5a8e0ced16494af9af59a5d452b9989f [term 3 LEADER]: Received request to transfer leadership to TS fe78d597827e45008db1c6f5c203d805
I20260713 09:06:07.682268 17120 tablet_service.cc:2072] Received LeaderStepDown RPC: tablet_id: "a90429aa9313429e92dad3f372b11a80"
dest_uuid: "5788ae554e9a4674b4d81ed58fee4c5d"
mode: GRACEFUL
new_leader_uuid: "fe78d597827e45008db1c6f5c203d805"
 from {username='slave'} at 127.0.0.1:37230
I20260713 09:06:07.682837 17120 raft_consensus.cc:606] T a90429aa9313429e92dad3f372b11a80 P 5788ae554e9a4674b4d81ed58fee4c5d [term 2 LEADER]: Received request to transfer leadership to TS fe78d597827e45008db1c6f5c203d805
I20260713 09:06:07.687520 17120 tablet_service.cc:2072] Received LeaderStepDown RPC: tablet_id: "288f5f7db70148ec8ca58bd05ca8544f"
dest_uuid: "5788ae554e9a4674b4d81ed58fee4c5d"
mode: GRACEFUL
new_leader_uuid: "fe78d597827e45008db1c6f5c203d805"
 from {username='slave'} at 127.0.0.1:37230
I20260713 09:06:07.688025 17120 raft_consensus.cc:606] T 288f5f7db70148ec8ca58bd05ca8544f P 5788ae554e9a4674b4d81ed58fee4c5d [term 2 LEADER]: Received request to transfer leadership to TS fe78d597827e45008db1c6f5c203d805
I20260713 09:06:07.692667 17120 tablet_service.cc:2072] Received LeaderStepDown RPC: tablet_id: "ea43a6d199cc43f88bbc12cba8369726"
dest_uuid: "5788ae554e9a4674b4d81ed58fee4c5d"
mode: GRACEFUL
new_leader_uuid: "fe78d597827e45008db1c6f5c203d805"
 from {username='slave'} at 127.0.0.1:37230
I20260713 09:06:07.693171 17120 raft_consensus.cc:606] T ea43a6d199cc43f88bbc12cba8369726 P 5788ae554e9a4674b4d81ed58fee4c5d [term 2 LEADER]: Received request to transfer leadership to TS fe78d597827e45008db1c6f5c203d805
I20260713 09:06:07.731694 17288 raft_consensus.cc:993] T a90429aa9313429e92dad3f372b11a80 P 5788ae554e9a4674b4d81ed58fee4c5d: : Instructing follower fe78d597827e45008db1c6f5c203d805 to start an election
I20260713 09:06:07.732254 17348 raft_consensus.cc:1081] T a90429aa9313429e92dad3f372b11a80 P 5788ae554e9a4674b4d81ed58fee4c5d [term 2 LEADER]: Signalling peer fe78d597827e45008db1c6f5c203d805 to start an election
I20260713 09:06:07.733815 17045 tablet_service.cc:2044] Received Run Leader Election RPC: tablet_id: "a90429aa9313429e92dad3f372b11a80"
dest_uuid: "fe78d597827e45008db1c6f5c203d805"
 from {username='slave'} at 127.0.0.1:56942
I20260713 09:06:07.734251 17045 raft_consensus.cc:493] T a90429aa9313429e92dad3f372b11a80 P fe78d597827e45008db1c6f5c203d805 [term 2 FOLLOWER]: Starting forced leader election (received explicit request)
I20260713 09:06:07.734505 17045 raft_consensus.cc:3060] T a90429aa9313429e92dad3f372b11a80 P fe78d597827e45008db1c6f5c203d805 [term 2 FOLLOWER]: Advancing to term 3
I20260713 09:06:07.738680 17045 raft_consensus.cc:515] T a90429aa9313429e92dad3f372b11a80 P fe78d597827e45008db1c6f5c203d805 [term 3 FOLLOWER]: Starting forced leader election with config: opid_index: -1 OBSOLETE_local: false peers { permanent_uuid: "fe78d597827e45008db1c6f5c203d805" member_type: VOTER last_known_addr { host: "127.16.9.193" port: 46711 } } peers { permanent_uuid: "5788ae554e9a4674b4d81ed58fee4c5d" member_type: VOTER last_known_addr { host: "127.16.9.194" port: 39919 } } peers { permanent_uuid: "5a8e0ced16494af9af59a5d452b9989f" member_type: VOTER last_known_addr { host: "127.16.9.195" port: 37807 } }
I20260713 09:06:07.740279 17045 leader_election.cc:290] T a90429aa9313429e92dad3f372b11a80 P fe78d597827e45008db1c6f5c203d805 [CANDIDATE]: Term 3 election: Requested vote from peers 5788ae554e9a4674b4d81ed58fee4c5d (127.16.9.194:39919), 5a8e0ced16494af9af59a5d452b9989f (127.16.9.195:37807)
I20260713 09:06:07.742383 17190 tablet_service.cc:1917] Received RequestConsensusVote() RPC: tablet_id: "a90429aa9313429e92dad3f372b11a80" candidate_uuid: "fe78d597827e45008db1c6f5c203d805" candidate_term: 3 candidate_status { last_received { term: 2 index: 2 } } ignore_live_leader: true dest_uuid: "5a8e0ced16494af9af59a5d452b9989f"
I20260713 09:06:07.742616 17120 tablet_service.cc:1917] Received RequestConsensusVote() RPC: tablet_id: "a90429aa9313429e92dad3f372b11a80" candidate_uuid: "fe78d597827e45008db1c6f5c203d805" candidate_term: 3 candidate_status { last_received { term: 2 index: 2 } } ignore_live_leader: true dest_uuid: "5788ae554e9a4674b4d81ed58fee4c5d"
I20260713 09:06:07.743063 17190 raft_consensus.cc:3060] T a90429aa9313429e92dad3f372b11a80 P 5a8e0ced16494af9af59a5d452b9989f [term 2 FOLLOWER]: Advancing to term 3
I20260713 09:06:07.743251 17120 raft_consensus.cc:3055] T a90429aa9313429e92dad3f372b11a80 P 5788ae554e9a4674b4d81ed58fee4c5d [term 2 LEADER]: Stepping down as leader of term 2
I20260713 09:06:07.743671 17120 raft_consensus.cc:740] T a90429aa9313429e92dad3f372b11a80 P 5788ae554e9a4674b4d81ed58fee4c5d [term 2 LEADER]: Becoming Follower/Learner. State: Replica: 5788ae554e9a4674b4d81ed58fee4c5d, State: Running, Role: LEADER
I20260713 09:06:07.744429 17120 consensus_queue.cc:260] T a90429aa9313429e92dad3f372b11a80 P 5788ae554e9a4674b4d81ed58fee4c5d [NON_LEADER]: Queue going to NON_LEADER mode. State: All replicated index: 0, Majority replicated index: 2, Committed index: 2, Last appended: 2.2, Last appended by leader: 2, Current term: 2, Majority size: -1, State: 0, Mode: NON_LEADER, active raft config: opid_index: -1 OBSOLETE_local: false peers { permanent_uuid: "fe78d597827e45008db1c6f5c203d805" member_type: VOTER last_known_addr { host: "127.16.9.193" port: 46711 } } peers { permanent_uuid: "5788ae554e9a4674b4d81ed58fee4c5d" member_type: VOTER last_known_addr { host: "127.16.9.194" port: 39919 } } peers { permanent_uuid: "5a8e0ced16494af9af59a5d452b9989f" member_type: VOTER last_known_addr { host: "127.16.9.195" port: 37807 } }
I20260713 09:06:07.745554 17120 raft_consensus.cc:3060] T a90429aa9313429e92dad3f372b11a80 P 5788ae554e9a4674b4d81ed58fee4c5d [term 2 FOLLOWER]: Advancing to term 3
I20260713 09:06:07.751343 17190 raft_consensus.cc:2468] T a90429aa9313429e92dad3f372b11a80 P 5a8e0ced16494af9af59a5d452b9989f [term 3 FOLLOWER]: Leader election vote request: Granting yes vote for candidate fe78d597827e45008db1c6f5c203d805 in term 3.
I20260713 09:06:07.751932 17120 raft_consensus.cc:2468] T a90429aa9313429e92dad3f372b11a80 P 5788ae554e9a4674b4d81ed58fee4c5d [term 3 FOLLOWER]: Leader election vote request: Granting yes vote for candidate fe78d597827e45008db1c6f5c203d805 in term 3.
I20260713 09:06:07.752588 17010 leader_election.cc:304] T a90429aa9313429e92dad3f372b11a80 P fe78d597827e45008db1c6f5c203d805 [CANDIDATE]: Term 3 election: Election decided. Result: candidate won. Election summary: received 2 responses out of 3 voters: 2 yes votes; 0 no votes. yes voters: 5a8e0ced16494af9af59a5d452b9989f, fe78d597827e45008db1c6f5c203d805; no voters: 
I20260713 09:06:07.753494 17331 raft_consensus.cc:2804] T a90429aa9313429e92dad3f372b11a80 P fe78d597827e45008db1c6f5c203d805 [term 3 FOLLOWER]: Leader election won for term 3
I20260713 09:06:07.754398 17331 raft_consensus.cc:697] T a90429aa9313429e92dad3f372b11a80 P fe78d597827e45008db1c6f5c203d805 [term 3 LEADER]: Becoming Leader. State: Replica: fe78d597827e45008db1c6f5c203d805, State: Running, Role: LEADER
I20260713 09:06:07.755226 17331 consensus_queue.cc:237] T a90429aa9313429e92dad3f372b11a80 P fe78d597827e45008db1c6f5c203d805 [LEADER]: Queue going to LEADER mode. State: All replicated index: 0, Majority replicated index: 2, Committed index: 2, Last appended: 2.2, Last appended by leader: 2, Current term: 3, Majority size: 2, State: 0, Mode: LEADER, active raft config: opid_index: -1 OBSOLETE_local: false peers { permanent_uuid: "fe78d597827e45008db1c6f5c203d805" member_type: VOTER last_known_addr { host: "127.16.9.193" port: 46711 } } peers { permanent_uuid: "5788ae554e9a4674b4d81ed58fee4c5d" member_type: VOTER last_known_addr { host: "127.16.9.194" port: 39919 } } peers { permanent_uuid: "5a8e0ced16494af9af59a5d452b9989f" member_type: VOTER last_known_addr { host: "127.16.9.195" port: 37807 } }
I20260713 09:06:07.761435 16942 catalog_manager.cc:5697] T a90429aa9313429e92dad3f372b11a80 P fe78d597827e45008db1c6f5c203d805 reported cstate change: term changed from 2 to 3, leader changed from 5788ae554e9a4674b4d81ed58fee4c5d (127.16.9.194) to fe78d597827e45008db1c6f5c203d805 (127.16.9.193). New cstate: current_term: 3 leader_uuid: "fe78d597827e45008db1c6f5c203d805" committed_config { opid_index: -1 OBSOLETE_local: false peers { permanent_uuid: "fe78d597827e45008db1c6f5c203d805" member_type: VOTER last_known_addr { host: "127.16.9.193" port: 46711 } health_report { overall_health: HEALTHY } } peers { permanent_uuid: "5788ae554e9a4674b4d81ed58fee4c5d" member_type: VOTER last_known_addr { host: "127.16.9.194" port: 39919 } health_report { overall_health: UNKNOWN } } peers { permanent_uuid: "5a8e0ced16494af9af59a5d452b9989f" member_type: VOTER last_known_addr { host: "127.16.9.195" port: 37807 } health_report { overall_health: UNKNOWN } } }
I20260713 09:06:07.823251 17288 raft_consensus.cc:993] T ea43a6d199cc43f88bbc12cba8369726 P 5788ae554e9a4674b4d81ed58fee4c5d: : Instructing follower fe78d597827e45008db1c6f5c203d805 to start an election
I20260713 09:06:07.823774 17348 raft_consensus.cc:1081] T ea43a6d199cc43f88bbc12cba8369726 P 5788ae554e9a4674b4d81ed58fee4c5d [term 2 LEADER]: Signalling peer fe78d597827e45008db1c6f5c203d805 to start an election
I20260713 09:06:07.825322 17045 tablet_service.cc:2044] Received Run Leader Election RPC: tablet_id: "ea43a6d199cc43f88bbc12cba8369726"
dest_uuid: "fe78d597827e45008db1c6f5c203d805"
 from {username='slave'} at 127.0.0.1:56942
I20260713 09:06:07.825875 17045 raft_consensus.cc:493] T ea43a6d199cc43f88bbc12cba8369726 P fe78d597827e45008db1c6f5c203d805 [term 2 FOLLOWER]: Starting forced leader election (received explicit request)
I20260713 09:06:07.826156 17045 raft_consensus.cc:3060] T ea43a6d199cc43f88bbc12cba8369726 P fe78d597827e45008db1c6f5c203d805 [term 2 FOLLOWER]: Advancing to term 3
I20260713 09:06:07.828913 17330 raft_consensus.cc:993] T 605676976aea4c54a50dab8334be84c7 P 5a8e0ced16494af9af59a5d452b9989f: : Instructing follower fe78d597827e45008db1c6f5c203d805 to start an election
I20260713 09:06:07.829412 17334 raft_consensus.cc:1081] T 605676976aea4c54a50dab8334be84c7 P 5a8e0ced16494af9af59a5d452b9989f [term 2 LEADER]: Signalling peer fe78d597827e45008db1c6f5c203d805 to start an election
I20260713 09:06:07.830380 17045 raft_consensus.cc:515] T ea43a6d199cc43f88bbc12cba8369726 P fe78d597827e45008db1c6f5c203d805 [term 3 FOLLOWER]: Starting forced leader election with config: opid_index: -1 OBSOLETE_local: false peers { permanent_uuid: "fe78d597827e45008db1c6f5c203d805" member_type: VOTER last_known_addr { host: "127.16.9.193" port: 46711 } } peers { permanent_uuid: "5788ae554e9a4674b4d81ed58fee4c5d" member_type: VOTER last_known_addr { host: "127.16.9.194" port: 39919 } } peers { permanent_uuid: "5a8e0ced16494af9af59a5d452b9989f" member_type: VOTER last_known_addr { host: "127.16.9.195" port: 37807 } }
I20260713 09:06:07.830772 17044 tablet_service.cc:2044] Received Run Leader Election RPC: tablet_id: "605676976aea4c54a50dab8334be84c7"
dest_uuid: "fe78d597827e45008db1c6f5c203d805"
 from {username='slave'} at 127.0.0.1:56926
I20260713 09:06:07.831308 17044 raft_consensus.cc:493] T 605676976aea4c54a50dab8334be84c7 P fe78d597827e45008db1c6f5c203d805 [term 2 FOLLOWER]: Starting forced leader election (received explicit request)
I20260713 09:06:07.831590 17044 raft_consensus.cc:3060] T 605676976aea4c54a50dab8334be84c7 P fe78d597827e45008db1c6f5c203d805 [term 2 FOLLOWER]: Advancing to term 3
I20260713 09:06:07.832338 17045 leader_election.cc:290] T ea43a6d199cc43f88bbc12cba8369726 P fe78d597827e45008db1c6f5c203d805 [CANDIDATE]: Term 3 election: Requested vote from peers 5788ae554e9a4674b4d81ed58fee4c5d (127.16.9.194:39919), 5a8e0ced16494af9af59a5d452b9989f (127.16.9.195:37807)
I20260713 09:06:07.832646 17120 tablet_service.cc:1917] Received RequestConsensusVote() RPC: tablet_id: "ea43a6d199cc43f88bbc12cba8369726" candidate_uuid: "fe78d597827e45008db1c6f5c203d805" candidate_term: 3 candidate_status { last_received { term: 2 index: 2 } } ignore_live_leader: true dest_uuid: "5788ae554e9a4674b4d81ed58fee4c5d"
I20260713 09:06:07.832921 17190 tablet_service.cc:1917] Received RequestConsensusVote() RPC: tablet_id: "ea43a6d199cc43f88bbc12cba8369726" candidate_uuid: "fe78d597827e45008db1c6f5c203d805" candidate_term: 3 candidate_status { last_received { term: 2 index: 2 } } ignore_live_leader: true dest_uuid: "5a8e0ced16494af9af59a5d452b9989f"
I20260713 09:06:07.833151 17120 raft_consensus.cc:3055] T ea43a6d199cc43f88bbc12cba8369726 P 5788ae554e9a4674b4d81ed58fee4c5d [term 2 LEADER]: Stepping down as leader of term 2
I20260713 09:06:07.833467 17190 raft_consensus.cc:3060] T ea43a6d199cc43f88bbc12cba8369726 P 5a8e0ced16494af9af59a5d452b9989f [term 2 FOLLOWER]: Advancing to term 3
I20260713 09:06:07.833478 17120 raft_consensus.cc:740] T ea43a6d199cc43f88bbc12cba8369726 P 5788ae554e9a4674b4d81ed58fee4c5d [term 2 LEADER]: Becoming Follower/Learner. State: Replica: 5788ae554e9a4674b4d81ed58fee4c5d, State: Running, Role: LEADER
I20260713 09:06:07.834353 17120 consensus_queue.cc:260] T ea43a6d199cc43f88bbc12cba8369726 P 5788ae554e9a4674b4d81ed58fee4c5d [NON_LEADER]: Queue going to NON_LEADER mode. State: All replicated index: 0, Majority replicated index: 2, Committed index: 2, Last appended: 2.2, Last appended by leader: 2, Current term: 2, Majority size: -1, State: 0, Mode: NON_LEADER, active raft config: opid_index: -1 OBSOLETE_local: false peers { permanent_uuid: "fe78d597827e45008db1c6f5c203d805" member_type: VOTER last_known_addr { host: "127.16.9.193" port: 46711 } } peers { permanent_uuid: "5788ae554e9a4674b4d81ed58fee4c5d" member_type: VOTER last_known_addr { host: "127.16.9.194" port: 39919 } } peers { permanent_uuid: "5a8e0ced16494af9af59a5d452b9989f" member_type: VOTER last_known_addr { host: "127.16.9.195" port: 37807 } }
I20260713 09:06:07.836443 17120 raft_consensus.cc:3060] T ea43a6d199cc43f88bbc12cba8369726 P 5788ae554e9a4674b4d81ed58fee4c5d [term 2 FOLLOWER]: Advancing to term 3
I20260713 09:06:07.838507 17044 raft_consensus.cc:515] T 605676976aea4c54a50dab8334be84c7 P fe78d597827e45008db1c6f5c203d805 [term 3 FOLLOWER]: Starting forced leader election with config: opid_index: -1 OBSOLETE_local: false peers { permanent_uuid: "5788ae554e9a4674b4d81ed58fee4c5d" member_type: VOTER last_known_addr { host: "127.16.9.194" port: 39919 } } peers { permanent_uuid: "fe78d597827e45008db1c6f5c203d805" member_type: VOTER last_known_addr { host: "127.16.9.193" port: 46711 } } peers { permanent_uuid: "5a8e0ced16494af9af59a5d452b9989f" member_type: VOTER last_known_addr { host: "127.16.9.195" port: 37807 } }
I20260713 09:06:07.839993 17190 raft_consensus.cc:2468] T ea43a6d199cc43f88bbc12cba8369726 P 5a8e0ced16494af9af59a5d452b9989f [term 3 FOLLOWER]: Leader election vote request: Granting yes vote for candidate fe78d597827e45008db1c6f5c203d805 in term 3.
I20260713 09:06:07.841027 17010 leader_election.cc:304] T ea43a6d199cc43f88bbc12cba8369726 P fe78d597827e45008db1c6f5c203d805 [CANDIDATE]: Term 3 election: Election decided. Result: candidate won. Election summary: received 2 responses out of 3 voters: 2 yes votes; 0 no votes. yes voters: 5a8e0ced16494af9af59a5d452b9989f, fe78d597827e45008db1c6f5c203d805; no voters: 
I20260713 09:06:07.841228 17120 raft_consensus.cc:2468] T ea43a6d199cc43f88bbc12cba8369726 P 5788ae554e9a4674b4d81ed58fee4c5d [term 3 FOLLOWER]: Leader election vote request: Granting yes vote for candidate fe78d597827e45008db1c6f5c203d805 in term 3.
I20260713 09:06:07.841264 17119 tablet_service.cc:1917] Received RequestConsensusVote() RPC: tablet_id: "605676976aea4c54a50dab8334be84c7" candidate_uuid: "fe78d597827e45008db1c6f5c203d805" candidate_term: 3 candidate_status { last_received { term: 2 index: 2 } } ignore_live_leader: true dest_uuid: "5788ae554e9a4674b4d81ed58fee4c5d"
I20260713 09:06:07.841463 17189 tablet_service.cc:1917] Received RequestConsensusVote() RPC: tablet_id: "605676976aea4c54a50dab8334be84c7" candidate_uuid: "fe78d597827e45008db1c6f5c203d805" candidate_term: 3 candidate_status { last_received { term: 2 index: 2 } } ignore_live_leader: true dest_uuid: "5a8e0ced16494af9af59a5d452b9989f"
I20260713 09:06:07.841789 17044 leader_election.cc:290] T 605676976aea4c54a50dab8334be84c7 P fe78d597827e45008db1c6f5c203d805 [CANDIDATE]: Term 3 election: Requested vote from peers 5788ae554e9a4674b4d81ed58fee4c5d (127.16.9.194:39919), 5a8e0ced16494af9af59a5d452b9989f (127.16.9.195:37807)
I20260713 09:06:07.842088 17189 raft_consensus.cc:3055] T 605676976aea4c54a50dab8334be84c7 P 5a8e0ced16494af9af59a5d452b9989f [term 2 LEADER]: Stepping down as leader of term 2
I20260713 09:06:07.842196 17331 raft_consensus.cc:2804] T ea43a6d199cc43f88bbc12cba8369726 P fe78d597827e45008db1c6f5c203d805 [term 3 FOLLOWER]: Leader election won for term 3
I20260713 09:06:07.842448 17189 raft_consensus.cc:740] T 605676976aea4c54a50dab8334be84c7 P 5a8e0ced16494af9af59a5d452b9989f [term 2 LEADER]: Becoming Follower/Learner. State: Replica: 5a8e0ced16494af9af59a5d452b9989f, State: Running, Role: LEADER
I20260713 09:06:07.842725 17331 raft_consensus.cc:697] T ea43a6d199cc43f88bbc12cba8369726 P fe78d597827e45008db1c6f5c203d805 [term 3 LEADER]: Becoming Leader. State: Replica: fe78d597827e45008db1c6f5c203d805, State: Running, Role: LEADER
I20260713 09:06:07.843320 17189 consensus_queue.cc:260] T 605676976aea4c54a50dab8334be84c7 P 5a8e0ced16494af9af59a5d452b9989f [NON_LEADER]: Queue going to NON_LEADER mode. State: All replicated index: 0, Majority replicated index: 2, Committed index: 2, Last appended: 2.2, Last appended by leader: 2, Current term: 2, Majority size: -1, State: 0, Mode: NON_LEADER, active raft config: opid_index: -1 OBSOLETE_local: false peers { permanent_uuid: "5788ae554e9a4674b4d81ed58fee4c5d" member_type: VOTER last_known_addr { host: "127.16.9.194" port: 39919 } } peers { permanent_uuid: "fe78d597827e45008db1c6f5c203d805" member_type: VOTER last_known_addr { host: "127.16.9.193" port: 46711 } } peers { permanent_uuid: "5a8e0ced16494af9af59a5d452b9989f" member_type: VOTER last_known_addr { host: "127.16.9.195" port: 37807 } }
I20260713 09:06:07.841909 17119 raft_consensus.cc:3060] T 605676976aea4c54a50dab8334be84c7 P 5788ae554e9a4674b4d81ed58fee4c5d [term 2 FOLLOWER]: Advancing to term 3
I20260713 09:06:07.843575 17331 consensus_queue.cc:237] T ea43a6d199cc43f88bbc12cba8369726 P fe78d597827e45008db1c6f5c203d805 [LEADER]: Queue going to LEADER mode. State: All replicated index: 0, Majority replicated index: 2, Committed index: 2, Last appended: 2.2, Last appended by leader: 2, Current term: 3, Majority size: 2, State: 0, Mode: LEADER, active raft config: opid_index: -1 OBSOLETE_local: false peers { permanent_uuid: "fe78d597827e45008db1c6f5c203d805" member_type: VOTER last_known_addr { host: "127.16.9.193" port: 46711 } } peers { permanent_uuid: "5788ae554e9a4674b4d81ed58fee4c5d" member_type: VOTER last_known_addr { host: "127.16.9.194" port: 39919 } } peers { permanent_uuid: "5a8e0ced16494af9af59a5d452b9989f" member_type: VOTER last_known_addr { host: "127.16.9.195" port: 37807 } }
I20260713 09:06:07.844297 17189 raft_consensus.cc:3060] T 605676976aea4c54a50dab8334be84c7 P 5a8e0ced16494af9af59a5d452b9989f [term 2 FOLLOWER]: Advancing to term 3
I20260713 09:06:07.849900 17189 raft_consensus.cc:2468] T 605676976aea4c54a50dab8334be84c7 P 5a8e0ced16494af9af59a5d452b9989f [term 3 FOLLOWER]: Leader election vote request: Granting yes vote for candidate fe78d597827e45008db1c6f5c203d805 in term 3.
I20260713 09:06:07.850414 17119 raft_consensus.cc:2468] T 605676976aea4c54a50dab8334be84c7 P 5788ae554e9a4674b4d81ed58fee4c5d [term 3 FOLLOWER]: Leader election vote request: Granting yes vote for candidate fe78d597827e45008db1c6f5c203d805 in term 3.
I20260713 09:06:07.850809 17010 leader_election.cc:304] T 605676976aea4c54a50dab8334be84c7 P fe78d597827e45008db1c6f5c203d805 [CANDIDATE]: Term 3 election: Election decided. Result: candidate won. Election summary: received 2 responses out of 3 voters: 2 yes votes; 0 no votes. yes voters: 5a8e0ced16494af9af59a5d452b9989f, fe78d597827e45008db1c6f5c203d805; no voters: 
I20260713 09:06:07.851579 17331 raft_consensus.cc:2804] T 605676976aea4c54a50dab8334be84c7 P fe78d597827e45008db1c6f5c203d805 [term 3 FOLLOWER]: Leader election won for term 3
I20260713 09:06:07.852226 17331 raft_consensus.cc:697] T 605676976aea4c54a50dab8334be84c7 P fe78d597827e45008db1c6f5c203d805 [term 3 LEADER]: Becoming Leader. State: Replica: fe78d597827e45008db1c6f5c203d805, State: Running, Role: LEADER
I20260713 09:06:07.851723 16942 catalog_manager.cc:5697] T ea43a6d199cc43f88bbc12cba8369726 P fe78d597827e45008db1c6f5c203d805 reported cstate change: term changed from 2 to 3, leader changed from 5788ae554e9a4674b4d81ed58fee4c5d (127.16.9.194) to fe78d597827e45008db1c6f5c203d805 (127.16.9.193). New cstate: current_term: 3 leader_uuid: "fe78d597827e45008db1c6f5c203d805" committed_config { opid_index: -1 OBSOLETE_local: false peers { permanent_uuid: "fe78d597827e45008db1c6f5c203d805" member_type: VOTER last_known_addr { host: "127.16.9.193" port: 46711 } health_report { overall_health: HEALTHY } } peers { permanent_uuid: "5788ae554e9a4674b4d81ed58fee4c5d" member_type: VOTER last_known_addr { host: "127.16.9.194" port: 39919 } health_report { overall_health: UNKNOWN } } peers { permanent_uuid: "5a8e0ced16494af9af59a5d452b9989f" member_type: VOTER last_known_addr { host: "127.16.9.195" port: 37807 } health_report { overall_health: UNKNOWN } } }
I20260713 09:06:07.852931 17331 consensus_queue.cc:237] T 605676976aea4c54a50dab8334be84c7 P fe78d597827e45008db1c6f5c203d805 [LEADER]: Queue going to LEADER mode. State: All replicated index: 0, Majority replicated index: 2, Committed index: 2, Last appended: 2.2, Last appended by leader: 2, Current term: 3, Majority size: 2, State: 0, Mode: LEADER, active raft config: opid_index: -1 OBSOLETE_local: false peers { permanent_uuid: "5788ae554e9a4674b4d81ed58fee4c5d" member_type: VOTER last_known_addr { host: "127.16.9.194" port: 39919 } } peers { permanent_uuid: "fe78d597827e45008db1c6f5c203d805" member_type: VOTER last_known_addr { host: "127.16.9.193" port: 46711 } } peers { permanent_uuid: "5a8e0ced16494af9af59a5d452b9989f" member_type: VOTER last_known_addr { host: "127.16.9.195" port: 37807 } }
I20260713 09:06:07.863221 16942 catalog_manager.cc:5697] T 605676976aea4c54a50dab8334be84c7 P fe78d597827e45008db1c6f5c203d805 reported cstate change: term changed from 2 to 3, leader changed from 5a8e0ced16494af9af59a5d452b9989f (127.16.9.195) to fe78d597827e45008db1c6f5c203d805 (127.16.9.193). New cstate: current_term: 3 leader_uuid: "fe78d597827e45008db1c6f5c203d805" committed_config { opid_index: -1 OBSOLETE_local: false peers { permanent_uuid: "5788ae554e9a4674b4d81ed58fee4c5d" member_type: VOTER last_known_addr { host: "127.16.9.194" port: 39919 } health_report { overall_health: UNKNOWN } } peers { permanent_uuid: "fe78d597827e45008db1c6f5c203d805" member_type: VOTER last_known_addr { host: "127.16.9.193" port: 46711 } health_report { overall_health: HEALTHY } } peers { permanent_uuid: "5a8e0ced16494af9af59a5d452b9989f" member_type: VOTER last_known_addr { host: "127.16.9.195" port: 37807 } health_report { overall_health: UNKNOWN } } }
I20260713 09:06:07.925823 17288 raft_consensus.cc:993] T 288f5f7db70148ec8ca58bd05ca8544f P 5788ae554e9a4674b4d81ed58fee4c5d: : Instructing follower fe78d597827e45008db1c6f5c203d805 to start an election
I20260713 09:06:07.926244 17348 raft_consensus.cc:1081] T 288f5f7db70148ec8ca58bd05ca8544f P 5788ae554e9a4674b4d81ed58fee4c5d [term 2 LEADER]: Signalling peer fe78d597827e45008db1c6f5c203d805 to start an election
I20260713 09:06:07.927701 17044 tablet_service.cc:2044] Received Run Leader Election RPC: tablet_id: "288f5f7db70148ec8ca58bd05ca8544f"
dest_uuid: "fe78d597827e45008db1c6f5c203d805"
 from {username='slave'} at 127.0.0.1:56942
I20260713 09:06:07.928236 17044 raft_consensus.cc:493] T 288f5f7db70148ec8ca58bd05ca8544f P fe78d597827e45008db1c6f5c203d805 [term 2 FOLLOWER]: Starting forced leader election (received explicit request)
I20260713 09:06:07.928536 17044 raft_consensus.cc:3060] T 288f5f7db70148ec8ca58bd05ca8544f P fe78d597827e45008db1c6f5c203d805 [term 2 FOLLOWER]: Advancing to term 3
I20260713 09:06:07.933182 17044 raft_consensus.cc:515] T 288f5f7db70148ec8ca58bd05ca8544f P fe78d597827e45008db1c6f5c203d805 [term 3 FOLLOWER]: Starting forced leader election with config: opid_index: -1 OBSOLETE_local: false peers { permanent_uuid: "fe78d597827e45008db1c6f5c203d805" member_type: VOTER last_known_addr { host: "127.16.9.193" port: 46711 } } peers { permanent_uuid: "5788ae554e9a4674b4d81ed58fee4c5d" member_type: VOTER last_known_addr { host: "127.16.9.194" port: 39919 } } peers { permanent_uuid: "5a8e0ced16494af9af59a5d452b9989f" member_type: VOTER last_known_addr { host: "127.16.9.195" port: 37807 } }
I20260713 09:06:07.934703 17044 leader_election.cc:290] T 288f5f7db70148ec8ca58bd05ca8544f P fe78d597827e45008db1c6f5c203d805 [CANDIDATE]: Term 3 election: Requested vote from peers 5788ae554e9a4674b4d81ed58fee4c5d (127.16.9.194:39919), 5a8e0ced16494af9af59a5d452b9989f (127.16.9.195:37807)
I20260713 09:06:07.935654 17119 tablet_service.cc:1917] Received RequestConsensusVote() RPC: tablet_id: "288f5f7db70148ec8ca58bd05ca8544f" candidate_uuid: "fe78d597827e45008db1c6f5c203d805" candidate_term: 3 candidate_status { last_received { term: 2 index: 2 } } ignore_live_leader: true dest_uuid: "5788ae554e9a4674b4d81ed58fee4c5d"
I20260713 09:06:07.935806 17189 tablet_service.cc:1917] Received RequestConsensusVote() RPC: tablet_id: "288f5f7db70148ec8ca58bd05ca8544f" candidate_uuid: "fe78d597827e45008db1c6f5c203d805" candidate_term: 3 candidate_status { last_received { term: 2 index: 2 } } ignore_live_leader: true dest_uuid: "5a8e0ced16494af9af59a5d452b9989f"
I20260713 09:06:07.936201 17119 raft_consensus.cc:3055] T 288f5f7db70148ec8ca58bd05ca8544f P 5788ae554e9a4674b4d81ed58fee4c5d [term 2 LEADER]: Stepping down as leader of term 2
I20260713 09:06:07.936299 17189 raft_consensus.cc:3060] T 288f5f7db70148ec8ca58bd05ca8544f P 5a8e0ced16494af9af59a5d452b9989f [term 2 FOLLOWER]: Advancing to term 3
I20260713 09:06:07.936509 17119 raft_consensus.cc:740] T 288f5f7db70148ec8ca58bd05ca8544f P 5788ae554e9a4674b4d81ed58fee4c5d [term 2 LEADER]: Becoming Follower/Learner. State: Replica: 5788ae554e9a4674b4d81ed58fee4c5d, State: Running, Role: LEADER
I20260713 09:06:07.937287 17119 consensus_queue.cc:260] T 288f5f7db70148ec8ca58bd05ca8544f P 5788ae554e9a4674b4d81ed58fee4c5d [NON_LEADER]: Queue going to NON_LEADER mode. State: All replicated index: 0, Majority replicated index: 2, Committed index: 2, Last appended: 2.2, Last appended by leader: 2, Current term: 2, Majority size: -1, State: 0, Mode: NON_LEADER, active raft config: opid_index: -1 OBSOLETE_local: false peers { permanent_uuid: "fe78d597827e45008db1c6f5c203d805" member_type: VOTER last_known_addr { host: "127.16.9.193" port: 46711 } } peers { permanent_uuid: "5788ae554e9a4674b4d81ed58fee4c5d" member_type: VOTER last_known_addr { host: "127.16.9.194" port: 39919 } } peers { permanent_uuid: "5a8e0ced16494af9af59a5d452b9989f" member_type: VOTER last_known_addr { host: "127.16.9.195" port: 37807 } }
I20260713 09:06:07.938159 17119 raft_consensus.cc:3060] T 288f5f7db70148ec8ca58bd05ca8544f P 5788ae554e9a4674b4d81ed58fee4c5d [term 2 FOLLOWER]: Advancing to term 3
I20260713 09:06:07.940534 17189 raft_consensus.cc:2468] T 288f5f7db70148ec8ca58bd05ca8544f P 5a8e0ced16494af9af59a5d452b9989f [term 3 FOLLOWER]: Leader election vote request: Granting yes vote for candidate fe78d597827e45008db1c6f5c203d805 in term 3.
I20260713 09:06:07.941533 17010 leader_election.cc:304] T 288f5f7db70148ec8ca58bd05ca8544f P fe78d597827e45008db1c6f5c203d805 [CANDIDATE]: Term 3 election: Election decided. Result: candidate won. Election summary: received 2 responses out of 3 voters: 2 yes votes; 0 no votes. yes voters: 5a8e0ced16494af9af59a5d452b9989f, fe78d597827e45008db1c6f5c203d805; no voters: 
I20260713 09:06:07.942349 17331 raft_consensus.cc:2804] T 288f5f7db70148ec8ca58bd05ca8544f P fe78d597827e45008db1c6f5c203d805 [term 3 FOLLOWER]: Leader election won for term 3
I20260713 09:06:07.942808 17119 raft_consensus.cc:2468] T 288f5f7db70148ec8ca58bd05ca8544f P 5788ae554e9a4674b4d81ed58fee4c5d [term 3 FOLLOWER]: Leader election vote request: Granting yes vote for candidate fe78d597827e45008db1c6f5c203d805 in term 3.
I20260713 09:06:07.942760 17331 raft_consensus.cc:697] T 288f5f7db70148ec8ca58bd05ca8544f P fe78d597827e45008db1c6f5c203d805 [term 3 LEADER]: Becoming Leader. State: Replica: fe78d597827e45008db1c6f5c203d805, State: Running, Role: LEADER
I20260713 09:06:07.943961 17331 consensus_queue.cc:237] T 288f5f7db70148ec8ca58bd05ca8544f P fe78d597827e45008db1c6f5c203d805 [LEADER]: Queue going to LEADER mode. State: All replicated index: 0, Majority replicated index: 2, Committed index: 2, Last appended: 2.2, Last appended by leader: 2, Current term: 3, Majority size: 2, State: 0, Mode: LEADER, active raft config: opid_index: -1 OBSOLETE_local: false peers { permanent_uuid: "fe78d597827e45008db1c6f5c203d805" member_type: VOTER last_known_addr { host: "127.16.9.193" port: 46711 } } peers { permanent_uuid: "5788ae554e9a4674b4d81ed58fee4c5d" member_type: VOTER last_known_addr { host: "127.16.9.194" port: 39919 } } peers { permanent_uuid: "5a8e0ced16494af9af59a5d452b9989f" member_type: VOTER last_known_addr { host: "127.16.9.195" port: 37807 } }
I20260713 09:06:07.952168 16942 catalog_manager.cc:5697] T 288f5f7db70148ec8ca58bd05ca8544f P fe78d597827e45008db1c6f5c203d805 reported cstate change: term changed from 2 to 3, leader changed from 5788ae554e9a4674b4d81ed58fee4c5d (127.16.9.194) to fe78d597827e45008db1c6f5c203d805 (127.16.9.193). New cstate: current_term: 3 leader_uuid: "fe78d597827e45008db1c6f5c203d805" committed_config { opid_index: -1 OBSOLETE_local: false peers { permanent_uuid: "fe78d597827e45008db1c6f5c203d805" member_type: VOTER last_known_addr { host: "127.16.9.193" port: 46711 } health_report { overall_health: HEALTHY } } peers { permanent_uuid: "5788ae554e9a4674b4d81ed58fee4c5d" member_type: VOTER last_known_addr { host: "127.16.9.194" port: 39919 } health_report { overall_health: UNKNOWN } } peers { permanent_uuid: "5a8e0ced16494af9af59a5d452b9989f" member_type: VOTER last_known_addr { host: "127.16.9.195" port: 37807 } health_report { overall_health: UNKNOWN } } }
I20260713 09:06:08.140278 17334 raft_consensus.cc:993] T f595f05a2e9c450488dd54955a6e7fa6 P 5a8e0ced16494af9af59a5d452b9989f: : Instructing follower fe78d597827e45008db1c6f5c203d805 to start an election
I20260713 09:06:08.140784 17357 raft_consensus.cc:1081] T f595f05a2e9c450488dd54955a6e7fa6 P 5a8e0ced16494af9af59a5d452b9989f [term 3 LEADER]: Signalling peer fe78d597827e45008db1c6f5c203d805 to start an election
I20260713 09:06:08.140892 17119 raft_consensus.cc:1275] T a90429aa9313429e92dad3f372b11a80 P 5788ae554e9a4674b4d81ed58fee4c5d [term 3 FOLLOWER]: Refusing update from remote peer fe78d597827e45008db1c6f5c203d805: Log matching property violated. Preceding OpId in replica: term: 2 index: 2. Preceding OpId from leader: term: 3 index: 3. (index mismatch)
I20260713 09:06:08.142354 17350 consensus_queue.cc:1048] T a90429aa9313429e92dad3f372b11a80 P fe78d597827e45008db1c6f5c203d805 [LEADER]: Connected to new peer: Peer: permanent_uuid: "5788ae554e9a4674b4d81ed58fee4c5d" member_type: VOTER last_known_addr { host: "127.16.9.194" port: 39919 }, Status: LMP_MISMATCH, Last received: 0.0, Next index: 3, Last known committed idx: 2, Time since last communication: 0.000s
I20260713 09:06:08.142551 17044 tablet_service.cc:2044] Received Run Leader Election RPC: tablet_id: "f595f05a2e9c450488dd54955a6e7fa6"
dest_uuid: "fe78d597827e45008db1c6f5c203d805"
 from {username='slave'} at 127.0.0.1:56926
I20260713 09:06:08.143205 17044 raft_consensus.cc:493] T f595f05a2e9c450488dd54955a6e7fa6 P fe78d597827e45008db1c6f5c203d805 [term 3 FOLLOWER]: Starting forced leader election (received explicit request)
I20260713 09:06:08.143649 17044 raft_consensus.cc:3060] T f595f05a2e9c450488dd54955a6e7fa6 P fe78d597827e45008db1c6f5c203d805 [term 3 FOLLOWER]: Advancing to term 4
I20260713 09:06:08.150672 17044 raft_consensus.cc:515] T f595f05a2e9c450488dd54955a6e7fa6 P fe78d597827e45008db1c6f5c203d805 [term 4 FOLLOWER]: Starting forced leader election with config: opid_index: -1 OBSOLETE_local: false peers { permanent_uuid: "fe78d597827e45008db1c6f5c203d805" member_type: VOTER last_known_addr { host: "127.16.9.193" port: 46711 } } peers { permanent_uuid: "5788ae554e9a4674b4d81ed58fee4c5d" member_type: VOTER last_known_addr { host: "127.16.9.194" port: 39919 } } peers { permanent_uuid: "5a8e0ced16494af9af59a5d452b9989f" member_type: VOTER last_known_addr { host: "127.16.9.195" port: 37807 } }
I20260713 09:06:08.153537 17120 tablet_service.cc:1917] Received RequestConsensusVote() RPC: tablet_id: "f595f05a2e9c450488dd54955a6e7fa6" candidate_uuid: "fe78d597827e45008db1c6f5c203d805" candidate_term: 4 candidate_status { last_received { term: 3 index: 3 } } ignore_live_leader: true dest_uuid: "5788ae554e9a4674b4d81ed58fee4c5d"
I20260713 09:06:08.153882 17044 leader_election.cc:290] T f595f05a2e9c450488dd54955a6e7fa6 P fe78d597827e45008db1c6f5c203d805 [CANDIDATE]: Term 4 election: Requested vote from peers 5788ae554e9a4674b4d81ed58fee4c5d (127.16.9.194:39919), 5a8e0ced16494af9af59a5d452b9989f (127.16.9.195:37807)
I20260713 09:06:08.154055 17189 tablet_service.cc:1917] Received RequestConsensusVote() RPC: tablet_id: "f595f05a2e9c450488dd54955a6e7fa6" candidate_uuid: "fe78d597827e45008db1c6f5c203d805" candidate_term: 4 candidate_status { last_received { term: 3 index: 3 } } ignore_live_leader: true dest_uuid: "5a8e0ced16494af9af59a5d452b9989f"
I20260713 09:06:08.154241 17120 raft_consensus.cc:3060] T f595f05a2e9c450488dd54955a6e7fa6 P 5788ae554e9a4674b4d81ed58fee4c5d [term 3 FOLLOWER]: Advancing to term 4
I20260713 09:06:08.154626 17189 raft_consensus.cc:3055] T f595f05a2e9c450488dd54955a6e7fa6 P 5a8e0ced16494af9af59a5d452b9989f [term 3 LEADER]: Stepping down as leader of term 3
I20260713 09:06:08.155012 17189 raft_consensus.cc:740] T f595f05a2e9c450488dd54955a6e7fa6 P 5a8e0ced16494af9af59a5d452b9989f [term 3 LEADER]: Becoming Follower/Learner. State: Replica: 5a8e0ced16494af9af59a5d452b9989f, State: Running, Role: LEADER
I20260713 09:06:08.155799 17189 consensus_queue.cc:260] T f595f05a2e9c450488dd54955a6e7fa6 P 5a8e0ced16494af9af59a5d452b9989f [NON_LEADER]: Queue going to NON_LEADER mode. State: All replicated index: 0, Majority replicated index: 3, Committed index: 3, Last appended: 3.3, Last appended by leader: 3, Current term: 3, Majority size: -1, State: 0, Mode: NON_LEADER, active raft config: opid_index: -1 OBSOLETE_local: false peers { permanent_uuid: "fe78d597827e45008db1c6f5c203d805" member_type: VOTER last_known_addr { host: "127.16.9.193" port: 46711 } } peers { permanent_uuid: "5788ae554e9a4674b4d81ed58fee4c5d" member_type: VOTER last_known_addr { host: "127.16.9.194" port: 39919 } } peers { permanent_uuid: "5a8e0ced16494af9af59a5d452b9989f" member_type: VOTER last_known_addr { host: "127.16.9.195" port: 37807 } }
I20260713 09:06:08.157038 17189 raft_consensus.cc:3060] T f595f05a2e9c450488dd54955a6e7fa6 P 5a8e0ced16494af9af59a5d452b9989f [term 3 FOLLOWER]: Advancing to term 4
I20260713 09:06:08.158157 17190 raft_consensus.cc:1275] T a90429aa9313429e92dad3f372b11a80 P 5a8e0ced16494af9af59a5d452b9989f [term 3 FOLLOWER]: Refusing update from remote peer fe78d597827e45008db1c6f5c203d805: Log matching property violated. Preceding OpId in replica: term: 2 index: 2. Preceding OpId from leader: term: 3 index: 3. (index mismatch)
I20260713 09:06:08.159911 17350 consensus_queue.cc:1048] T a90429aa9313429e92dad3f372b11a80 P fe78d597827e45008db1c6f5c203d805 [LEADER]: Connected to new peer: Peer: permanent_uuid: "5a8e0ced16494af9af59a5d452b9989f" member_type: VOTER last_known_addr { host: "127.16.9.195" port: 37807 }, Status: LMP_MISMATCH, Last received: 0.0, Next index: 3, Last known committed idx: 2, Time since last communication: 0.000s
I20260713 09:06:08.161993 17120 raft_consensus.cc:2468] T f595f05a2e9c450488dd54955a6e7fa6 P 5788ae554e9a4674b4d81ed58fee4c5d [term 4 FOLLOWER]: Leader election vote request: Granting yes vote for candidate fe78d597827e45008db1c6f5c203d805 in term 4.
I20260713 09:06:08.163012 17009 leader_election.cc:304] T f595f05a2e9c450488dd54955a6e7fa6 P fe78d597827e45008db1c6f5c203d805 [CANDIDATE]: Term 4 election: Election decided. Result: candidate won. Election summary: received 2 responses out of 3 voters: 2 yes votes; 0 no votes. yes voters: 5788ae554e9a4674b4d81ed58fee4c5d, fe78d597827e45008db1c6f5c203d805; no voters: 
I20260713 09:06:08.163789 17350 raft_consensus.cc:2804] T f595f05a2e9c450488dd54955a6e7fa6 P fe78d597827e45008db1c6f5c203d805 [term 4 FOLLOWER]: Leader election won for term 4
I20260713 09:06:08.164215 17350 raft_consensus.cc:697] T f595f05a2e9c450488dd54955a6e7fa6 P fe78d597827e45008db1c6f5c203d805 [term 4 LEADER]: Becoming Leader. State: Replica: fe78d597827e45008db1c6f5c203d805, State: Running, Role: LEADER
I20260713 09:06:08.165001 17350 consensus_queue.cc:237] T f595f05a2e9c450488dd54955a6e7fa6 P fe78d597827e45008db1c6f5c203d805 [LEADER]: Queue going to LEADER mode. State: All replicated index: 0, Majority replicated index: 3, Committed index: 3, Last appended: 3.3, Last appended by leader: 3, Current term: 4, Majority size: 2, State: 0, Mode: LEADER, active raft config: opid_index: -1 OBSOLETE_local: false peers { permanent_uuid: "fe78d597827e45008db1c6f5c203d805" member_type: VOTER last_known_addr { host: "127.16.9.193" port: 46711 } } peers { permanent_uuid: "5788ae554e9a4674b4d81ed58fee4c5d" member_type: VOTER last_known_addr { host: "127.16.9.194" port: 39919 } } peers { permanent_uuid: "5a8e0ced16494af9af59a5d452b9989f" member_type: VOTER last_known_addr { host: "127.16.9.195" port: 37807 } }
I20260713 09:06:08.171900 17189 raft_consensus.cc:2468] T f595f05a2e9c450488dd54955a6e7fa6 P 5a8e0ced16494af9af59a5d452b9989f [term 4 FOLLOWER]: Leader election vote request: Granting yes vote for candidate fe78d597827e45008db1c6f5c203d805 in term 4.
I20260713 09:06:08.173548 16942 catalog_manager.cc:5697] T f595f05a2e9c450488dd54955a6e7fa6 P fe78d597827e45008db1c6f5c203d805 reported cstate change: term changed from 3 to 4, leader changed from 5a8e0ced16494af9af59a5d452b9989f (127.16.9.195) to fe78d597827e45008db1c6f5c203d805 (127.16.9.193). New cstate: current_term: 4 leader_uuid: "fe78d597827e45008db1c6f5c203d805" committed_config { opid_index: -1 OBSOLETE_local: false peers { permanent_uuid: "fe78d597827e45008db1c6f5c203d805" member_type: VOTER last_known_addr { host: "127.16.9.193" port: 46711 } health_report { overall_health: HEALTHY } } peers { permanent_uuid: "5788ae554e9a4674b4d81ed58fee4c5d" member_type: VOTER last_known_addr { host: "127.16.9.194" port: 39919 } health_report { overall_health: UNKNOWN } } peers { permanent_uuid: "5a8e0ced16494af9af59a5d452b9989f" member_type: VOTER last_known_addr { host: "127.16.9.195" port: 37807 } health_report { overall_health: UNKNOWN } } }
I20260713 09:06:08.229076 17190 raft_consensus.cc:1275] T ea43a6d199cc43f88bbc12cba8369726 P 5a8e0ced16494af9af59a5d452b9989f [term 3 FOLLOWER]: Refusing update from remote peer fe78d597827e45008db1c6f5c203d805: Log matching property violated. Preceding OpId in replica: term: 2 index: 2. Preceding OpId from leader: term: 3 index: 3. (index mismatch)
I20260713 09:06:08.230440 17350 consensus_queue.cc:1048] T ea43a6d199cc43f88bbc12cba8369726 P fe78d597827e45008db1c6f5c203d805 [LEADER]: Connected to new peer: Peer: permanent_uuid: "5a8e0ced16494af9af59a5d452b9989f" member_type: VOTER last_known_addr { host: "127.16.9.195" port: 37807 }, Status: LMP_MISMATCH, Last received: 0.0, Next index: 3, Last known committed idx: 2, Time since last communication: 0.000s
I20260713 09:06:08.239193 17119 raft_consensus.cc:1275] T ea43a6d199cc43f88bbc12cba8369726 P 5788ae554e9a4674b4d81ed58fee4c5d [term 3 FOLLOWER]: Refusing update from remote peer fe78d597827e45008db1c6f5c203d805: Log matching property violated. Preceding OpId in replica: term: 2 index: 2. Preceding OpId from leader: term: 3 index: 3. (index mismatch)
I20260713 09:06:08.240653 17361 consensus_queue.cc:1048] T ea43a6d199cc43f88bbc12cba8369726 P fe78d597827e45008db1c6f5c203d805 [LEADER]: Connected to new peer: Peer: permanent_uuid: "5788ae554e9a4674b4d81ed58fee4c5d" member_type: VOTER last_known_addr { host: "127.16.9.194" port: 39919 }, Status: LMP_MISMATCH, Last received: 0.0, Next index: 3, Last known committed idx: 2, Time since last communication: 0.000s
I20260713 09:06:08.324641 17190 raft_consensus.cc:1275] T 605676976aea4c54a50dab8334be84c7 P 5a8e0ced16494af9af59a5d452b9989f [term 3 FOLLOWER]: Refusing update from remote peer fe78d597827e45008db1c6f5c203d805: Log matching property violated. Preceding OpId in replica: term: 2 index: 2. Preceding OpId from leader: term: 3 index: 3. (index mismatch)
I20260713 09:06:08.325968 17361 consensus_queue.cc:1048] T 605676976aea4c54a50dab8334be84c7 P fe78d597827e45008db1c6f5c203d805 [LEADER]: Connected to new peer: Peer: permanent_uuid: "5a8e0ced16494af9af59a5d452b9989f" member_type: VOTER last_known_addr { host: "127.16.9.195" port: 37807 }, Status: LMP_MISMATCH, Last received: 0.0, Next index: 3, Last known committed idx: 2, Time since last communication: 0.000s
I20260713 09:06:08.334002 17119 raft_consensus.cc:1275] T 605676976aea4c54a50dab8334be84c7 P 5788ae554e9a4674b4d81ed58fee4c5d [term 3 FOLLOWER]: Refusing update from remote peer fe78d597827e45008db1c6f5c203d805: Log matching property violated. Preceding OpId in replica: term: 2 index: 2. Preceding OpId from leader: term: 3 index: 3. (index mismatch)
I20260713 09:06:08.335383 17361 consensus_queue.cc:1048] T 605676976aea4c54a50dab8334be84c7 P fe78d597827e45008db1c6f5c203d805 [LEADER]: Connected to new peer: Peer: permanent_uuid: "5788ae554e9a4674b4d81ed58fee4c5d" member_type: VOTER last_known_addr { host: "127.16.9.194" port: 39919 }, Status: LMP_MISMATCH, Last received: 0.0, Next index: 3, Last known committed idx: 2, Time since last communication: 0.000s
I20260713 09:06:08.540272 17119 raft_consensus.cc:1275] T 288f5f7db70148ec8ca58bd05ca8544f P 5788ae554e9a4674b4d81ed58fee4c5d [term 3 FOLLOWER]: Refusing update from remote peer fe78d597827e45008db1c6f5c203d805: Log matching property violated. Preceding OpId in replica: term: 2 index: 2. Preceding OpId from leader: term: 3 index: 3. (index mismatch)
I20260713 09:06:08.541302 17361 consensus_queue.cc:1048] T 288f5f7db70148ec8ca58bd05ca8544f P fe78d597827e45008db1c6f5c203d805 [LEADER]: Connected to new peer: Peer: permanent_uuid: "5788ae554e9a4674b4d81ed58fee4c5d" member_type: VOTER last_known_addr { host: "127.16.9.194" port: 39919 }, Status: LMP_MISMATCH, Last received: 0.0, Next index: 3, Last known committed idx: 2, Time since last communication: 0.000s
I20260713 09:06:08.549554 17190 raft_consensus.cc:1275] T 288f5f7db70148ec8ca58bd05ca8544f P 5a8e0ced16494af9af59a5d452b9989f [term 3 FOLLOWER]: Refusing update from remote peer fe78d597827e45008db1c6f5c203d805: Log matching property violated. Preceding OpId in replica: term: 2 index: 2. Preceding OpId from leader: term: 3 index: 3. (index mismatch)
I20260713 09:06:08.551100 17350 consensus_queue.cc:1048] T 288f5f7db70148ec8ca58bd05ca8544f P fe78d597827e45008db1c6f5c203d805 [LEADER]: Connected to new peer: Peer: permanent_uuid: "5a8e0ced16494af9af59a5d452b9989f" member_type: VOTER last_known_addr { host: "127.16.9.195" port: 37807 }, Status: LMP_MISMATCH, Last received: 0.0, Next index: 3, Last known committed idx: 2, Time since last communication: 0.000s
I20260713 09:06:08.740025 17190 raft_consensus.cc:1275] T f595f05a2e9c450488dd54955a6e7fa6 P 5a8e0ced16494af9af59a5d452b9989f [term 4 FOLLOWER]: Refusing update from remote peer fe78d597827e45008db1c6f5c203d805: Log matching property violated. Preceding OpId in replica: term: 3 index: 3. Preceding OpId from leader: term: 4 index: 4. (index mismatch)
I20260713 09:06:08.741288 17365 consensus_queue.cc:1048] T f595f05a2e9c450488dd54955a6e7fa6 P fe78d597827e45008db1c6f5c203d805 [LEADER]: Connected to new peer: Peer: permanent_uuid: "5a8e0ced16494af9af59a5d452b9989f" member_type: VOTER last_known_addr { host: "127.16.9.195" port: 37807 }, Status: LMP_MISMATCH, Last received: 0.0, Next index: 4, Last known committed idx: 3, Time since last communication: 0.000s
I20260713 09:06:08.750010 17119 raft_consensus.cc:1275] T f595f05a2e9c450488dd54955a6e7fa6 P 5788ae554e9a4674b4d81ed58fee4c5d [term 4 FOLLOWER]: Refusing update from remote peer fe78d597827e45008db1c6f5c203d805: Log matching property violated. Preceding OpId in replica: term: 3 index: 3. Preceding OpId from leader: term: 4 index: 4. (index mismatch)
I20260713 09:06:08.752029 17331 consensus_queue.cc:1048] T f595f05a2e9c450488dd54955a6e7fa6 P fe78d597827e45008db1c6f5c203d805 [LEADER]: Connected to new peer: Peer: permanent_uuid: "5788ae554e9a4674b4d81ed58fee4c5d" member_type: VOTER last_known_addr { host: "127.16.9.194" port: 39919 }, Status: LMP_MISMATCH, Last received: 0.0, Next index: 4, Last known committed idx: 3, Time since last communication: 0.000s
I20260713 09:06:10.700930 16423 auto_leader_rebalancer.cc:141] leader rebalance for table test-workload
I20260713 09:06:10.708702 17044 tablet_service.cc:2072] Received LeaderStepDown RPC: tablet_id: "605676976aea4c54a50dab8334be84c7"
dest_uuid: "fe78d597827e45008db1c6f5c203d805"
mode: GRACEFUL
new_leader_uuid: "5788ae554e9a4674b4d81ed58fee4c5d"
 from {username='slave'} at 127.0.0.1:58942
I20260713 09:06:10.709429 17044 raft_consensus.cc:606] T 605676976aea4c54a50dab8334be84c7 P fe78d597827e45008db1c6f5c203d805 [term 3 LEADER]: Received request to transfer leadership to TS 5788ae554e9a4674b4d81ed58fee4c5d
I20260713 09:06:10.711944 17044 tablet_service.cc:2072] Received LeaderStepDown RPC: tablet_id: "6585450bda1e4bcab308179fe956fe46"
dest_uuid: "fe78d597827e45008db1c6f5c203d805"
mode: GRACEFUL
new_leader_uuid: "5a8e0ced16494af9af59a5d452b9989f"
 from {username='slave'} at 127.0.0.1:58942
I20260713 09:06:10.712486 17044 raft_consensus.cc:606] T 6585450bda1e4bcab308179fe956fe46 P fe78d597827e45008db1c6f5c203d805 [term 2 LEADER]: Received request to transfer leadership to TS 5a8e0ced16494af9af59a5d452b9989f
I20260713 09:06:10.714941 17044 tablet_service.cc:2072] Received LeaderStepDown RPC: tablet_id: "a90429aa9313429e92dad3f372b11a80"
dest_uuid: "fe78d597827e45008db1c6f5c203d805"
mode: GRACEFUL
new_leader_uuid: "5788ae554e9a4674b4d81ed58fee4c5d"
 from {username='slave'} at 127.0.0.1:58942
I20260713 09:06:10.715533 17044 raft_consensus.cc:606] T a90429aa9313429e92dad3f372b11a80 P fe78d597827e45008db1c6f5c203d805 [term 3 LEADER]: Received request to transfer leadership to TS 5788ae554e9a4674b4d81ed58fee4c5d
I20260713 09:06:10.717571 17044 tablet_service.cc:2072] Received LeaderStepDown RPC: tablet_id: "ea43a6d199cc43f88bbc12cba8369726"
dest_uuid: "fe78d597827e45008db1c6f5c203d805"
mode: GRACEFUL
new_leader_uuid: "5a8e0ced16494af9af59a5d452b9989f"
 from {username='slave'} at 127.0.0.1:58942
I20260713 09:06:10.718016 17044 raft_consensus.cc:606] T ea43a6d199cc43f88bbc12cba8369726 P fe78d597827e45008db1c6f5c203d805 [term 3 LEADER]: Received request to transfer leadership to TS 5a8e0ced16494af9af59a5d452b9989f
I20260713 09:06:10.719110 16423 auto_leader_rebalancer.cc:479] table: test-workload, leader rebalance finish, leader transfer count: 4
I20260713 09:06:10.719506 16423 auto_leader_rebalancer.cc:554] All tables' leader rebalancing finished this round
I20260713 09:06:10.766896 17374 raft_consensus.cc:993] T 6585450bda1e4bcab308179fe956fe46 P fe78d597827e45008db1c6f5c203d805: : Instructing follower 5a8e0ced16494af9af59a5d452b9989f to start an election
I20260713 09:06:10.767962 17331 raft_consensus.cc:1081] T 6585450bda1e4bcab308179fe956fe46 P fe78d597827e45008db1c6f5c203d805 [term 2 LEADER]: Signalling peer 5a8e0ced16494af9af59a5d452b9989f to start an election
I20260713 09:06:10.769762 17189 tablet_service.cc:2044] Received Run Leader Election RPC: tablet_id: "6585450bda1e4bcab308179fe956fe46"
dest_uuid: "5a8e0ced16494af9af59a5d452b9989f"
 from {username='slave'} at 127.0.0.1:49830
I20260713 09:06:10.770332 17189 raft_consensus.cc:493] T 6585450bda1e4bcab308179fe956fe46 P 5a8e0ced16494af9af59a5d452b9989f [term 2 FOLLOWER]: Starting forced leader election (received explicit request)
I20260713 09:06:10.770618 17189 raft_consensus.cc:3060] T 6585450bda1e4bcab308179fe956fe46 P 5a8e0ced16494af9af59a5d452b9989f [term 2 FOLLOWER]: Advancing to term 3
I20260713 09:06:10.776778 17189 raft_consensus.cc:515] T 6585450bda1e4bcab308179fe956fe46 P 5a8e0ced16494af9af59a5d452b9989f [term 3 FOLLOWER]: Starting forced leader election with config: opid_index: -1 OBSOLETE_local: false peers { permanent_uuid: "fe78d597827e45008db1c6f5c203d805" member_type: VOTER last_known_addr { host: "127.16.9.193" port: 46711 } } peers { permanent_uuid: "5788ae554e9a4674b4d81ed58fee4c5d" member_type: VOTER last_known_addr { host: "127.16.9.194" port: 39919 } } peers { permanent_uuid: "5a8e0ced16494af9af59a5d452b9989f" member_type: VOTER last_known_addr { host: "127.16.9.195" port: 37807 } }
I20260713 09:06:10.779007 17189 leader_election.cc:290] T 6585450bda1e4bcab308179fe956fe46 P 5a8e0ced16494af9af59a5d452b9989f [CANDIDATE]: Term 3 election: Requested vote from peers fe78d597827e45008db1c6f5c203d805 (127.16.9.193:46711), 5788ae554e9a4674b4d81ed58fee4c5d (127.16.9.194:39919)
