I20260713 09:05:51.874692 17351 consensus_queue.cc:260] T c143d93569ae4e0b8c1537d04e93f4d8 P 06d57acc6ffa4d778a4926b45b93adfb [NON_LEADER]: Queue going to NON_LEADER mode. State: All replicated index: 0, Majority replicated index: 0, Committed index: 0, Last appended: 0.0, Last appended by leader: 0, Current term: 0, Majority size: -1, State: 0, Mode: NON_LEADER, active raft config: opid_index: -1 OBSOLETE_local: false peers { permanent_uuid: "120ca903da954890879854b3a2bfc51f" member_type: VOTER last_known_addr { host: "127.16.35.65" port: 44837 } } peers { permanent_uuid: "06d57acc6ffa4d778a4926b45b93adfb" member_type: VOTER last_known_addr { host: "127.16.35.66" port: 42001 } } peers { permanent_uuid: "0b0e4e86cccc4714b44ef3749bc40c43" member_type: VOTER last_known_addr { host: "127.16.35.67" port: 33577 } }
I20260713 09:05:51.874433 17356 raft_consensus.cc:359] T c143d93569ae4e0b8c1537d04e93f4d8 P 120ca903da954890879854b3a2bfc51f [term 0 FOLLOWER]: Replica starting. Triggering 0 pending ops. Active config: opid_index: -1 OBSOLETE_local: false peers { permanent_uuid: "120ca903da954890879854b3a2bfc51f" member_type: VOTER last_known_addr { host: "127.16.35.65" port: 44837 } } peers { permanent_uuid: "06d57acc6ffa4d778a4926b45b93adfb" member_type: VOTER last_known_addr { host: "127.16.35.66" port: 42001 } } peers { permanent_uuid: "0b0e4e86cccc4714b44ef3749bc40c43" member_type: VOTER last_known_addr { host: "127.16.35.67" port: 33577 } }
I20260713 09:05:51.875422 17356 raft_consensus.cc:385] T c143d93569ae4e0b8c1537d04e93f4d8 P 120ca903da954890879854b3a2bfc51f [term 0 FOLLOWER]: Consensus starting up: Expiring failure detector timer to make a prompt election more likely
I20260713 09:05:51.875806 17356 raft_consensus.cc:740] T c143d93569ae4e0b8c1537d04e93f4d8 P 120ca903da954890879854b3a2bfc51f [term 0 FOLLOWER]: Becoming Follower/Learner. State: Replica: 120ca903da954890879854b3a2bfc51f, State: Initialized, Role: FOLLOWER
I20260713 09:05:51.876861 17351 ts_tablet_manager.cc:1434] T c143d93569ae4e0b8c1537d04e93f4d8 P 06d57acc6ffa4d778a4926b45b93adfb: Time spent starting tablet: real 0.006s	user 0.003s	sys 0.000s
I20260713 09:05:51.876741 17356 consensus_queue.cc:260] T c143d93569ae4e0b8c1537d04e93f4d8 P 120ca903da954890879854b3a2bfc51f [NON_LEADER]: Queue going to NON_LEADER mode. State: All replicated index: 0, Majority replicated index: 0, Committed index: 0, Last appended: 0.0, Last appended by leader: 0, Current term: 0, Majority size: -1, State: 0, Mode: NON_LEADER, active raft config: opid_index: -1 OBSOLETE_local: false peers { permanent_uuid: "120ca903da954890879854b3a2bfc51f" member_type: VOTER last_known_addr { host: "127.16.35.65" port: 44837 } } peers { permanent_uuid: "06d57acc6ffa4d778a4926b45b93adfb" member_type: VOTER last_known_addr { host: "127.16.35.66" port: 42001 } } peers { permanent_uuid: "0b0e4e86cccc4714b44ef3749bc40c43" member_type: VOTER last_known_addr { host: "127.16.35.67" port: 33577 } }
I20260713 09:05:51.877722 17354 tablet_bootstrap.cc:492] T c143d93569ae4e0b8c1537d04e93f4d8 P 0b0e4e86cccc4714b44ef3749bc40c43: No bootstrap required, opened a new log
I20260713 09:05:51.877954 17351 tablet_bootstrap.cc:492] T 69c377847a614c17a46713f7e8a6e4ec P 06d57acc6ffa4d778a4926b45b93adfb: Bootstrap starting.
I20260713 09:05:51.878163 17354 ts_tablet_manager.cc:1403] T c143d93569ae4e0b8c1537d04e93f4d8 P 0b0e4e86cccc4714b44ef3749bc40c43: Time spent bootstrapping tablet: real 0.020s	user 0.013s	sys 0.004s
I20260713 09:05:51.881084 17354 raft_consensus.cc:359] T c143d93569ae4e0b8c1537d04e93f4d8 P 0b0e4e86cccc4714b44ef3749bc40c43 [term 0 FOLLOWER]: Replica starting. Triggering 0 pending ops. Active config: opid_index: -1 OBSOLETE_local: false peers { permanent_uuid: "120ca903da954890879854b3a2bfc51f" member_type: VOTER last_known_addr { host: "127.16.35.65" port: 44837 } } peers { permanent_uuid: "06d57acc6ffa4d778a4926b45b93adfb" member_type: VOTER last_known_addr { host: "127.16.35.66" port: 42001 } } peers { permanent_uuid: "0b0e4e86cccc4714b44ef3749bc40c43" member_type: VOTER last_known_addr { host: "127.16.35.67" port: 33577 } }
I20260713 09:05:51.881860 17354 raft_consensus.cc:385] T c143d93569ae4e0b8c1537d04e93f4d8 P 0b0e4e86cccc4714b44ef3749bc40c43 [term 0 FOLLOWER]: Consensus starting up: Expiring failure detector timer to make a prompt election more likely
I20260713 09:05:51.882156 17354 raft_consensus.cc:740] T c143d93569ae4e0b8c1537d04e93f4d8 P 0b0e4e86cccc4714b44ef3749bc40c43 [term 0 FOLLOWER]: Becoming Follower/Learner. State: Replica: 0b0e4e86cccc4714b44ef3749bc40c43, State: Initialized, Role: FOLLOWER
I20260713 09:05:51.882912 17354 consensus_queue.cc:260] T c143d93569ae4e0b8c1537d04e93f4d8 P 0b0e4e86cccc4714b44ef3749bc40c43 [NON_LEADER]: Queue going to NON_LEADER mode. State: All replicated index: 0, Majority replicated index: 0, Committed index: 0, Last appended: 0.0, Last appended by leader: 0, Current term: 0, Majority size: -1, State: 0, Mode: NON_LEADER, active raft config: opid_index: -1 OBSOLETE_local: false peers { permanent_uuid: "120ca903da954890879854b3a2bfc51f" member_type: VOTER last_known_addr { host: "127.16.35.65" port: 44837 } } peers { permanent_uuid: "06d57acc6ffa4d778a4926b45b93adfb" member_type: VOTER last_known_addr { host: "127.16.35.66" port: 42001 } } peers { permanent_uuid: "0b0e4e86cccc4714b44ef3749bc40c43" member_type: VOTER last_known_addr { host: "127.16.35.67" port: 33577 } }
I20260713 09:05:51.884261 17351 tablet_bootstrap.cc:654] T 69c377847a614c17a46713f7e8a6e4ec P 06d57acc6ffa4d778a4926b45b93adfb: Neither blocks nor log segments found. Creating new log.
I20260713 09:05:51.885166 17354 ts_tablet_manager.cc:1434] T c143d93569ae4e0b8c1537d04e93f4d8 P 0b0e4e86cccc4714b44ef3749bc40c43: Time spent starting tablet: real 0.007s	user 0.002s	sys 0.004s
I20260713 09:05:51.887398 17356 ts_tablet_manager.cc:1434] T c143d93569ae4e0b8c1537d04e93f4d8 P 120ca903da954890879854b3a2bfc51f: Time spent starting tablet: real 0.016s	user 0.007s	sys 0.000s
I20260713 09:05:51.887806 17354 tablet_bootstrap.cc:492] T fa007152beac44cf9371fe8406169911 P 0b0e4e86cccc4714b44ef3749bc40c43: Bootstrap starting.
I20260713 09:05:51.894834 17354 tablet_bootstrap.cc:654] T fa007152beac44cf9371fe8406169911 P 0b0e4e86cccc4714b44ef3749bc40c43: Neither blocks nor log segments found. Creating new log.
I20260713 09:05:51.895421 17356 tablet_bootstrap.cc:492] T 8286f4b818f94bba9b1a1f46c50c99d7 P 120ca903da954890879854b3a2bfc51f: Bootstrap starting.
I20260713 09:05:51.900475 17351 tablet_bootstrap.cc:492] T 69c377847a614c17a46713f7e8a6e4ec P 06d57acc6ffa4d778a4926b45b93adfb: No bootstrap required, opened a new log
I20260713 09:05:51.901042 17351 ts_tablet_manager.cc:1403] T 69c377847a614c17a46713f7e8a6e4ec P 06d57acc6ffa4d778a4926b45b93adfb: Time spent bootstrapping tablet: real 0.023s	user 0.002s	sys 0.020s
I20260713 09:05:51.902438 17354 tablet_bootstrap.cc:492] T fa007152beac44cf9371fe8406169911 P 0b0e4e86cccc4714b44ef3749bc40c43: No bootstrap required, opened a new log
I20260713 09:05:51.902949 17354 ts_tablet_manager.cc:1403] T fa007152beac44cf9371fe8406169911 P 0b0e4e86cccc4714b44ef3749bc40c43: Time spent bootstrapping tablet: real 0.015s	user 0.012s	sys 0.001s
I20260713 09:05:51.903700 17356 tablet_bootstrap.cc:654] T 8286f4b818f94bba9b1a1f46c50c99d7 P 120ca903da954890879854b3a2bfc51f: Neither blocks nor log segments found. Creating new log.
I20260713 09:05:51.904047 17351 raft_consensus.cc:359] T 69c377847a614c17a46713f7e8a6e4ec P 06d57acc6ffa4d778a4926b45b93adfb [term 0 FOLLOWER]: Replica starting. Triggering 0 pending ops. Active config: opid_index: -1 OBSOLETE_local: false peers { permanent_uuid: "120ca903da954890879854b3a2bfc51f" member_type: VOTER last_known_addr { host: "127.16.35.65" port: 44837 } } peers { permanent_uuid: "06d57acc6ffa4d778a4926b45b93adfb" member_type: VOTER last_known_addr { host: "127.16.35.66" port: 42001 } } peers { permanent_uuid: "0b0e4e86cccc4714b44ef3749bc40c43" member_type: VOTER last_known_addr { host: "127.16.35.67" port: 33577 } }
I20260713 09:05:51.904769 17351 raft_consensus.cc:385] T 69c377847a614c17a46713f7e8a6e4ec P 06d57acc6ffa4d778a4926b45b93adfb [term 0 FOLLOWER]: Consensus starting up: Expiring failure detector timer to make a prompt election more likely
I20260713 09:05:51.905067 17351 raft_consensus.cc:740] T 69c377847a614c17a46713f7e8a6e4ec P 06d57acc6ffa4d778a4926b45b93adfb [term 0 FOLLOWER]: Becoming Follower/Learner. State: Replica: 06d57acc6ffa4d778a4926b45b93adfb, State: Initialized, Role: FOLLOWER
I20260713 09:05:51.905743 17354 raft_consensus.cc:359] T fa007152beac44cf9371fe8406169911 P 0b0e4e86cccc4714b44ef3749bc40c43 [term 0 FOLLOWER]: Replica starting. Triggering 0 pending ops. Active config: opid_index: -1 OBSOLETE_local: false peers { permanent_uuid: "120ca903da954890879854b3a2bfc51f" member_type: VOTER last_known_addr { host: "127.16.35.65" port: 44837 } } peers { permanent_uuid: "06d57acc6ffa4d778a4926b45b93adfb" member_type: VOTER last_known_addr { host: "127.16.35.66" port: 42001 } } peers { permanent_uuid: "0b0e4e86cccc4714b44ef3749bc40c43" member_type: VOTER last_known_addr { host: "127.16.35.67" port: 33577 } }
I20260713 09:05:51.905932 17351 consensus_queue.cc:260] T 69c377847a614c17a46713f7e8a6e4ec P 06d57acc6ffa4d778a4926b45b93adfb [NON_LEADER]: Queue going to NON_LEADER mode. State: All replicated index: 0, Majority replicated index: 0, Committed index: 0, Last appended: 0.0, Last appended by leader: 0, Current term: 0, Majority size: -1, State: 0, Mode: NON_LEADER, active raft config: opid_index: -1 OBSOLETE_local: false peers { permanent_uuid: "120ca903da954890879854b3a2bfc51f" member_type: VOTER last_known_addr { host: "127.16.35.65" port: 44837 } } peers { permanent_uuid: "06d57acc6ffa4d778a4926b45b93adfb" member_type: VOTER last_known_addr { host: "127.16.35.66" port: 42001 } } peers { permanent_uuid: "0b0e4e86cccc4714b44ef3749bc40c43" member_type: VOTER last_known_addr { host: "127.16.35.67" port: 33577 } }
I20260713 09:05:51.906525 17354 raft_consensus.cc:385] T fa007152beac44cf9371fe8406169911 P 0b0e4e86cccc4714b44ef3749bc40c43 [term 0 FOLLOWER]: Consensus starting up: Expiring failure detector timer to make a prompt election more likely
I20260713 09:05:51.906844 17354 raft_consensus.cc:740] T fa007152beac44cf9371fe8406169911 P 0b0e4e86cccc4714b44ef3749bc40c43 [term 0 FOLLOWER]: Becoming Follower/Learner. State: Replica: 0b0e4e86cccc4714b44ef3749bc40c43, State: Initialized, Role: FOLLOWER
I20260713 09:05:51.907809 17354 consensus_queue.cc:260] T fa007152beac44cf9371fe8406169911 P 0b0e4e86cccc4714b44ef3749bc40c43 [NON_LEADER]: Queue going to NON_LEADER mode. State: All replicated index: 0, Majority replicated index: 0, Committed index: 0, Last appended: 0.0, Last appended by leader: 0, Current term: 0, Majority size: -1, State: 0, Mode: NON_LEADER, active raft config: opid_index: -1 OBSOLETE_local: false peers { permanent_uuid: "120ca903da954890879854b3a2bfc51f" member_type: VOTER last_known_addr { host: "127.16.35.65" port: 44837 } } peers { permanent_uuid: "06d57acc6ffa4d778a4926b45b93adfb" member_type: VOTER last_known_addr { host: "127.16.35.66" port: 42001 } } peers { permanent_uuid: "0b0e4e86cccc4714b44ef3749bc40c43" member_type: VOTER last_known_addr { host: "127.16.35.67" port: 33577 } }
I20260713 09:05:51.908480 17351 ts_tablet_manager.cc:1434] T 69c377847a614c17a46713f7e8a6e4ec P 06d57acc6ffa4d778a4926b45b93adfb: Time spent starting tablet: real 0.007s	user 0.002s	sys 0.003s
I20260713 09:05:51.909452 17351 tablet_bootstrap.cc:492] T 984b03fa55a84c35a4b6c1577bb3b5a1 P 06d57acc6ffa4d778a4926b45b93adfb: Bootstrap starting.
I20260713 09:05:51.910019 17354 ts_tablet_manager.cc:1434] T fa007152beac44cf9371fe8406169911 P 0b0e4e86cccc4714b44ef3749bc40c43: Time spent starting tablet: real 0.007s	user 0.003s	sys 0.003s
I20260713 09:05:51.910957 17354 tablet_bootstrap.cc:492] T 6c09c78b105f42b29d455ecb584192a1 P 0b0e4e86cccc4714b44ef3749bc40c43: Bootstrap starting.
I20260713 09:05:51.913842 17356 tablet_bootstrap.cc:492] T 8286f4b818f94bba9b1a1f46c50c99d7 P 120ca903da954890879854b3a2bfc51f: No bootstrap required, opened a new log
I20260713 09:05:51.916597 17351 tablet_bootstrap.cc:654] T 984b03fa55a84c35a4b6c1577bb3b5a1 P 06d57acc6ffa4d778a4926b45b93adfb: Neither blocks nor log segments found. Creating new log.
I20260713 09:05:51.917786 17354 tablet_bootstrap.cc:654] T 6c09c78b105f42b29d455ecb584192a1 P 0b0e4e86cccc4714b44ef3749bc40c43: Neither blocks nor log segments found. Creating new log.
I20260713 09:05:51.922370 17356 ts_tablet_manager.cc:1403] T 8286f4b818f94bba9b1a1f46c50c99d7 P 120ca903da954890879854b3a2bfc51f: Time spent bootstrapping tablet: real 0.027s	user 0.011s	sys 0.001s
I20260713 09:05:51.924431 17353 raft_consensus.cc:493] T 9143845ce46d484db18a5bbfcbf0e2b1 P 06d57acc6ffa4d778a4926b45b93adfb [term 0 FOLLOWER]: Starting pre-election (no leader contacted us within the election timeout)
I20260713 09:05:51.924883 17353 raft_consensus.cc:515] T 9143845ce46d484db18a5bbfcbf0e2b1 P 06d57acc6ffa4d778a4926b45b93adfb [term 0 FOLLOWER]: Starting pre-election with config: opid_index: -1 OBSOLETE_local: false peers { permanent_uuid: "120ca903da954890879854b3a2bfc51f" member_type: VOTER last_known_addr { host: "127.16.35.65" port: 44837 } } peers { permanent_uuid: "06d57acc6ffa4d778a4926b45b93adfb" member_type: VOTER last_known_addr { host: "127.16.35.66" port: 42001 } } peers { permanent_uuid: "0b0e4e86cccc4714b44ef3749bc40c43" member_type: VOTER last_known_addr { host: "127.16.35.67" port: 33577 } }
I20260713 09:05:51.925835 17356 raft_consensus.cc:359] T 8286f4b818f94bba9b1a1f46c50c99d7 P 120ca903da954890879854b3a2bfc51f [term 0 FOLLOWER]: Replica starting. Triggering 0 pending ops. Active config: opid_index: -1 OBSOLETE_local: false peers { permanent_uuid: "120ca903da954890879854b3a2bfc51f" member_type: VOTER last_known_addr { host: "127.16.35.65" port: 44837 } } peers { permanent_uuid: "06d57acc6ffa4d778a4926b45b93adfb" member_type: VOTER last_known_addr { host: "127.16.35.66" port: 42001 } } peers { permanent_uuid: "0b0e4e86cccc4714b44ef3749bc40c43" member_type: VOTER last_known_addr { host: "127.16.35.67" port: 33577 } }
I20260713 09:05:51.926523 17356 raft_consensus.cc:385] T 8286f4b818f94bba9b1a1f46c50c99d7 P 120ca903da954890879854b3a2bfc51f [term 0 FOLLOWER]: Consensus starting up: Expiring failure detector timer to make a prompt election more likely
I20260713 09:05:51.926805 17356 raft_consensus.cc:740] T 8286f4b818f94bba9b1a1f46c50c99d7 P 120ca903da954890879854b3a2bfc51f [term 0 FOLLOWER]: Becoming Follower/Learner. State: Replica: 120ca903da954890879854b3a2bfc51f, State: Initialized, Role: FOLLOWER
I20260713 09:05:51.927099 17353 leader_election.cc:290] T 9143845ce46d484db18a5bbfcbf0e2b1 P 06d57acc6ffa4d778a4926b45b93adfb [CANDIDATE]: Term 1 pre-election: Requested pre-vote from peers 120ca903da954890879854b3a2bfc51f (127.16.35.65:44837), 0b0e4e86cccc4714b44ef3749bc40c43 (127.16.35.67:33577)
I20260713 09:05:51.927520 17356 consensus_queue.cc:260] T 8286f4b818f94bba9b1a1f46c50c99d7 P 120ca903da954890879854b3a2bfc51f [NON_LEADER]: Queue going to NON_LEADER mode. State: All replicated index: 0, Majority replicated index: 0, Committed index: 0, Last appended: 0.0, Last appended by leader: 0, Current term: 0, Majority size: -1, State: 0, Mode: NON_LEADER, active raft config: opid_index: -1 OBSOLETE_local: false peers { permanent_uuid: "120ca903da954890879854b3a2bfc51f" member_type: VOTER last_known_addr { host: "127.16.35.65" port: 44837 } } peers { permanent_uuid: "06d57acc6ffa4d778a4926b45b93adfb" member_type: VOTER last_known_addr { host: "127.16.35.66" port: 42001 } } peers { permanent_uuid: "0b0e4e86cccc4714b44ef3749bc40c43" member_type: VOTER last_known_addr { host: "127.16.35.67" port: 33577 } }
I20260713 09:05:51.928515 17162 tablet_service.cc:1917] Received RequestConsensusVote() RPC: tablet_id: "9143845ce46d484db18a5bbfcbf0e2b1" candidate_uuid: "06d57acc6ffa4d778a4926b45b93adfb" candidate_term: 1 candidate_status { last_received { term: 0 index: 0 } } ignore_live_leader: false dest_uuid: "120ca903da954890879854b3a2bfc51f" is_pre_election: true
I20260713 09:05:51.928763 17311 tablet_service.cc:1917] Received RequestConsensusVote() RPC: tablet_id: "9143845ce46d484db18a5bbfcbf0e2b1" candidate_uuid: "06d57acc6ffa4d778a4926b45b93adfb" candidate_term: 1 candidate_status { last_received { term: 0 index: 0 } } ignore_live_leader: false dest_uuid: "0b0e4e86cccc4714b44ef3749bc40c43" is_pre_election: true
I20260713 09:05:51.929416 17162 raft_consensus.cc:2468] T 9143845ce46d484db18a5bbfcbf0e2b1 P 120ca903da954890879854b3a2bfc51f [term 0 FOLLOWER]: Leader pre-election vote request: Granting yes vote for candidate 06d57acc6ffa4d778a4926b45b93adfb in term 0.
W20260713 09:05:51.930181 17202 leader_election.cc:343] T 9143845ce46d484db18a5bbfcbf0e2b1 P 06d57acc6ffa4d778a4926b45b93adfb [CANDIDATE]: Term 1 pre-election: Tablet error from VoteRequest() call to peer 0b0e4e86cccc4714b44ef3749bc40c43 (127.16.35.67:33577): Illegal state: must be running to vote when last-logged opid is not known
I20260713 09:05:51.930365 17356 ts_tablet_manager.cc:1434] T 8286f4b818f94bba9b1a1f46c50c99d7 P 120ca903da954890879854b3a2bfc51f: Time spent starting tablet: real 0.007s	user 0.005s	sys 0.001s
I20260713 09:05:51.931403 17356 tablet_bootstrap.cc:492] T 51080f4a45dd42d49aafb6de6f553831 P 120ca903da954890879854b3a2bfc51f: Bootstrap starting.
I20260713 09:05:51.932905 17354 tablet_bootstrap.cc:492] T 6c09c78b105f42b29d455ecb584192a1 P 0b0e4e86cccc4714b44ef3749bc40c43: No bootstrap required, opened a new log
I20260713 09:05:51.933403 17354 ts_tablet_manager.cc:1403] T 6c09c78b105f42b29d455ecb584192a1 P 0b0e4e86cccc4714b44ef3749bc40c43: Time spent bootstrapping tablet: real 0.023s	user 0.007s	sys 0.008s
I20260713 09:05:51.935312 17200 leader_election.cc:304] T 9143845ce46d484db18a5bbfcbf0e2b1 P 06d57acc6ffa4d778a4926b45b93adfb [CANDIDATE]: Term 1 pre-election: Election decided. Result: candidate won. Election summary: received 3 responses out of 3 voters: 2 yes votes; 1 no votes. yes voters: 06d57acc6ffa4d778a4926b45b93adfb, 120ca903da954890879854b3a2bfc51f; no voters: 0b0e4e86cccc4714b44ef3749bc40c43
I20260713 09:05:51.936651 17354 raft_consensus.cc:359] T 6c09c78b105f42b29d455ecb584192a1 P 0b0e4e86cccc4714b44ef3749bc40c43 [term 0 FOLLOWER]: Replica starting. Triggering 0 pending ops. Active config: opid_index: -1 OBSOLETE_local: false peers { permanent_uuid: "120ca903da954890879854b3a2bfc51f" member_type: VOTER last_known_addr { host: "127.16.35.65" port: 44837 } } peers { permanent_uuid: "06d57acc6ffa4d778a4926b45b93adfb" member_type: VOTER last_known_addr { host: "127.16.35.66" port: 42001 } } peers { permanent_uuid: "0b0e4e86cccc4714b44ef3749bc40c43" member_type: VOTER last_known_addr { host: "127.16.35.67" port: 33577 } }
I20260713 09:05:51.937122 17353 raft_consensus.cc:2804] T 9143845ce46d484db18a5bbfcbf0e2b1 P 06d57acc6ffa4d778a4926b45b93adfb [term 0 FOLLOWER]: Leader pre-election won for term 1
I20260713 09:05:51.937863 17356 tablet_bootstrap.cc:654] T 51080f4a45dd42d49aafb6de6f553831 P 120ca903da954890879854b3a2bfc51f: Neither blocks nor log segments found. Creating new log.
I20260713 09:05:51.937935 17354 raft_consensus.cc:385] T 6c09c78b105f42b29d455ecb584192a1 P 0b0e4e86cccc4714b44ef3749bc40c43 [term 0 FOLLOWER]: Consensus starting up: Expiring failure detector timer to make a prompt election more likely
I20260713 09:05:51.938438 17354 raft_consensus.cc:740] T 6c09c78b105f42b29d455ecb584192a1 P 0b0e4e86cccc4714b44ef3749bc40c43 [term 0 FOLLOWER]: Becoming Follower/Learner. State: Replica: 0b0e4e86cccc4714b44ef3749bc40c43, State: Initialized, Role: FOLLOWER
I20260713 09:05:51.939364 17354 consensus_queue.cc:260] T 6c09c78b105f42b29d455ecb584192a1 P 0b0e4e86cccc4714b44ef3749bc40c43 [NON_LEADER]: Queue going to NON_LEADER mode. State: All replicated index: 0, Majority replicated index: 0, Committed index: 0, Last appended: 0.0, Last appended by leader: 0, Current term: 0, Majority size: -1, State: 0, Mode: NON_LEADER, active raft config: opid_index: -1 OBSOLETE_local: false peers { permanent_uuid: "120ca903da954890879854b3a2bfc51f" member_type: VOTER last_known_addr { host: "127.16.35.65" port: 44837 } } peers { permanent_uuid: "06d57acc6ffa4d778a4926b45b93adfb" member_type: VOTER last_known_addr { host: "127.16.35.66" port: 42001 } } peers { permanent_uuid: "0b0e4e86cccc4714b44ef3749bc40c43" member_type: VOTER last_known_addr { host: "127.16.35.67" port: 33577 } }
I20260713 09:05:51.940181 17351 tablet_bootstrap.cc:492] T 984b03fa55a84c35a4b6c1577bb3b5a1 P 06d57acc6ffa4d778a4926b45b93adfb: No bootstrap required, opened a new log
I20260713 09:05:51.940696 17351 ts_tablet_manager.cc:1403] T 984b03fa55a84c35a4b6c1577bb3b5a1 P 06d57acc6ffa4d778a4926b45b93adfb: Time spent bootstrapping tablet: real 0.031s	user 0.015s	sys 0.015s
I20260713 09:05:51.938001 17353 raft_consensus.cc:493] T 9143845ce46d484db18a5bbfcbf0e2b1 P 06d57acc6ffa4d778a4926b45b93adfb [term 0 FOLLOWER]: Starting leader election (no leader contacted us within the election timeout)
I20260713 09:05:51.944186 17353 raft_consensus.cc:3060] T 9143845ce46d484db18a5bbfcbf0e2b1 P 06d57acc6ffa4d778a4926b45b93adfb [term 0 FOLLOWER]: Advancing to term 1
I20260713 09:05:51.944530 17354 ts_tablet_manager.cc:1434] T 6c09c78b105f42b29d455ecb584192a1 P 0b0e4e86cccc4714b44ef3749bc40c43: Time spent starting tablet: real 0.011s	user 0.004s	sys 0.002s
I20260713 09:05:51.945561 17354 tablet_bootstrap.cc:492] T 51080f4a45dd42d49aafb6de6f553831 P 0b0e4e86cccc4714b44ef3749bc40c43: Bootstrap starting.
I20260713 09:05:51.945595 17351 raft_consensus.cc:359] T 984b03fa55a84c35a4b6c1577bb3b5a1 P 06d57acc6ffa4d778a4926b45b93adfb [term 0 FOLLOWER]: Replica starting. Triggering 0 pending ops. Active config: opid_index: -1 OBSOLETE_local: false peers { permanent_uuid: "120ca903da954890879854b3a2bfc51f" member_type: VOTER last_known_addr { host: "127.16.35.65" port: 44837 } } peers { permanent_uuid: "06d57acc6ffa4d778a4926b45b93adfb" member_type: VOTER last_known_addr { host: "127.16.35.66" port: 42001 } } peers { permanent_uuid: "0b0e4e86cccc4714b44ef3749bc40c43" member_type: VOTER last_known_addr { host: "127.16.35.67" port: 33577 } }
I20260713 09:05:51.946625 17351 raft_consensus.cc:385] T 984b03fa55a84c35a4b6c1577bb3b5a1 P 06d57acc6ffa4d778a4926b45b93adfb [term 0 FOLLOWER]: Consensus starting up: Expiring failure detector timer to make a prompt election more likely
I20260713 09:05:51.946997 17351 raft_consensus.cc:740] T 984b03fa55a84c35a4b6c1577bb3b5a1 P 06d57acc6ffa4d778a4926b45b93adfb [term 0 FOLLOWER]: Becoming Follower/Learner. State: Replica: 06d57acc6ffa4d778a4926b45b93adfb, State: Initialized, Role: FOLLOWER
I20260713 09:05:51.947970 17351 consensus_queue.cc:260] T 984b03fa55a84c35a4b6c1577bb3b5a1 P 06d57acc6ffa4d778a4926b45b93adfb [NON_LEADER]: Queue going to NON_LEADER mode. State: All replicated index: 0, Majority replicated index: 0, Committed index: 0, Last appended: 0.0, Last appended by leader: 0, Current term: 0, Majority size: -1, State: 0, Mode: NON_LEADER, active raft config: opid_index: -1 OBSOLETE_local: false peers { permanent_uuid: "120ca903da954890879854b3a2bfc51f" member_type: VOTER last_known_addr { host: "127.16.35.65" port: 44837 } } peers { permanent_uuid: "06d57acc6ffa4d778a4926b45b93adfb" member_type: VOTER last_known_addr { host: "127.16.35.66" port: 42001 } } peers { permanent_uuid: "0b0e4e86cccc4714b44ef3749bc40c43" member_type: VOTER last_known_addr { host: "127.16.35.67" port: 33577 } }
I20260713 09:05:51.951005 17351 ts_tablet_manager.cc:1434] T 984b03fa55a84c35a4b6c1577bb3b5a1 P 06d57acc6ffa4d778a4926b45b93adfb: Time spent starting tablet: real 0.010s	user 0.003s	sys 0.003s
I20260713 09:05:51.951548 17363 raft_consensus.cc:493] T c143d93569ae4e0b8c1537d04e93f4d8 P 120ca903da954890879854b3a2bfc51f [term 0 FOLLOWER]: Starting pre-election (no leader contacted us within the election timeout)
I20260713 09:05:51.951808 17356 tablet_bootstrap.cc:492] T 51080f4a45dd42d49aafb6de6f553831 P 120ca903da954890879854b3a2bfc51f: No bootstrap required, opened a new log
I20260713 09:05:51.952095 17351 tablet_bootstrap.cc:492] T 8286f4b818f94bba9b1a1f46c50c99d7 P 06d57acc6ffa4d778a4926b45b93adfb: Bootstrap starting.
I20260713 09:05:51.952271 17356 ts_tablet_manager.cc:1403] T 51080f4a45dd42d49aafb6de6f553831 P 120ca903da954890879854b3a2bfc51f: Time spent bootstrapping tablet: real 0.021s	user 0.011s	sys 0.005s
I20260713 09:05:51.952520 17354 tablet_bootstrap.cc:654] T 51080f4a45dd42d49aafb6de6f553831 P 0b0e4e86cccc4714b44ef3749bc40c43: Neither blocks nor log segments found. Creating new log.
I20260713 09:05:51.952041 17363 raft_consensus.cc:515] T c143d93569ae4e0b8c1537d04e93f4d8 P 120ca903da954890879854b3a2bfc51f [term 0 FOLLOWER]: Starting pre-election with config: opid_index: -1 OBSOLETE_local: false peers { permanent_uuid: "120ca903da954890879854b3a2bfc51f" member_type: VOTER last_known_addr { host: "127.16.35.65" port: 44837 } } peers { permanent_uuid: "06d57acc6ffa4d778a4926b45b93adfb" member_type: VOTER last_known_addr { host: "127.16.35.66" port: 42001 } } peers { permanent_uuid: "0b0e4e86cccc4714b44ef3749bc40c43" member_type: VOTER last_known_addr { host: "127.16.35.67" port: 33577 } }
I20260713 09:05:51.954828 17363 leader_election.cc:290] T c143d93569ae4e0b8c1537d04e93f4d8 P 120ca903da954890879854b3a2bfc51f [CANDIDATE]: Term 1 pre-election: Requested pre-vote from peers 06d57acc6ffa4d778a4926b45b93adfb (127.16.35.66:42001), 0b0e4e86cccc4714b44ef3749bc40c43 (127.16.35.67:33577)
I20260713 09:05:51.955273 17356 raft_consensus.cc:359] T 51080f4a45dd42d49aafb6de6f553831 P 120ca903da954890879854b3a2bfc51f [term 0 FOLLOWER]: Replica starting. Triggering 0 pending ops. Active config: opid_index: -1 OBSOLETE_local: false peers { permanent_uuid: "06d57acc6ffa4d778a4926b45b93adfb" member_type: VOTER last_known_addr { host: "127.16.35.66" port: 42001 } } peers { permanent_uuid: "120ca903da954890879854b3a2bfc51f" member_type: VOTER last_known_addr { host: "127.16.35.65" port: 44837 } } peers { permanent_uuid: "0b0e4e86cccc4714b44ef3749bc40c43" member_type: VOTER last_known_addr { host: "127.16.35.67" port: 33577 } }
I20260713 09:05:51.956274 17356 raft_consensus.cc:385] T 51080f4a45dd42d49aafb6de6f553831 P 120ca903da954890879854b3a2bfc51f [term 0 FOLLOWER]: Consensus starting up: Expiring failure detector timer to make a prompt election more likely
I20260713 09:05:51.956653 17356 raft_consensus.cc:740] T 51080f4a45dd42d49aafb6de6f553831 P 120ca903da954890879854b3a2bfc51f [term 0 FOLLOWER]: Becoming Follower/Learner. State: Replica: 120ca903da954890879854b3a2bfc51f, State: Initialized, Role: FOLLOWER
I20260713 09:05:51.957641 17356 consensus_queue.cc:260] T 51080f4a45dd42d49aafb6de6f553831 P 120ca903da954890879854b3a2bfc51f [NON_LEADER]: Queue going to NON_LEADER mode. State: All replicated index: 0, Majority replicated index: 0, Committed index: 0, Last appended: 0.0, Last appended by leader: 0, Current term: 0, Majority size: -1, State: 0, Mode: NON_LEADER, active raft config: opid_index: -1 OBSOLETE_local: false peers { permanent_uuid: "06d57acc6ffa4d778a4926b45b93adfb" member_type: VOTER last_known_addr { host: "127.16.35.66" port: 42001 } } peers { permanent_uuid: "120ca903da954890879854b3a2bfc51f" member_type: VOTER last_known_addr { host: "127.16.35.65" port: 44837 } } peers { permanent_uuid: "0b0e4e86cccc4714b44ef3749bc40c43" member_type: VOTER last_known_addr { host: "127.16.35.67" port: 33577 } }
I20260713 09:05:51.959151 17351 tablet_bootstrap.cc:654] T 8286f4b818f94bba9b1a1f46c50c99d7 P 06d57acc6ffa4d778a4926b45b93adfb: Neither blocks nor log segments found. Creating new log.
I20260713 09:05:51.961145 17356 ts_tablet_manager.cc:1434] T 51080f4a45dd42d49aafb6de6f553831 P 120ca903da954890879854b3a2bfc51f: Time spent starting tablet: real 0.009s	user 0.007s	sys 0.001s
I20260713 09:05:51.963040 17356 tablet_bootstrap.cc:492] T fa007152beac44cf9371fe8406169911 P 120ca903da954890879854b3a2bfc51f: Bootstrap starting.
I20260713 09:05:51.974659 17355 raft_consensus.cc:493] T 69c377847a614c17a46713f7e8a6e4ec P 06d57acc6ffa4d778a4926b45b93adfb [term 0 FOLLOWER]: Starting pre-election (no leader contacted us within the election timeout)
I20260713 09:05:51.975142 17355 raft_consensus.cc:515] T 69c377847a614c17a46713f7e8a6e4ec P 06d57acc6ffa4d778a4926b45b93adfb [term 0 FOLLOWER]: Starting pre-election with config: opid_index: -1 OBSOLETE_local: false peers { permanent_uuid: "120ca903da954890879854b3a2bfc51f" member_type: VOTER last_known_addr { host: "127.16.35.65" port: 44837 } } peers { permanent_uuid: "06d57acc6ffa4d778a4926b45b93adfb" member_type: VOTER last_known_addr { host: "127.16.35.66" port: 42001 } } peers { permanent_uuid: "0b0e4e86cccc4714b44ef3749bc40c43" member_type: VOTER last_known_addr { host: "127.16.35.67" port: 33577 } }
I20260713 09:05:51.976179 17353 raft_consensus.cc:515] T 9143845ce46d484db18a5bbfcbf0e2b1 P 06d57acc6ffa4d778a4926b45b93adfb [term 1 FOLLOWER]: Starting leader election with config: opid_index: -1 OBSOLETE_local: false peers { permanent_uuid: "120ca903da954890879854b3a2bfc51f" member_type: VOTER last_known_addr { host: "127.16.35.65" port: 44837 } } peers { permanent_uuid: "06d57acc6ffa4d778a4926b45b93adfb" member_type: VOTER last_known_addr { host: "127.16.35.66" port: 42001 } } peers { permanent_uuid: "0b0e4e86cccc4714b44ef3749bc40c43" member_type: VOTER last_known_addr { host: "127.16.35.67" port: 33577 } }
I20260713 09:05:51.977226 17355 leader_election.cc:290] T 69c377847a614c17a46713f7e8a6e4ec P 06d57acc6ffa4d778a4926b45b93adfb [CANDIDATE]: Term 1 pre-election: Requested pre-vote from peers 120ca903da954890879854b3a2bfc51f (127.16.35.65:44837), 0b0e4e86cccc4714b44ef3749bc40c43 (127.16.35.67:33577)
I20260713 09:05:51.978143 17353 leader_election.cc:290] T 9143845ce46d484db18a5bbfcbf0e2b1 P 06d57acc6ffa4d778a4926b45b93adfb [CANDIDATE]: Term 1 election: Requested vote from peers 120ca903da954890879854b3a2bfc51f (127.16.35.65:44837), 0b0e4e86cccc4714b44ef3749bc40c43 (127.16.35.67:33577)
I20260713 09:05:51.979616 17311 tablet_service.cc:1917] Received RequestConsensusVote() RPC: tablet_id: "69c377847a614c17a46713f7e8a6e4ec" candidate_uuid: "06d57acc6ffa4d778a4926b45b93adfb" candidate_term: 1 candidate_status { last_received { term: 0 index: 0 } } ignore_live_leader: false dest_uuid: "0b0e4e86cccc4714b44ef3749bc40c43" is_pre_election: true
I20260713 09:05:51.980871 17310 tablet_service.cc:1917] Received RequestConsensusVote() RPC: tablet_id: "9143845ce46d484db18a5bbfcbf0e2b1" candidate_uuid: "06d57acc6ffa4d778a4926b45b93adfb" candidate_term: 1 candidate_status { last_received { term: 0 index: 0 } } ignore_live_leader: false dest_uuid: "0b0e4e86cccc4714b44ef3749bc40c43"
I20260713 09:05:51.981524 17361 raft_consensus.cc:493] T beb22220a21e4a70b23296cde35ea272 P 0b0e4e86cccc4714b44ef3749bc40c43 [term 0 FOLLOWER]: Starting pre-election (no leader contacted us within the election timeout)
W20260713 09:05:51.982347 17202 leader_election.cc:343] T 69c377847a614c17a46713f7e8a6e4ec P 06d57acc6ffa4d778a4926b45b93adfb [CANDIDATE]: Term 1 pre-election: Tablet error from VoteRequest() call to peer 0b0e4e86cccc4714b44ef3749bc40c43 (127.16.35.67:33577): Illegal state: must be running to vote when last-logged opid is not known
I20260713 09:05:51.982637 17351 tablet_bootstrap.cc:492] T 8286f4b818f94bba9b1a1f46c50c99d7 P 06d57acc6ffa4d778a4926b45b93adfb: No bootstrap required, opened a new log
I20260713 09:05:51.982131 17361 raft_consensus.cc:515] T beb22220a21e4a70b23296cde35ea272 P 0b0e4e86cccc4714b44ef3749bc40c43 [term 0 FOLLOWER]: Starting pre-election with config: opid_index: -1 OBSOLETE_local: false peers { permanent_uuid: "120ca903da954890879854b3a2bfc51f" member_type: VOTER last_known_addr { host: "127.16.35.65" port: 44837 } } peers { permanent_uuid: "06d57acc6ffa4d778a4926b45b93adfb" member_type: VOTER last_known_addr { host: "127.16.35.66" port: 42001 } } peers { permanent_uuid: "0b0e4e86cccc4714b44ef3749bc40c43" member_type: VOTER last_known_addr { host: "127.16.35.67" port: 33577 } }
I20260713 09:05:51.983042 17351 ts_tablet_manager.cc:1403] T 8286f4b818f94bba9b1a1f46c50c99d7 P 06d57acc6ffa4d778a4926b45b93adfb: Time spent bootstrapping tablet: real 0.031s	user 0.013s	sys 0.008s
W20260713 09:05:51.983831 17202 leader_election.cc:343] T 9143845ce46d484db18a5bbfcbf0e2b1 P 06d57acc6ffa4d778a4926b45b93adfb [CANDIDATE]: Term 1 election: Tablet error from VoteRequest() call to peer 0b0e4e86cccc4714b44ef3749bc40c43 (127.16.35.67:33577): Illegal state: must be running to vote when last-logged opid is not known
I20260713 09:05:51.985662 17351 raft_consensus.cc:359] T 8286f4b818f94bba9b1a1f46c50c99d7 P 06d57acc6ffa4d778a4926b45b93adfb [term 0 FOLLOWER]: Replica starting. Triggering 0 pending ops. Active config: opid_index: -1 OBSOLETE_local: false peers { permanent_uuid: "120ca903da954890879854b3a2bfc51f" member_type: VOTER last_known_addr { host: "127.16.35.65" port: 44837 } } peers { permanent_uuid: "06d57acc6ffa4d778a4926b45b93adfb" member_type: VOTER last_known_addr { host: "127.16.35.66" port: 42001 } } peers { permanent_uuid: "0b0e4e86cccc4714b44ef3749bc40c43" member_type: VOTER last_known_addr { host: "127.16.35.67" port: 33577 } }
I20260713 09:05:51.986340 17351 raft_consensus.cc:385] T 8286f4b818f94bba9b1a1f46c50c99d7 P 06d57acc6ffa4d778a4926b45b93adfb [term 0 FOLLOWER]: Consensus starting up: Expiring failure detector timer to make a prompt election more likely
I20260713 09:05:51.986647 17351 raft_consensus.cc:740] T 8286f4b818f94bba9b1a1f46c50c99d7 P 06d57acc6ffa4d778a4926b45b93adfb [term 0 FOLLOWER]: Becoming Follower/Learner. State: Replica: 06d57acc6ffa4d778a4926b45b93adfb, State: Initialized, Role: FOLLOWER
I20260713 09:05:51.987457 17351 consensus_queue.cc:260] T 8286f4b818f94bba9b1a1f46c50c99d7 P 06d57acc6ffa4d778a4926b45b93adfb [NON_LEADER]: Queue going to NON_LEADER mode. State: All replicated index: 0, Majority replicated index: 0, Committed index: 0, Last appended: 0.0, Last appended by leader: 0, Current term: 0, Majority size: -1, State: 0, Mode: NON_LEADER, active raft config: opid_index: -1 OBSOLETE_local: false peers { permanent_uuid: "120ca903da954890879854b3a2bfc51f" member_type: VOTER last_known_addr { host: "127.16.35.65" port: 44837 } } peers { permanent_uuid: "06d57acc6ffa4d778a4926b45b93adfb" member_type: VOTER last_known_addr { host: "127.16.35.66" port: 42001 } } peers { permanent_uuid: "0b0e4e86cccc4714b44ef3749bc40c43" member_type: VOTER last_known_addr { host: "127.16.35.67" port: 33577 } }
I20260713 09:05:51.988579 17162 tablet_service.cc:1917] Received RequestConsensusVote() RPC: tablet_id: "69c377847a614c17a46713f7e8a6e4ec" candidate_uuid: "06d57acc6ffa4d778a4926b45b93adfb" candidate_term: 1 candidate_status { last_received { term: 0 index: 0 } } ignore_live_leader: false dest_uuid: "120ca903da954890879854b3a2bfc51f" is_pre_election: true
I20260713 09:05:51.989764 17351 ts_tablet_manager.cc:1434] T 8286f4b818f94bba9b1a1f46c50c99d7 P 06d57acc6ffa4d778a4926b45b93adfb: Time spent starting tablet: real 0.006s	user 0.007s	sys 0.000s
I20260713 09:05:51.990617 17351 tablet_bootstrap.cc:492] T beb22220a21e4a70b23296cde35ea272 P 06d57acc6ffa4d778a4926b45b93adfb: Bootstrap starting.
I20260713 09:05:51.990216 17161 tablet_service.cc:1917] Received RequestConsensusVote() RPC: tablet_id: "9143845ce46d484db18a5bbfcbf0e2b1" candidate_uuid: "06d57acc6ffa4d778a4926b45b93adfb" candidate_term: 1 candidate_status { last_received { term: 0 index: 0 } } ignore_live_leader: false dest_uuid: "120ca903da954890879854b3a2bfc51f"
I20260713 09:05:51.991086 17161 raft_consensus.cc:3060] T 9143845ce46d484db18a5bbfcbf0e2b1 P 120ca903da954890879854b3a2bfc51f [term 0 FOLLOWER]: Advancing to term 1
I20260713 09:05:51.994550 17361 leader_election.cc:290] T beb22220a21e4a70b23296cde35ea272 P 0b0e4e86cccc4714b44ef3749bc40c43 [CANDIDATE]: Term 1 pre-election: Requested pre-vote from peers 120ca903da954890879854b3a2bfc51f (127.16.35.65:44837), 06d57acc6ffa4d778a4926b45b93adfb (127.16.35.66:42001)
W20260713 09:05:51.999667 17200 leader_election.cc:343] T 69c377847a614c17a46713f7e8a6e4ec P 06d57acc6ffa4d778a4926b45b93adfb [CANDIDATE]: Term 1 pre-election: Tablet error from VoteRequest() call to peer 120ca903da954890879854b3a2bfc51f (127.16.35.65:44837): Illegal state: must be running to vote when last-logged opid is not known
I20260713 09:05:52.000236 17200 leader_election.cc:304] T 69c377847a614c17a46713f7e8a6e4ec P 06d57acc6ffa4d778a4926b45b93adfb [CANDIDATE]: Term 1 pre-election: Election decided. Result: candidate lost. Election summary: received 3 responses out of 3 voters: 1 yes votes; 2 no votes. yes voters: 06d57acc6ffa4d778a4926b45b93adfb; no voters: 0b0e4e86cccc4714b44ef3749bc40c43, 120ca903da954890879854b3a2bfc51f
I20260713 09:05:52.001055 17355 raft_consensus.cc:2749] T 69c377847a614c17a46713f7e8a6e4ec P 06d57acc6ffa4d778a4926b45b93adfb [term 0 FOLLOWER]: Leader pre-election lost for term 1. Reason: could not achieve majority
I20260713 09:05:52.002345 17161 raft_consensus.cc:2468] T 9143845ce46d484db18a5bbfcbf0e2b1 P 120ca903da954890879854b3a2bfc51f [term 1 FOLLOWER]: Leader election vote request: Granting yes vote for candidate 06d57acc6ffa4d778a4926b45b93adfb in term 1.
I20260713 09:05:51.996135 17351 tablet_bootstrap.cc:654] T beb22220a21e4a70b23296cde35ea272 P 06d57acc6ffa4d778a4926b45b93adfb: Neither blocks nor log segments found. Creating new log.
I20260713 09:05:51.996997 17353 raft_consensus.cc:493] T c143d93569ae4e0b8c1537d04e93f4d8 P 06d57acc6ffa4d778a4926b45b93adfb [term 0 FOLLOWER]: Starting pre-election (no leader contacted us within the election timeout)
I20260713 09:05:52.004601 17353 raft_consensus.cc:515] T c143d93569ae4e0b8c1537d04e93f4d8 P 06d57acc6ffa4d778a4926b45b93adfb [term 0 FOLLOWER]: Starting pre-election with config: opid_index: -1 OBSOLETE_local: false peers { permanent_uuid: "120ca903da954890879854b3a2bfc51f" member_type: VOTER last_known_addr { host: "127.16.35.65" port: 44837 } } peers { permanent_uuid: "06d57acc6ffa4d778a4926b45b93adfb" member_type: VOTER last_known_addr { host: "127.16.35.66" port: 42001 } } peers { permanent_uuid: "0b0e4e86cccc4714b44ef3749bc40c43" member_type: VOTER last_known_addr { host: "127.16.35.67" port: 33577 } }
I20260713 09:05:52.005820 17200 leader_election.cc:304] T 9143845ce46d484db18a5bbfcbf0e2b1 P 06d57acc6ffa4d778a4926b45b93adfb [CANDIDATE]: Term 1 election: Election decided. Result: candidate won. Election summary: received 3 responses out of 3 voters: 2 yes votes; 1 no votes. yes voters: 06d57acc6ffa4d778a4926b45b93adfb, 120ca903da954890879854b3a2bfc51f; no voters: 0b0e4e86cccc4714b44ef3749bc40c43
I20260713 09:05:52.006634 17353 leader_election.cc:290] T c143d93569ae4e0b8c1537d04e93f4d8 P 06d57acc6ffa4d778a4926b45b93adfb [CANDIDATE]: Term 1 pre-election: Requested pre-vote from peers 120ca903da954890879854b3a2bfc51f (127.16.35.65:44837), 0b0e4e86cccc4714b44ef3749bc40c43 (127.16.35.67:33577)
I20260713 09:05:52.008026 17310 tablet_service.cc:1917] Received RequestConsensusVote() RPC: tablet_id: "c143d93569ae4e0b8c1537d04e93f4d8" candidate_uuid: "06d57acc6ffa4d778a4926b45b93adfb" candidate_term: 1 candidate_status { last_received { term: 0 index: 0 } } ignore_live_leader: false dest_uuid: "0b0e4e86cccc4714b44ef3749bc40c43" is_pre_election: true
I20260713 09:05:52.008641 17310 raft_consensus.cc:2468] T c143d93569ae4e0b8c1537d04e93f4d8 P 0b0e4e86cccc4714b44ef3749bc40c43 [term 0 FOLLOWER]: Leader pre-election vote request: Granting yes vote for candidate 06d57acc6ffa4d778a4926b45b93adfb in term 0.
I20260713 09:05:52.010812 17202 leader_election.cc:304] T c143d93569ae4e0b8c1537d04e93f4d8 P 06d57acc6ffa4d778a4926b45b93adfb [CANDIDATE]: Term 1 pre-election: Election decided. Result: candidate won. Election summary: received 2 responses out of 3 voters: 2 yes votes; 0 no votes. yes voters: 06d57acc6ffa4d778a4926b45b93adfb, 0b0e4e86cccc4714b44ef3749bc40c43; no voters: 
I20260713 09:05:52.006649 17355 raft_consensus.cc:2804] T 9143845ce46d484db18a5bbfcbf0e2b1 P 06d57acc6ffa4d778a4926b45b93adfb [term 1 FOLLOWER]: Leader election won for term 1
I20260713 09:05:52.020066 17353 raft_consensus.cc:493] T fa007152beac44cf9371fe8406169911 P 06d57acc6ffa4d778a4926b45b93adfb [term 0 FOLLOWER]: Starting pre-election (no leader contacted us within the election timeout)
I20260713 09:05:52.020773 17353 raft_consensus.cc:515] T fa007152beac44cf9371fe8406169911 P 06d57acc6ffa4d778a4926b45b93adfb [term 0 FOLLOWER]: Starting pre-election with config: opid_index: -1 OBSOLETE_local: false peers { permanent_uuid: "120ca903da954890879854b3a2bfc51f" member_type: VOTER last_known_addr { host: "127.16.35.65" port: 44837 } } peers { permanent_uuid: "06d57acc6ffa4d778a4926b45b93adfb" member_type: VOTER last_known_addr { host: "127.16.35.66" port: 42001 } } peers { permanent_uuid: "0b0e4e86cccc4714b44ef3749bc40c43" member_type: VOTER last_known_addr { host: "127.16.35.67" port: 33577 } }
I20260713 09:05:52.024824 17161 tablet_service.cc:1917] Received RequestConsensusVote() RPC: tablet_id: "c143d93569ae4e0b8c1537d04e93f4d8" candidate_uuid: "06d57acc6ffa4d778a4926b45b93adfb" candidate_term: 1 candidate_status { last_received { term: 0 index: 0 } } ignore_live_leader: false dest_uuid: "120ca903da954890879854b3a2bfc51f" is_pre_election: true
I20260713 09:05:52.025509 17161 raft_consensus.cc:2468] T c143d93569ae4e0b8c1537d04e93f4d8 P 120ca903da954890879854b3a2bfc51f [term 0 FOLLOWER]: Leader pre-election vote request: Granting yes vote for candidate 06d57acc6ffa4d778a4926b45b93adfb in term 0.
I20260713 09:05:52.028455 17161 tablet_service.cc:1917] Received RequestConsensusVote() RPC: tablet_id: "fa007152beac44cf9371fe8406169911" candidate_uuid: "06d57acc6ffa4d778a4926b45b93adfb" candidate_term: 1 candidate_status { last_received { term: 0 index: 0 } } ignore_live_leader: false dest_uuid: "120ca903da954890879854b3a2bfc51f" is_pre_election: true
I20260713 09:05:52.025009 17353 leader_election.cc:290] T fa007152beac44cf9371fe8406169911 P 06d57acc6ffa4d778a4926b45b93adfb [CANDIDATE]: Term 1 pre-election: Requested pre-vote from peers 120ca903da954890879854b3a2bfc51f (127.16.35.65:44837), 0b0e4e86cccc4714b44ef3749bc40c43 (127.16.35.67:33577)
I20260713 09:05:52.030747 17237 tablet_service.cc:1917] Received RequestConsensusVote() RPC: tablet_id: "c143d93569ae4e0b8c1537d04e93f4d8" candidate_uuid: "120ca903da954890879854b3a2bfc51f" candidate_term: 1 candidate_status { last_received { term: 0 index: 0 } } ignore_live_leader: false dest_uuid: "06d57acc6ffa4d778a4926b45b93adfb" is_pre_election: true
I20260713 09:05:52.030722 17353 raft_consensus.cc:2804] T c143d93569ae4e0b8c1537d04e93f4d8 P 06d57acc6ffa4d778a4926b45b93adfb [term 0 FOLLOWER]: Leader pre-election won for term 1
I20260713 09:05:52.032649 17237 raft_consensus.cc:2468] T c143d93569ae4e0b8c1537d04e93f4d8 P 06d57acc6ffa4d778a4926b45b93adfb [term 0 FOLLOWER]: Leader pre-election vote request: Granting yes vote for candidate 120ca903da954890879854b3a2bfc51f in term 0.
W20260713 09:05:52.033010 17108 auto_rebalancer.cc:288] Could not retrieve cluster info: Service unavailable: Tablet not running
I20260713 09:05:52.033535 17363 raft_consensus.cc:493] T 8286f4b818f94bba9b1a1f46c50c99d7 P 120ca903da954890879854b3a2bfc51f [term 0 FOLLOWER]: Starting pre-election (no leader contacted us within the election timeout)
I20260713 09:05:52.034057 17363 raft_consensus.cc:515] T 8286f4b818f94bba9b1a1f46c50c99d7 P 120ca903da954890879854b3a2bfc51f [term 0 FOLLOWER]: Starting pre-election with config: opid_index: -1 OBSOLETE_local: false peers { permanent_uuid: "120ca903da954890879854b3a2bfc51f" member_type: VOTER last_known_addr { host: "127.16.35.65" port: 44837 } } peers { permanent_uuid: "06d57acc6ffa4d778a4926b45b93adfb" member_type: VOTER last_known_addr { host: "127.16.35.66" port: 42001 } } peers { permanent_uuid: "0b0e4e86cccc4714b44ef3749bc40c43" member_type: VOTER last_known_addr { host: "127.16.35.67" port: 33577 } }
I20260713 09:05:52.036146 17363 leader_election.cc:290] T 8286f4b818f94bba9b1a1f46c50c99d7 P 120ca903da954890879854b3a2bfc51f [CANDIDATE]: Term 1 pre-election: Requested pre-vote from peers 06d57acc6ffa4d778a4926b45b93adfb (127.16.35.66:42001), 0b0e4e86cccc4714b44ef3749bc40c43 (127.16.35.67:33577)
I20260713 09:05:52.035881 17353 raft_consensus.cc:493] T c143d93569ae4e0b8c1537d04e93f4d8 P 06d57acc6ffa4d778a4926b45b93adfb [term 0 FOLLOWER]: Starting leader election (no leader contacted us within the election timeout)
I20260713 09:05:52.037143 17353 raft_consensus.cc:3060] T c143d93569ae4e0b8c1537d04e93f4d8 P 06d57acc6ffa4d778a4926b45b93adfb [term 0 FOLLOWER]: Advancing to term 1
W20260713 09:05:52.038038 17200 leader_election.cc:343] T fa007152beac44cf9371fe8406169911 P 06d57acc6ffa4d778a4926b45b93adfb [CANDIDATE]: Term 1 pre-election: Tablet error from VoteRequest() call to peer 120ca903da954890879854b3a2bfc51f (127.16.35.65:44837): Illegal state: must be running to vote when last-logged opid is not known
I20260713 09:05:52.039031 17125 leader_election.cc:304] T c143d93569ae4e0b8c1537d04e93f4d8 P 120ca903da954890879854b3a2bfc51f [CANDIDATE]: Term 1 pre-election: Election decided. Result: candidate won. Election summary: received 2 responses out of 3 voters: 2 yes votes; 0 no votes. yes voters: 06d57acc6ffa4d778a4926b45b93adfb, 120ca903da954890879854b3a2bfc51f; no voters: 
I20260713 09:05:51.998312 17356 tablet_bootstrap.cc:654] T fa007152beac44cf9371fe8406169911 P 120ca903da954890879854b3a2bfc51f: Neither blocks nor log segments found. Creating new log.
I20260713 09:05:52.040056 17363 raft_consensus.cc:2804] T c143d93569ae4e0b8c1537d04e93f4d8 P 120ca903da954890879854b3a2bfc51f [term 0 FOLLOWER]: Leader pre-election won for term 1
I20260713 09:05:52.040421 17363 raft_consensus.cc:493] T c143d93569ae4e0b8c1537d04e93f4d8 P 120ca903da954890879854b3a2bfc51f [term 0 FOLLOWER]: Starting leader election (no leader contacted us within the election timeout)
I20260713 09:05:52.040838 17363 raft_consensus.cc:3060] T c143d93569ae4e0b8c1537d04e93f4d8 P 120ca903da954890879854b3a2bfc51f [term 0 FOLLOWER]: Advancing to term 1
I20260713 09:05:52.046988 17354 tablet_bootstrap.cc:492] T 51080f4a45dd42d49aafb6de6f553831 P 0b0e4e86cccc4714b44ef3749bc40c43: No bootstrap required, opened a new log
I20260713 09:05:52.054294 17354 ts_tablet_manager.cc:1403] T 51080f4a45dd42d49aafb6de6f553831 P 0b0e4e86cccc4714b44ef3749bc40c43: Time spent bootstrapping tablet: real 0.109s	user 0.020s	sys 0.043s
I20260713 09:05:52.056463 17382 raft_consensus.cc:493] T 984b03fa55a84c35a4b6c1577bb3b5a1 P 06d57acc6ffa4d778a4926b45b93adfb [term 0 FOLLOWER]: Starting pre-election (no leader contacted us within the election timeout)
I20260713 09:05:52.058274 17311 tablet_service.cc:1917] Received RequestConsensusVote() RPC: tablet_id: "c143d93569ae4e0b8c1537d04e93f4d8" candidate_uuid: "120ca903da954890879854b3a2bfc51f" candidate_term: 1 candidate_status { last_received { term: 0 index: 0 } } ignore_live_leader: false dest_uuid: "0b0e4e86cccc4714b44ef3749bc40c43" is_pre_election: true
I20260713 09:05:52.058693 17309 tablet_service.cc:1917] Received RequestConsensusVote() RPC: tablet_id: "8286f4b818f94bba9b1a1f46c50c99d7" candidate_uuid: "120ca903da954890879854b3a2bfc51f" candidate_term: 1 candidate_status { last_received { term: 0 index: 0 } } ignore_live_leader: false dest_uuid: "0b0e4e86cccc4714b44ef3749bc40c43" is_pre_election: true
I20260713 09:05:52.058939 17311 raft_consensus.cc:2468] T c143d93569ae4e0b8c1537d04e93f4d8 P 0b0e4e86cccc4714b44ef3749bc40c43 [term 0 FOLLOWER]: Leader pre-election vote request: Granting yes vote for candidate 120ca903da954890879854b3a2bfc51f in term 0.
I20260713 09:05:52.059477 17354 raft_consensus.cc:359] T 51080f4a45dd42d49aafb6de6f553831 P 0b0e4e86cccc4714b44ef3749bc40c43 [term 0 FOLLOWER]: Replica starting. Triggering 0 pending ops. Active config: opid_index: -1 OBSOLETE_local: false peers { permanent_uuid: "06d57acc6ffa4d778a4926b45b93adfb" member_type: VOTER last_known_addr { host: "127.16.35.66" port: 42001 } } peers { permanent_uuid: "120ca903da954890879854b3a2bfc51f" member_type: VOTER last_known_addr { host: "127.16.35.65" port: 44837 } } peers { permanent_uuid: "0b0e4e86cccc4714b44ef3749bc40c43" member_type: VOTER last_known_addr { host: "127.16.35.67" port: 33577 } }
I20260713 09:05:52.060154 17354 raft_consensus.cc:385] T 51080f4a45dd42d49aafb6de6f553831 P 0b0e4e86cccc4714b44ef3749bc40c43 [term 0 FOLLOWER]: Consensus starting up: Expiring failure detector timer to make a prompt election more likely
W20260713 09:05:52.060263 17127 leader_election.cc:343] T 8286f4b818f94bba9b1a1f46c50c99d7 P 120ca903da954890879854b3a2bfc51f [CANDIDATE]: Term 1 pre-election: Tablet error from VoteRequest() call to peer 0b0e4e86cccc4714b44ef3749bc40c43 (127.16.35.67:33577): Illegal state: must be running to vote when last-logged opid is not known
I20260713 09:05:52.060462 17354 raft_consensus.cc:740] T 51080f4a45dd42d49aafb6de6f553831 P 0b0e4e86cccc4714b44ef3749bc40c43 [term 0 FOLLOWER]: Becoming Follower/Learner. State: Replica: 0b0e4e86cccc4714b44ef3749bc40c43, State: Initialized, Role: FOLLOWER
I20260713 09:05:52.051040 17363 raft_consensus.cc:515] T c143d93569ae4e0b8c1537d04e93f4d8 P 120ca903da954890879854b3a2bfc51f [term 1 FOLLOWER]: Starting leader election with config: opid_index: -1 OBSOLETE_local: false peers { permanent_uuid: "120ca903da954890879854b3a2bfc51f" member_type: VOTER last_known_addr { host: "127.16.35.65" port: 44837 } } peers { permanent_uuid: "06d57acc6ffa4d778a4926b45b93adfb" member_type: VOTER last_known_addr { host: "127.16.35.66" port: 42001 } } peers { permanent_uuid: "0b0e4e86cccc4714b44ef3749bc40c43" member_type: VOTER last_known_addr { host: "127.16.35.67" port: 33577 } }
