I20260713 09:06:11.602182 12698 raft_consensus.cc:2955] T 86fbcbc0a8f744e087c4c8c69d531ab1 P 2c66a8a8c53b4917ab91c4ba03d3b5d8 [term 1 FOLLOWER]: Committing config change with OpId 1.3: config changed from index 2 to 3, 2c66a8a8c53b4917ab91c4ba03d3b5d8 (127.10.232.68) changed from NON_VOTER to VOTER. New config: { opid_index: 3 OBSOLETE_local: false peers { permanent_uuid: "4c782244a7e04852aee57ebac2614104" member_type: VOTER last_known_addr { host: "127.10.232.65" port: 41231 } } peers { permanent_uuid: "f1f0c8be71a84616b69340476af456e9" member_type: VOTER last_known_addr { host: "127.10.232.66" port: 35217 } attrs { replace: true } } peers { permanent_uuid: "72d2163b868147528c666436ae4c68d2" member_type: VOTER last_known_addr { host: "127.10.232.67" port: 38649 } } peers { permanent_uuid: "2c66a8a8c53b4917ab91c4ba03d3b5d8" member_type: VOTER last_known_addr { host: "127.10.232.68" port: 34811 } attrs { promote: false } } }
I20260713 09:06:11.610900 12286 consensus_queue.cc:237] T 417dcc58f89c4ee9bd0190f9d6056d83 P 4c782244a7e04852aee57ebac2614104 [LEADER]: Queue going to LEADER mode. State: All replicated index: 0, Majority replicated index: 3, Committed index: 3, Last appended: 1.3, Last appended by leader: 0, Current term: 1, Majority size: 2, State: 0, Mode: LEADER, active raft config: opid_index: 4 OBSOLETE_local: false peers { permanent_uuid: "4c782244a7e04852aee57ebac2614104" member_type: VOTER last_known_addr { host: "127.10.232.65" port: 41231 } } peers { permanent_uuid: "f1f0c8be71a84616b69340476af456e9" member_type: VOTER last_known_addr { host: "127.10.232.66" port: 35217 } } peers { permanent_uuid: "2c66a8a8c53b4917ab91c4ba03d3b5d8" member_type: VOTER last_known_addr { host: "127.10.232.68" port: 34811 } attrs { promote: false } }
I20260713 09:06:11.617080 12698 raft_consensus.cc:1275] T 417dcc58f89c4ee9bd0190f9d6056d83 P 2c66a8a8c53b4917ab91c4ba03d3b5d8 [term 1 FOLLOWER]: Refusing update from remote peer 4c782244a7e04852aee57ebac2614104: Log matching property violated. Preceding OpId in replica: term: 1 index: 3. Preceding OpId from leader: term: 1 index: 4. (index mismatch)
I20260713 09:06:11.617657 12358 raft_consensus.cc:1275] T 417dcc58f89c4ee9bd0190f9d6056d83 P f1f0c8be71a84616b69340476af456e9 [term 1 FOLLOWER]: Refusing update from remote peer 4c782244a7e04852aee57ebac2614104: Log matching property violated. Preceding OpId in replica: term: 1 index: 3. Preceding OpId from leader: term: 1 index: 4. (index mismatch)
I20260713 09:06:11.619441 12515 consensus_queue.cc:1048] T 417dcc58f89c4ee9bd0190f9d6056d83 P 4c782244a7e04852aee57ebac2614104 [LEADER]: Connected to new peer: Peer: permanent_uuid: "2c66a8a8c53b4917ab91c4ba03d3b5d8" member_type: VOTER last_known_addr { host: "127.10.232.68" port: 34811 } attrs { promote: false }, Status: LMP_MISMATCH, Last received: 0.0, Next index: 4, Last known committed idx: 3, Time since last communication: 0.000s
I20260713 09:06:11.620738 12783 consensus_queue.cc:1048] T 417dcc58f89c4ee9bd0190f9d6056d83 P 4c782244a7e04852aee57ebac2614104 [LEADER]: Connected to new peer: Peer: permanent_uuid: "f1f0c8be71a84616b69340476af456e9" member_type: VOTER last_known_addr { host: "127.10.232.66" port: 35217 }, Status: LMP_MISMATCH, Last received: 0.0, Next index: 4, Last known committed idx: 3, Time since last communication: 0.000s
I20260713 09:06:11.623533 12181 catalog_manager.cc:5697] T 86fbcbc0a8f744e087c4c8c69d531ab1 P 2c66a8a8c53b4917ab91c4ba03d3b5d8 reported cstate change: config changed from index 2 to 3, 2c66a8a8c53b4917ab91c4ba03d3b5d8 (127.10.232.68) changed from NON_VOTER to VOTER. New cstate: current_term: 1 leader_uuid: "72d2163b868147528c666436ae4c68d2" committed_config { opid_index: 3 OBSOLETE_local: false peers { permanent_uuid: "4c782244a7e04852aee57ebac2614104" member_type: VOTER last_known_addr { host: "127.10.232.65" port: 41231 } } peers { permanent_uuid: "f1f0c8be71a84616b69340476af456e9" member_type: VOTER last_known_addr { host: "127.10.232.66" port: 35217 } attrs { replace: true } } peers { permanent_uuid: "72d2163b868147528c666436ae4c68d2" member_type: VOTER last_known_addr { host: "127.10.232.67" port: 38649 } } peers { permanent_uuid: "2c66a8a8c53b4917ab91c4ba03d3b5d8" member_type: VOTER last_known_addr { host: "127.10.232.68" port: 34811 } attrs { promote: false } } }
I20260713 09:06:11.628383 12796 raft_consensus.cc:2955] T 417dcc58f89c4ee9bd0190f9d6056d83 P 4c782244a7e04852aee57ebac2614104 [term 1 LEADER]: Committing config change with OpId 1.4: config changed from index 3 to 4, VOTER 72d2163b868147528c666436ae4c68d2 (127.10.232.67) evicted. New config: { opid_index: 4 OBSOLETE_local: false peers { permanent_uuid: "4c782244a7e04852aee57ebac2614104" member_type: VOTER last_known_addr { host: "127.10.232.65" port: 41231 } } peers { permanent_uuid: "f1f0c8be71a84616b69340476af456e9" member_type: VOTER last_known_addr { host: "127.10.232.66" port: 35217 } } peers { permanent_uuid: "2c66a8a8c53b4917ab91c4ba03d3b5d8" member_type: VOTER last_known_addr { host: "127.10.232.68" port: 34811 } attrs { promote: false } } }
I20260713 09:06:11.634508 12358 raft_consensus.cc:2955] T 417dcc58f89c4ee9bd0190f9d6056d83 P f1f0c8be71a84616b69340476af456e9 [term 1 FOLLOWER]: Committing config change with OpId 1.4: config changed from index 3 to 4, VOTER 72d2163b868147528c666436ae4c68d2 (127.10.232.67) evicted. New config: { opid_index: 4 OBSOLETE_local: false peers { permanent_uuid: "4c782244a7e04852aee57ebac2614104" member_type: VOTER last_known_addr { host: "127.10.232.65" port: 41231 } } peers { permanent_uuid: "f1f0c8be71a84616b69340476af456e9" member_type: VOTER last_known_addr { host: "127.10.232.66" port: 35217 } } peers { permanent_uuid: "2c66a8a8c53b4917ab91c4ba03d3b5d8" member_type: VOTER last_known_addr { host: "127.10.232.68" port: 34811 } attrs { promote: false } } }
I20260713 09:06:11.649891 12171 catalog_manager.cc:5210] ChangeConfig:REMOVE_PEER RPC for tablet 417dcc58f89c4ee9bd0190f9d6056d83 with cas_config_opid_index 3: ChangeConfig:REMOVE_PEER succeeded (attempt 1)
I20260713 09:06:11.651895 12435 consensus_queue.cc:237] T 86fbcbc0a8f744e087c4c8c69d531ab1 P 72d2163b868147528c666436ae4c68d2 [LEADER]: Queue going to LEADER mode. State: All replicated index: 0, Majority replicated index: 3, Committed index: 3, Last appended: 1.3, Last appended by leader: 0, Current term: 1, Majority size: 2, State: 0, Mode: LEADER, active raft config: opid_index: 4 OBSOLETE_local: false peers { permanent_uuid: "4c782244a7e04852aee57ebac2614104" member_type: VOTER last_known_addr { host: "127.10.232.65" port: 41231 } } peers { permanent_uuid: "72d2163b868147528c666436ae4c68d2" member_type: VOTER last_known_addr { host: "127.10.232.67" port: 38649 } } peers { permanent_uuid: "2c66a8a8c53b4917ab91c4ba03d3b5d8" member_type: VOTER last_known_addr { host: "127.10.232.68" port: 34811 } attrs { promote: false } }
I20260713 09:06:11.652038 12699 raft_consensus.cc:2955] T 417dcc58f89c4ee9bd0190f9d6056d83 P 2c66a8a8c53b4917ab91c4ba03d3b5d8 [term 1 FOLLOWER]: Committing config change with OpId 1.4: config changed from index 3 to 4, VOTER 72d2163b868147528c666436ae4c68d2 (127.10.232.67) evicted. New config: { opid_index: 4 OBSOLETE_local: false peers { permanent_uuid: "4c782244a7e04852aee57ebac2614104" member_type: VOTER last_known_addr { host: "127.10.232.65" port: 41231 } } peers { permanent_uuid: "f1f0c8be71a84616b69340476af456e9" member_type: VOTER last_known_addr { host: "127.10.232.66" port: 35217 } } peers { permanent_uuid: "2c66a8a8c53b4917ab91c4ba03d3b5d8" member_type: VOTER last_known_addr { host: "127.10.232.68" port: 34811 } attrs { promote: false } } }
I20260713 09:06:11.657768 12286 raft_consensus.cc:1275] T 86fbcbc0a8f744e087c4c8c69d531ab1 P 4c782244a7e04852aee57ebac2614104 [term 1 FOLLOWER]: Refusing update from remote peer 72d2163b868147528c666436ae4c68d2: Log matching property violated. Preceding OpId in replica: term: 1 index: 3. Preceding OpId from leader: term: 1 index: 4. (index mismatch)
I20260713 09:06:11.660434 12785 consensus_queue.cc:1048] T 86fbcbc0a8f744e087c4c8c69d531ab1 P 72d2163b868147528c666436ae4c68d2 [LEADER]: Connected to new peer: Peer: permanent_uuid: "4c782244a7e04852aee57ebac2614104" member_type: VOTER last_known_addr { host: "127.10.232.65" port: 41231 }, Status: LMP_MISMATCH, Last received: 0.0, Next index: 4, Last known committed idx: 3, Time since last communication: 0.000s
I20260713 09:06:11.662002 12184 catalog_manager.cc:5697] T 417dcc58f89c4ee9bd0190f9d6056d83 P f1f0c8be71a84616b69340476af456e9 reported cstate change: config changed from index 3 to 4, VOTER 72d2163b868147528c666436ae4c68d2 (127.10.232.67) evicted. New cstate: current_term: 1 leader_uuid: "4c782244a7e04852aee57ebac2614104" committed_config { opid_index: 4 OBSOLETE_local: false peers { permanent_uuid: "4c782244a7e04852aee57ebac2614104" member_type: VOTER last_known_addr { host: "127.10.232.65" port: 41231 } } peers { permanent_uuid: "f1f0c8be71a84616b69340476af456e9" member_type: VOTER last_known_addr { host: "127.10.232.66" port: 35217 } } peers { permanent_uuid: "2c66a8a8c53b4917ab91c4ba03d3b5d8" member_type: VOTER last_known_addr { host: "127.10.232.68" port: 34811 } attrs { promote: false } } }
I20260713 09:06:11.670034 12780 raft_consensus.cc:2955] T 86fbcbc0a8f744e087c4c8c69d531ab1 P 72d2163b868147528c666436ae4c68d2 [term 1 LEADER]: Committing config change with OpId 1.4: config changed from index 3 to 4, VOTER f1f0c8be71a84616b69340476af456e9 (127.10.232.66) evicted. New config: { opid_index: 4 OBSOLETE_local: false peers { permanent_uuid: "4c782244a7e04852aee57ebac2614104" member_type: VOTER last_known_addr { host: "127.10.232.65" port: 41231 } } peers { permanent_uuid: "72d2163b868147528c666436ae4c68d2" member_type: VOTER last_known_addr { host: "127.10.232.67" port: 38649 } } peers { permanent_uuid: "2c66a8a8c53b4917ab91c4ba03d3b5d8" member_type: VOTER last_known_addr { host: "127.10.232.68" port: 34811 } attrs { promote: false } } }
I20260713 09:06:11.672749 12698 raft_consensus.cc:1275] T 86fbcbc0a8f744e087c4c8c69d531ab1 P 2c66a8a8c53b4917ab91c4ba03d3b5d8 [term 1 FOLLOWER]: Refusing update from remote peer 72d2163b868147528c666436ae4c68d2: Log matching property violated. Preceding OpId in replica: term: 1 index: 3. Preceding OpId from leader: term: 1 index: 4. (index mismatch)
I20260713 09:06:11.671975 12286 raft_consensus.cc:2955] T 86fbcbc0a8f744e087c4c8c69d531ab1 P 4c782244a7e04852aee57ebac2614104 [term 1 FOLLOWER]: Committing config change with OpId 1.4: config changed from index 3 to 4, VOTER f1f0c8be71a84616b69340476af456e9 (127.10.232.66) evicted. New config: { opid_index: 4 OBSOLETE_local: false peers { permanent_uuid: "4c782244a7e04852aee57ebac2614104" member_type: VOTER last_known_addr { host: "127.10.232.65" port: 41231 } } peers { permanent_uuid: "72d2163b868147528c666436ae4c68d2" member_type: VOTER last_known_addr { host: "127.10.232.67" port: 38649 } } peers { permanent_uuid: "2c66a8a8c53b4917ab91c4ba03d3b5d8" member_type: VOTER last_known_addr { host: "127.10.232.68" port: 34811 } attrs { promote: false } } }
I20260713 09:06:11.674357 12629 consensus_queue.cc:1048] T 86fbcbc0a8f744e087c4c8c69d531ab1 P 72d2163b868147528c666436ae4c68d2 [LEADER]: Connected to new peer: Peer: permanent_uuid: "2c66a8a8c53b4917ab91c4ba03d3b5d8" member_type: VOTER last_known_addr { host: "127.10.232.68" port: 34811 } attrs { promote: false }, Status: LMP_MISMATCH, Last received: 0.0, Next index: 4, Last known committed idx: 3, Time since last communication: 0.000s
I20260713 09:06:11.677300 12416 tablet_service.cc:1558] Processing DeleteTablet for tablet 417dcc58f89c4ee9bd0190f9d6056d83 with delete_type TABLET_DATA_TOMBSTONED (Replica with old config index 3 (current committed config index is 4)) from {username='slave'} at 127.0.0.1:39018
I20260713 09:06:11.694007 12170 catalog_manager.cc:5210] ChangeConfig:REMOVE_PEER RPC for tablet 86fbcbc0a8f744e087c4c8c69d531ab1 with cas_config_opid_index 3: ChangeConfig:REMOVE_PEER succeeded (attempt 1)
I20260713 09:06:11.698969 12809 tablet_replica.cc:333] T 417dcc58f89c4ee9bd0190f9d6056d83 P 72d2163b868147528c666436ae4c68d2: stopping tablet replica
I20260713 09:06:11.699913 12698 raft_consensus.cc:2955] T 86fbcbc0a8f744e087c4c8c69d531ab1 P 2c66a8a8c53b4917ab91c4ba03d3b5d8 [term 1 FOLLOWER]: Committing config change with OpId 1.4: config changed from index 3 to 4, VOTER f1f0c8be71a84616b69340476af456e9 (127.10.232.66) evicted. New config: { opid_index: 4 OBSOLETE_local: false peers { permanent_uuid: "4c782244a7e04852aee57ebac2614104" member_type: VOTER last_known_addr { host: "127.10.232.65" port: 41231 } } peers { permanent_uuid: "72d2163b868147528c666436ae4c68d2" member_type: VOTER last_known_addr { host: "127.10.232.67" port: 38649 } } peers { permanent_uuid: "2c66a8a8c53b4917ab91c4ba03d3b5d8" member_type: VOTER last_known_addr { host: "127.10.232.68" port: 34811 } attrs { promote: false } } }
I20260713 09:06:11.700275 12184 catalog_manager.cc:5697] T 86fbcbc0a8f744e087c4c8c69d531ab1 P 72d2163b868147528c666436ae4c68d2 reported cstate change: config changed from index 3 to 4, VOTER f1f0c8be71a84616b69340476af456e9 (127.10.232.66) evicted. New cstate: current_term: 1 leader_uuid: "72d2163b868147528c666436ae4c68d2" committed_config { opid_index: 4 OBSOLETE_local: false peers { permanent_uuid: "4c782244a7e04852aee57ebac2614104" member_type: VOTER last_known_addr { host: "127.10.232.65" port: 41231 } health_report { overall_health: HEALTHY } } peers { permanent_uuid: "72d2163b868147528c666436ae4c68d2" member_type: VOTER last_known_addr { host: "127.10.232.67" port: 38649 } health_report { overall_health: HEALTHY } } peers { permanent_uuid: "2c66a8a8c53b4917ab91c4ba03d3b5d8" member_type: VOTER last_known_addr { host: "127.10.232.68" port: 34811 } attrs { promote: false } health_report { overall_health: UNKNOWN } } }
I20260713 09:06:11.708653 12809 raft_consensus.cc:2243] T 417dcc58f89c4ee9bd0190f9d6056d83 P 72d2163b868147528c666436ae4c68d2 [term 1 FOLLOWER]: Raft consensus shutting down.
I20260713 09:06:11.709414 12809 raft_consensus.cc:2272] T 417dcc58f89c4ee9bd0190f9d6056d83 P 72d2163b868147528c666436ae4c68d2 [term 1 FOLLOWER]: Raft consensus is shut down!
I20260713 09:06:11.712376 12809 ts_tablet_manager.cc:1916] T 417dcc58f89c4ee9bd0190f9d6056d83 P 72d2163b868147528c666436ae4c68d2: Deleting tablet data with delete state TABLET_DATA_TOMBSTONED
I20260713 09:06:11.716032 12345 tablet_service.cc:1558] Processing DeleteTablet for tablet 86fbcbc0a8f744e087c4c8c69d531ab1 with delete_type TABLET_DATA_TOMBSTONED (TS f1f0c8be71a84616b69340476af456e9 not found in new config with opid_index 4) from {username='slave'} at 127.0.0.1:48640
I20260713 09:06:11.716960 12803 tablet_replica.cc:333] T 86fbcbc0a8f744e087c4c8c69d531ab1 P f1f0c8be71a84616b69340476af456e9: stopping tablet replica
I20260713 09:06:11.717896 12803 raft_consensus.cc:2243] T 86fbcbc0a8f744e087c4c8c69d531ab1 P f1f0c8be71a84616b69340476af456e9 [term 1 FOLLOWER]: Raft consensus shutting down.
I20260713 09:06:11.718657 12803 raft_consensus.cc:2272] T 86fbcbc0a8f744e087c4c8c69d531ab1 P f1f0c8be71a84616b69340476af456e9 [term 1 FOLLOWER]: Raft consensus is shut down!
I20260713 09:06:11.722517 12803 ts_tablet_manager.cc:1916] T 86fbcbc0a8f744e087c4c8c69d531ab1 P f1f0c8be71a84616b69340476af456e9: Deleting tablet data with delete state TABLET_DATA_TOMBSTONED
I20260713 09:06:11.726539 12809 ts_tablet_manager.cc:1929] T 417dcc58f89c4ee9bd0190f9d6056d83 P 72d2163b868147528c666436ae4c68d2: tablet deleted with delete type TABLET_DATA_TOMBSTONED: last-logged OpId 1.3
I20260713 09:06:11.727049 12809 log.cc:1199] T 417dcc58f89c4ee9bd0190f9d6056d83 P 72d2163b868147528c666436ae4c68d2: Deleting WAL directory at /tmp/dist-test-taskzev7CY/test-tmp/auto_leader_rebalancer-test.0.LeaderRebalancerTest.AddTserver.1783933536821961-11169-0/minicluster-data/ts-2-root/wals/417dcc58f89c4ee9bd0190f9d6056d83
I20260713 09:06:11.728722 12170 catalog_manager.cc:5028] TS 72d2163b868147528c666436ae4c68d2 (127.10.232.67:38649): tablet 417dcc58f89c4ee9bd0190f9d6056d83 (table test-workload [id=cff527d3606c494fbdb920faf5de5af4]) successfully deleted
I20260713 09:06:11.734359 12803 ts_tablet_manager.cc:1929] T 86fbcbc0a8f744e087c4c8c69d531ab1 P f1f0c8be71a84616b69340476af456e9: tablet deleted with delete type TABLET_DATA_TOMBSTONED: last-logged OpId 1.3
I20260713 09:06:11.734745 12803 log.cc:1199] T 86fbcbc0a8f744e087c4c8c69d531ab1 P f1f0c8be71a84616b69340476af456e9: Deleting WAL directory at /tmp/dist-test-taskzev7CY/test-tmp/auto_leader_rebalancer-test.0.LeaderRebalancerTest.AddTserver.1783933536821961-11169-0/minicluster-data/ts-1-root/wals/86fbcbc0a8f744e087c4c8c69d531ab1
I20260713 09:06:11.735939 12170 catalog_manager.cc:5028] TS f1f0c8be71a84616b69340476af456e9 (127.10.232.66:35217): tablet 86fbcbc0a8f744e087c4c8c69d531ab1 (table test-workload [id=cff527d3606c494fbdb920faf5de5af4]) successfully deleted
I20260713 09:06:12.759197 12359 consensus_queue.cc:237] T b5de5984138e4c3a9e6a773f2142b478 P f1f0c8be71a84616b69340476af456e9 [LEADER]: Queue going to LEADER mode. State: All replicated index: 0, Majority replicated index: 1, Committed index: 1, Last appended: 1.1, Last appended by leader: 0, Current term: 1, Majority size: 2, State: 0, Mode: LEADER, active raft config: opid_index: 2 OBSOLETE_local: false peers { permanent_uuid: "4c782244a7e04852aee57ebac2614104" member_type: VOTER last_known_addr { host: "127.10.232.65" port: 41231 } } peers { permanent_uuid: "f1f0c8be71a84616b69340476af456e9" member_type: VOTER last_known_addr { host: "127.10.232.66" port: 35217 } } peers { permanent_uuid: "72d2163b868147528c666436ae4c68d2" member_type: VOTER last_known_addr { host: "127.10.232.67" port: 38649 } attrs { replace: true } } peers { permanent_uuid: "2c66a8a8c53b4917ab91c4ba03d3b5d8" member_type: NON_VOTER last_known_addr { host: "127.10.232.68" port: 34811 } attrs { promote: true } }
I20260713 09:06:12.767913 12286 raft_consensus.cc:1275] T b5de5984138e4c3a9e6a773f2142b478 P 4c782244a7e04852aee57ebac2614104 [term 1 FOLLOWER]: Refusing update from remote peer f1f0c8be71a84616b69340476af456e9: Log matching property violated. Preceding OpId in replica: term: 1 index: 1. Preceding OpId from leader: term: 1 index: 2. (index mismatch)
I20260713 09:06:12.769068 12435 raft_consensus.cc:1275] T b5de5984138e4c3a9e6a773f2142b478 P 72d2163b868147528c666436ae4c68d2 [term 1 FOLLOWER]: Refusing update from remote peer f1f0c8be71a84616b69340476af456e9: Log matching property violated. Preceding OpId in replica: term: 1 index: 1. Preceding OpId from leader: term: 1 index: 2. (index mismatch)
I20260713 09:06:12.770632 12815 consensus_queue.cc:1048] T b5de5984138e4c3a9e6a773f2142b478 P f1f0c8be71a84616b69340476af456e9 [LEADER]: Connected to new peer: Peer: permanent_uuid: "72d2163b868147528c666436ae4c68d2" member_type: VOTER last_known_addr { host: "127.10.232.67" port: 38649 } attrs { replace: true }, Status: LMP_MISMATCH, Last received: 0.0, Next index: 2, Last known committed idx: 1, Time since last communication: 0.000s
I20260713 09:06:12.771627 12739 consensus_queue.cc:1048] T b5de5984138e4c3a9e6a773f2142b478 P f1f0c8be71a84616b69340476af456e9 [LEADER]: Connected to new peer: Peer: permanent_uuid: "4c782244a7e04852aee57ebac2614104" member_type: VOTER last_known_addr { host: "127.10.232.65" port: 41231 }, Status: LMP_MISMATCH, Last received: 0.0, Next index: 2, Last known committed idx: 1, Time since last communication: 0.000s
I20260713 09:06:12.780951 12815 raft_consensus.cc:2955] T b5de5984138e4c3a9e6a773f2142b478 P f1f0c8be71a84616b69340476af456e9 [term 1 LEADER]: Committing config change with OpId 1.2: config changed from index -1 to 2, NON_VOTER 2c66a8a8c53b4917ab91c4ba03d3b5d8 (127.10.232.68) added. New config: { opid_index: 2 OBSOLETE_local: false peers { permanent_uuid: "4c782244a7e04852aee57ebac2614104" member_type: VOTER last_known_addr { host: "127.10.232.65" port: 41231 } } peers { permanent_uuid: "f1f0c8be71a84616b69340476af456e9" member_type: VOTER last_known_addr { host: "127.10.232.66" port: 35217 } } peers { permanent_uuid: "72d2163b868147528c666436ae4c68d2" member_type: VOTER last_known_addr { host: "127.10.232.67" port: 38649 } attrs { replace: true } } peers { permanent_uuid: "2c66a8a8c53b4917ab91c4ba03d3b5d8" member_type: NON_VOTER last_known_addr { host: "127.10.232.68" port: 34811 } attrs { promote: true } } }
W20260713 09:06:12.782608 12326 consensus_peers.cc:597] T b5de5984138e4c3a9e6a773f2142b478 P f1f0c8be71a84616b69340476af456e9 -> Peer 2c66a8a8c53b4917ab91c4ba03d3b5d8 (127.10.232.68:34811): Couldn't send request to peer 2c66a8a8c53b4917ab91c4ba03d3b5d8. Error code: TABLET_NOT_FOUND (6). Status: Not found: Tablet not found: b5de5984138e4c3a9e6a773f2142b478. This is attempt 1: this message will repeat every 5th retry.
I20260713 09:06:12.784282 12285 raft_consensus.cc:2955] T b5de5984138e4c3a9e6a773f2142b478 P 4c782244a7e04852aee57ebac2614104 [term 1 FOLLOWER]: Committing config change with OpId 1.2: config changed from index -1 to 2, NON_VOTER 2c66a8a8c53b4917ab91c4ba03d3b5d8 (127.10.232.68) added. New config: { opid_index: 2 OBSOLETE_local: false peers { permanent_uuid: "4c782244a7e04852aee57ebac2614104" member_type: VOTER last_known_addr { host: "127.10.232.65" port: 41231 } } peers { permanent_uuid: "f1f0c8be71a84616b69340476af456e9" member_type: VOTER last_known_addr { host: "127.10.232.66" port: 35217 } } peers { permanent_uuid: "72d2163b868147528c666436ae4c68d2" member_type: VOTER last_known_addr { host: "127.10.232.67" port: 38649 } attrs { replace: true } } peers { permanent_uuid: "2c66a8a8c53b4917ab91c4ba03d3b5d8" member_type: NON_VOTER last_known_addr { host: "127.10.232.68" port: 34811 } attrs { promote: true } } }
I20260713 09:06:12.783469 12435 raft_consensus.cc:2955] T b5de5984138e4c3a9e6a773f2142b478 P 72d2163b868147528c666436ae4c68d2 [term 1 FOLLOWER]: Committing config change with OpId 1.2: config changed from index -1 to 2, NON_VOTER 2c66a8a8c53b4917ab91c4ba03d3b5d8 (127.10.232.68) added. New config: { opid_index: 2 OBSOLETE_local: false peers { permanent_uuid: "4c782244a7e04852aee57ebac2614104" member_type: VOTER last_known_addr { host: "127.10.232.65" port: 41231 } } peers { permanent_uuid: "f1f0c8be71a84616b69340476af456e9" member_type: VOTER last_known_addr { host: "127.10.232.66" port: 35217 } } peers { permanent_uuid: "72d2163b868147528c666436ae4c68d2" member_type: VOTER last_known_addr { host: "127.10.232.67" port: 38649 } attrs { replace: true } } peers { permanent_uuid: "2c66a8a8c53b4917ab91c4ba03d3b5d8" member_type: NON_VOTER last_known_addr { host: "127.10.232.68" port: 34811 } attrs { promote: true } } }
I20260713 09:06:12.798628 12359 consensus_queue.cc:237] T cedc9e517417403bba3461b301dfec53 P f1f0c8be71a84616b69340476af456e9 [LEADER]: Queue going to LEADER mode. State: All replicated index: 0, Majority replicated index: 1, Committed index: 1, Last appended: 1.1, Last appended by leader: 0, Current term: 1, Majority size: 2, State: 0, Mode: LEADER, active raft config: opid_index: 2 OBSOLETE_local: false peers { permanent_uuid: "4c782244a7e04852aee57ebac2614104" member_type: VOTER last_known_addr { host: "127.10.232.65" port: 41231 } attrs { replace: true } } peers { permanent_uuid: "f1f0c8be71a84616b69340476af456e9" member_type: VOTER last_known_addr { host: "127.10.232.66" port: 35217 } } peers { permanent_uuid: "72d2163b868147528c666436ae4c68d2" member_type: VOTER last_known_addr { host: "127.10.232.67" port: 38649 } } peers { permanent_uuid: "2c66a8a8c53b4917ab91c4ba03d3b5d8" member_type: NON_VOTER last_known_addr { host: "127.10.232.68" port: 34811 } attrs { promote: true } }
I20260713 09:06:12.799086 12183 catalog_manager.cc:5697] T b5de5984138e4c3a9e6a773f2142b478 P 4c782244a7e04852aee57ebac2614104 reported cstate change: config changed from index -1 to 2, NON_VOTER 2c66a8a8c53b4917ab91c4ba03d3b5d8 (127.10.232.68) added. New cstate: current_term: 1 leader_uuid: "f1f0c8be71a84616b69340476af456e9" committed_config { opid_index: 2 OBSOLETE_local: false peers { permanent_uuid: "4c782244a7e04852aee57ebac2614104" member_type: VOTER last_known_addr { host: "127.10.232.65" port: 41231 } } peers { permanent_uuid: "f1f0c8be71a84616b69340476af456e9" member_type: VOTER last_known_addr { host: "127.10.232.66" port: 35217 } } peers { permanent_uuid: "72d2163b868147528c666436ae4c68d2" member_type: VOTER last_known_addr { host: "127.10.232.67" port: 38649 } attrs { replace: true } } peers { permanent_uuid: "2c66a8a8c53b4917ab91c4ba03d3b5d8" member_type: NON_VOTER last_known_addr { host: "127.10.232.68" port: 34811 } attrs { promote: true } } }
W20260713 09:06:12.814389 12326 consensus_peers.cc:597] T cedc9e517417403bba3461b301dfec53 P f1f0c8be71a84616b69340476af456e9 -> Peer 2c66a8a8c53b4917ab91c4ba03d3b5d8 (127.10.232.68:34811): Couldn't send request to peer 2c66a8a8c53b4917ab91c4ba03d3b5d8. Error code: TABLET_NOT_FOUND (6). Status: Not found: Tablet not found: cedc9e517417403bba3461b301dfec53. This is attempt 1: this message will repeat every 5th retry.
I20260713 09:06:12.814738 12435 raft_consensus.cc:1275] T cedc9e517417403bba3461b301dfec53 P 72d2163b868147528c666436ae4c68d2 [term 1 FOLLOWER]: Refusing update from remote peer f1f0c8be71a84616b69340476af456e9: Log matching property violated. Preceding OpId in replica: term: 1 index: 1. Preceding OpId from leader: term: 1 index: 2. (index mismatch)
I20260713 09:06:12.815218 12285 raft_consensus.cc:1275] T cedc9e517417403bba3461b301dfec53 P 4c782244a7e04852aee57ebac2614104 [term 1 FOLLOWER]: Refusing update from remote peer f1f0c8be71a84616b69340476af456e9: Log matching property violated. Preceding OpId in replica: term: 1 index: 1. Preceding OpId from leader: term: 1 index: 2. (index mismatch)
I20260713 09:06:12.816090 12739 consensus_queue.cc:1048] T cedc9e517417403bba3461b301dfec53 P f1f0c8be71a84616b69340476af456e9 [LEADER]: Connected to new peer: Peer: permanent_uuid: "72d2163b868147528c666436ae4c68d2" member_type: VOTER last_known_addr { host: "127.10.232.67" port: 38649 }, Status: LMP_MISMATCH, Last received: 0.0, Next index: 2, Last known committed idx: 1, Time since last communication: 0.000s
I20260713 09:06:12.817078 12816 consensus_queue.cc:1048] T cedc9e517417403bba3461b301dfec53 P f1f0c8be71a84616b69340476af456e9 [LEADER]: Connected to new peer: Peer: permanent_uuid: "4c782244a7e04852aee57ebac2614104" member_type: VOTER last_known_addr { host: "127.10.232.65" port: 41231 } attrs { replace: true }, Status: LMP_MISMATCH, Last received: 0.0, Next index: 2, Last known committed idx: 1, Time since last communication: 0.001s
I20260713 09:06:12.871552 12739 raft_consensus.cc:2955] T cedc9e517417403bba3461b301dfec53 P f1f0c8be71a84616b69340476af456e9 [term 1 LEADER]: Committing config change with OpId 1.2: config changed from index -1 to 2, NON_VOTER 2c66a8a8c53b4917ab91c4ba03d3b5d8 (127.10.232.68) added. New config: { opid_index: 2 OBSOLETE_local: false peers { permanent_uuid: "4c782244a7e04852aee57ebac2614104" member_type: VOTER last_known_addr { host: "127.10.232.65" port: 41231 } attrs { replace: true } } peers { permanent_uuid: "f1f0c8be71a84616b69340476af456e9" member_type: VOTER last_known_addr { host: "127.10.232.66" port: 35217 } } peers { permanent_uuid: "72d2163b868147528c666436ae4c68d2" member_type: VOTER last_known_addr { host: "127.10.232.67" port: 38649 } } peers { permanent_uuid: "2c66a8a8c53b4917ab91c4ba03d3b5d8" member_type: NON_VOTER last_known_addr { host: "127.10.232.68" port: 34811 } attrs { promote: true } } }
I20260713 09:06:12.873471 12435 raft_consensus.cc:2955] T cedc9e517417403bba3461b301dfec53 P 72d2163b868147528c666436ae4c68d2 [term 1 FOLLOWER]: Committing config change with OpId 1.2: config changed from index -1 to 2, NON_VOTER 2c66a8a8c53b4917ab91c4ba03d3b5d8 (127.10.232.68) added. New config: { opid_index: 2 OBSOLETE_local: false peers { permanent_uuid: "4c782244a7e04852aee57ebac2614104" member_type: VOTER last_known_addr { host: "127.10.232.65" port: 41231 } attrs { replace: true } } peers { permanent_uuid: "f1f0c8be71a84616b69340476af456e9" member_type: VOTER last_known_addr { host: "127.10.232.66" port: 35217 } } peers { permanent_uuid: "72d2163b868147528c666436ae4c68d2" member_type: VOTER last_known_addr { host: "127.10.232.67" port: 38649 } } peers { permanent_uuid: "2c66a8a8c53b4917ab91c4ba03d3b5d8" member_type: NON_VOTER last_known_addr { host: "127.10.232.68" port: 34811 } attrs { promote: true } } }
I20260713 09:06:12.879070 12285 raft_consensus.cc:2955] T cedc9e517417403bba3461b301dfec53 P 4c782244a7e04852aee57ebac2614104 [term 1 FOLLOWER]: Committing config change with OpId 1.2: config changed from index -1 to 2, NON_VOTER 2c66a8a8c53b4917ab91c4ba03d3b5d8 (127.10.232.68) added. New config: { opid_index: 2 OBSOLETE_local: false peers { permanent_uuid: "4c782244a7e04852aee57ebac2614104" member_type: VOTER last_known_addr { host: "127.10.232.65" port: 41231 } attrs { replace: true } } peers { permanent_uuid: "f1f0c8be71a84616b69340476af456e9" member_type: VOTER last_known_addr { host: "127.10.232.66" port: 35217 } } peers { permanent_uuid: "72d2163b868147528c666436ae4c68d2" member_type: VOTER last_known_addr { host: "127.10.232.67" port: 38649 } } peers { permanent_uuid: "2c66a8a8c53b4917ab91c4ba03d3b5d8" member_type: NON_VOTER last_known_addr { host: "127.10.232.68" port: 34811 } attrs { promote: true } } }
I20260713 09:06:12.889336 12286 consensus_queue.cc:237] T 7ca6847d37824909a8a37ea266df6a81 P 4c782244a7e04852aee57ebac2614104 [LEADER]: Queue going to LEADER mode. State: All replicated index: 0, Majority replicated index: 1, Committed index: 1, Last appended: 1.1, Last appended by leader: 0, Current term: 1, Majority size: 2, State: 0, Mode: LEADER, active raft config: opid_index: 2 OBSOLETE_local: false peers { permanent_uuid: "4c782244a7e04852aee57ebac2614104" member_type: VOTER last_known_addr { host: "127.10.232.65" port: 41231 } } peers { permanent_uuid: "f1f0c8be71a84616b69340476af456e9" member_type: VOTER last_known_addr { host: "127.10.232.66" port: 35217 } attrs { replace: true } } peers { permanent_uuid: "72d2163b868147528c666436ae4c68d2" member_type: VOTER last_known_addr { host: "127.10.232.67" port: 38649 } } peers { permanent_uuid: "2c66a8a8c53b4917ab91c4ba03d3b5d8" member_type: NON_VOTER last_known_addr { host: "127.10.232.68" port: 34811 } attrs { promote: true } }
I20260713 09:06:12.895292 12182 catalog_manager.cc:5697] T cedc9e517417403bba3461b301dfec53 P f1f0c8be71a84616b69340476af456e9 reported cstate change: config changed from index -1 to 2, NON_VOTER 2c66a8a8c53b4917ab91c4ba03d3b5d8 (127.10.232.68) added. New cstate: current_term: 1 leader_uuid: "f1f0c8be71a84616b69340476af456e9" committed_config { opid_index: 2 OBSOLETE_local: false peers { permanent_uuid: "4c782244a7e04852aee57ebac2614104" member_type: VOTER last_known_addr { host: "127.10.232.65" port: 41231 } attrs { replace: true } health_report { overall_health: HEALTHY } } peers { permanent_uuid: "f1f0c8be71a84616b69340476af456e9" member_type: VOTER last_known_addr { host: "127.10.232.66" port: 35217 } health_report { overall_health: HEALTHY } } peers { permanent_uuid: "72d2163b868147528c666436ae4c68d2" member_type: VOTER last_known_addr { host: "127.10.232.67" port: 38649 } health_report { overall_health: HEALTHY } } peers { permanent_uuid: "2c66a8a8c53b4917ab91c4ba03d3b5d8" member_type: NON_VOTER last_known_addr { host: "127.10.232.68" port: 34811 } attrs { promote: true } health_report { overall_health: UNKNOWN } } }
I20260713 09:06:12.898177 12435 raft_consensus.cc:1275] T 7ca6847d37824909a8a37ea266df6a81 P 72d2163b868147528c666436ae4c68d2 [term 1 FOLLOWER]: Refusing update from remote peer 4c782244a7e04852aee57ebac2614104: Log matching property violated. Preceding OpId in replica: term: 1 index: 1. Preceding OpId from leader: term: 1 index: 2. (index mismatch)
I20260713 09:06:12.898985 12359 raft_consensus.cc:1275] T 7ca6847d37824909a8a37ea266df6a81 P f1f0c8be71a84616b69340476af456e9 [term 1 FOLLOWER]: Refusing update from remote peer 4c782244a7e04852aee57ebac2614104: Log matching property violated. Preceding OpId in replica: term: 1 index: 1. Preceding OpId from leader: term: 1 index: 2. (index mismatch)
I20260713 09:06:12.900434 12811 consensus_queue.cc:1048] T 7ca6847d37824909a8a37ea266df6a81 P 4c782244a7e04852aee57ebac2614104 [LEADER]: Connected to new peer: Peer: permanent_uuid: "72d2163b868147528c666436ae4c68d2" member_type: VOTER last_known_addr { host: "127.10.232.67" port: 38649 }, Status: LMP_MISMATCH, Last received: 0.0, Next index: 2, Last known committed idx: 1, Time since last communication: 0.001s
W20260713 09:06:12.903106 12251 consensus_peers.cc:597] T 7ca6847d37824909a8a37ea266df6a81 P 4c782244a7e04852aee57ebac2614104 -> Peer 2c66a8a8c53b4917ab91c4ba03d3b5d8 (127.10.232.68:34811): Couldn't send request to peer 2c66a8a8c53b4917ab91c4ba03d3b5d8. Error code: TABLET_NOT_FOUND (6). Status: Not found: Tablet not found: 7ca6847d37824909a8a37ea266df6a81. This is attempt 1: this message will repeat every 5th retry.
I20260713 09:06:12.904855 12515 consensus_queue.cc:1048] T 7ca6847d37824909a8a37ea266df6a81 P 4c782244a7e04852aee57ebac2614104 [LEADER]: Connected to new peer: Peer: permanent_uuid: "f1f0c8be71a84616b69340476af456e9" member_type: VOTER last_known_addr { host: "127.10.232.66" port: 35217 } attrs { replace: true }, Status: LMP_MISMATCH, Last received: 0.0, Next index: 2, Last known committed idx: 1, Time since last communication: 0.000s
I20260713 09:06:12.911543 12811 raft_consensus.cc:2955] T 7ca6847d37824909a8a37ea266df6a81 P 4c782244a7e04852aee57ebac2614104 [term 1 LEADER]: Committing config change with OpId 1.2: config changed from index -1 to 2, NON_VOTER 2c66a8a8c53b4917ab91c4ba03d3b5d8 (127.10.232.68) added. New config: { opid_index: 2 OBSOLETE_local: false peers { permanent_uuid: "4c782244a7e04852aee57ebac2614104" member_type: VOTER last_known_addr { host: "127.10.232.65" port: 41231 } } peers { permanent_uuid: "f1f0c8be71a84616b69340476af456e9" member_type: VOTER last_known_addr { host: "127.10.232.66" port: 35217 } attrs { replace: true } } peers { permanent_uuid: "72d2163b868147528c666436ae4c68d2" member_type: VOTER last_known_addr { host: "127.10.232.67" port: 38649 } } peers { permanent_uuid: "2c66a8a8c53b4917ab91c4ba03d3b5d8" member_type: NON_VOTER last_known_addr { host: "127.10.232.68" port: 34811 } attrs { promote: true } } }
I20260713 09:06:12.919955 12435 raft_consensus.cc:2955] T 7ca6847d37824909a8a37ea266df6a81 P 72d2163b868147528c666436ae4c68d2 [term 1 FOLLOWER]: Committing config change with OpId 1.2: config changed from index -1 to 2, NON_VOTER 2c66a8a8c53b4917ab91c4ba03d3b5d8 (127.10.232.68) added. New config: { opid_index: 2 OBSOLETE_local: false peers { permanent_uuid: "4c782244a7e04852aee57ebac2614104" member_type: VOTER last_known_addr { host: "127.10.232.65" port: 41231 } } peers { permanent_uuid: "f1f0c8be71a84616b69340476af456e9" member_type: VOTER last_known_addr { host: "127.10.232.66" port: 35217 } attrs { replace: true } } peers { permanent_uuid: "72d2163b868147528c666436ae4c68d2" member_type: VOTER last_known_addr { host: "127.10.232.67" port: 38649 } } peers { permanent_uuid: "2c66a8a8c53b4917ab91c4ba03d3b5d8" member_type: NON_VOTER last_known_addr { host: "127.10.232.68" port: 34811 } attrs { promote: true } } }
I20260713 09:06:12.920406 12359 raft_consensus.cc:2955] T 7ca6847d37824909a8a37ea266df6a81 P f1f0c8be71a84616b69340476af456e9 [term 1 FOLLOWER]: Committing config change with OpId 1.2: config changed from index -1 to 2, NON_VOTER 2c66a8a8c53b4917ab91c4ba03d3b5d8 (127.10.232.68) added. New config: { opid_index: 2 OBSOLETE_local: false peers { permanent_uuid: "4c782244a7e04852aee57ebac2614104" member_type: VOTER last_known_addr { host: "127.10.232.65" port: 41231 } } peers { permanent_uuid: "f1f0c8be71a84616b69340476af456e9" member_type: VOTER last_known_addr { host: "127.10.232.66" port: 35217 } attrs { replace: true } } peers { permanent_uuid: "72d2163b868147528c666436ae4c68d2" member_type: VOTER last_known_addr { host: "127.10.232.67" port: 38649 } } peers { permanent_uuid: "2c66a8a8c53b4917ab91c4ba03d3b5d8" member_type: NON_VOTER last_known_addr { host: "127.10.232.68" port: 34811 } attrs { promote: true } } }
I20260713 09:06:12.934197 12286 consensus_queue.cc:237] T 61c8a4cbd4274e06a0da3ec521df1b9d P 4c782244a7e04852aee57ebac2614104 [LEADER]: Queue going to LEADER mode. State: All replicated index: 0, Majority replicated index: 1, Committed index: 1, Last appended: 1.1, Last appended by leader: 0, Current term: 1, Majority size: 2, State: 0, Mode: LEADER, active raft config: opid_index: 2 OBSOLETE_local: false peers { permanent_uuid: "4c782244a7e04852aee57ebac2614104" member_type: VOTER last_known_addr { host: "127.10.232.65" port: 41231 } } peers { permanent_uuid: "f1f0c8be71a84616b69340476af456e9" member_type: VOTER last_known_addr { host: "127.10.232.66" port: 35217 } } peers { permanent_uuid: "72d2163b868147528c666436ae4c68d2" member_type: VOTER last_known_addr { host: "127.10.232.67" port: 38649 } attrs { replace: true } } peers { permanent_uuid: "2c66a8a8c53b4917ab91c4ba03d3b5d8" member_type: NON_VOTER last_known_addr { host: "127.10.232.68" port: 34811 } attrs { promote: true } }
I20260713 09:06:12.935211 12184 catalog_manager.cc:5697] T 7ca6847d37824909a8a37ea266df6a81 P f1f0c8be71a84616b69340476af456e9 reported cstate change: config changed from index -1 to 2, NON_VOTER 2c66a8a8c53b4917ab91c4ba03d3b5d8 (127.10.232.68) added. New cstate: current_term: 1 leader_uuid: "4c782244a7e04852aee57ebac2614104" committed_config { opid_index: 2 OBSOLETE_local: false peers { permanent_uuid: "4c782244a7e04852aee57ebac2614104" member_type: VOTER last_known_addr { host: "127.10.232.65" port: 41231 } } peers { permanent_uuid: "f1f0c8be71a84616b69340476af456e9" member_type: VOTER last_known_addr { host: "127.10.232.66" port: 35217 } attrs { replace: true } } peers { permanent_uuid: "72d2163b868147528c666436ae4c68d2" member_type: VOTER last_known_addr { host: "127.10.232.67" port: 38649 } } peers { permanent_uuid: "2c66a8a8c53b4917ab91c4ba03d3b5d8" member_type: NON_VOTER last_known_addr { host: "127.10.232.68" port: 34811 } attrs { promote: true } } }
I20260713 09:06:12.945549 12435 raft_consensus.cc:1275] T 61c8a4cbd4274e06a0da3ec521df1b9d P 72d2163b868147528c666436ae4c68d2 [term 1 FOLLOWER]: Refusing update from remote peer 4c782244a7e04852aee57ebac2614104: Log matching property violated. Preceding OpId in replica: term: 1 index: 1. Preceding OpId from leader: term: 1 index: 2. (index mismatch)
I20260713 09:06:12.947113 12359 raft_consensus.cc:1275] T 61c8a4cbd4274e06a0da3ec521df1b9d P f1f0c8be71a84616b69340476af456e9 [term 1 FOLLOWER]: Refusing update from remote peer 4c782244a7e04852aee57ebac2614104: Log matching property violated. Preceding OpId in replica: term: 1 index: 1. Preceding OpId from leader: term: 1 index: 2. (index mismatch)
W20260713 09:06:12.947518 12251 consensus_peers.cc:597] T 61c8a4cbd4274e06a0da3ec521df1b9d P 4c782244a7e04852aee57ebac2614104 -> Peer 2c66a8a8c53b4917ab91c4ba03d3b5d8 (127.10.232.68:34811): Couldn't send request to peer 2c66a8a8c53b4917ab91c4ba03d3b5d8. Error code: TABLET_NOT_FOUND (6). Status: Not found: Tablet not found: 61c8a4cbd4274e06a0da3ec521df1b9d. This is attempt 1: this message will repeat every 5th retry.
I20260713 09:06:12.948052 12515 consensus_queue.cc:1048] T 61c8a4cbd4274e06a0da3ec521df1b9d P 4c782244a7e04852aee57ebac2614104 [LEADER]: Connected to new peer: Peer: permanent_uuid: "72d2163b868147528c666436ae4c68d2" member_type: VOTER last_known_addr { host: "127.10.232.67" port: 38649 } attrs { replace: true }, Status: LMP_MISMATCH, Last received: 0.0, Next index: 2, Last known committed idx: 1, Time since last communication: 0.000s
I20260713 09:06:12.949159 12833 consensus_queue.cc:1048] T 61c8a4cbd4274e06a0da3ec521df1b9d P 4c782244a7e04852aee57ebac2614104 [LEADER]: Connected to new peer: Peer: permanent_uuid: "f1f0c8be71a84616b69340476af456e9" member_type: VOTER last_known_addr { host: "127.10.232.66" port: 35217 }, Status: LMP_MISMATCH, Last received: 0.0, Next index: 2, Last known committed idx: 1, Time since last communication: 0.000s
I20260713 09:06:12.959496 12811 raft_consensus.cc:2955] T 61c8a4cbd4274e06a0da3ec521df1b9d P 4c782244a7e04852aee57ebac2614104 [term 1 LEADER]: Committing config change with OpId 1.2: config changed from index -1 to 2, NON_VOTER 2c66a8a8c53b4917ab91c4ba03d3b5d8 (127.10.232.68) added. New config: { opid_index: 2 OBSOLETE_local: false peers { permanent_uuid: "4c782244a7e04852aee57ebac2614104" member_type: VOTER last_known_addr { host: "127.10.232.65" port: 41231 } } peers { permanent_uuid: "f1f0c8be71a84616b69340476af456e9" member_type: VOTER last_known_addr { host: "127.10.232.66" port: 35217 } } peers { permanent_uuid: "72d2163b868147528c666436ae4c68d2" member_type: VOTER last_known_addr { host: "127.10.232.67" port: 38649 } attrs { replace: true } } peers { permanent_uuid: "2c66a8a8c53b4917ab91c4ba03d3b5d8" member_type: NON_VOTER last_known_addr { host: "127.10.232.68" port: 34811 } attrs { promote: true } } }
I20260713 09:06:12.961810 12435 raft_consensus.cc:2955] T 61c8a4cbd4274e06a0da3ec521df1b9d P 72d2163b868147528c666436ae4c68d2 [term 1 FOLLOWER]: Committing config change with OpId 1.2: config changed from index -1 to 2, NON_VOTER 2c66a8a8c53b4917ab91c4ba03d3b5d8 (127.10.232.68) added. New config: { opid_index: 2 OBSOLETE_local: false peers { permanent_uuid: "4c782244a7e04852aee57ebac2614104" member_type: VOTER last_known_addr { host: "127.10.232.65" port: 41231 } } peers { permanent_uuid: "f1f0c8be71a84616b69340476af456e9" member_type: VOTER last_known_addr { host: "127.10.232.66" port: 35217 } } peers { permanent_uuid: "72d2163b868147528c666436ae4c68d2" member_type: VOTER last_known_addr { host: "127.10.232.67" port: 38649 } attrs { replace: true } } peers { permanent_uuid: "2c66a8a8c53b4917ab91c4ba03d3b5d8" member_type: NON_VOTER last_known_addr { host: "127.10.232.68" port: 34811 } attrs { promote: true } } }
I20260713 09:06:12.964000 12359 raft_consensus.cc:2955] T 61c8a4cbd4274e06a0da3ec521df1b9d P f1f0c8be71a84616b69340476af456e9 [term 1 FOLLOWER]: Committing config change with OpId 1.2: config changed from index -1 to 2, NON_VOTER 2c66a8a8c53b4917ab91c4ba03d3b5d8 (127.10.232.68) added. New config: { opid_index: 2 OBSOLETE_local: false peers { permanent_uuid: "4c782244a7e04852aee57ebac2614104" member_type: VOTER last_known_addr { host: "127.10.232.65" port: 41231 } } peers { permanent_uuid: "f1f0c8be71a84616b69340476af456e9" member_type: VOTER last_known_addr { host: "127.10.232.66" port: 35217 } } peers { permanent_uuid: "72d2163b868147528c666436ae4c68d2" member_type: VOTER last_known_addr { host: "127.10.232.67" port: 38649 } attrs { replace: true } } peers { permanent_uuid: "2c66a8a8c53b4917ab91c4ba03d3b5d8" member_type: NON_VOTER last_known_addr { host: "127.10.232.68" port: 34811 } attrs { promote: true } } }
I20260713 09:06:12.978787 12182 catalog_manager.cc:5697] T 61c8a4cbd4274e06a0da3ec521df1b9d P 4c782244a7e04852aee57ebac2614104 reported cstate change: config changed from index -1 to 2, NON_VOTER 2c66a8a8c53b4917ab91c4ba03d3b5d8 (127.10.232.68) added. New cstate: current_term: 1 leader_uuid: "4c782244a7e04852aee57ebac2614104" committed_config { opid_index: 2 OBSOLETE_local: false peers { permanent_uuid: "4c782244a7e04852aee57ebac2614104" member_type: VOTER last_known_addr { host: "127.10.232.65" port: 41231 } health_report { overall_health: HEALTHY } } peers { permanent_uuid: "f1f0c8be71a84616b69340476af456e9" member_type: VOTER last_known_addr { host: "127.10.232.66" port: 35217 } health_report { overall_health: HEALTHY } } peers { permanent_uuid: "72d2163b868147528c666436ae4c68d2" member_type: VOTER last_known_addr { host: "127.10.232.67" port: 38649 } attrs { replace: true } health_report { overall_health: HEALTHY } } peers { permanent_uuid: "2c66a8a8c53b4917ab91c4ba03d3b5d8" member_type: NON_VOTER last_known_addr { host: "127.10.232.68" port: 34811 } attrs { promote: true } health_report { overall_health: UNKNOWN } } }
I20260713 09:06:13.222635 12837 ts_tablet_manager.cc:933] T b5de5984138e4c3a9e6a773f2142b478 P 2c66a8a8c53b4917ab91c4ba03d3b5d8: Initiating tablet copy from peer f1f0c8be71a84616b69340476af456e9 (127.10.232.66:35217)
I20260713 09:06:13.224387 12837 tablet_copy_client.cc:323] T b5de5984138e4c3a9e6a773f2142b478 P 2c66a8a8c53b4917ab91c4ba03d3b5d8: tablet copy: Beginning tablet copy session from remote peer at address 127.10.232.66:35217
I20260713 09:06:13.235323 12371 tablet_copy_service.cc:140] P f1f0c8be71a84616b69340476af456e9: Received BeginTabletCopySession request for tablet b5de5984138e4c3a9e6a773f2142b478 from peer 2c66a8a8c53b4917ab91c4ba03d3b5d8 ({username='slave'} at 127.0.0.1:60940)
I20260713 09:06:13.235836 12371 tablet_copy_service.cc:161] P f1f0c8be71a84616b69340476af456e9: Beginning new tablet copy session on tablet b5de5984138e4c3a9e6a773f2142b478 from peer 2c66a8a8c53b4917ab91c4ba03d3b5d8 at {username='slave'} at 127.0.0.1:60940: session id = 2c66a8a8c53b4917ab91c4ba03d3b5d8-b5de5984138e4c3a9e6a773f2142b478
I20260713 09:06:13.243235 12371 tablet_copy_source_session.cc:215] T b5de5984138e4c3a9e6a773f2142b478 P f1f0c8be71a84616b69340476af456e9: Tablet Copy: opened 0 blocks and 1 log segments
I20260713 09:06:13.246052 12837 data_dirs.cc:400] Could only allocate 1 dirs of requested 3 for tablet b5de5984138e4c3a9e6a773f2142b478. 1 dirs total, 0 dirs full, 0 dirs failed
I20260713 09:06:13.258486 12837 tablet_copy_client.cc:806] T b5de5984138e4c3a9e6a773f2142b478 P 2c66a8a8c53b4917ab91c4ba03d3b5d8: tablet copy: Starting download of 0 data blocks...
I20260713 09:06:13.258996 12837 tablet_copy_client.cc:670] T b5de5984138e4c3a9e6a773f2142b478 P 2c66a8a8c53b4917ab91c4ba03d3b5d8: tablet copy: Starting download of 1 WAL segments...
I20260713 09:06:13.263296 12837 tablet_copy_client.cc:538] T b5de5984138e4c3a9e6a773f2142b478 P 2c66a8a8c53b4917ab91c4ba03d3b5d8: tablet copy: Tablet Copy complete. Replacing tablet superblock.
I20260713 09:06:13.269886 12837 tablet_bootstrap.cc:492] T b5de5984138e4c3a9e6a773f2142b478 P 2c66a8a8c53b4917ab91c4ba03d3b5d8: Bootstrap starting.
I20260713 09:06:13.289788 12837 tablet_bootstrap.cc:492] T b5de5984138e4c3a9e6a773f2142b478 P 2c66a8a8c53b4917ab91c4ba03d3b5d8: Bootstrap replayed 1/1 log segments. Stats: ops{read=2 overwritten=0 applied=2 ignored=0} inserts{seen=0 ignored=0} mutations{seen=0 ignored=0} orphaned_commits=0. Pending: 0 replicates
I20260713 09:06:13.290616 12837 tablet_bootstrap.cc:492] T b5de5984138e4c3a9e6a773f2142b478 P 2c66a8a8c53b4917ab91c4ba03d3b5d8: Bootstrap complete.
I20260713 09:06:13.291267 12837 ts_tablet_manager.cc:1403] T b5de5984138e4c3a9e6a773f2142b478 P 2c66a8a8c53b4917ab91c4ba03d3b5d8: Time spent bootstrapping tablet: real 0.022s	user 0.013s	sys 0.009s
I20260713 09:06:13.293967 12837 raft_consensus.cc:359] T b5de5984138e4c3a9e6a773f2142b478 P 2c66a8a8c53b4917ab91c4ba03d3b5d8 [term 1 LEARNER]: Replica starting. Triggering 0 pending ops. Active config: opid_index: 2 OBSOLETE_local: false peers { permanent_uuid: "4c782244a7e04852aee57ebac2614104" member_type: VOTER last_known_addr { host: "127.10.232.65" port: 41231 } } peers { permanent_uuid: "f1f0c8be71a84616b69340476af456e9" member_type: VOTER last_known_addr { host: "127.10.232.66" port: 35217 } } peers { permanent_uuid: "72d2163b868147528c666436ae4c68d2" member_type: VOTER last_known_addr { host: "127.10.232.67" port: 38649 } attrs { replace: true } } peers { permanent_uuid: "2c66a8a8c53b4917ab91c4ba03d3b5d8" member_type: NON_VOTER last_known_addr { host: "127.10.232.68" port: 34811 } attrs { promote: true } }
I20260713 09:06:13.294704 12837 raft_consensus.cc:740] T b5de5984138e4c3a9e6a773f2142b478 P 2c66a8a8c53b4917ab91c4ba03d3b5d8 [term 1 LEARNER]: Becoming Follower/Learner. State: Replica: 2c66a8a8c53b4917ab91c4ba03d3b5d8, State: Initialized, Role: LEARNER
I20260713 09:06:13.295249 12837 consensus_queue.cc:260] T b5de5984138e4c3a9e6a773f2142b478 P 2c66a8a8c53b4917ab91c4ba03d3b5d8 [NON_LEADER]: Queue going to NON_LEADER mode. State: All replicated index: 0, Majority replicated index: 0, Committed index: 2, Last appended: 1.2, Last appended by leader: 2, Current term: 0, Majority size: -1, State: 0, Mode: NON_LEADER, active raft config: opid_index: 2 OBSOLETE_local: false peers { permanent_uuid: "4c782244a7e04852aee57ebac2614104" member_type: VOTER last_known_addr { host: "127.10.232.65" port: 41231 } } peers { permanent_uuid: "f1f0c8be71a84616b69340476af456e9" member_type: VOTER last_known_addr { host: "127.10.232.66" port: 35217 } } peers { permanent_uuid: "72d2163b868147528c666436ae4c68d2" member_type: VOTER last_known_addr { host: "127.10.232.67" port: 38649 } attrs { replace: true } } peers { permanent_uuid: "2c66a8a8c53b4917ab91c4ba03d3b5d8" member_type: NON_VOTER last_known_addr { host: "127.10.232.68" port: 34811 } attrs { promote: true } }
I20260713 09:06:13.297963 12837 ts_tablet_manager.cc:1434] T b5de5984138e4c3a9e6a773f2142b478 P 2c66a8a8c53b4917ab91c4ba03d3b5d8: Time spent starting tablet: real 0.006s	user 0.005s	sys 0.000s
I20260713 09:06:13.300022 12371 tablet_copy_service.cc:342] P f1f0c8be71a84616b69340476af456e9: Request end of tablet copy session 2c66a8a8c53b4917ab91c4ba03d3b5d8-b5de5984138e4c3a9e6a773f2142b478 received from {username='slave'} at 127.0.0.1:60940
I20260713 09:06:13.300483 12371 tablet_copy_service.cc:434] P f1f0c8be71a84616b69340476af456e9: ending tablet copy session 2c66a8a8c53b4917ab91c4ba03d3b5d8-b5de5984138e4c3a9e6a773f2142b478 on tablet b5de5984138e4c3a9e6a773f2142b478 with peer 2c66a8a8c53b4917ab91c4ba03d3b5d8
I20260713 09:06:13.309610 12837 ts_tablet_manager.cc:933] T cedc9e517417403bba3461b301dfec53 P 2c66a8a8c53b4917ab91c4ba03d3b5d8: Initiating tablet copy from peer f1f0c8be71a84616b69340476af456e9 (127.10.232.66:35217)
