I20260713 09:06:12.221555 17976 raft_consensus.cc:2955] T 0cdf77370014452e96d75dcf9ec03a24 P c76a2f3c5e8c44d6affd1115d19371c8 [term 1 FOLLOWER]: Committing config change with OpId 1.3: config changed from index 2 to 3, c76a2f3c5e8c44d6affd1115d19371c8 (127.16.19.4) changed from NON_VOTER to VOTER. New config: { opid_index: 3 OBSOLETE_local: false peers { permanent_uuid: "f4f74ae3140747988f16ef9f99420f51" member_type: VOTER last_known_addr { host: "127.16.19.1" port: 34447 } } peers { permanent_uuid: "86d201cf9e404d3d92dbd837d7ae294d" member_type: VOTER last_known_addr { host: "127.16.19.2" port: 43519 } attrs { replace: true } } peers { permanent_uuid: "d4ceb392a60b440cb9928e180dd8e982" member_type: VOTER last_known_addr { host: "127.16.19.3" port: 37269 } } peers { permanent_uuid: "c76a2f3c5e8c44d6affd1115d19371c8" member_type: VOTER last_known_addr { host: "127.16.19.4" port: 45775 } attrs { promote: false } } }
I20260713 09:06:12.228919 17633 raft_consensus.cc:2955] T 0cdf77370014452e96d75dcf9ec03a24 P 86d201cf9e404d3d92dbd837d7ae294d [term 1 FOLLOWER]: Committing config change with OpId 1.3: config changed from index 2 to 3, c76a2f3c5e8c44d6affd1115d19371c8 (127.16.19.4) changed from NON_VOTER to VOTER. New config: { opid_index: 3 OBSOLETE_local: false peers { permanent_uuid: "f4f74ae3140747988f16ef9f99420f51" member_type: VOTER last_known_addr { host: "127.16.19.1" port: 34447 } } peers { permanent_uuid: "86d201cf9e404d3d92dbd837d7ae294d" member_type: VOTER last_known_addr { host: "127.16.19.2" port: 43519 } attrs { replace: true } } peers { permanent_uuid: "d4ceb392a60b440cb9928e180dd8e982" member_type: VOTER last_known_addr { host: "127.16.19.3" port: 37269 } } peers { permanent_uuid: "c76a2f3c5e8c44d6affd1115d19371c8" member_type: VOTER last_known_addr { host: "127.16.19.4" port: 45775 } attrs { promote: false } } }
I20260713 09:06:12.237269 17456 catalog_manager.cc:5697] T 0cdf77370014452e96d75dcf9ec03a24 P c76a2f3c5e8c44d6affd1115d19371c8 reported cstate change: config changed from index 2 to 3, c76a2f3c5e8c44d6affd1115d19371c8 (127.16.19.4) changed from NON_VOTER to VOTER. New cstate: current_term: 1 leader_uuid: "d4ceb392a60b440cb9928e180dd8e982" committed_config { opid_index: 3 OBSOLETE_local: false peers { permanent_uuid: "f4f74ae3140747988f16ef9f99420f51" member_type: VOTER last_known_addr { host: "127.16.19.1" port: 34447 } } peers { permanent_uuid: "86d201cf9e404d3d92dbd837d7ae294d" member_type: VOTER last_known_addr { host: "127.16.19.2" port: 43519 } attrs { replace: true } } peers { permanent_uuid: "d4ceb392a60b440cb9928e180dd8e982" member_type: VOTER last_known_addr { host: "127.16.19.3" port: 37269 } } peers { permanent_uuid: "c76a2f3c5e8c44d6affd1115d19371c8" member_type: VOTER last_known_addr { host: "127.16.19.4" port: 45775 } attrs { promote: false } } }
I20260713 09:06:12.253044 17704 consensus_queue.cc:237] T 0cdf77370014452e96d75dcf9ec03a24 P d4ceb392a60b440cb9928e180dd8e982 [LEADER]: Queue going to LEADER mode. State: All replicated index: 0, Majority replicated index: 3, Committed index: 3, Last appended: 1.3, Last appended by leader: 0, Current term: 1, Majority size: 2, State: 0, Mode: LEADER, active raft config: opid_index: 4 OBSOLETE_local: false peers { permanent_uuid: "f4f74ae3140747988f16ef9f99420f51" member_type: VOTER last_known_addr { host: "127.16.19.1" port: 34447 } } peers { permanent_uuid: "d4ceb392a60b440cb9928e180dd8e982" member_type: VOTER last_known_addr { host: "127.16.19.3" port: 37269 } } peers { permanent_uuid: "c76a2f3c5e8c44d6affd1115d19371c8" member_type: VOTER last_known_addr { host: "127.16.19.4" port: 45775 } attrs { promote: false } }
I20260713 09:06:12.258184 17976 raft_consensus.cc:1275] T 0cdf77370014452e96d75dcf9ec03a24 P c76a2f3c5e8c44d6affd1115d19371c8 [term 1 FOLLOWER]: Refusing update from remote peer d4ceb392a60b440cb9928e180dd8e982: Log matching property violated. Preceding OpId in replica: term: 1 index: 3. Preceding OpId from leader: term: 1 index: 4. (index mismatch)
I20260713 09:06:12.258651 17558 raft_consensus.cc:1275] T 0cdf77370014452e96d75dcf9ec03a24 P f4f74ae3140747988f16ef9f99420f51 [term 1 FOLLOWER]: Refusing update from remote peer d4ceb392a60b440cb9928e180dd8e982: Log matching property violated. Preceding OpId in replica: term: 1 index: 3. Preceding OpId from leader: term: 1 index: 4. (index mismatch)
I20260713 09:06:12.259575 18140 consensus_queue.cc:1048] T 0cdf77370014452e96d75dcf9ec03a24 P d4ceb392a60b440cb9928e180dd8e982 [LEADER]: Connected to new peer: Peer: permanent_uuid: "c76a2f3c5e8c44d6affd1115d19371c8" member_type: VOTER last_known_addr { host: "127.16.19.4" port: 45775 } attrs { promote: false }, Status: LMP_MISMATCH, Last received: 0.0, Next index: 4, Last known committed idx: 3, Time since last communication: 0.000s
I20260713 09:06:12.260385 18213 consensus_queue.cc:1048] T 0cdf77370014452e96d75dcf9ec03a24 P d4ceb392a60b440cb9928e180dd8e982 [LEADER]: Connected to new peer: Peer: permanent_uuid: "f4f74ae3140747988f16ef9f99420f51" member_type: VOTER last_known_addr { host: "127.16.19.1" port: 34447 }, Status: LMP_MISMATCH, Last received: 0.0, Next index: 4, Last known committed idx: 3, Time since last communication: 0.000s
I20260713 09:06:12.266551 18140 raft_consensus.cc:2955] T 0cdf77370014452e96d75dcf9ec03a24 P d4ceb392a60b440cb9928e180dd8e982 [term 1 LEADER]: Committing config change with OpId 1.4: config changed from index 3 to 4, VOTER 86d201cf9e404d3d92dbd837d7ae294d (127.16.19.2) evicted. New config: { opid_index: 4 OBSOLETE_local: false peers { permanent_uuid: "f4f74ae3140747988f16ef9f99420f51" member_type: VOTER last_known_addr { host: "127.16.19.1" port: 34447 } } peers { permanent_uuid: "d4ceb392a60b440cb9928e180dd8e982" member_type: VOTER last_known_addr { host: "127.16.19.3" port: 37269 } } peers { permanent_uuid: "c76a2f3c5e8c44d6affd1115d19371c8" member_type: VOTER last_known_addr { host: "127.16.19.4" port: 45775 } attrs { promote: false } } }
I20260713 09:06:12.270493 17977 raft_consensus.cc:2955] T 0cdf77370014452e96d75dcf9ec03a24 P c76a2f3c5e8c44d6affd1115d19371c8 [term 1 FOLLOWER]: Committing config change with OpId 1.4: config changed from index 3 to 4, VOTER 86d201cf9e404d3d92dbd837d7ae294d (127.16.19.2) evicted. New config: { opid_index: 4 OBSOLETE_local: false peers { permanent_uuid: "f4f74ae3140747988f16ef9f99420f51" member_type: VOTER last_known_addr { host: "127.16.19.1" port: 34447 } } peers { permanent_uuid: "d4ceb392a60b440cb9928e180dd8e982" member_type: VOTER last_known_addr { host: "127.16.19.3" port: 37269 } } peers { permanent_uuid: "c76a2f3c5e8c44d6affd1115d19371c8" member_type: VOTER last_known_addr { host: "127.16.19.4" port: 45775 } attrs { promote: false } } }
I20260713 09:06:12.275440 17558 raft_consensus.cc:2955] T 0cdf77370014452e96d75dcf9ec03a24 P f4f74ae3140747988f16ef9f99420f51 [term 1 FOLLOWER]: Committing config change with OpId 1.4: config changed from index 3 to 4, VOTER 86d201cf9e404d3d92dbd837d7ae294d (127.16.19.2) evicted. New config: { opid_index: 4 OBSOLETE_local: false peers { permanent_uuid: "f4f74ae3140747988f16ef9f99420f51" member_type: VOTER last_known_addr { host: "127.16.19.1" port: 34447 } } peers { permanent_uuid: "d4ceb392a60b440cb9928e180dd8e982" member_type: VOTER last_known_addr { host: "127.16.19.3" port: 37269 } } peers { permanent_uuid: "c76a2f3c5e8c44d6affd1115d19371c8" member_type: VOTER last_known_addr { host: "127.16.19.4" port: 45775 } attrs { promote: false } } }
I20260713 09:06:12.282658 17443 catalog_manager.cc:5210] ChangeConfig:REMOVE_PEER RPC for tablet 0cdf77370014452e96d75dcf9ec03a24 with cas_config_opid_index 3: ChangeConfig:REMOVE_PEER succeeded (attempt 1)
I20260713 09:06:12.286105 17454 catalog_manager.cc:5697] T 0cdf77370014452e96d75dcf9ec03a24 P c76a2f3c5e8c44d6affd1115d19371c8 reported cstate change: config changed from index 3 to 4, VOTER 86d201cf9e404d3d92dbd837d7ae294d (127.16.19.2) evicted. New cstate: current_term: 1 leader_uuid: "d4ceb392a60b440cb9928e180dd8e982" committed_config { opid_index: 4 OBSOLETE_local: false peers { permanent_uuid: "f4f74ae3140747988f16ef9f99420f51" member_type: VOTER last_known_addr { host: "127.16.19.1" port: 34447 } } peers { permanent_uuid: "d4ceb392a60b440cb9928e180dd8e982" member_type: VOTER last_known_addr { host: "127.16.19.3" port: 37269 } } peers { permanent_uuid: "c76a2f3c5e8c44d6affd1115d19371c8" member_type: VOTER last_known_addr { host: "127.16.19.4" port: 45775 } attrs { promote: false } } }
I20260713 09:06:12.296672 17617 tablet_service.cc:1558] Processing DeleteTablet for tablet 0cdf77370014452e96d75dcf9ec03a24 with delete_type TABLET_DATA_TOMBSTONED (TS 86d201cf9e404d3d92dbd837d7ae294d not found in new config with opid_index 4) from {username='slave'} at 127.0.0.1:50348
I20260713 09:06:12.302338 18217 tablet_replica.cc:333] T 0cdf77370014452e96d75dcf9ec03a24 P 86d201cf9e404d3d92dbd837d7ae294d: stopping tablet replica
I20260713 09:06:12.303067 18217 raft_consensus.cc:2243] T 0cdf77370014452e96d75dcf9ec03a24 P 86d201cf9e404d3d92dbd837d7ae294d [term 1 FOLLOWER]: Raft consensus shutting down.
I20260713 09:06:12.303550 18217 raft_consensus.cc:2272] T 0cdf77370014452e96d75dcf9ec03a24 P 86d201cf9e404d3d92dbd837d7ae294d [term 1 FOLLOWER]: Raft consensus is shut down!
I20260713 09:06:12.306514 18217 ts_tablet_manager.cc:1916] T 0cdf77370014452e96d75dcf9ec03a24 P 86d201cf9e404d3d92dbd837d7ae294d: Deleting tablet data with delete state TABLET_DATA_TOMBSTONED
I20260713 09:06:12.317402 18217 ts_tablet_manager.cc:1929] T 0cdf77370014452e96d75dcf9ec03a24 P 86d201cf9e404d3d92dbd837d7ae294d: tablet deleted with delete type TABLET_DATA_TOMBSTONED: last-logged OpId 1.3
I20260713 09:06:12.317695 18217 log.cc:1199] T 0cdf77370014452e96d75dcf9ec03a24 P 86d201cf9e404d3d92dbd837d7ae294d: Deleting WAL directory at /tmp/dist-test-taskZtTukE/test-tmp/auto_leader_rebalancer-test.0.LeaderRebalancerTest.AddTserver.1783933535684968-16460-0/minicluster-data/ts-1-root/wals/0cdf77370014452e96d75dcf9ec03a24
I20260713 09:06:12.319187 17442 catalog_manager.cc:5028] TS 86d201cf9e404d3d92dbd837d7ae294d (127.16.19.2:43519): tablet 0cdf77370014452e96d75dcf9ec03a24 (table test-workload [id=5d0a542d68914faf954123eeb35120f1]) successfully deleted
I20260713 09:06:13.326967 17633 consensus_queue.cc:237] T 609716c78b04494b9df9d969cf07a96f P 86d201cf9e404d3d92dbd837d7ae294d [LEADER]: Queue going to LEADER mode. State: All replicated index: 0, Majority replicated index: 1, Committed index: 1, Last appended: 1.1, Last appended by leader: 0, Current term: 1, Majority size: 2, State: 0, Mode: LEADER, active raft config: opid_index: 2 OBSOLETE_local: false peers { permanent_uuid: "f4f74ae3140747988f16ef9f99420f51" member_type: VOTER last_known_addr { host: "127.16.19.1" port: 34447 } attrs { replace: true } } peers { permanent_uuid: "86d201cf9e404d3d92dbd837d7ae294d" member_type: VOTER last_known_addr { host: "127.16.19.2" port: 43519 } } peers { permanent_uuid: "d4ceb392a60b440cb9928e180dd8e982" member_type: VOTER last_known_addr { host: "127.16.19.3" port: 37269 } } peers { permanent_uuid: "c76a2f3c5e8c44d6affd1115d19371c8" member_type: NON_VOTER last_known_addr { host: "127.16.19.4" port: 45775 } attrs { promote: true } }
W20260713 09:06:13.332799 17598 consensus_peers.cc:597] T 609716c78b04494b9df9d969cf07a96f P 86d201cf9e404d3d92dbd837d7ae294d -> Peer c76a2f3c5e8c44d6affd1115d19371c8 (127.16.19.4:45775): Couldn't send request to peer c76a2f3c5e8c44d6affd1115d19371c8. Error code: TABLET_NOT_FOUND (6). Status: Not found: Tablet not found: 609716c78b04494b9df9d969cf07a96f. This is attempt 1: this message will repeat every 5th retry.
I20260713 09:06:13.333607 17704 raft_consensus.cc:1275] T 609716c78b04494b9df9d969cf07a96f P d4ceb392a60b440cb9928e180dd8e982 [term 1 FOLLOWER]: Refusing update from remote peer 86d201cf9e404d3d92dbd837d7ae294d: Log matching property violated. Preceding OpId in replica: term: 1 index: 1. Preceding OpId from leader: term: 1 index: 2. (index mismatch)
I20260713 09:06:13.334076 17558 raft_consensus.cc:1275] T 609716c78b04494b9df9d969cf07a96f P f4f74ae3140747988f16ef9f99420f51 [term 1 FOLLOWER]: Refusing update from remote peer 86d201cf9e404d3d92dbd837d7ae294d: Log matching property violated. Preceding OpId in replica: term: 1 index: 1. Preceding OpId from leader: term: 1 index: 2. (index mismatch)
I20260713 09:06:13.334754 18187 consensus_queue.cc:1048] T 609716c78b04494b9df9d969cf07a96f P 86d201cf9e404d3d92dbd837d7ae294d [LEADER]: Connected to new peer: Peer: permanent_uuid: "d4ceb392a60b440cb9928e180dd8e982" member_type: VOTER last_known_addr { host: "127.16.19.3" port: 37269 }, Status: LMP_MISMATCH, Last received: 0.0, Next index: 2, Last known committed idx: 1, Time since last communication: 0.000s
I20260713 09:06:13.335501 18220 consensus_queue.cc:1048] T 609716c78b04494b9df9d969cf07a96f P 86d201cf9e404d3d92dbd837d7ae294d [LEADER]: Connected to new peer: Peer: permanent_uuid: "f4f74ae3140747988f16ef9f99420f51" member_type: VOTER last_known_addr { host: "127.16.19.1" port: 34447 } attrs { replace: true }, Status: LMP_MISMATCH, Last received: 0.0, Next index: 2, Last known committed idx: 1, Time since last communication: 0.000s
I20260713 09:06:13.343232 18223 raft_consensus.cc:2955] T 609716c78b04494b9df9d969cf07a96f P 86d201cf9e404d3d92dbd837d7ae294d [term 1 LEADER]: Committing config change with OpId 1.2: config changed from index -1 to 2, NON_VOTER c76a2f3c5e8c44d6affd1115d19371c8 (127.16.19.4) added. New config: { opid_index: 2 OBSOLETE_local: false peers { permanent_uuid: "f4f74ae3140747988f16ef9f99420f51" member_type: VOTER last_known_addr { host: "127.16.19.1" port: 34447 } attrs { replace: true } } peers { permanent_uuid: "86d201cf9e404d3d92dbd837d7ae294d" member_type: VOTER last_known_addr { host: "127.16.19.2" port: 43519 } } peers { permanent_uuid: "d4ceb392a60b440cb9928e180dd8e982" member_type: VOTER last_known_addr { host: "127.16.19.3" port: 37269 } } peers { permanent_uuid: "c76a2f3c5e8c44d6affd1115d19371c8" member_type: NON_VOTER last_known_addr { host: "127.16.19.4" port: 45775 } attrs { promote: true } } }
I20260713 09:06:13.344381 17704 raft_consensus.cc:2955] T 609716c78b04494b9df9d969cf07a96f P d4ceb392a60b440cb9928e180dd8e982 [term 1 FOLLOWER]: Committing config change with OpId 1.2: config changed from index -1 to 2, NON_VOTER c76a2f3c5e8c44d6affd1115d19371c8 (127.16.19.4) added. New config: { opid_index: 2 OBSOLETE_local: false peers { permanent_uuid: "f4f74ae3140747988f16ef9f99420f51" member_type: VOTER last_known_addr { host: "127.16.19.1" port: 34447 } attrs { replace: true } } peers { permanent_uuid: "86d201cf9e404d3d92dbd837d7ae294d" member_type: VOTER last_known_addr { host: "127.16.19.2" port: 43519 } } peers { permanent_uuid: "d4ceb392a60b440cb9928e180dd8e982" member_type: VOTER last_known_addr { host: "127.16.19.3" port: 37269 } } peers { permanent_uuid: "c76a2f3c5e8c44d6affd1115d19371c8" member_type: NON_VOTER last_known_addr { host: "127.16.19.4" port: 45775 } attrs { promote: true } } }
I20260713 09:06:13.344530 17558 raft_consensus.cc:2955] T 609716c78b04494b9df9d969cf07a96f P f4f74ae3140747988f16ef9f99420f51 [term 1 FOLLOWER]: Committing config change with OpId 1.2: config changed from index -1 to 2, NON_VOTER c76a2f3c5e8c44d6affd1115d19371c8 (127.16.19.4) added. New config: { opid_index: 2 OBSOLETE_local: false peers { permanent_uuid: "f4f74ae3140747988f16ef9f99420f51" member_type: VOTER last_known_addr { host: "127.16.19.1" port: 34447 } attrs { replace: true } } peers { permanent_uuid: "86d201cf9e404d3d92dbd837d7ae294d" member_type: VOTER last_known_addr { host: "127.16.19.2" port: 43519 } } peers { permanent_uuid: "d4ceb392a60b440cb9928e180dd8e982" member_type: VOTER last_known_addr { host: "127.16.19.3" port: 37269 } } peers { permanent_uuid: "c76a2f3c5e8c44d6affd1115d19371c8" member_type: NON_VOTER last_known_addr { host: "127.16.19.4" port: 45775 } attrs { promote: true } } }
I20260713 09:06:13.357610 17558 consensus_queue.cc:237] T d082e772d0a840b5a07a54f07f7e9050 P f4f74ae3140747988f16ef9f99420f51 [LEADER]: Queue going to LEADER mode. State: All replicated index: 0, Majority replicated index: 1, Committed index: 1, Last appended: 1.1, Last appended by leader: 0, Current term: 1, Majority size: 2, State: 0, Mode: LEADER, active raft config: opid_index: 2 OBSOLETE_local: false peers { permanent_uuid: "f4f74ae3140747988f16ef9f99420f51" member_type: VOTER last_known_addr { host: "127.16.19.1" port: 34447 } } peers { permanent_uuid: "86d201cf9e404d3d92dbd837d7ae294d" member_type: VOTER last_known_addr { host: "127.16.19.2" port: 43519 } } peers { permanent_uuid: "d4ceb392a60b440cb9928e180dd8e982" member_type: VOTER last_known_addr { host: "127.16.19.3" port: 37269 } attrs { replace: true } } peers { permanent_uuid: "c76a2f3c5e8c44d6affd1115d19371c8" member_type: NON_VOTER last_known_addr { host: "127.16.19.4" port: 45775 } attrs { promote: true } }
I20260713 09:06:13.357214 17455 catalog_manager.cc:5697] T 609716c78b04494b9df9d969cf07a96f P f4f74ae3140747988f16ef9f99420f51 reported cstate change: config changed from index -1 to 2, NON_VOTER c76a2f3c5e8c44d6affd1115d19371c8 (127.16.19.4) added. New cstate: current_term: 1 leader_uuid: "86d201cf9e404d3d92dbd837d7ae294d" committed_config { opid_index: 2 OBSOLETE_local: false peers { permanent_uuid: "f4f74ae3140747988f16ef9f99420f51" member_type: VOTER last_known_addr { host: "127.16.19.1" port: 34447 } attrs { replace: true } } peers { permanent_uuid: "86d201cf9e404d3d92dbd837d7ae294d" member_type: VOTER last_known_addr { host: "127.16.19.2" port: 43519 } } peers { permanent_uuid: "d4ceb392a60b440cb9928e180dd8e982" member_type: VOTER last_known_addr { host: "127.16.19.3" port: 37269 } } peers { permanent_uuid: "c76a2f3c5e8c44d6affd1115d19371c8" member_type: NON_VOTER last_known_addr { host: "127.16.19.4" port: 45775 } attrs { promote: true } } }
I20260713 09:06:13.366027 17704 raft_consensus.cc:1275] T d082e772d0a840b5a07a54f07f7e9050 P d4ceb392a60b440cb9928e180dd8e982 [term 1 FOLLOWER]: Refusing update from remote peer f4f74ae3140747988f16ef9f99420f51: Log matching property violated. Preceding OpId in replica: term: 1 index: 1. Preceding OpId from leader: term: 1 index: 2. (index mismatch)
W20260713 09:06:13.366963 17523 consensus_peers.cc:597] T d082e772d0a840b5a07a54f07f7e9050 P f4f74ae3140747988f16ef9f99420f51 -> Peer c76a2f3c5e8c44d6affd1115d19371c8 (127.16.19.4:45775): Couldn't send request to peer c76a2f3c5e8c44d6affd1115d19371c8. Error code: TABLET_NOT_FOUND (6). Status: Not found: Tablet not found: d082e772d0a840b5a07a54f07f7e9050. This is attempt 1: this message will repeat every 5th retry.
I20260713 09:06:13.367141 17633 raft_consensus.cc:1275] T d082e772d0a840b5a07a54f07f7e9050 P 86d201cf9e404d3d92dbd837d7ae294d [term 1 FOLLOWER]: Refusing update from remote peer f4f74ae3140747988f16ef9f99420f51: Log matching property violated. Preceding OpId in replica: term: 1 index: 1. Preceding OpId from leader: term: 1 index: 2. (index mismatch)
I20260713 09:06:13.367237 18206 consensus_queue.cc:1048] T d082e772d0a840b5a07a54f07f7e9050 P f4f74ae3140747988f16ef9f99420f51 [LEADER]: Connected to new peer: Peer: permanent_uuid: "d4ceb392a60b440cb9928e180dd8e982" member_type: VOTER last_known_addr { host: "127.16.19.3" port: 37269 } attrs { replace: true }, Status: LMP_MISMATCH, Last received: 0.0, Next index: 2, Last known committed idx: 1, Time since last communication: 0.000s
I20260713 09:06:13.368520 18218 consensus_queue.cc:1048] T d082e772d0a840b5a07a54f07f7e9050 P f4f74ae3140747988f16ef9f99420f51 [LEADER]: Connected to new peer: Peer: permanent_uuid: "86d201cf9e404d3d92dbd837d7ae294d" member_type: VOTER last_known_addr { host: "127.16.19.2" port: 43519 }, Status: LMP_MISMATCH, Last received: 0.0, Next index: 2, Last known committed idx: 1, Time since last communication: 0.000s
I20260713 09:06:13.380578 18206 raft_consensus.cc:2955] T d082e772d0a840b5a07a54f07f7e9050 P f4f74ae3140747988f16ef9f99420f51 [term 1 LEADER]: Committing config change with OpId 1.2: config changed from index -1 to 2, NON_VOTER c76a2f3c5e8c44d6affd1115d19371c8 (127.16.19.4) added. New config: { opid_index: 2 OBSOLETE_local: false peers { permanent_uuid: "f4f74ae3140747988f16ef9f99420f51" member_type: VOTER last_known_addr { host: "127.16.19.1" port: 34447 } } peers { permanent_uuid: "86d201cf9e404d3d92dbd837d7ae294d" member_type: VOTER last_known_addr { host: "127.16.19.2" port: 43519 } } peers { permanent_uuid: "d4ceb392a60b440cb9928e180dd8e982" member_type: VOTER last_known_addr { host: "127.16.19.3" port: 37269 } attrs { replace: true } } peers { permanent_uuid: "c76a2f3c5e8c44d6affd1115d19371c8" member_type: NON_VOTER last_known_addr { host: "127.16.19.4" port: 45775 } attrs { promote: true } } }
I20260713 09:06:13.382675 17704 raft_consensus.cc:2955] T d082e772d0a840b5a07a54f07f7e9050 P d4ceb392a60b440cb9928e180dd8e982 [term 1 FOLLOWER]: Committing config change with OpId 1.2: config changed from index -1 to 2, NON_VOTER c76a2f3c5e8c44d6affd1115d19371c8 (127.16.19.4) added. New config: { opid_index: 2 OBSOLETE_local: false peers { permanent_uuid: "f4f74ae3140747988f16ef9f99420f51" member_type: VOTER last_known_addr { host: "127.16.19.1" port: 34447 } } peers { permanent_uuid: "86d201cf9e404d3d92dbd837d7ae294d" member_type: VOTER last_known_addr { host: "127.16.19.2" port: 43519 } } peers { permanent_uuid: "d4ceb392a60b440cb9928e180dd8e982" member_type: VOTER last_known_addr { host: "127.16.19.3" port: 37269 } attrs { replace: true } } peers { permanent_uuid: "c76a2f3c5e8c44d6affd1115d19371c8" member_type: NON_VOTER last_known_addr { host: "127.16.19.4" port: 45775 } attrs { promote: true } } }
I20260713 09:06:13.396450 17633 raft_consensus.cc:2955] T d082e772d0a840b5a07a54f07f7e9050 P 86d201cf9e404d3d92dbd837d7ae294d [term 1 FOLLOWER]: Committing config change with OpId 1.2: config changed from index -1 to 2, NON_VOTER c76a2f3c5e8c44d6affd1115d19371c8 (127.16.19.4) added. New config: { opid_index: 2 OBSOLETE_local: false peers { permanent_uuid: "f4f74ae3140747988f16ef9f99420f51" member_type: VOTER last_known_addr { host: "127.16.19.1" port: 34447 } } peers { permanent_uuid: "86d201cf9e404d3d92dbd837d7ae294d" member_type: VOTER last_known_addr { host: "127.16.19.2" port: 43519 } } peers { permanent_uuid: "d4ceb392a60b440cb9928e180dd8e982" member_type: VOTER last_known_addr { host: "127.16.19.3" port: 37269 } attrs { replace: true } } peers { permanent_uuid: "c76a2f3c5e8c44d6affd1115d19371c8" member_type: NON_VOTER last_known_addr { host: "127.16.19.4" port: 45775 } attrs { promote: true } } }
I20260713 09:06:13.399729 17454 catalog_manager.cc:5697] T d082e772d0a840b5a07a54f07f7e9050 P d4ceb392a60b440cb9928e180dd8e982 reported cstate change: config changed from index -1 to 2, NON_VOTER c76a2f3c5e8c44d6affd1115d19371c8 (127.16.19.4) added. New cstate: current_term: 1 leader_uuid: "f4f74ae3140747988f16ef9f99420f51" committed_config { opid_index: 2 OBSOLETE_local: false peers { permanent_uuid: "f4f74ae3140747988f16ef9f99420f51" member_type: VOTER last_known_addr { host: "127.16.19.1" port: 34447 } } peers { permanent_uuid: "86d201cf9e404d3d92dbd837d7ae294d" member_type: VOTER last_known_addr { host: "127.16.19.2" port: 43519 } } peers { permanent_uuid: "d4ceb392a60b440cb9928e180dd8e982" member_type: VOTER last_known_addr { host: "127.16.19.3" port: 37269 } attrs { replace: true } } peers { permanent_uuid: "c76a2f3c5e8c44d6affd1115d19371c8" member_type: NON_VOTER last_known_addr { host: "127.16.19.4" port: 45775 } attrs { promote: true } } }
I20260713 09:06:13.405441 17702 consensus_queue.cc:237] T 06882efe022248d9b5b1a8eb6ff2feda P d4ceb392a60b440cb9928e180dd8e982 [LEADER]: Queue going to LEADER mode. State: All replicated index: 0, Majority replicated index: 1, Committed index: 1, Last appended: 1.1, Last appended by leader: 0, Current term: 1, Majority size: 2, State: 0, Mode: LEADER, active raft config: opid_index: 2 OBSOLETE_local: false peers { permanent_uuid: "f4f74ae3140747988f16ef9f99420f51" member_type: VOTER last_known_addr { host: "127.16.19.1" port: 34447 } } peers { permanent_uuid: "86d201cf9e404d3d92dbd837d7ae294d" member_type: VOTER last_known_addr { host: "127.16.19.2" port: 43519 } attrs { replace: true } } peers { permanent_uuid: "d4ceb392a60b440cb9928e180dd8e982" member_type: VOTER last_known_addr { host: "127.16.19.3" port: 37269 } } peers { permanent_uuid: "c76a2f3c5e8c44d6affd1115d19371c8" member_type: NON_VOTER last_known_addr { host: "127.16.19.4" port: 45775 } attrs { promote: true } }
W20260713 09:06:13.413053 17672 consensus_peers.cc:597] T 06882efe022248d9b5b1a8eb6ff2feda P d4ceb392a60b440cb9928e180dd8e982 -> Peer c76a2f3c5e8c44d6affd1115d19371c8 (127.16.19.4:45775): Couldn't send request to peer c76a2f3c5e8c44d6affd1115d19371c8. Error code: TABLET_NOT_FOUND (6). Status: Not found: Tablet not found: 06882efe022248d9b5b1a8eb6ff2feda. This is attempt 1: this message will repeat every 5th retry.
I20260713 09:06:13.415040 17558 raft_consensus.cc:1275] T 06882efe022248d9b5b1a8eb6ff2feda P f4f74ae3140747988f16ef9f99420f51 [term 1 FOLLOWER]: Refusing update from remote peer d4ceb392a60b440cb9928e180dd8e982: Log matching property violated. Preceding OpId in replica: term: 1 index: 1. Preceding OpId from leader: term: 1 index: 2. (index mismatch)
I20260713 09:06:13.416464 18213 consensus_queue.cc:1048] T 06882efe022248d9b5b1a8eb6ff2feda P d4ceb392a60b440cb9928e180dd8e982 [LEADER]: Connected to new peer: Peer: permanent_uuid: "f4f74ae3140747988f16ef9f99420f51" member_type: VOTER last_known_addr { host: "127.16.19.1" port: 34447 }, Status: LMP_MISMATCH, Last received: 0.0, Next index: 2, Last known committed idx: 1, Time since last communication: 0.000s
I20260713 09:06:13.416896 17633 raft_consensus.cc:1275] T 06882efe022248d9b5b1a8eb6ff2feda P 86d201cf9e404d3d92dbd837d7ae294d [term 1 FOLLOWER]: Refusing update from remote peer d4ceb392a60b440cb9928e180dd8e982: Log matching property violated. Preceding OpId in replica: term: 1 index: 1. Preceding OpId from leader: term: 1 index: 2. (index mismatch)
I20260713 09:06:13.418633 18213 consensus_queue.cc:1048] T 06882efe022248d9b5b1a8eb6ff2feda P d4ceb392a60b440cb9928e180dd8e982 [LEADER]: Connected to new peer: Peer: permanent_uuid: "86d201cf9e404d3d92dbd837d7ae294d" member_type: VOTER last_known_addr { host: "127.16.19.2" port: 43519 } attrs { replace: true }, Status: LMP_MISMATCH, Last received: 0.0, Next index: 2, Last known committed idx: 1, Time since last communication: 0.000s
I20260713 09:06:13.430644 18233 raft_consensus.cc:2955] T 06882efe022248d9b5b1a8eb6ff2feda P d4ceb392a60b440cb9928e180dd8e982 [term 1 LEADER]: Committing config change with OpId 1.2: config changed from index -1 to 2, NON_VOTER c76a2f3c5e8c44d6affd1115d19371c8 (127.16.19.4) added. New config: { opid_index: 2 OBSOLETE_local: false peers { permanent_uuid: "f4f74ae3140747988f16ef9f99420f51" member_type: VOTER last_known_addr { host: "127.16.19.1" port: 34447 } } peers { permanent_uuid: "86d201cf9e404d3d92dbd837d7ae294d" member_type: VOTER last_known_addr { host: "127.16.19.2" port: 43519 } attrs { replace: true } } peers { permanent_uuid: "d4ceb392a60b440cb9928e180dd8e982" member_type: VOTER last_known_addr { host: "127.16.19.3" port: 37269 } } peers { permanent_uuid: "c76a2f3c5e8c44d6affd1115d19371c8" member_type: NON_VOTER last_known_addr { host: "127.16.19.4" port: 45775 } attrs { promote: true } } }
I20260713 09:06:13.436069 17633 raft_consensus.cc:2955] T 06882efe022248d9b5b1a8eb6ff2feda P 86d201cf9e404d3d92dbd837d7ae294d [term 1 FOLLOWER]: Committing config change with OpId 1.2: config changed from index -1 to 2, NON_VOTER c76a2f3c5e8c44d6affd1115d19371c8 (127.16.19.4) added. New config: { opid_index: 2 OBSOLETE_local: false peers { permanent_uuid: "f4f74ae3140747988f16ef9f99420f51" member_type: VOTER last_known_addr { host: "127.16.19.1" port: 34447 } } peers { permanent_uuid: "86d201cf9e404d3d92dbd837d7ae294d" member_type: VOTER last_known_addr { host: "127.16.19.2" port: 43519 } attrs { replace: true } } peers { permanent_uuid: "d4ceb392a60b440cb9928e180dd8e982" member_type: VOTER last_known_addr { host: "127.16.19.3" port: 37269 } } peers { permanent_uuid: "c76a2f3c5e8c44d6affd1115d19371c8" member_type: NON_VOTER last_known_addr { host: "127.16.19.4" port: 45775 } attrs { promote: true } } }
I20260713 09:06:13.436069 17558 raft_consensus.cc:2955] T 06882efe022248d9b5b1a8eb6ff2feda P f4f74ae3140747988f16ef9f99420f51 [term 1 FOLLOWER]: Committing config change with OpId 1.2: config changed from index -1 to 2, NON_VOTER c76a2f3c5e8c44d6affd1115d19371c8 (127.16.19.4) added. New config: { opid_index: 2 OBSOLETE_local: false peers { permanent_uuid: "f4f74ae3140747988f16ef9f99420f51" member_type: VOTER last_known_addr { host: "127.16.19.1" port: 34447 } } peers { permanent_uuid: "86d201cf9e404d3d92dbd837d7ae294d" member_type: VOTER last_known_addr { host: "127.16.19.2" port: 43519 } attrs { replace: true } } peers { permanent_uuid: "d4ceb392a60b440cb9928e180dd8e982" member_type: VOTER last_known_addr { host: "127.16.19.3" port: 37269 } } peers { permanent_uuid: "c76a2f3c5e8c44d6affd1115d19371c8" member_type: NON_VOTER last_known_addr { host: "127.16.19.4" port: 45775 } attrs { promote: true } } }
I20260713 09:06:13.443805 17455 catalog_manager.cc:5697] T 06882efe022248d9b5b1a8eb6ff2feda P d4ceb392a60b440cb9928e180dd8e982 reported cstate change: config changed from index -1 to 2, NON_VOTER c76a2f3c5e8c44d6affd1115d19371c8 (127.16.19.4) added. New cstate: current_term: 1 leader_uuid: "d4ceb392a60b440cb9928e180dd8e982" committed_config { opid_index: 2 OBSOLETE_local: false peers { permanent_uuid: "f4f74ae3140747988f16ef9f99420f51" member_type: VOTER last_known_addr { host: "127.16.19.1" port: 34447 } health_report { overall_health: HEALTHY } } peers { permanent_uuid: "86d201cf9e404d3d92dbd837d7ae294d" member_type: VOTER last_known_addr { host: "127.16.19.2" port: 43519 } attrs { replace: true } health_report { overall_health: HEALTHY } } peers { permanent_uuid: "d4ceb392a60b440cb9928e180dd8e982" member_type: VOTER last_known_addr { host: "127.16.19.3" port: 37269 } health_report { overall_health: HEALTHY } } peers { permanent_uuid: "c76a2f3c5e8c44d6affd1115d19371c8" member_type: NON_VOTER last_known_addr { host: "127.16.19.4" port: 45775 } attrs { promote: true } health_report { overall_health: UNKNOWN } } }
I20260713 09:06:13.443809 17557 consensus_queue.cc:237] T 45af89ed1ffe4a78b579031c1799fa50 P f4f74ae3140747988f16ef9f99420f51 [LEADER]: Queue going to LEADER mode. State: All replicated index: 0, Majority replicated index: 1, Committed index: 1, Last appended: 1.1, Last appended by leader: 0, Current term: 1, Majority size: 2, State: 0, Mode: LEADER, active raft config: opid_index: 2 OBSOLETE_local: false peers { permanent_uuid: "d4ceb392a60b440cb9928e180dd8e982" member_type: VOTER last_known_addr { host: "127.16.19.3" port: 37269 } } peers { permanent_uuid: "86d201cf9e404d3d92dbd837d7ae294d" member_type: VOTER last_known_addr { host: "127.16.19.2" port: 43519 } attrs { replace: true } } peers { permanent_uuid: "f4f74ae3140747988f16ef9f99420f51" member_type: VOTER last_known_addr { host: "127.16.19.1" port: 34447 } } peers { permanent_uuid: "c76a2f3c5e8c44d6affd1115d19371c8" member_type: NON_VOTER last_known_addr { host: "127.16.19.4" port: 45775 } attrs { promote: true } }
W20260713 09:06:13.452419 17523 consensus_peers.cc:597] T 45af89ed1ffe4a78b579031c1799fa50 P f4f74ae3140747988f16ef9f99420f51 -> Peer c76a2f3c5e8c44d6affd1115d19371c8 (127.16.19.4:45775): Couldn't send request to peer c76a2f3c5e8c44d6affd1115d19371c8. Error code: TABLET_NOT_FOUND (6). Status: Not found: Tablet not found: 45af89ed1ffe4a78b579031c1799fa50. This is attempt 1: this message will repeat every 5th retry.
I20260713 09:06:13.453739 17702 raft_consensus.cc:1275] T 45af89ed1ffe4a78b579031c1799fa50 P d4ceb392a60b440cb9928e180dd8e982 [term 1 FOLLOWER]: Refusing update from remote peer f4f74ae3140747988f16ef9f99420f51: Log matching property violated. Preceding OpId in replica: term: 1 index: 1. Preceding OpId from leader: term: 1 index: 2. (index mismatch)
I20260713 09:06:13.454018 17633 raft_consensus.cc:1275] T 45af89ed1ffe4a78b579031c1799fa50 P 86d201cf9e404d3d92dbd837d7ae294d [term 1 FOLLOWER]: Refusing update from remote peer f4f74ae3140747988f16ef9f99420f51: Log matching property violated. Preceding OpId in replica: term: 1 index: 1. Preceding OpId from leader: term: 1 index: 2. (index mismatch)
I20260713 09:06:13.455083 18206 consensus_queue.cc:1048] T 45af89ed1ffe4a78b579031c1799fa50 P f4f74ae3140747988f16ef9f99420f51 [LEADER]: Connected to new peer: Peer: permanent_uuid: "d4ceb392a60b440cb9928e180dd8e982" member_type: VOTER last_known_addr { host: "127.16.19.3" port: 37269 }, Status: LMP_MISMATCH, Last received: 0.0, Next index: 2, Last known committed idx: 1, Time since last communication: 0.001s
I20260713 09:06:13.456315 18218 consensus_queue.cc:1048] T 45af89ed1ffe4a78b579031c1799fa50 P f4f74ae3140747988f16ef9f99420f51 [LEADER]: Connected to new peer: Peer: permanent_uuid: "86d201cf9e404d3d92dbd837d7ae294d" member_type: VOTER last_known_addr { host: "127.16.19.2" port: 43519 } attrs { replace: true }, Status: LMP_MISMATCH, Last received: 0.0, Next index: 2, Last known committed idx: 1, Time since last communication: 0.000s
I20260713 09:06:13.468127 18231 raft_consensus.cc:2955] T 45af89ed1ffe4a78b579031c1799fa50 P f4f74ae3140747988f16ef9f99420f51 [term 1 LEADER]: Committing config change with OpId 1.2: config changed from index -1 to 2, NON_VOTER c76a2f3c5e8c44d6affd1115d19371c8 (127.16.19.4) added. New config: { opid_index: 2 OBSOLETE_local: false peers { permanent_uuid: "d4ceb392a60b440cb9928e180dd8e982" member_type: VOTER last_known_addr { host: "127.16.19.3" port: 37269 } } peers { permanent_uuid: "86d201cf9e404d3d92dbd837d7ae294d" member_type: VOTER last_known_addr { host: "127.16.19.2" port: 43519 } attrs { replace: true } } peers { permanent_uuid: "f4f74ae3140747988f16ef9f99420f51" member_type: VOTER last_known_addr { host: "127.16.19.1" port: 34447 } } peers { permanent_uuid: "c76a2f3c5e8c44d6affd1115d19371c8" member_type: NON_VOTER last_known_addr { host: "127.16.19.4" port: 45775 } attrs { promote: true } } }
I20260713 09:06:13.469504 17704 raft_consensus.cc:2955] T 45af89ed1ffe4a78b579031c1799fa50 P d4ceb392a60b440cb9928e180dd8e982 [term 1 FOLLOWER]: Committing config change with OpId 1.2: config changed from index -1 to 2, NON_VOTER c76a2f3c5e8c44d6affd1115d19371c8 (127.16.19.4) added. New config: { opid_index: 2 OBSOLETE_local: false peers { permanent_uuid: "d4ceb392a60b440cb9928e180dd8e982" member_type: VOTER last_known_addr { host: "127.16.19.3" port: 37269 } } peers { permanent_uuid: "86d201cf9e404d3d92dbd837d7ae294d" member_type: VOTER last_known_addr { host: "127.16.19.2" port: 43519 } attrs { replace: true } } peers { permanent_uuid: "f4f74ae3140747988f16ef9f99420f51" member_type: VOTER last_known_addr { host: "127.16.19.1" port: 34447 } } peers { permanent_uuid: "c76a2f3c5e8c44d6affd1115d19371c8" member_type: NON_VOTER last_known_addr { host: "127.16.19.4" port: 45775 } attrs { promote: true } } }
I20260713 09:06:13.471021 17633 raft_consensus.cc:2955] T 45af89ed1ffe4a78b579031c1799fa50 P 86d201cf9e404d3d92dbd837d7ae294d [term 1 FOLLOWER]: Committing config change with OpId 1.2: config changed from index -1 to 2, NON_VOTER c76a2f3c5e8c44d6affd1115d19371c8 (127.16.19.4) added. New config: { opid_index: 2 OBSOLETE_local: false peers { permanent_uuid: "d4ceb392a60b440cb9928e180dd8e982" member_type: VOTER last_known_addr { host: "127.16.19.3" port: 37269 } } peers { permanent_uuid: "86d201cf9e404d3d92dbd837d7ae294d" member_type: VOTER last_known_addr { host: "127.16.19.2" port: 43519 } attrs { replace: true } } peers { permanent_uuid: "f4f74ae3140747988f16ef9f99420f51" member_type: VOTER last_known_addr { host: "127.16.19.1" port: 34447 } } peers { permanent_uuid: "c76a2f3c5e8c44d6affd1115d19371c8" member_type: NON_VOTER last_known_addr { host: "127.16.19.4" port: 45775 } attrs { promote: true } } }
I20260713 09:06:13.484920 17454 catalog_manager.cc:5697] T 45af89ed1ffe4a78b579031c1799fa50 P 86d201cf9e404d3d92dbd837d7ae294d reported cstate change: config changed from index -1 to 2, NON_VOTER c76a2f3c5e8c44d6affd1115d19371c8 (127.16.19.4) added. New cstate: current_term: 1 leader_uuid: "f4f74ae3140747988f16ef9f99420f51" committed_config { opid_index: 2 OBSOLETE_local: false peers { permanent_uuid: "d4ceb392a60b440cb9928e180dd8e982" member_type: VOTER last_known_addr { host: "127.16.19.3" port: 37269 } } peers { permanent_uuid: "86d201cf9e404d3d92dbd837d7ae294d" member_type: VOTER last_known_addr { host: "127.16.19.2" port: 43519 } attrs { replace: true } } peers { permanent_uuid: "f4f74ae3140747988f16ef9f99420f51" member_type: VOTER last_known_addr { host: "127.16.19.1" port: 34447 } } peers { permanent_uuid: "c76a2f3c5e8c44d6affd1115d19371c8" member_type: NON_VOTER last_known_addr { host: "127.16.19.4" port: 45775 } attrs { promote: true } } }
I20260713 09:06:13.805296 18240 ts_tablet_manager.cc:933] T 06882efe022248d9b5b1a8eb6ff2feda P c76a2f3c5e8c44d6affd1115d19371c8: Initiating tablet copy from peer d4ceb392a60b440cb9928e180dd8e982 (127.16.19.3:37269)
I20260713 09:06:13.807920 18240 tablet_copy_client.cc:323] T 06882efe022248d9b5b1a8eb6ff2feda P c76a2f3c5e8c44d6affd1115d19371c8: tablet copy: Beginning tablet copy session from remote peer at address 127.16.19.3:37269
I20260713 09:06:13.809614 17717 tablet_copy_service.cc:140] P d4ceb392a60b440cb9928e180dd8e982: Received BeginTabletCopySession request for tablet 06882efe022248d9b5b1a8eb6ff2feda from peer c76a2f3c5e8c44d6affd1115d19371c8 ({username='slave'} at 127.0.0.1:55778)
I20260713 09:06:13.810133 17717 tablet_copy_service.cc:161] P d4ceb392a60b440cb9928e180dd8e982: Beginning new tablet copy session on tablet 06882efe022248d9b5b1a8eb6ff2feda from peer c76a2f3c5e8c44d6affd1115d19371c8 at {username='slave'} at 127.0.0.1:55778: session id = c76a2f3c5e8c44d6affd1115d19371c8-06882efe022248d9b5b1a8eb6ff2feda
I20260713 09:06:13.816558 17717 tablet_copy_source_session.cc:215] T 06882efe022248d9b5b1a8eb6ff2feda P d4ceb392a60b440cb9928e180dd8e982: Tablet Copy: opened 0 blocks and 1 log segments
I20260713 09:06:13.819445 18240 data_dirs.cc:400] Could only allocate 1 dirs of requested 3 for tablet 06882efe022248d9b5b1a8eb6ff2feda. 1 dirs total, 0 dirs full, 0 dirs failed
I20260713 09:06:13.830260 18242 ts_tablet_manager.cc:933] T 609716c78b04494b9df9d969cf07a96f P c76a2f3c5e8c44d6affd1115d19371c8: Initiating tablet copy from peer 86d201cf9e404d3d92dbd837d7ae294d (127.16.19.2:43519)
I20260713 09:06:13.830904 18240 tablet_copy_client.cc:806] T 06882efe022248d9b5b1a8eb6ff2feda P c76a2f3c5e8c44d6affd1115d19371c8: tablet copy: Starting download of 0 data blocks...
I20260713 09:06:13.831483 18240 tablet_copy_client.cc:670] T 06882efe022248d9b5b1a8eb6ff2feda P c76a2f3c5e8c44d6affd1115d19371c8: tablet copy: Starting download of 1 WAL segments...
I20260713 09:06:13.832240 18242 tablet_copy_client.cc:323] T 609716c78b04494b9df9d969cf07a96f P c76a2f3c5e8c44d6affd1115d19371c8: tablet copy: Beginning tablet copy session from remote peer at address 127.16.19.2:43519
I20260713 09:06:13.833854 17643 tablet_copy_service.cc:140] P 86d201cf9e404d3d92dbd837d7ae294d: Received BeginTabletCopySession request for tablet 609716c78b04494b9df9d969cf07a96f from peer c76a2f3c5e8c44d6affd1115d19371c8 ({username='slave'} at 127.0.0.1:54496)
I20260713 09:06:13.834349 17643 tablet_copy_service.cc:161] P 86d201cf9e404d3d92dbd837d7ae294d: Beginning new tablet copy session on tablet 609716c78b04494b9df9d969cf07a96f from peer c76a2f3c5e8c44d6affd1115d19371c8 at {username='slave'} at 127.0.0.1:54496: session id = c76a2f3c5e8c44d6affd1115d19371c8-609716c78b04494b9df9d969cf07a96f
I20260713 09:06:13.835152 18240 tablet_copy_client.cc:538] T 06882efe022248d9b5b1a8eb6ff2feda P c76a2f3c5e8c44d6affd1115d19371c8: tablet copy: Tablet Copy complete. Replacing tablet superblock.
I20260713 09:06:13.841310 17643 tablet_copy_source_session.cc:215] T 609716c78b04494b9df9d969cf07a96f P 86d201cf9e404d3d92dbd837d7ae294d: Tablet Copy: opened 0 blocks and 1 log segments
I20260713 09:06:13.843420 18240 tablet_bootstrap.cc:492] T 06882efe022248d9b5b1a8eb6ff2feda P c76a2f3c5e8c44d6affd1115d19371c8: Bootstrap starting.
I20260713 09:06:13.844348 18242 data_dirs.cc:400] Could only allocate 1 dirs of requested 3 for tablet 609716c78b04494b9df9d969cf07a96f. 1 dirs total, 0 dirs full, 0 dirs failed
I20260713 09:06:13.859391 18242 tablet_copy_client.cc:806] T 609716c78b04494b9df9d969cf07a96f P c76a2f3c5e8c44d6affd1115d19371c8: tablet copy: Starting download of 0 data blocks...
I20260713 09:06:13.859920 18242 tablet_copy_client.cc:670] T 609716c78b04494b9df9d969cf07a96f P c76a2f3c5e8c44d6affd1115d19371c8: tablet copy: Starting download of 1 WAL segments...
I20260713 09:06:13.860296 18240 tablet_bootstrap.cc:492] T 06882efe022248d9b5b1a8eb6ff2feda P c76a2f3c5e8c44d6affd1115d19371c8: Bootstrap replayed 1/1 log segments. Stats: ops{read=2 overwritten=0 applied=2 ignored=0} inserts{seen=0 ignored=0} mutations{seen=0 ignored=0} orphaned_commits=0. Pending: 0 replicates
I20260713 09:06:13.861164 18240 tablet_bootstrap.cc:492] T 06882efe022248d9b5b1a8eb6ff2feda P c76a2f3c5e8c44d6affd1115d19371c8: Bootstrap complete.
I20260713 09:06:13.861917 18240 ts_tablet_manager.cc:1403] T 06882efe022248d9b5b1a8eb6ff2feda P c76a2f3c5e8c44d6affd1115d19371c8: Time spent bootstrapping tablet: real 0.019s	user 0.015s	sys 0.004s
I20260713 09:06:13.864737 18240 raft_consensus.cc:359] T 06882efe022248d9b5b1a8eb6ff2feda P c76a2f3c5e8c44d6affd1115d19371c8 [term 1 LEARNER]: Replica starting. Triggering 0 pending ops. Active config: opid_index: 2 OBSOLETE_local: false peers { permanent_uuid: "f4f74ae3140747988f16ef9f99420f51" member_type: VOTER last_known_addr { host: "127.16.19.1" port: 34447 } } peers { permanent_uuid: "86d201cf9e404d3d92dbd837d7ae294d" member_type: VOTER last_known_addr { host: "127.16.19.2" port: 43519 } attrs { replace: true } } peers { permanent_uuid: "d4ceb392a60b440cb9928e180dd8e982" member_type: VOTER last_known_addr { host: "127.16.19.3" port: 37269 } } peers { permanent_uuid: "c76a2f3c5e8c44d6affd1115d19371c8" member_type: NON_VOTER last_known_addr { host: "127.16.19.4" port: 45775 } attrs { promote: true } }
I20260713 09:06:13.865530 18240 raft_consensus.cc:740] T 06882efe022248d9b5b1a8eb6ff2feda P c76a2f3c5e8c44d6affd1115d19371c8 [term 1 LEARNER]: Becoming Follower/Learner. State: Replica: c76a2f3c5e8c44d6affd1115d19371c8, State: Initialized, Role: LEARNER
I20260713 09:06:13.866159 18240 consensus_queue.cc:260] T 06882efe022248d9b5b1a8eb6ff2feda P c76a2f3c5e8c44d6affd1115d19371c8 [NON_LEADER]: Queue going to NON_LEADER mode. State: All replicated index: 0, Majority replicated index: 0, Committed index: 2, Last appended: 1.2, Last appended by leader: 2, Current term: 0, Majority size: -1, State: 0, Mode: NON_LEADER, active raft config: opid_index: 2 OBSOLETE_local: false peers { permanent_uuid: "f4f74ae3140747988f16ef9f99420f51" member_type: VOTER last_known_addr { host: "127.16.19.1" port: 34447 } } peers { permanent_uuid: "86d201cf9e404d3d92dbd837d7ae294d" member_type: VOTER last_known_addr { host: "127.16.19.2" port: 43519 } attrs { replace: true } } peers { permanent_uuid: "d4ceb392a60b440cb9928e180dd8e982" member_type: VOTER last_known_addr { host: "127.16.19.3" port: 37269 } } peers { permanent_uuid: "c76a2f3c5e8c44d6affd1115d19371c8" member_type: NON_VOTER last_known_addr { host: "127.16.19.4" port: 45775 } attrs { promote: true } }
I20260713 09:06:13.869494 18242 tablet_copy_client.cc:538] T 609716c78b04494b9df9d969cf07a96f P c76a2f3c5e8c44d6affd1115d19371c8: tablet copy: Tablet Copy complete. Replacing tablet superblock.
I20260713 09:06:13.875946 18240 ts_tablet_manager.cc:1434] T 06882efe022248d9b5b1a8eb6ff2feda P c76a2f3c5e8c44d6affd1115d19371c8: Time spent starting tablet: real 0.014s	user 0.007s	sys 0.005s
I20260713 09:06:13.878058 17717 tablet_copy_service.cc:342] P d4ceb392a60b440cb9928e180dd8e982: Request end of tablet copy session c76a2f3c5e8c44d6affd1115d19371c8-06882efe022248d9b5b1a8eb6ff2feda received from {username='slave'} at 127.0.0.1:55778
I20260713 09:06:13.878325 18242 tablet_bootstrap.cc:492] T 609716c78b04494b9df9d969cf07a96f P c76a2f3c5e8c44d6affd1115d19371c8: Bootstrap starting.
I20260713 09:06:13.878440 17717 tablet_copy_service.cc:434] P d4ceb392a60b440cb9928e180dd8e982: ending tablet copy session c76a2f3c5e8c44d6affd1115d19371c8-06882efe022248d9b5b1a8eb6ff2feda on tablet 06882efe022248d9b5b1a8eb6ff2feda with peer c76a2f3c5e8c44d6affd1115d19371c8
I20260713 09:06:13.898469 18242 tablet_bootstrap.cc:492] T 609716c78b04494b9df9d969cf07a96f P c76a2f3c5e8c44d6affd1115d19371c8: Bootstrap replayed 1/1 log segments. Stats: ops{read=2 overwritten=0 applied=2 ignored=0} inserts{seen=0 ignored=0} mutations{seen=0 ignored=0} orphaned_commits=0. Pending: 0 replicates
I20260713 09:06:13.899322 18242 tablet_bootstrap.cc:492] T 609716c78b04494b9df9d969cf07a96f P c76a2f3c5e8c44d6affd1115d19371c8: Bootstrap complete.
I20260713 09:06:13.899959 18242 ts_tablet_manager.cc:1403] T 609716c78b04494b9df9d969cf07a96f P c76a2f3c5e8c44d6affd1115d19371c8: Time spent bootstrapping tablet: real 0.022s	user 0.010s	sys 0.009s
I20260713 09:06:13.902710 18242 raft_consensus.cc:359] T 609716c78b04494b9df9d969cf07a96f P c76a2f3c5e8c44d6affd1115d19371c8 [term 1 LEARNER]: Replica starting. Triggering 0 pending ops. Active config: opid_index: 2 OBSOLETE_local: false peers { permanent_uuid: "f4f74ae3140747988f16ef9f99420f51" member_type: VOTER last_known_addr { host: "127.16.19.1" port: 34447 } attrs { replace: true } } peers { permanent_uuid: "86d201cf9e404d3d92dbd837d7ae294d" member_type: VOTER last_known_addr { host: "127.16.19.2" port: 43519 } } peers { permanent_uuid: "d4ceb392a60b440cb9928e180dd8e982" member_type: VOTER last_known_addr { host: "127.16.19.3" port: 37269 } } peers { permanent_uuid: "c76a2f3c5e8c44d6affd1115d19371c8" member_type: NON_VOTER last_known_addr { host: "127.16.19.4" port: 45775 } attrs { promote: true } }
I20260713 09:06:13.903501 18242 raft_consensus.cc:740] T 609716c78b04494b9df9d969cf07a96f P c76a2f3c5e8c44d6affd1115d19371c8 [term 1 LEARNER]: Becoming Follower/Learner. State: Replica: c76a2f3c5e8c44d6affd1115d19371c8, State: Initialized, Role: LEARNER
I20260713 09:06:13.904072 18242 consensus_queue.cc:260] T 609716c78b04494b9df9d969cf07a96f P c76a2f3c5e8c44d6affd1115d19371c8 [NON_LEADER]: Queue going to NON_LEADER mode. State: All replicated index: 0, Majority replicated index: 0, Committed index: 2, Last appended: 1.2, Last appended by leader: 2, Current term: 0, Majority size: -1, State: 0, Mode: NON_LEADER, active raft config: opid_index: 2 OBSOLETE_local: false peers { permanent_uuid: "f4f74ae3140747988f16ef9f99420f51" member_type: VOTER last_known_addr { host: "127.16.19.1" port: 34447 } attrs { replace: true } } peers { permanent_uuid: "86d201cf9e404d3d92dbd837d7ae294d" member_type: VOTER last_known_addr { host: "127.16.19.2" port: 43519 } } peers { permanent_uuid: "d4ceb392a60b440cb9928e180dd8e982" member_type: VOTER last_known_addr { host: "127.16.19.3" port: 37269 } } peers { permanent_uuid: "c76a2f3c5e8c44d6affd1115d19371c8" member_type: NON_VOTER last_known_addr { host: "127.16.19.4" port: 45775 } attrs { promote: true } }
I20260713 09:06:13.904760 18240 ts_tablet_manager.cc:933] T 45af89ed1ffe4a78b579031c1799fa50 P c76a2f3c5e8c44d6affd1115d19371c8: Initiating tablet copy from peer f4f74ae3140747988f16ef9f99420f51 (127.16.19.1:34447)
I20260713 09:06:13.906471 18242 ts_tablet_manager.cc:1434] T 609716c78b04494b9df9d969cf07a96f P c76a2f3c5e8c44d6affd1115d19371c8: Time spent starting tablet: real 0.006s	user 0.004s	sys 0.005s
I20260713 09:06:13.908059 17643 tablet_copy_service.cc:342] P 86d201cf9e404d3d92dbd837d7ae294d: Request end of tablet copy session c76a2f3c5e8c44d6affd1115d19371c8-609716c78b04494b9df9d969cf07a96f received from {username='slave'} at 127.0.0.1:54496
I20260713 09:06:13.908448 17643 tablet_copy_service.cc:434] P 86d201cf9e404d3d92dbd837d7ae294d: ending tablet copy session c76a2f3c5e8c44d6affd1115d19371c8-609716c78b04494b9df9d969cf07a96f on tablet 609716c78b04494b9df9d969cf07a96f with peer c76a2f3c5e8c44d6affd1115d19371c8
I20260713 09:06:13.912243 18240 tablet_copy_client.cc:323] T 45af89ed1ffe4a78b579031c1799fa50 P c76a2f3c5e8c44d6affd1115d19371c8: tablet copy: Beginning tablet copy session from remote peer at address 127.16.19.1:34447
I20260713 09:06:13.913616 17568 tablet_copy_service.cc:140] P f4f74ae3140747988f16ef9f99420f51: Received BeginTabletCopySession request for tablet 45af89ed1ffe4a78b579031c1799fa50 from peer c76a2f3c5e8c44d6affd1115d19371c8 ({username='slave'} at 127.0.0.1:35208)
I20260713 09:06:13.914125 17568 tablet_copy_service.cc:161] P f4f74ae3140747988f16ef9f99420f51: Beginning new tablet copy session on tablet 45af89ed1ffe4a78b579031c1799fa50 from peer c76a2f3c5e8c44d6affd1115d19371c8 at {username='slave'} at 127.0.0.1:35208: session id = c76a2f3c5e8c44d6affd1115d19371c8-45af89ed1ffe4a78b579031c1799fa50
I20260713 09:06:13.923240 17568 tablet_copy_source_session.cc:215] T 45af89ed1ffe4a78b579031c1799fa50 P f4f74ae3140747988f16ef9f99420f51: Tablet Copy: opened 0 blocks and 1 log segments
I20260713 09:06:13.925707 18240 data_dirs.cc:400] Could only allocate 1 dirs of requested 3 for tablet 45af89ed1ffe4a78b579031c1799fa50. 1 dirs total, 0 dirs full, 0 dirs failed
I20260713 09:06:13.939860 18240 tablet_copy_client.cc:806] T 45af89ed1ffe4a78b579031c1799fa50 P c76a2f3c5e8c44d6affd1115d19371c8: tablet copy: Starting download of 0 data blocks...
I20260713 09:06:13.940430 18240 tablet_copy_client.cc:670] T 45af89ed1ffe4a78b579031c1799fa50 P c76a2f3c5e8c44d6affd1115d19371c8: tablet copy: Starting download of 1 WAL segments...
