[==========] Running 8 tests from 2 test suites.
[----------] Global test environment set-up.
[----------] 6 tests from LeaderRebalancerTest
[ RUN      ] LeaderRebalancerTest.FunctionalTestForDivided
WARNING: Logging before InitGoogleLogging() is written to STDERR
I20260713 08:59:29.920473   431 internal_mini_cluster.cc:156] Creating distributed mini masters. Addrs: 127.0.107.254:35283
I20260713 08:59:29.922147   431 env_posix.cc:2285] Not raising this process' open files per process limit of 1048576; it is already as high as it can go
I20260713 08:59:29.923292   431 file_cache.cc:504] Constructed file cache file cache with capacity 419430
W20260713 08:59:29.942520   437 instance_detector.cc:116] could not retrieve AWS instance metadata: Network error: curl error: HTTP response code said error: The requested URL returned error: 404
W20260713 08:59:29.943199   440 instance_detector.cc:116] could not retrieve OpenStack instance metadata: Network error: curl error: HTTP response code said error: The requested URL returned error: 404
W20260713 08:59:29.943764   438 instance_detector.cc:116] could not retrieve Azure instance metadata: Network error: curl error: HTTP response code said error: The requested URL returned error: 404
W20260713 08:59:31.194522   439 instance_detector.cc:116] could not retrieve GCE instance metadata: Timed out: curl timeout: Timeout was reached: Connection time-out
I20260713 08:59:31.194643   431 server_base.cc:1056] Not found: could not retrieve instance metadata: unable to detect cloud type of this node, probably running in non-cloud environment
I20260713 08:59:31.198375   431 hybrid_clock.cc:584] initializing the hybrid clock with 'system_unsync' time source
W20260713 08:59:31.198621   431 system_unsync_time.cc:38] NTP support is disabled. Clock error bounds will not be accurate. This configuration is not suitable for distributed clusters.
I20260713 08:59:31.198776   431 hybrid_clock.cc:648] HybridClock initialized: now 1783933171198759 us; error 0 us; skew 500 ppm
I20260713 08:59:31.199558   431 server_base.cc:861] Flag tcmalloc_max_total_thread_cache_bytes is not working since tcmalloc is not enabled.
I20260713 08:59:31.204988   431 webserver.cc:533] Webserver started at http://127.0.107.254:43679/ using document root <none> and password file <none>
I20260713 08:59:31.205933   431 fs_manager.cc:362] Metadata directory not provided
I20260713 08:59:31.206136   431 fs_manager.cc:368] Using write-ahead log directory (fs_wal_dir) as metadata directory
I20260713 08:59:31.206566   431 server_base.cc:909] This appears to be a new deployment of Kudu; creating new FS layout
I20260713 08:59:31.212432   431 fs_manager.cc:1068] Generated new instance metadata in path /tmp/dist-test-taskNiBrAL/test-tmp/auto_leader_rebalancer-test.0.LeaderRebalancerTest.FunctionalTestForDivided.1783933169750967-431-0/minicluster-data/master-0-root/instance:
uuid: "8bc9992be5374529849843ef7bad2a37"
format_stamp: "Formatted at 2026-07-13 08:59:31 on dist-test-slave-7hhx"
I20260713 08:59:31.220818   431 fs_manager.cc:696] Time spent creating directory manager: real 0.008s	user 0.009s	sys 0.001s
I20260713 08:59:31.226256   446 log_block_manager.cc:4127] Time spent loading block containers with low live blocks: real 0.000s	user 0.000s	sys 0.000s
I20260713 08:59:31.227475   431 fs_manager.cc:730] Time spent opening block manager: real 0.004s	user 0.002s	sys 0.002s
I20260713 08:59:31.227885   431 fs_manager.cc:647] Opened local filesystem: /tmp/dist-test-taskNiBrAL/test-tmp/auto_leader_rebalancer-test.0.LeaderRebalancerTest.FunctionalTestForDivided.1783933169750967-431-0/minicluster-data/master-0-root
uuid: "8bc9992be5374529849843ef7bad2a37"
format_stamp: "Formatted at 2026-07-13 08:59:31 on dist-test-slave-7hhx"
I20260713 08:59:31.228246   431 fs_report.cc:389] FS layout report
--------------------
wal directory: /tmp/dist-test-taskNiBrAL/test-tmp/auto_leader_rebalancer-test.0.LeaderRebalancerTest.FunctionalTestForDivided.1783933169750967-431-0/minicluster-data/master-0-root
metadata directory: /tmp/dist-test-taskNiBrAL/test-tmp/auto_leader_rebalancer-test.0.LeaderRebalancerTest.FunctionalTestForDivided.1783933169750967-431-0/minicluster-data/master-0-root
1 data directories: /tmp/dist-test-taskNiBrAL/test-tmp/auto_leader_rebalancer-test.0.LeaderRebalancerTest.FunctionalTestForDivided.1783933169750967-431-0/minicluster-data/master-0-root/data
Total live blocks: 0
Total live bytes: 0
Total live bytes (after alignment): 0
Total number of LBM containers: 0 (0 full)
Did not check for missing blocks
Did not check for orphaned blocks
Total full LBM containers with extra space: 0 (0 repaired)
Total full LBM container extra space in bytes: 0 (0 repaired)
Total incomplete LBM containers: 0 (0 repaired)
Total LBM partial records: 0 (0 repaired)
Total corrupted LBM metadata records in RocksDB: 0 (0 repaired)
I20260713 08:59:31.292389   431 rpc_server.cc:225] running with OpenSSL 1.1.1  11 Sep 2018
I20260713 08:59:31.294081   431 env_posix.cc:2285] Not raising this process' running threads per effective uid limit of 18446744073709551615; it is already as high as it can go
I20260713 08:59:31.294577   431 kserver.cc:163] Server-wide thread pool size limit: 3276
I20260713 08:59:31.377070   431 rpc_server.cc:307] RPC server started. Bound to: 127.0.107.254:35283
I20260713 08:59:31.377267   497 acceptor_pool.cc:272] collecting diagnostics on the listening RPC socket 127.0.107.254:35283 every 8 connection(s)
I20260713 08:59:31.385880   498 data_dirs.cc:400] Could only allocate 1 dirs of requested 3 for tablet 00000000000000000000000000000000. 1 dirs total, 0 dirs full, 0 dirs failed
I20260713 08:59:31.411885   498 tablet_bootstrap.cc:492] T 00000000000000000000000000000000 P 8bc9992be5374529849843ef7bad2a37: Bootstrap starting.
I20260713 08:59:31.418938   498 tablet_bootstrap.cc:654] T 00000000000000000000000000000000 P 8bc9992be5374529849843ef7bad2a37: Neither blocks nor log segments found. Creating new log.
I20260713 08:59:31.420992   498 log.cc:826] T 00000000000000000000000000000000 P 8bc9992be5374529849843ef7bad2a37: Log is configured to *not* fsync() on all Append() calls
I20260713 08:59:31.426506   498 tablet_bootstrap.cc:492] T 00000000000000000000000000000000 P 8bc9992be5374529849843ef7bad2a37: No bootstrap required, opened a new log
I20260713 08:59:31.450338   498 raft_consensus.cc:359] T 00000000000000000000000000000000 P 8bc9992be5374529849843ef7bad2a37 [term 0 FOLLOWER]: Replica starting. Triggering 0 pending ops. Active config: opid_index: -1 OBSOLETE_local: true peers { permanent_uuid: "8bc9992be5374529849843ef7bad2a37" member_type: VOTER }
I20260713 08:59:31.451009   498 raft_consensus.cc:385] T 00000000000000000000000000000000 P 8bc9992be5374529849843ef7bad2a37 [term 0 FOLLOWER]: Consensus starting up: Expiring failure detector timer to make a prompt election more likely
I20260713 08:59:31.451311   498 raft_consensus.cc:740] T 00000000000000000000000000000000 P 8bc9992be5374529849843ef7bad2a37 [term 0 FOLLOWER]: Becoming Follower/Learner. State: Replica: 8bc9992be5374529849843ef7bad2a37, State: Initialized, Role: FOLLOWER
I20260713 08:59:31.452421   498 consensus_queue.cc:260] T 00000000000000000000000000000000 P 8bc9992be5374529849843ef7bad2a37 [NON_LEADER]: Queue going to NON_LEADER mode. State: All replicated index: 0, Majority replicated index: 0, Committed index: 0, Last appended: 0.0, Last appended by leader: 0, Current term: 0, Majority size: -1, State: 0, Mode: NON_LEADER, active raft config: opid_index: -1 OBSOLETE_local: true peers { permanent_uuid: "8bc9992be5374529849843ef7bad2a37" member_type: VOTER }
I20260713 08:59:31.453018   498 raft_consensus.cc:399] T 00000000000000000000000000000000 P 8bc9992be5374529849843ef7bad2a37 [term 0 FOLLOWER]: Only one voter in the Raft config. Triggering election immediately
I20260713 08:59:31.453358   498 raft_consensus.cc:493] T 00000000000000000000000000000000 P 8bc9992be5374529849843ef7bad2a37 [term 0 FOLLOWER]: Starting leader election (initial election of a single-replica configuration)
I20260713 08:59:31.453763   498 raft_consensus.cc:3060] T 00000000000000000000000000000000 P 8bc9992be5374529849843ef7bad2a37 [term 0 FOLLOWER]: Advancing to term 1
I20260713 08:59:31.458812   498 raft_consensus.cc:515] T 00000000000000000000000000000000 P 8bc9992be5374529849843ef7bad2a37 [term 1 FOLLOWER]: Starting leader election with config: opid_index: -1 OBSOLETE_local: true peers { permanent_uuid: "8bc9992be5374529849843ef7bad2a37" member_type: VOTER }
I20260713 08:59:31.459662   498 leader_election.cc:304] T 00000000000000000000000000000000 P 8bc9992be5374529849843ef7bad2a37 [CANDIDATE]: Term 1 election: Election decided. Result: candidate won. Election summary: received 1 responses out of 1 voters: 1 yes votes; 0 no votes. yes voters: 8bc9992be5374529849843ef7bad2a37; no voters: 
I20260713 08:59:31.462021   498 leader_election.cc:290] T 00000000000000000000000000000000 P 8bc9992be5374529849843ef7bad2a37 [CANDIDATE]: Term 1 election: Requested vote from peers 
I20260713 08:59:31.462296   501 raft_consensus.cc:2804] T 00000000000000000000000000000000 P 8bc9992be5374529849843ef7bad2a37 [term 1 FOLLOWER]: Leader election won for term 1
I20260713 08:59:31.465575   501 raft_consensus.cc:697] T 00000000000000000000000000000000 P 8bc9992be5374529849843ef7bad2a37 [term 1 LEADER]: Becoming Leader. State: Replica: 8bc9992be5374529849843ef7bad2a37, State: Running, Role: LEADER
I20260713 08:59:31.466740   501 consensus_queue.cc:237] T 00000000000000000000000000000000 P 8bc9992be5374529849843ef7bad2a37 [LEADER]: Queue going to LEADER mode. State: All replicated index: 0, Majority replicated index: 0, Committed index: 0, Last appended: 0.0, Last appended by leader: 0, Current term: 1, Majority size: 1, State: 0, Mode: LEADER, active raft config: opid_index: -1 OBSOLETE_local: true peers { permanent_uuid: "8bc9992be5374529849843ef7bad2a37" member_type: VOTER }
I20260713 08:59:31.468109   498 sys_catalog.cc:565] T 00000000000000000000000000000000 P 8bc9992be5374529849843ef7bad2a37 [sys.catalog]: configured and running, proceeding with master startup.
I20260713 08:59:31.480566   503 sys_catalog.cc:455] T 00000000000000000000000000000000 P 8bc9992be5374529849843ef7bad2a37 [sys.catalog]: SysCatalogTable state changed. Reason: New leader 8bc9992be5374529849843ef7bad2a37. Latest consensus state: current_term: 1 leader_uuid: "8bc9992be5374529849843ef7bad2a37" committed_config { opid_index: -1 OBSOLETE_local: true peers { permanent_uuid: "8bc9992be5374529849843ef7bad2a37" member_type: VOTER } }
I20260713 08:59:31.480412   502 sys_catalog.cc:455] T 00000000000000000000000000000000 P 8bc9992be5374529849843ef7bad2a37 [sys.catalog]: SysCatalogTable state changed. Reason: RaftConsensus started. Latest consensus state: current_term: 1 leader_uuid: "8bc9992be5374529849843ef7bad2a37" committed_config { opid_index: -1 OBSOLETE_local: true peers { permanent_uuid: "8bc9992be5374529849843ef7bad2a37" member_type: VOTER } }
I20260713 08:59:31.481546   503 sys_catalog.cc:458] T 00000000000000000000000000000000 P 8bc9992be5374529849843ef7bad2a37 [sys.catalog]: This master's current role is: LEADER
I20260713 08:59:31.481678   502 sys_catalog.cc:458] T 00000000000000000000000000000000 P 8bc9992be5374529849843ef7bad2a37 [sys.catalog]: This master's current role is: LEADER
I20260713 08:59:31.488577   510 catalog_manager.cc:1511] Loading table and tablet metadata into memory...
I20260713 08:59:31.501921   510 catalog_manager.cc:1520] Initializing Kudu cluster ID...
I20260713 08:59:31.505453   431 internal_mini_cluster.cc:184] Waiting to initialize catalog manager on master 0
I20260713 08:59:31.520577   510 catalog_manager.cc:1383] Generated new cluster ID: 07d4253b55c34106bca6861df9fa3274
I20260713 08:59:31.520891   510 catalog_manager.cc:1531] Initializing Kudu internal certificate authority...
I20260713 08:59:31.544587   510 catalog_manager.cc:1406] Generated new certificate authority record
I20260713 08:59:31.546442   510 catalog_manager.cc:1540] Loading token signing keys...
I20260713 08:59:31.561852   510 catalog_manager.cc:6070] T 00000000000000000000000000000000 P 8bc9992be5374529849843ef7bad2a37: Generated new TSK 0
I20260713 08:59:31.562940   510 catalog_manager.cc:1550] Initializing in-progress tserver states...
I20260713 08:59:31.572616   431 file_cache.cc:504] Constructed file cache file cache with capacity 419430
W20260713 08:59:31.583714   520 instance_detector.cc:116] could not retrieve AWS instance metadata: Network error: curl error: HTTP response code said error: The requested URL returned error: 404
W20260713 08:59:31.585826   521 instance_detector.cc:116] could not retrieve Azure instance metadata: Network error: curl error: HTTP response code said error: The requested URL returned error: 404
I20260713 08:59:31.592195   431 server_base.cc:1061] running on GCE node
W20260713 08:59:31.592144   523 instance_detector.cc:116] could not retrieve OpenStack instance metadata: Network error: curl error: HTTP response code said error: The requested URL returned error: 404
I20260713 08:59:31.593300   431 hybrid_clock.cc:584] initializing the hybrid clock with 'system_unsync' time source
W20260713 08:59:31.593494   431 system_unsync_time.cc:38] NTP support is disabled. Clock error bounds will not be accurate. This configuration is not suitable for distributed clusters.
I20260713 08:59:31.593729   431 hybrid_clock.cc:648] HybridClock initialized: now 1783933171593693 us; error 0 us; skew 500 ppm
I20260713 08:59:31.594347   431 server_base.cc:861] Flag tcmalloc_max_total_thread_cache_bytes is not working since tcmalloc is not enabled.
I20260713 08:59:31.599637   431 webserver.cc:533] Webserver started at http://127.0.107.193:38261/ using document root <none> and password file <none>
I20260713 08:59:31.600282   431 fs_manager.cc:362] Metadata directory not provided
I20260713 08:59:31.600510   431 fs_manager.cc:368] Using write-ahead log directory (fs_wal_dir) as metadata directory
I20260713 08:59:31.600818   431 server_base.cc:909] This appears to be a new deployment of Kudu; creating new FS layout
I20260713 08:59:31.602200   431 fs_manager.cc:1068] Generated new instance metadata in path /tmp/dist-test-taskNiBrAL/test-tmp/auto_leader_rebalancer-test.0.LeaderRebalancerTest.FunctionalTestForDivided.1783933169750967-431-0/minicluster-data/ts-0-root/instance:
uuid: "34e987b19cd24e6587d4a9004e9dc6ca"
format_stamp: "Formatted at 2026-07-13 08:59:31 on dist-test-slave-7hhx"
I20260713 08:59:31.609337   431 fs_manager.cc:696] Time spent creating directory manager: real 0.006s	user 0.006s	sys 0.000s
I20260713 08:59:31.614970   528 log_block_manager.cc:4127] Time spent loading block containers with low live blocks: real 0.000s	user 0.000s	sys 0.000s
I20260713 08:59:31.615971   431 fs_manager.cc:730] Time spent opening block manager: real 0.004s	user 0.002s	sys 0.003s
I20260713 08:59:31.616314   431 fs_manager.cc:647] Opened local filesystem: /tmp/dist-test-taskNiBrAL/test-tmp/auto_leader_rebalancer-test.0.LeaderRebalancerTest.FunctionalTestForDivided.1783933169750967-431-0/minicluster-data/ts-0-root
uuid: "34e987b19cd24e6587d4a9004e9dc6ca"
format_stamp: "Formatted at 2026-07-13 08:59:31 on dist-test-slave-7hhx"
I20260713 08:59:31.616662   431 fs_report.cc:389] FS layout report
--------------------
wal directory: /tmp/dist-test-taskNiBrAL/test-tmp/auto_leader_rebalancer-test.0.LeaderRebalancerTest.FunctionalTestForDivided.1783933169750967-431-0/minicluster-data/ts-0-root
metadata directory: /tmp/dist-test-taskNiBrAL/test-tmp/auto_leader_rebalancer-test.0.LeaderRebalancerTest.FunctionalTestForDivided.1783933169750967-431-0/minicluster-data/ts-0-root
1 data directories: /tmp/dist-test-taskNiBrAL/test-tmp/auto_leader_rebalancer-test.0.LeaderRebalancerTest.FunctionalTestForDivided.1783933169750967-431-0/minicluster-data/ts-0-root/data
Total live blocks: 0
Total live bytes: 0
Total live bytes (after alignment): 0
Total number of LBM containers: 0 (0 full)
Did not check for missing blocks
Did not check for orphaned blocks
Total full LBM containers with extra space: 0 (0 repaired)
Total full LBM container extra space in bytes: 0 (0 repaired)
Total incomplete LBM containers: 0 (0 repaired)
Total LBM partial records: 0 (0 repaired)
Total corrupted LBM metadata records in RocksDB: 0 (0 repaired)
I20260713 08:59:31.640085   431 rpc_server.cc:225] running with OpenSSL 1.1.1  11 Sep 2018
I20260713 08:59:31.641702   431 kserver.cc:163] Server-wide thread pool size limit: 3276
I20260713 08:59:31.645205   431 txn_system_client.cc:432] TxnSystemClient initialization is disabled...
I20260713 08:59:31.650872   431 ts_tablet_manager.cc:585] Loaded tablet metadata (0 total tablets, 0 live tablets)
I20260713 08:59:31.651130   431 ts_tablet_manager.cc:531] Time spent load tablet metadata: real 0.000s	user 0.000s	sys 0.000s
I20260713 08:59:31.651526   431 ts_tablet_manager.cc:616] Registered 0 tablets
I20260713 08:59:31.651724   431 ts_tablet_manager.cc:595] Time spent register tablets: real 0.000s	user 0.000s	sys 0.000s
I20260713 08:59:31.773806   431 rpc_server.cc:307] RPC server started. Bound to: 127.0.107.193:43845
I20260713 08:59:31.773940   590 acceptor_pool.cc:272] collecting diagnostics on the listening RPC socket 127.0.107.193:43845 every 8 connection(s)
I20260713 08:59:31.781773   431 file_cache.cc:504] Constructed file cache file cache with capacity 419430
W20260713 08:59:31.797690   595 instance_detector.cc:116] could not retrieve AWS instance metadata: Network error: curl error: HTTP response code said error: The requested URL returned error: 404
W20260713 08:59:31.799113   596 instance_detector.cc:116] could not retrieve Azure instance metadata: Network error: curl error: HTTP response code said error: The requested URL returned error: 404
I20260713 08:59:31.805657   431 server_base.cc:1061] running on GCE node
W20260713 08:59:31.805804   598 instance_detector.cc:116] could not retrieve OpenStack instance metadata: Network error: curl error: HTTP response code said error: The requested URL returned error: 404
I20260713 08:59:31.807093   431 hybrid_clock.cc:584] initializing the hybrid clock with 'system_unsync' time source
W20260713 08:59:31.807386   431 system_unsync_time.cc:38] NTP support is disabled. Clock error bounds will not be accurate. This configuration is not suitable for distributed clusters.
I20260713 08:59:31.807603   431 hybrid_clock.cc:648] HybridClock initialized: now 1783933171807586 us; error 0 us; skew 500 ppm
I20260713 08:59:31.808406   431 server_base.cc:861] Flag tcmalloc_max_total_thread_cache_bytes is not working since tcmalloc is not enabled.
I20260713 08:59:31.811400   431 webserver.cc:533] Webserver started at http://127.0.107.194:43211/ using document root <none> and password file <none>
I20260713 08:59:31.812041   431 fs_manager.cc:362] Metadata directory not provided
I20260713 08:59:31.812278   431 fs_manager.cc:368] Using write-ahead log directory (fs_wal_dir) as metadata directory
I20260713 08:59:31.812613   431 server_base.cc:909] This appears to be a new deployment of Kudu; creating new FS layout
I20260713 08:59:31.814073   431 fs_manager.cc:1068] Generated new instance metadata in path /tmp/dist-test-taskNiBrAL/test-tmp/auto_leader_rebalancer-test.0.LeaderRebalancerTest.FunctionalTestForDivided.1783933169750967-431-0/minicluster-data/ts-1-root/instance:
uuid: "add0e51b4c8349f385360086a930578d"
format_stamp: "Formatted at 2026-07-13 08:59:31 on dist-test-slave-7hhx"
I20260713 08:59:31.816309   591 heartbeater.cc:344] Connected to a master server at 127.0.107.254:35283
I20260713 08:59:31.816738   591 heartbeater.cc:461] Registering TS with master...
I20260713 08:59:31.817710   591 heartbeater.cc:507] Master 127.0.107.254:35283 requested a full tablet report, sending...
I20260713 08:59:31.821398   463 ts_manager.cc:194] Registered new tserver with Master: 34e987b19cd24e6587d4a9004e9dc6ca (127.0.107.193:43845)
I20260713 08:59:31.821451   431 fs_manager.cc:696] Time spent creating directory manager: real 0.007s	user 0.006s	sys 0.001s
I20260713 08:59:31.824460   463 master_service.cc:502] Signed X509 certificate for tserver {username='slave'} at 127.0.0.1:38096
I20260713 08:59:31.827980   603 log_block_manager.cc:4127] Time spent loading block containers with low live blocks: real 0.000s	user 0.000s	sys 0.000s
I20260713 08:59:31.828816   431 fs_manager.cc:730] Time spent opening block manager: real 0.005s	user 0.005s	sys 0.000s
I20260713 08:59:31.829125   431 fs_manager.cc:647] Opened local filesystem: /tmp/dist-test-taskNiBrAL/test-tmp/auto_leader_rebalancer-test.0.LeaderRebalancerTest.FunctionalTestForDivided.1783933169750967-431-0/minicluster-data/ts-1-root
uuid: "add0e51b4c8349f385360086a930578d"
format_stamp: "Formatted at 2026-07-13 08:59:31 on dist-test-slave-7hhx"
I20260713 08:59:31.829381   431 fs_report.cc:389] FS layout report
--------------------
wal directory: /tmp/dist-test-taskNiBrAL/test-tmp/auto_leader_rebalancer-test.0.LeaderRebalancerTest.FunctionalTestForDivided.1783933169750967-431-0/minicluster-data/ts-1-root
metadata directory: /tmp/dist-test-taskNiBrAL/test-tmp/auto_leader_rebalancer-test.0.LeaderRebalancerTest.FunctionalTestForDivided.1783933169750967-431-0/minicluster-data/ts-1-root
1 data directories: /tmp/dist-test-taskNiBrAL/test-tmp/auto_leader_rebalancer-test.0.LeaderRebalancerTest.FunctionalTestForDivided.1783933169750967-431-0/minicluster-data/ts-1-root/data
Total live blocks: 0
Total live bytes: 0
Total live bytes (after alignment): 0
Total number of LBM containers: 0 (0 full)
Did not check for missing blocks
Did not check for orphaned blocks
Total full LBM containers with extra space: 0 (0 repaired)
Total full LBM container extra space in bytes: 0 (0 repaired)
Total incomplete LBM containers: 0 (0 repaired)
Total LBM partial records: 0 (0 repaired)
Total corrupted LBM metadata records in RocksDB: 0 (0 repaired)
I20260713 08:59:31.853022   431 rpc_server.cc:225] running with OpenSSL 1.1.1  11 Sep 2018
I20260713 08:59:31.854421   431 kserver.cc:163] Server-wide thread pool size limit: 3276
I20260713 08:59:31.856880   431 txn_system_client.cc:432] TxnSystemClient initialization is disabled...
I20260713 08:59:31.860131   431 ts_tablet_manager.cc:585] Loaded tablet metadata (0 total tablets, 0 live tablets)
I20260713 08:59:31.860370   431 ts_tablet_manager.cc:531] Time spent load tablet metadata: real 0.000s	user 0.000s	sys 0.000s
I20260713 08:59:31.860620   431 ts_tablet_manager.cc:616] Registered 0 tablets
I20260713 08:59:31.860798   431 ts_tablet_manager.cc:595] Time spent register tablets: real 0.000s	user 0.000s	sys 0.000s
I20260713 08:59:31.964069   431 rpc_server.cc:307] RPC server started. Bound to: 127.0.107.194:41983
I20260713 08:59:31.964413   665 acceptor_pool.cc:272] collecting diagnostics on the listening RPC socket 127.0.107.194:41983 every 8 connection(s)
I20260713 08:59:31.974627   431 file_cache.cc:504] Constructed file cache file cache with capacity 419430
W20260713 08:59:31.983978   669 instance_detector.cc:116] could not retrieve AWS instance metadata: Network error: curl error: HTTP response code said error: The requested URL returned error: 404
I20260713 08:59:31.989806   666 heartbeater.cc:344] Connected to a master server at 127.0.107.254:35283
I20260713 08:59:31.990372   666 heartbeater.cc:461] Registering TS with master...
I20260713 08:59:31.991688   666 heartbeater.cc:507] Master 127.0.107.254:35283 requested a full tablet report, sending...
I20260713 08:59:31.995016   463 ts_manager.cc:194] Registered new tserver with Master: add0e51b4c8349f385360086a930578d (127.0.107.194:41983)
I20260713 08:59:31.997336   431 server_base.cc:1061] running on GCE node
I20260713 08:59:31.997825   463 master_service.cc:502] Signed X509 certificate for tserver {username='slave'} at 127.0.0.1:38104
W20260713 08:59:31.998046   670 instance_detector.cc:116] could not retrieve Azure instance metadata: Network error: curl error: HTTP response code said error: The requested URL returned error: 404
W20260713 08:59:32.000334   672 instance_detector.cc:116] could not retrieve OpenStack instance metadata: Network error: curl error: HTTP response code said error: The requested URL returned error: 404
I20260713 08:59:32.001482   431 hybrid_clock.cc:584] initializing the hybrid clock with 'system_unsync' time source
W20260713 08:59:32.001765   431 system_unsync_time.cc:38] NTP support is disabled. Clock error bounds will not be accurate. This configuration is not suitable for distributed clusters.
I20260713 08:59:32.001947   431 hybrid_clock.cc:648] HybridClock initialized: now 1783933172001916 us; error 0 us; skew 500 ppm
I20260713 08:59:32.002528   431 server_base.cc:861] Flag tcmalloc_max_total_thread_cache_bytes is not working since tcmalloc is not enabled.
I20260713 08:59:32.005412   431 webserver.cc:533] Webserver started at http://127.0.107.195:35551/ using document root <none> and password file <none>
I20260713 08:59:32.005980   431 fs_manager.cc:362] Metadata directory not provided
I20260713 08:59:32.006202   431 fs_manager.cc:368] Using write-ahead log directory (fs_wal_dir) as metadata directory
I20260713 08:59:32.006582   431 server_base.cc:909] This appears to be a new deployment of Kudu; creating new FS layout
I20260713 08:59:32.007623   431 fs_manager.cc:1068] Generated new instance metadata in path /tmp/dist-test-taskNiBrAL/test-tmp/auto_leader_rebalancer-test.0.LeaderRebalancerTest.FunctionalTestForDivided.1783933169750967-431-0/minicluster-data/ts-2-root/instance:
uuid: "2e7006e9825b49f0bafde90e9d5d5538"
format_stamp: "Formatted at 2026-07-13 08:59:32 on dist-test-slave-7hhx"
I20260713 08:59:32.012264   431 fs_manager.cc:696] Time spent creating directory manager: real 0.004s	user 0.006s	sys 0.000s
I20260713 08:59:32.016076   677 log_block_manager.cc:4127] Time spent loading block containers with low live blocks: real 0.000s	user 0.000s	sys 0.000s
I20260713 08:59:32.016949   431 fs_manager.cc:730] Time spent opening block manager: real 0.002s	user 0.002s	sys 0.000s
I20260713 08:59:32.017241   431 fs_manager.cc:647] Opened local filesystem: /tmp/dist-test-taskNiBrAL/test-tmp/auto_leader_rebalancer-test.0.LeaderRebalancerTest.FunctionalTestForDivided.1783933169750967-431-0/minicluster-data/ts-2-root
uuid: "2e7006e9825b49f0bafde90e9d5d5538"
format_stamp: "Formatted at 2026-07-13 08:59:32 on dist-test-slave-7hhx"
I20260713 08:59:32.017519   431 fs_report.cc:389] FS layout report
--------------------
wal directory: /tmp/dist-test-taskNiBrAL/test-tmp/auto_leader_rebalancer-test.0.LeaderRebalancerTest.FunctionalTestForDivided.1783933169750967-431-0/minicluster-data/ts-2-root
metadata directory: /tmp/dist-test-taskNiBrAL/test-tmp/auto_leader_rebalancer-test.0.LeaderRebalancerTest.FunctionalTestForDivided.1783933169750967-431-0/minicluster-data/ts-2-root
1 data directories: /tmp/dist-test-taskNiBrAL/test-tmp/auto_leader_rebalancer-test.0.LeaderRebalancerTest.FunctionalTestForDivided.1783933169750967-431-0/minicluster-data/ts-2-root/data
Total live blocks: 0
Total live bytes: 0
Total live bytes (after alignment): 0
Total number of LBM containers: 0 (0 full)
Did not check for missing blocks
Did not check for orphaned blocks
Total full LBM containers with extra space: 0 (0 repaired)
Total full LBM container extra space in bytes: 0 (0 repaired)
Total incomplete LBM containers: 0 (0 repaired)
Total LBM partial records: 0 (0 repaired)
Total corrupted LBM metadata records in RocksDB: 0 (0 repaired)
I20260713 08:59:32.033938   431 rpc_server.cc:225] running with OpenSSL 1.1.1  11 Sep 2018
I20260713 08:59:32.035185   431 kserver.cc:163] Server-wide thread pool size limit: 3276
I20260713 08:59:32.038271   431 txn_system_client.cc:432] TxnSystemClient initialization is disabled...
I20260713 08:59:32.041741   431 ts_tablet_manager.cc:585] Loaded tablet metadata (0 total tablets, 0 live tablets)
I20260713 08:59:32.041939   431 ts_tablet_manager.cc:531] Time spent load tablet metadata: real 0.000s	user 0.000s	sys 0.000s
I20260713 08:59:32.042246   431 ts_tablet_manager.cc:616] Registered 0 tablets
I20260713 08:59:32.042405   431 ts_tablet_manager.cc:595] Time spent register tablets: real 0.000s	user 0.000s	sys 0.000s
I20260713 08:59:32.150642   431 rpc_server.cc:307] RPC server started. Bound to: 127.0.107.195:41963
I20260713 08:59:32.150795   739 acceptor_pool.cc:272] collecting diagnostics on the listening RPC socket 127.0.107.195:41963 every 8 connection(s)
I20260713 08:59:32.170943   740 heartbeater.cc:344] Connected to a master server at 127.0.107.254:35283
I20260713 08:59:32.171394   740 heartbeater.cc:461] Registering TS with master...
I20260713 08:59:32.172175   740 heartbeater.cc:507] Master 127.0.107.254:35283 requested a full tablet report, sending...
I20260713 08:59:32.174388   463 ts_manager.cc:194] Registered new tserver with Master: 2e7006e9825b49f0bafde90e9d5d5538 (127.0.107.195:41963)
I20260713 08:59:32.174860   431 internal_mini_cluster.cc:371] 3 TS(s) registered with all masters after 0.013487138s
I20260713 08:59:32.176170   463 master_service.cc:502] Signed X509 certificate for tserver {username='slave'} at 127.0.0.1:38108
I20260713 08:59:32.232007   463 catalog_manager.cc:2283] Servicing CreateTable request from {username='slave'} at 127.0.0.1:38114:
name: "test-workload"
schema {
  columns {
    name: "key"
    type: INT32
    is_key: true
    is_nullable: false
    encoding: AUTO_ENCODING
    compression: DEFAULT_COMPRESSION
    cfile_block_size: 0
    immutable: false
  }
  columns {
    name: "int_val"
    type: INT32
    is_key: false
    is_nullable: false
    encoding: AUTO_ENCODING
    compression: DEFAULT_COMPRESSION
    cfile_block_size: 0
    immutable: false
  }
  columns {
    name: "string_val"
    type: STRING
    is_key: false
    is_nullable: true
    encoding: AUTO_ENCODING
    compression: DEFAULT_COMPRESSION
    cfile_block_size: 0
    immutable: false
  }
}
num_replicas: 3
split_rows_range_bounds {
  rows: "\004\001\000\216\3438\016\004\001\000\034\307q\034\004\001\000\252\252\252*\004\001\0008\216\3438\004\001\000\306q\034G\004\001\000TUUU\004\001\000\3428\216c\004\001\000p\034\307q""\004\001\000\216\3438\016\004\001\000\034\307q\034\004\001\000\252\252\252*\004\001\0008\216\3438\004\001\000\306q\034G\004\001\000TUUU\004\001\000\3428\216c\004\001\000p\034\307q"
  indirect_data: """"
}
partition_schema {
  range_schema {
    columns {
      name: "key"
    }
  }
}
W20260713 08:59:32.236296   463 catalog_manager.cc:7077] The number of live tablet servers is not enough to re-replicate a tablet replica of the newly created table test-workload in case of a server failure: 4 tablet servers would be needed, 3 are available. Consider bringing up more tablet servers.
I20260713 08:59:32.348145   702 tablet_service.cc:1511] Processing CreateTablet for tablet 5f28a140b51547e9bc66437745db6c95 (DEFAULT_TABLE table=test-workload [id=f377689854604a3487ce5c6e10de4570]), partition=RANGE (key) PARTITION 715827882 <= VALUES < 954437176
I20260713 08:59:32.342665   704 tablet_service.cc:1511] Processing CreateTablet for tablet 24d5fccce784483288771da38a374a61 (DEFAULT_TABLE table=test-workload [id=f377689854604a3487ce5c6e10de4570]), partition=RANGE (key) PARTITION 238609294 <= VALUES < 477218588
I20260713 08:59:32.348308   703 tablet_service.cc:1511] Processing CreateTablet for tablet c4616cb58ce64c82bc5b99acd1c53afb (DEFAULT_TABLE table=test-workload [id=f377689854604a3487ce5c6e10de4570]), partition=RANGE (key) PARTITION 477218588 <= VALUES < 715827882
I20260713 08:59:32.351322   701 tablet_service.cc:1511] Processing CreateTablet for tablet aa614a38f1314ce0a3b1e812798b46c7 (DEFAULT_TABLE table=test-workload [id=f377689854604a3487ce5c6e10de4570]), partition=RANGE (key) PARTITION 954437176 <= VALUES < 1193046470
I20260713 08:59:32.351249   704 data_dirs.cc:400] Could only allocate 1 dirs of requested 3 for tablet 24d5fccce784483288771da38a374a61. 1 dirs total, 0 dirs full, 0 dirs failed
I20260713 08:59:32.351264   705 tablet_service.cc:1511] Processing CreateTablet for tablet 2f3ec4cfe7d44114878d418692fdaaed (DEFAULT_TABLE table=test-workload [id=f377689854604a3487ce5c6e10de4570]), partition=RANGE (key) PARTITION VALUES < 238609294
I20260713 08:59:32.354943   701 data_dirs.cc:400] Could only allocate 1 dirs of requested 3 for tablet aa614a38f1314ce0a3b1e812798b46c7. 1 dirs total, 0 dirs full, 0 dirs failed
I20260713 08:59:32.356004   702 data_dirs.cc:400] Could only allocate 1 dirs of requested 3 for tablet 5f28a140b51547e9bc66437745db6c95. 1 dirs total, 0 dirs full, 0 dirs failed
I20260713 08:59:32.356973   705 data_dirs.cc:400] Could only allocate 1 dirs of requested 3 for tablet 2f3ec4cfe7d44114878d418692fdaaed. 1 dirs total, 0 dirs full, 0 dirs failed
I20260713 08:59:32.359261   703 data_dirs.cc:400] Could only allocate 1 dirs of requested 3 for tablet c4616cb58ce64c82bc5b99acd1c53afb. 1 dirs total, 0 dirs full, 0 dirs failed
I20260713 08:59:32.372409   556 tablet_service.cc:1511] Processing CreateTablet for tablet 2f3ec4cfe7d44114878d418692fdaaed (DEFAULT_TABLE table=test-workload [id=f377689854604a3487ce5c6e10de4570]), partition=RANGE (key) PARTITION VALUES < 238609294
I20260713 08:59:32.375790   700 tablet_service.cc:1511] Processing CreateTablet for tablet 52321d47403b4c8c81c98a2cf0d8df41 (DEFAULT_TABLE table=test-workload [id=f377689854604a3487ce5c6e10de4570]), partition=RANGE (key) PARTITION 1193046470 <= VALUES < 1431655764
I20260713 08:59:32.379261   555 tablet_service.cc:1511] Processing CreateTablet for tablet 24d5fccce784483288771da38a374a61 (DEFAULT_TABLE table=test-workload [id=f377689854604a3487ce5c6e10de4570]), partition=RANGE (key) PARTITION 238609294 <= VALUES < 477218588
I20260713 08:59:32.382097   551 tablet_service.cc:1511] Processing CreateTablet for tablet 52321d47403b4c8c81c98a2cf0d8df41 (DEFAULT_TABLE table=test-workload [id=f377689854604a3487ce5c6e10de4570]), partition=RANGE (key) PARTITION 1193046470 <= VALUES < 1431655764
I20260713 08:59:32.382833   555 data_dirs.cc:400] Could only allocate 1 dirs of requested 3 for tablet 24d5fccce784483288771da38a374a61. 1 dirs total, 0 dirs full, 0 dirs failed
I20260713 08:59:32.379272   554 tablet_service.cc:1511] Processing CreateTablet for tablet c4616cb58ce64c82bc5b99acd1c53afb (DEFAULT_TABLE table=test-workload [id=f377689854604a3487ce5c6e10de4570]), partition=RANGE (key) PARTITION 477218588 <= VALUES < 715827882
I20260713 08:59:32.383587   553 tablet_service.cc:1511] Processing CreateTablet for tablet 5f28a140b51547e9bc66437745db6c95 (DEFAULT_TABLE table=test-workload [id=f377689854604a3487ce5c6e10de4570]), partition=RANGE (key) PARTITION 715827882 <= VALUES < 954437176
I20260713 08:59:32.376796   552 tablet_service.cc:1511] Processing CreateTablet for tablet aa614a38f1314ce0a3b1e812798b46c7 (DEFAULT_TABLE table=test-workload [id=f377689854604a3487ce5c6e10de4570]), partition=RANGE (key) PARTITION 954437176 <= VALUES < 1193046470
I20260713 08:59:32.387343   700 data_dirs.cc:400] Could only allocate 1 dirs of requested 3 for tablet 52321d47403b4c8c81c98a2cf0d8df41. 1 dirs total, 0 dirs full, 0 dirs failed
I20260713 08:59:32.389201   551 data_dirs.cc:400] Could only allocate 1 dirs of requested 3 for tablet 52321d47403b4c8c81c98a2cf0d8df41. 1 dirs total, 0 dirs full, 0 dirs failed
I20260713 08:59:32.392306   556 data_dirs.cc:400] Could only allocate 1 dirs of requested 3 for tablet 2f3ec4cfe7d44114878d418692fdaaed. 1 dirs total, 0 dirs full, 0 dirs failed
I20260713 08:59:32.393750   550 tablet_service.cc:1511] Processing CreateTablet for tablet c05f0e6e444b4cae8349e3f674b0507e (DEFAULT_TABLE table=test-workload [id=f377689854604a3487ce5c6e10de4570]), partition=RANGE (key) PARTITION 1431655764 <= VALUES < 1670265058
I20260713 08:59:32.397055   553 data_dirs.cc:400] Could only allocate 1 dirs of requested 3 for tablet 5f28a140b51547e9bc66437745db6c95. 1 dirs total, 0 dirs full, 0 dirs failed
I20260713 08:59:32.400130   554 data_dirs.cc:400] Could only allocate 1 dirs of requested 3 for tablet c4616cb58ce64c82bc5b99acd1c53afb. 1 dirs total, 0 dirs full, 0 dirs failed
I20260713 08:59:32.404677   699 tablet_service.cc:1511] Processing CreateTablet for tablet c05f0e6e444b4cae8349e3f674b0507e (DEFAULT_TABLE table=test-workload [id=f377689854604a3487ce5c6e10de4570]), partition=RANGE (key) PARTITION 1431655764 <= VALUES < 1670265058
I20260713 08:59:32.407179   550 data_dirs.cc:400] Could only allocate 1 dirs of requested 3 for tablet c05f0e6e444b4cae8349e3f674b0507e. 1 dirs total, 0 dirs full, 0 dirs failed
I20260713 08:59:32.407251   699 data_dirs.cc:400] Could only allocate 1 dirs of requested 3 for tablet c05f0e6e444b4cae8349e3f674b0507e. 1 dirs total, 0 dirs full, 0 dirs failed
I20260713 08:59:32.410429   552 data_dirs.cc:400] Could only allocate 1 dirs of requested 3 for tablet aa614a38f1314ce0a3b1e812798b46c7. 1 dirs total, 0 dirs full, 0 dirs failed
I20260713 08:59:32.433812   549 tablet_service.cc:1511] Processing CreateTablet for tablet 67fa0cf5cb874132acab4eb8e382aedd (DEFAULT_TABLE table=test-workload [id=f377689854604a3487ce5c6e10de4570]), partition=RANGE (key) PARTITION 1670265058 <= VALUES < 1908874352
I20260713 08:59:32.442701   549 data_dirs.cc:400] Could only allocate 1 dirs of requested 3 for tablet 67fa0cf5cb874132acab4eb8e382aedd. 1 dirs total, 0 dirs full, 0 dirs failed
I20260713 08:59:32.470984   631 tablet_service.cc:1511] Processing CreateTablet for tablet 2f3ec4cfe7d44114878d418692fdaaed (DEFAULT_TABLE table=test-workload [id=f377689854604a3487ce5c6e10de4570]), partition=RANGE (key) PARTITION VALUES < 238609294
I20260713 08:59:32.474956   630 tablet_service.cc:1511] Processing CreateTablet for tablet 24d5fccce784483288771da38a374a61 (DEFAULT_TABLE table=test-workload [id=f377689854604a3487ce5c6e10de4570]), partition=RANGE (key) PARTITION 238609294 <= VALUES < 477218588
I20260713 08:59:32.484532   628 tablet_service.cc:1511] Processing CreateTablet for tablet 5f28a140b51547e9bc66437745db6c95 (DEFAULT_TABLE table=test-workload [id=f377689854604a3487ce5c6e10de4570]), partition=RANGE (key) PARTITION 715827882 <= VALUES < 954437176
I20260713 08:59:32.498852   625 tablet_service.cc:1511] Processing CreateTablet for tablet c05f0e6e444b4cae8349e3f674b0507e (DEFAULT_TABLE table=test-workload [id=f377689854604a3487ce5c6e10de4570]), partition=RANGE (key) PARTITION 1431655764 <= VALUES < 1670265058
I20260713 08:59:32.494364   630 data_dirs.cc:400] Could only allocate 1 dirs of requested 3 for tablet 24d5fccce784483288771da38a374a61. 1 dirs total, 0 dirs full, 0 dirs failed
I20260713 08:59:32.480042   629 tablet_service.cc:1511] Processing CreateTablet for tablet c4616cb58ce64c82bc5b99acd1c53afb (DEFAULT_TABLE table=test-workload [id=f377689854604a3487ce5c6e10de4570]), partition=RANGE (key) PARTITION 477218588 <= VALUES < 715827882
I20260713 08:59:32.502359   627 tablet_service.cc:1511] Processing CreateTablet for tablet aa614a38f1314ce0a3b1e812798b46c7 (DEFAULT_TABLE table=test-workload [id=f377689854604a3487ce5c6e10de4570]), partition=RANGE (key) PARTITION 954437176 <= VALUES < 1193046470
I20260713 08:59:32.490965   626 tablet_service.cc:1511] Processing CreateTablet for tablet 52321d47403b4c8c81c98a2cf0d8df41 (DEFAULT_TABLE table=test-workload [id=f377689854604a3487ce5c6e10de4570]), partition=RANGE (key) PARTITION 1193046470 <= VALUES < 1431655764
I20260713 08:59:32.520418   624 tablet_service.cc:1511] Processing CreateTablet for tablet 67fa0cf5cb874132acab4eb8e382aedd (DEFAULT_TABLE table=test-workload [id=f377689854604a3487ce5c6e10de4570]), partition=RANGE (key) PARTITION 1670265058 <= VALUES < 1908874352
I20260713 08:59:32.522687   627 data_dirs.cc:400] Could only allocate 1 dirs of requested 3 for tablet aa614a38f1314ce0a3b1e812798b46c7. 1 dirs total, 0 dirs full, 0 dirs failed
I20260713 08:59:32.512097   698 tablet_service.cc:1511] Processing CreateTablet for tablet 67fa0cf5cb874132acab4eb8e382aedd (DEFAULT_TABLE table=test-workload [id=f377689854604a3487ce5c6e10de4570]), partition=RANGE (key) PARTITION 1670265058 <= VALUES < 1908874352
W20260713 08:59:32.529390   511 auto_rebalancer.cc:288] Could not retrieve cluster info: Service unavailable: Tablet not running
I20260713 08:59:32.531662   698 data_dirs.cc:400] Could only allocate 1 dirs of requested 3 for tablet 67fa0cf5cb874132acab4eb8e382aedd. 1 dirs total, 0 dirs full, 0 dirs failed
I20260713 08:59:32.533162   626 data_dirs.cc:400] Could only allocate 1 dirs of requested 3 for tablet 52321d47403b4c8c81c98a2cf0d8df41. 1 dirs total, 0 dirs full, 0 dirs failed
I20260713 08:59:32.539745   548 tablet_service.cc:1511] Processing CreateTablet for tablet ee7217bda4f642ba96af80f45a0c146f (DEFAULT_TABLE table=test-workload [id=f377689854604a3487ce5c6e10de4570]), partition=RANGE (key) PARTITION 1908874352 <= VALUES
I20260713 08:59:32.548678   548 data_dirs.cc:400] Could only allocate 1 dirs of requested 3 for tablet ee7217bda4f642ba96af80f45a0c146f. 1 dirs total, 0 dirs full, 0 dirs failed
I20260713 08:59:32.554044   631 data_dirs.cc:400] Could only allocate 1 dirs of requested 3 for tablet 2f3ec4cfe7d44114878d418692fdaaed. 1 dirs total, 0 dirs full, 0 dirs failed
I20260713 08:59:32.562352   625 data_dirs.cc:400] Could only allocate 1 dirs of requested 3 for tablet c05f0e6e444b4cae8349e3f674b0507e. 1 dirs total, 0 dirs full, 0 dirs failed
I20260713 08:59:32.565330   629 data_dirs.cc:400] Could only allocate 1 dirs of requested 3 for tablet c4616cb58ce64c82bc5b99acd1c53afb. 1 dirs total, 0 dirs full, 0 dirs failed
I20260713 08:59:32.569728   628 data_dirs.cc:400] Could only allocate 1 dirs of requested 3 for tablet 5f28a140b51547e9bc66437745db6c95. 1 dirs total, 0 dirs full, 0 dirs failed
I20260713 08:59:32.576174   624 data_dirs.cc:400] Could only allocate 1 dirs of requested 3 for tablet 67fa0cf5cb874132acab4eb8e382aedd. 1 dirs total, 0 dirs full, 0 dirs failed
I20260713 08:59:32.595258   623 tablet_service.cc:1511] Processing CreateTablet for tablet ee7217bda4f642ba96af80f45a0c146f (DEFAULT_TABLE table=test-workload [id=f377689854604a3487ce5c6e10de4570]), partition=RANGE (key) PARTITION 1908874352 <= VALUES
I20260713 08:59:32.597601   623 data_dirs.cc:400] Could only allocate 1 dirs of requested 3 for tablet ee7217bda4f642ba96af80f45a0c146f. 1 dirs total, 0 dirs full, 0 dirs failed
I20260713 08:59:32.685396   757 tablet_bootstrap.cc:492] T 24d5fccce784483288771da38a374a61 P 2e7006e9825b49f0bafde90e9d5d5538: Bootstrap starting.
W20260713 08:59:32.687155   449 outbound_call.cc:321] RPC callback for RPC call kudu.tserver.TabletServerAdminService.CreateTablet -> {remote=127.0.107.195:41963, user_credentials={real_user=slave}} blocked reactor thread for 70731.2us
I20260713 08:59:32.697307   704 tablet_service.cc:1511] Processing CreateTablet for tablet ee7217bda4f642ba96af80f45a0c146f (DEFAULT_TABLE table=test-workload [id=f377689854604a3487ce5c6e10de4570]), partition=RANGE (key) PARTITION 1908874352 <= VALUES
I20260713 08:59:32.700127   704 data_dirs.cc:400] Could only allocate 1 dirs of requested 3 for tablet ee7217bda4f642ba96af80f45a0c146f. 1 dirs total, 0 dirs full, 0 dirs failed
I20260713 08:59:32.699641   758 tablet_bootstrap.cc:492] T c05f0e6e444b4cae8349e3f674b0507e P 34e987b19cd24e6587d4a9004e9dc6ca: Bootstrap starting.
I20260713 08:59:32.748579   759 tablet_bootstrap.cc:492] T aa614a38f1314ce0a3b1e812798b46c7 P add0e51b4c8349f385360086a930578d: Bootstrap starting.
I20260713 08:59:32.755482   757 tablet_bootstrap.cc:654] T 24d5fccce784483288771da38a374a61 P 2e7006e9825b49f0bafde90e9d5d5538: Neither blocks nor log segments found. Creating new log.
I20260713 08:59:32.759107   758 tablet_bootstrap.cc:654] T c05f0e6e444b4cae8349e3f674b0507e P 34e987b19cd24e6587d4a9004e9dc6ca: Neither blocks nor log segments found. Creating new log.
I20260713 08:59:32.773336   759 tablet_bootstrap.cc:654] T aa614a38f1314ce0a3b1e812798b46c7 P add0e51b4c8349f385360086a930578d: Neither blocks nor log segments found. Creating new log.
I20260713 08:59:32.782372   757 tablet_bootstrap.cc:492] T 24d5fccce784483288771da38a374a61 P 2e7006e9825b49f0bafde90e9d5d5538: No bootstrap required, opened a new log
I20260713 08:59:32.782963   757 ts_tablet_manager.cc:1403] T 24d5fccce784483288771da38a374a61 P 2e7006e9825b49f0bafde90e9d5d5538: Time spent bootstrapping tablet: real 0.099s	user 0.005s	sys 0.018s
I20260713 08:59:32.782372   758 tablet_bootstrap.cc:492] T c05f0e6e444b4cae8349e3f674b0507e P 34e987b19cd24e6587d4a9004e9dc6ca: No bootstrap required, opened a new log
I20260713 08:59:32.785652   758 ts_tablet_manager.cc:1403] T c05f0e6e444b4cae8349e3f674b0507e P 34e987b19cd24e6587d4a9004e9dc6ca: Time spent bootstrapping tablet: real 0.087s	user 0.015s	sys 0.007s
I20260713 08:59:32.786424   757 raft_consensus.cc:359] T 24d5fccce784483288771da38a374a61 P 2e7006e9825b49f0bafde90e9d5d5538 [term 0 FOLLOWER]: Replica starting. Triggering 0 pending ops. Active config: opid_index: -1 OBSOLETE_local: false peers { permanent_uuid: "34e987b19cd24e6587d4a9004e9dc6ca" member_type: VOTER last_known_addr { host: "127.0.107.193" port: 43845 } } peers { permanent_uuid: "add0e51b4c8349f385360086a930578d" member_type: VOTER last_known_addr { host: "127.0.107.194" port: 41983 } } peers { permanent_uuid: "2e7006e9825b49f0bafde90e9d5d5538" member_type: VOTER last_known_addr { host: "127.0.107.195" port: 41963 } }
I20260713 08:59:32.787264   757 raft_consensus.cc:385] T 24d5fccce784483288771da38a374a61 P 2e7006e9825b49f0bafde90e9d5d5538 [term 0 FOLLOWER]: Consensus starting up: Expiring failure detector timer to make a prompt election more likely
I20260713 08:59:32.787572   757 raft_consensus.cc:740] T 24d5fccce784483288771da38a374a61 P 2e7006e9825b49f0bafde90e9d5d5538 [term 0 FOLLOWER]: Becoming Follower/Learner. State: Replica: 2e7006e9825b49f0bafde90e9d5d5538, State: Initialized, Role: FOLLOWER
I20260713 08:59:32.788472   757 consensus_queue.cc:260] T 24d5fccce784483288771da38a374a61 P 2e7006e9825b49f0bafde90e9d5d5538 [NON_LEADER]: Queue going to NON_LEADER mode. State: All replicated index: 0, Majority replicated index: 0, Committed index: 0, Last appended: 0.0, Last appended by leader: 0, Current term: 0, Majority size: -1, State: 0, Mode: NON_LEADER, active raft config: opid_index: -1 OBSOLETE_local: false peers { permanent_uuid: "34e987b19cd24e6587d4a9004e9dc6ca" member_type: VOTER last_known_addr { host: "127.0.107.193" port: 43845 } } peers { permanent_uuid: "add0e51b4c8349f385360086a930578d" member_type: VOTER last_known_addr { host: "127.0.107.194" port: 41983 } } peers { permanent_uuid: "2e7006e9825b49f0bafde90e9d5d5538" member_type: VOTER last_known_addr { host: "127.0.107.195" port: 41963 } }
I20260713 08:59:32.788859   758 raft_consensus.cc:359] T c05f0e6e444b4cae8349e3f674b0507e P 34e987b19cd24e6587d4a9004e9dc6ca [term 0 FOLLOWER]: Replica starting. Triggering 0 pending ops. Active config: opid_index: -1 OBSOLETE_local: false peers { permanent_uuid: "34e987b19cd24e6587d4a9004e9dc6ca" member_type: VOTER last_known_addr { host: "127.0.107.193" port: 43845 } } peers { permanent_uuid: "add0e51b4c8349f385360086a930578d" member_type: VOTER last_known_addr { host: "127.0.107.194" port: 41983 } } peers { permanent_uuid: "2e7006e9825b49f0bafde90e9d5d5538" member_type: VOTER last_known_addr { host: "127.0.107.195" port: 41963 } }
I20260713 08:59:32.789556   758 raft_consensus.cc:385] T c05f0e6e444b4cae8349e3f674b0507e P 34e987b19cd24e6587d4a9004e9dc6ca [term 0 FOLLOWER]: Consensus starting up: Expiring failure detector timer to make a prompt election more likely
I20260713 08:59:32.790336   758 raft_consensus.cc:740] T c05f0e6e444b4cae8349e3f674b0507e P 34e987b19cd24e6587d4a9004e9dc6ca [term 0 FOLLOWER]: Becoming Follower/Learner. State: Replica: 34e987b19cd24e6587d4a9004e9dc6ca, State: Initialized, Role: FOLLOWER
I20260713 08:59:32.791303   758 consensus_queue.cc:260] T c05f0e6e444b4cae8349e3f674b0507e P 34e987b19cd24e6587d4a9004e9dc6ca [NON_LEADER]: Queue going to NON_LEADER mode. State: All replicated index: 0, Majority replicated index: 0, Committed index: 0, Last appended: 0.0, Last appended by leader: 0, Current term: 0, Majority size: -1, State: 0, Mode: NON_LEADER, active raft config: opid_index: -1 OBSOLETE_local: false peers { permanent_uuid: "34e987b19cd24e6587d4a9004e9dc6ca" member_type: VOTER last_known_addr { host: "127.0.107.193" port: 43845 } } peers { permanent_uuid: "add0e51b4c8349f385360086a930578d" member_type: VOTER last_known_addr { host: "127.0.107.194" port: 41983 } } peers { permanent_uuid: "2e7006e9825b49f0bafde90e9d5d5538" member_type: VOTER last_known_addr { host: "127.0.107.195" port: 41963 } }
I20260713 08:59:32.798032   759 tablet_bootstrap.cc:492] T aa614a38f1314ce0a3b1e812798b46c7 P add0e51b4c8349f385360086a930578d: No bootstrap required, opened a new log
I20260713 08:59:32.798141   591 heartbeater.cc:499] Master 127.0.107.254:35283 was elected leader, sending a full tablet report...
I20260713 08:59:32.799721   758 ts_tablet_manager.cc:1434] T c05f0e6e444b4cae8349e3f674b0507e P 34e987b19cd24e6587d4a9004e9dc6ca: Time spent starting tablet: real 0.014s	user 0.009s	sys 0.000s
I20260713 08:59:32.800024   759 ts_tablet_manager.cc:1403] T aa614a38f1314ce0a3b1e812798b46c7 P add0e51b4c8349f385360086a930578d: Time spent bootstrapping tablet: real 0.052s	user 0.012s	sys 0.017s
I20260713 08:59:32.801339   758 tablet_bootstrap.cc:492] T c4616cb58ce64c82bc5b99acd1c53afb P 34e987b19cd24e6587d4a9004e9dc6ca: Bootstrap starting.
