I20260713 09:06:02.678107 17685 raft_consensus.cc:2468] T 6645c0d91a9d4b42a1853e7b01318def P 0221fcc236404cf0b29c2d54b303e8f3 [term 2 FOLLOWER]: Leader election vote request: Granting yes vote for candidate 7f3e2b823ec349e5a7a5d144e8b77c42 in term 2.
I20260713 09:06:02.678788 17503 leader_election.cc:304] T 6645c0d91a9d4b42a1853e7b01318def P 7f3e2b823ec349e5a7a5d144e8b77c42 [CANDIDATE]: Term 2 election: Election decided. Result: candidate won. Election summary: received 2 responses out of 3 voters: 2 yes votes; 0 no votes. yes voters: 7f3e2b823ec349e5a7a5d144e8b77c42, d47138183b134690adf3ee7840c4526c; no voters: 
I20260713 09:06:02.679633 17902 raft_consensus.cc:2804] T 6645c0d91a9d4b42a1853e7b01318def P 7f3e2b823ec349e5a7a5d144e8b77c42 [term 2 FOLLOWER]: Leader election won for term 2
I20260713 09:06:02.680123 17902 raft_consensus.cc:697] T 6645c0d91a9d4b42a1853e7b01318def P 7f3e2b823ec349e5a7a5d144e8b77c42 [term 2 LEADER]: Becoming Leader. State: Replica: 7f3e2b823ec349e5a7a5d144e8b77c42, State: Running, Role: LEADER
I20260713 09:06:02.680799 17902 consensus_queue.cc:237] T 6645c0d91a9d4b42a1853e7b01318def P 7f3e2b823ec349e5a7a5d144e8b77c42 [LEADER]: Queue going to LEADER mode. State: All replicated index: 0, Majority replicated index: 0, Committed index: 0, Last appended: 0.0, Last appended by leader: 0, Current term: 2, Majority size: 2, State: 0, Mode: LEADER, active raft config: opid_index: -1 OBSOLETE_local: false peers { permanent_uuid: "7f3e2b823ec349e5a7a5d144e8b77c42" member_type: VOTER last_known_addr { host: "127.16.6.65" port: 41329 } } peers { permanent_uuid: "d47138183b134690adf3ee7840c4526c" member_type: VOTER last_known_addr { host: "127.16.6.66" port: 41891 } } peers { permanent_uuid: "0221fcc236404cf0b29c2d54b303e8f3" member_type: VOTER last_known_addr { host: "127.16.6.67" port: 35999 } }
I20260713 09:06:02.688948 17435 catalog_manager.cc:5697] T 6645c0d91a9d4b42a1853e7b01318def P 7f3e2b823ec349e5a7a5d144e8b77c42 reported cstate change: term changed from 0 to 2, leader changed from <none> to 7f3e2b823ec349e5a7a5d144e8b77c42 (127.16.6.65). New cstate: current_term: 2 leader_uuid: "7f3e2b823ec349e5a7a5d144e8b77c42" committed_config { opid_index: -1 OBSOLETE_local: false peers { permanent_uuid: "7f3e2b823ec349e5a7a5d144e8b77c42" member_type: VOTER last_known_addr { host: "127.16.6.65" port: 41329 } health_report { overall_health: HEALTHY } } peers { permanent_uuid: "d47138183b134690adf3ee7840c4526c" member_type: VOTER last_known_addr { host: "127.16.6.66" port: 41891 } health_report { overall_health: UNKNOWN } } peers { permanent_uuid: "0221fcc236404cf0b29c2d54b303e8f3" member_type: VOTER last_known_addr { host: "127.16.6.67" port: 35999 } health_report { overall_health: UNKNOWN } } }
I20260713 09:06:03.167470 17610 raft_consensus.cc:1275] T 6645c0d91a9d4b42a1853e7b01318def P d47138183b134690adf3ee7840c4526c [term 2 FOLLOWER]: Refusing update from remote peer 7f3e2b823ec349e5a7a5d144e8b77c42: Log matching property violated. Preceding OpId in replica: term: 0 index: 0. Preceding OpId from leader: term: 2 index: 1. (index mismatch)
I20260713 09:06:03.169414 17749 consensus_queue.cc:1048] T 6645c0d91a9d4b42a1853e7b01318def P 7f3e2b823ec349e5a7a5d144e8b77c42 [LEADER]: Connected to new peer: Peer: permanent_uuid: "d47138183b134690adf3ee7840c4526c" member_type: VOTER last_known_addr { host: "127.16.6.66" port: 41891 }, Status: LMP_MISMATCH, Last received: 0.0, Next index: 1, Last known committed idx: 0, Time since last communication: 0.001s
I20260713 09:06:03.184970 17686 raft_consensus.cc:1275] T 6645c0d91a9d4b42a1853e7b01318def P 0221fcc236404cf0b29c2d54b303e8f3 [term 2 FOLLOWER]: Refusing update from remote peer 7f3e2b823ec349e5a7a5d144e8b77c42: Log matching property violated. Preceding OpId in replica: term: 0 index: 0. Preceding OpId from leader: term: 2 index: 1. (index mismatch)
I20260713 09:06:03.186661 17749 consensus_queue.cc:1048] T 6645c0d91a9d4b42a1853e7b01318def P 7f3e2b823ec349e5a7a5d144e8b77c42 [LEADER]: Connected to new peer: Peer: permanent_uuid: "0221fcc236404cf0b29c2d54b303e8f3" member_type: VOTER last_known_addr { host: "127.16.6.67" port: 35999 }, Status: LMP_MISMATCH, Last received: 0.0, Next index: 1, Last known committed idx: 0, Time since last communication: 0.000s
I20260713 09:06:03.218616 16409 file_cache.cc:504] Constructed file cache file cache with capacity 419430
W20260713 09:06:03.227273 17918 instance_detector.cc:116] could not retrieve AWS instance metadata: Network error: curl error: HTTP response code said error: The requested URL returned error: 404
W20260713 09:06:03.228461 17919 instance_detector.cc:116] could not retrieve Azure instance metadata: Network error: curl error: HTTP response code said error: The requested URL returned error: 404
I20260713 09:06:03.232208 16409 server_base.cc:1061] running on GCE node
W20260713 09:06:03.233268 17921 instance_detector.cc:116] could not retrieve OpenStack instance metadata: Network error: curl error: HTTP response code said error: The requested URL returned error: 404
I20260713 09:06:03.234618 16409 hybrid_clock.cc:584] initializing the hybrid clock with 'system_unsync' time source
W20260713 09:06:03.234880 16409 system_unsync_time.cc:38] NTP support is disabled. Clock error bounds will not be accurate. This configuration is not suitable for distributed clusters.
I20260713 09:06:03.235081 16409 hybrid_clock.cc:648] HybridClock initialized: now 1783933563235061 us; error 0 us; skew 500 ppm
I20260713 09:06:03.235648 16409 server_base.cc:861] Flag tcmalloc_max_total_thread_cache_bytes is not working since tcmalloc is not enabled.
I20260713 09:06:03.238547 16409 webserver.cc:533] Webserver started at http://127.16.6.68:38007/ using document root <none> and password file <none>
I20260713 09:06:03.239084 16409 fs_manager.cc:362] Metadata directory not provided
I20260713 09:06:03.239305 16409 fs_manager.cc:368] Using write-ahead log directory (fs_wal_dir) as metadata directory
I20260713 09:06:03.239614 16409 server_base.cc:909] This appears to be a new deployment of Kudu; creating new FS layout
I20260713 09:06:03.240988 16409 fs_manager.cc:1068] Generated new instance metadata in path /tmp/dist-test-taskFbyfUu/test-tmp/auto_leader_rebalancer-test.0.LeaderRebalancerTest.AddTserver.1783933532629734-16409-0/minicluster-data/ts-3-root/instance:
uuid: "0da23f4862324ba08321b080b00dcff9"
format_stamp: "Formatted at 2026-07-13 09:06:03 on dist-test-slave-7hhx"
I20260713 09:06:03.245795 16409 fs_manager.cc:696] Time spent creating directory manager: real 0.004s	user 0.003s	sys 0.000s
I20260713 09:06:03.249897 17926 log_block_manager.cc:4127] Time spent loading block containers with low live blocks: real 0.000s	user 0.000s	sys 0.000s
I20260713 09:06:03.250890 16409 fs_manager.cc:730] Time spent opening block manager: real 0.003s	user 0.004s	sys 0.000s
I20260713 09:06:03.251260 16409 fs_manager.cc:647] Opened local filesystem: /tmp/dist-test-taskFbyfUu/test-tmp/auto_leader_rebalancer-test.0.LeaderRebalancerTest.AddTserver.1783933532629734-16409-0/minicluster-data/ts-3-root
uuid: "0da23f4862324ba08321b080b00dcff9"
format_stamp: "Formatted at 2026-07-13 09:06:03 on dist-test-slave-7hhx"
I20260713 09:06:03.251595 16409 fs_report.cc:389] FS layout report
--------------------
wal directory: /tmp/dist-test-taskFbyfUu/test-tmp/auto_leader_rebalancer-test.0.LeaderRebalancerTest.AddTserver.1783933532629734-16409-0/minicluster-data/ts-3-root
metadata directory: /tmp/dist-test-taskFbyfUu/test-tmp/auto_leader_rebalancer-test.0.LeaderRebalancerTest.AddTserver.1783933532629734-16409-0/minicluster-data/ts-3-root
1 data directories: /tmp/dist-test-taskFbyfUu/test-tmp/auto_leader_rebalancer-test.0.LeaderRebalancerTest.AddTserver.1783933532629734-16409-0/minicluster-data/ts-3-root/data
Total live blocks: 0
Total live bytes: 0
Total live bytes (after alignment): 0
Total number of LBM containers: 0 (0 full)
Did not check for missing blocks
Did not check for orphaned blocks
Total full LBM containers with extra space: 0 (0 repaired)
Total full LBM container extra space in bytes: 0 (0 repaired)
Total incomplete LBM containers: 0 (0 repaired)
Total LBM partial records: 0 (0 repaired)
Total corrupted LBM metadata records in RocksDB: 0 (0 repaired)
I20260713 09:06:03.299429 16409 rpc_server.cc:225] running with OpenSSL 1.1.1  11 Sep 2018
I20260713 09:06:03.300830 16409 kserver.cc:163] Server-wide thread pool size limit: 3276
I20260713 09:06:03.302322 16409 txn_system_client.cc:432] TxnSystemClient initialization is disabled...
I20260713 09:06:03.304703 16409 ts_tablet_manager.cc:585] Loaded tablet metadata (0 total tablets, 0 live tablets)
I20260713 09:06:03.304960 16409 ts_tablet_manager.cc:531] Time spent load tablet metadata: real 0.000s	user 0.000s	sys 0.000s
I20260713 09:06:03.305230 16409 ts_tablet_manager.cc:616] Registered 0 tablets
I20260713 09:06:03.305423 16409 ts_tablet_manager.cc:595] Time spent register tablets: real 0.000s	user 0.000s	sys 0.000s
I20260713 09:06:03.364279 16409 rpc_server.cc:307] RPC server started. Bound to: 127.16.6.68:34849
I20260713 09:06:03.364622 17988 acceptor_pool.cc:272] collecting diagnostics on the listening RPC socket 127.16.6.68:34849 every 8 connection(s)
I20260713 09:06:03.369029 16409 auto_leader_rebalancer-test.cc:392] add a tserver: 0da23f4862324ba08321b080b00dcff9
I20260713 09:06:03.385390 17989 heartbeater.cc:344] Connected to a master server at 127.16.6.126:35253
I20260713 09:06:03.385914 17989 heartbeater.cc:461] Registering TS with master...
I20260713 09:06:03.386988 17989 heartbeater.cc:507] Master 127.16.6.126:35253 requested a full tablet report, sending...
I20260713 09:06:03.389586 17434 ts_manager.cc:194] Registered new tserver with Master: 0da23f4862324ba08321b080b00dcff9 (127.16.6.68:34849)
I20260713 09:06:03.391359 17434 master_service.cc:502] Signed X509 certificate for tserver {username='slave'} at 127.0.0.1:37218
I20260713 09:06:03.497750 17610 consensus_queue.cc:237] T 72ad10eeb8b54b68af6e25bb4e61d819 P d47138183b134690adf3ee7840c4526c [LEADER]: Queue going to LEADER mode. State: All replicated index: 0, Majority replicated index: 1, Committed index: 1, Last appended: 1.1, Last appended by leader: 0, Current term: 1, Majority size: 2, State: 0, Mode: LEADER, active raft config: opid_index: 2 OBSOLETE_local: false peers { permanent_uuid: "7f3e2b823ec349e5a7a5d144e8b77c42" member_type: VOTER last_known_addr { host: "127.16.6.65" port: 41329 } } peers { permanent_uuid: "d47138183b134690adf3ee7840c4526c" member_type: VOTER last_known_addr { host: "127.16.6.66" port: 41891 } } peers { permanent_uuid: "0221fcc236404cf0b29c2d54b303e8f3" member_type: VOTER last_known_addr { host: "127.16.6.67" port: 35999 } attrs { replace: true } } peers { permanent_uuid: "0da23f4862324ba08321b080b00dcff9" member_type: NON_VOTER last_known_addr { host: "127.16.6.68" port: 34849 } attrs { promote: true } }
I20260713 09:06:03.507180 17536 raft_consensus.cc:1275] T 72ad10eeb8b54b68af6e25bb4e61d819 P 7f3e2b823ec349e5a7a5d144e8b77c42 [term 1 FOLLOWER]: Refusing update from remote peer d47138183b134690adf3ee7840c4526c: Log matching property violated. Preceding OpId in replica: term: 1 index: 1. Preceding OpId from leader: term: 1 index: 2. (index mismatch)
I20260713 09:06:03.508518 17686 raft_consensus.cc:1275] T 72ad10eeb8b54b68af6e25bb4e61d819 P 0221fcc236404cf0b29c2d54b303e8f3 [term 1 FOLLOWER]: Refusing update from remote peer d47138183b134690adf3ee7840c4526c: Log matching property violated. Preceding OpId in replica: term: 1 index: 1. Preceding OpId from leader: term: 1 index: 2. (index mismatch)
I20260713 09:06:03.511235 17996 consensus_queue.cc:1048] T 72ad10eeb8b54b68af6e25bb4e61d819 P d47138183b134690adf3ee7840c4526c [LEADER]: Connected to new peer: Peer: permanent_uuid: "7f3e2b823ec349e5a7a5d144e8b77c42" member_type: VOTER last_known_addr { host: "127.16.6.65" port: 41329 }, Status: LMP_MISMATCH, Last received: 0.0, Next index: 2, Last known committed idx: 1, Time since last communication: 0.001s
I20260713 09:06:03.523975 17770 consensus_queue.cc:1048] T 72ad10eeb8b54b68af6e25bb4e61d819 P d47138183b134690adf3ee7840c4526c [LEADER]: Connected to new peer: Peer: permanent_uuid: "0221fcc236404cf0b29c2d54b303e8f3" member_type: VOTER last_known_addr { host: "127.16.6.67" port: 35999 } attrs { replace: true }, Status: LMP_MISMATCH, Last received: 0.0, Next index: 2, Last known committed idx: 1, Time since last communication: 0.001s
I20260713 09:06:03.527551 17996 raft_consensus.cc:2955] T 72ad10eeb8b54b68af6e25bb4e61d819 P d47138183b134690adf3ee7840c4526c [term 1 LEADER]: Committing config change with OpId 1.2: config changed from index -1 to 2, NON_VOTER 0da23f4862324ba08321b080b00dcff9 (127.16.6.68) added. New config: { opid_index: 2 OBSOLETE_local: false peers { permanent_uuid: "7f3e2b823ec349e5a7a5d144e8b77c42" member_type: VOTER last_known_addr { host: "127.16.6.65" port: 41329 } } peers { permanent_uuid: "d47138183b134690adf3ee7840c4526c" member_type: VOTER last_known_addr { host: "127.16.6.66" port: 41891 } } peers { permanent_uuid: "0221fcc236404cf0b29c2d54b303e8f3" member_type: VOTER last_known_addr { host: "127.16.6.67" port: 35999 } attrs { replace: true } } peers { permanent_uuid: "0da23f4862324ba08321b080b00dcff9" member_type: NON_VOTER last_known_addr { host: "127.16.6.68" port: 34849 } attrs { promote: true } } }
I20260713 09:06:03.530453 17536 raft_consensus.cc:2955] T 72ad10eeb8b54b68af6e25bb4e61d819 P 7f3e2b823ec349e5a7a5d144e8b77c42 [term 1 FOLLOWER]: Committing config change with OpId 1.2: config changed from index -1 to 2, NON_VOTER 0da23f4862324ba08321b080b00dcff9 (127.16.6.68) added. New config: { opid_index: 2 OBSOLETE_local: false peers { permanent_uuid: "7f3e2b823ec349e5a7a5d144e8b77c42" member_type: VOTER last_known_addr { host: "127.16.6.65" port: 41329 } } peers { permanent_uuid: "d47138183b134690adf3ee7840c4526c" member_type: VOTER last_known_addr { host: "127.16.6.66" port: 41891 } } peers { permanent_uuid: "0221fcc236404cf0b29c2d54b303e8f3" member_type: VOTER last_known_addr { host: "127.16.6.67" port: 35999 } attrs { replace: true } } peers { permanent_uuid: "0da23f4862324ba08321b080b00dcff9" member_type: NON_VOTER last_known_addr { host: "127.16.6.68" port: 34849 } attrs { promote: true } } }
I20260713 09:06:03.557787 17434 catalog_manager.cc:5697] T 72ad10eeb8b54b68af6e25bb4e61d819 P d47138183b134690adf3ee7840c4526c reported cstate change: config changed from index -1 to 2, NON_VOTER 0da23f4862324ba08321b080b00dcff9 (127.16.6.68) added. New cstate: current_term: 1 leader_uuid: "d47138183b134690adf3ee7840c4526c" committed_config { opid_index: 2 OBSOLETE_local: false peers { permanent_uuid: "7f3e2b823ec349e5a7a5d144e8b77c42" member_type: VOTER last_known_addr { host: "127.16.6.65" port: 41329 } health_report { overall_health: HEALTHY } } peers { permanent_uuid: "d47138183b134690adf3ee7840c4526c" member_type: VOTER last_known_addr { host: "127.16.6.66" port: 41891 } health_report { overall_health: HEALTHY } } peers { permanent_uuid: "0221fcc236404cf0b29c2d54b303e8f3" member_type: VOTER last_known_addr { host: "127.16.6.67" port: 35999 } attrs { replace: true } health_report { overall_health: UNKNOWN } } peers { permanent_uuid: "0da23f4862324ba08321b080b00dcff9" member_type: NON_VOTER last_known_addr { host: "127.16.6.68" port: 34849 } attrs { promote: true } health_report { overall_health: UNKNOWN } } }
W20260713 09:06:03.558569 17578 consensus_peers.cc:597] T 72ad10eeb8b54b68af6e25bb4e61d819 P d47138183b134690adf3ee7840c4526c -> Peer 0da23f4862324ba08321b080b00dcff9 (127.16.6.68:34849): Couldn't send request to peer 0da23f4862324ba08321b080b00dcff9. Error code: TABLET_NOT_FOUND (6). Status: Not found: Tablet not found: 72ad10eeb8b54b68af6e25bb4e61d819. This is attempt 1: this message will repeat every 5th retry.
I20260713 09:06:03.562431 17686 raft_consensus.cc:2955] T 72ad10eeb8b54b68af6e25bb4e61d819 P 0221fcc236404cf0b29c2d54b303e8f3 [term 1 FOLLOWER]: Committing config change with OpId 1.2: config changed from index -1 to 2, NON_VOTER 0da23f4862324ba08321b080b00dcff9 (127.16.6.68) added. New config: { opid_index: 2 OBSOLETE_local: false peers { permanent_uuid: "7f3e2b823ec349e5a7a5d144e8b77c42" member_type: VOTER last_known_addr { host: "127.16.6.65" port: 41329 } } peers { permanent_uuid: "d47138183b134690adf3ee7840c4526c" member_type: VOTER last_known_addr { host: "127.16.6.66" port: 41891 } } peers { permanent_uuid: "0221fcc236404cf0b29c2d54b303e8f3" member_type: VOTER last_known_addr { host: "127.16.6.67" port: 35999 } attrs { replace: true } } peers { permanent_uuid: "0da23f4862324ba08321b080b00dcff9" member_type: NON_VOTER last_known_addr { host: "127.16.6.68" port: 34849 } attrs { promote: true } } }
I20260713 09:06:03.572690 17685 consensus_queue.cc:237] T f679adbe263a42a686b71ca7c38958eb P 0221fcc236404cf0b29c2d54b303e8f3 [LEADER]: Queue going to LEADER mode. State: All replicated index: 0, Majority replicated index: 1, Committed index: 1, Last appended: 1.1, Last appended by leader: 0, Current term: 1, Majority size: 2, State: 0, Mode: LEADER, active raft config: opid_index: 2 OBSOLETE_local: false peers { permanent_uuid: "7f3e2b823ec349e5a7a5d144e8b77c42" member_type: VOTER last_known_addr { host: "127.16.6.65" port: 41329 } } peers { permanent_uuid: "d47138183b134690adf3ee7840c4526c" member_type: VOTER last_known_addr { host: "127.16.6.66" port: 41891 } attrs { replace: true } } peers { permanent_uuid: "0221fcc236404cf0b29c2d54b303e8f3" member_type: VOTER last_known_addr { host: "127.16.6.67" port: 35999 } } peers { permanent_uuid: "0da23f4862324ba08321b080b00dcff9" member_type: NON_VOTER last_known_addr { host: "127.16.6.68" port: 34849 } attrs { promote: true } }
I20260713 09:06:03.588212 17610 raft_consensus.cc:1275] T f679adbe263a42a686b71ca7c38958eb P d47138183b134690adf3ee7840c4526c [term 1 FOLLOWER]: Refusing update from remote peer 0221fcc236404cf0b29c2d54b303e8f3: Log matching property violated. Preceding OpId in replica: term: 1 index: 1. Preceding OpId from leader: term: 1 index: 2. (index mismatch)
I20260713 09:06:03.593349 17760 consensus_queue.cc:1048] T f679adbe263a42a686b71ca7c38958eb P 0221fcc236404cf0b29c2d54b303e8f3 [LEADER]: Connected to new peer: Peer: permanent_uuid: "d47138183b134690adf3ee7840c4526c" member_type: VOTER last_known_addr { host: "127.16.6.66" port: 41891 } attrs { replace: true }, Status: LMP_MISMATCH, Last received: 0.0, Next index: 2, Last known committed idx: 1, Time since last communication: 0.001s
W20260713 09:06:03.603219 17652 consensus_peers.cc:597] T f679adbe263a42a686b71ca7c38958eb P 0221fcc236404cf0b29c2d54b303e8f3 -> Peer 0da23f4862324ba08321b080b00dcff9 (127.16.6.68:34849): Couldn't send request to peer 0da23f4862324ba08321b080b00dcff9. Error code: TABLET_NOT_FOUND (6). Status: Not found: Tablet not found: f679adbe263a42a686b71ca7c38958eb. This is attempt 1: this message will repeat every 5th retry.
I20260713 09:06:03.608536 17536 raft_consensus.cc:1275] T f679adbe263a42a686b71ca7c38958eb P 7f3e2b823ec349e5a7a5d144e8b77c42 [term 1 FOLLOWER]: Refusing update from remote peer 0221fcc236404cf0b29c2d54b303e8f3: Log matching property violated. Preceding OpId in replica: term: 1 index: 1. Preceding OpId from leader: term: 1 index: 2. (index mismatch)
I20260713 09:06:03.610591 17760 consensus_queue.cc:1048] T f679adbe263a42a686b71ca7c38958eb P 0221fcc236404cf0b29c2d54b303e8f3 [LEADER]: Connected to new peer: Peer: permanent_uuid: "7f3e2b823ec349e5a7a5d144e8b77c42" member_type: VOTER last_known_addr { host: "127.16.6.65" port: 41329 }, Status: LMP_MISMATCH, Last received: 0.0, Next index: 2, Last known committed idx: 1, Time since last communication: 0.000s
I20260713 09:06:03.613276 17760 raft_consensus.cc:2955] T f679adbe263a42a686b71ca7c38958eb P 0221fcc236404cf0b29c2d54b303e8f3 [term 1 LEADER]: Committing config change with OpId 1.2: config changed from index -1 to 2, NON_VOTER 0da23f4862324ba08321b080b00dcff9 (127.16.6.68) added. New config: { opid_index: 2 OBSOLETE_local: false peers { permanent_uuid: "7f3e2b823ec349e5a7a5d144e8b77c42" member_type: VOTER last_known_addr { host: "127.16.6.65" port: 41329 } } peers { permanent_uuid: "d47138183b134690adf3ee7840c4526c" member_type: VOTER last_known_addr { host: "127.16.6.66" port: 41891 } attrs { replace: true } } peers { permanent_uuid: "0221fcc236404cf0b29c2d54b303e8f3" member_type: VOTER last_known_addr { host: "127.16.6.67" port: 35999 } } peers { permanent_uuid: "0da23f4862324ba08321b080b00dcff9" member_type: NON_VOTER last_known_addr { host: "127.16.6.68" port: 34849 } attrs { promote: true } } }
I20260713 09:06:03.615427 17610 raft_consensus.cc:2955] T f679adbe263a42a686b71ca7c38958eb P d47138183b134690adf3ee7840c4526c [term 1 FOLLOWER]: Committing config change with OpId 1.2: config changed from index -1 to 2, NON_VOTER 0da23f4862324ba08321b080b00dcff9 (127.16.6.68) added. New config: { opid_index: 2 OBSOLETE_local: false peers { permanent_uuid: "7f3e2b823ec349e5a7a5d144e8b77c42" member_type: VOTER last_known_addr { host: "127.16.6.65" port: 41329 } } peers { permanent_uuid: "d47138183b134690adf3ee7840c4526c" member_type: VOTER last_known_addr { host: "127.16.6.66" port: 41891 } attrs { replace: true } } peers { permanent_uuid: "0221fcc236404cf0b29c2d54b303e8f3" member_type: VOTER last_known_addr { host: "127.16.6.67" port: 35999 } } peers { permanent_uuid: "0da23f4862324ba08321b080b00dcff9" member_type: NON_VOTER last_known_addr { host: "127.16.6.68" port: 34849 } attrs { promote: true } } }
I20260713 09:06:03.629366 17435 catalog_manager.cc:5697] T f679adbe263a42a686b71ca7c38958eb P 0221fcc236404cf0b29c2d54b303e8f3 reported cstate change: config changed from index -1 to 2, NON_VOTER 0da23f4862324ba08321b080b00dcff9 (127.16.6.68) added. New cstate: current_term: 1 leader_uuid: "0221fcc236404cf0b29c2d54b303e8f3" committed_config { opid_index: 2 OBSOLETE_local: false peers { permanent_uuid: "7f3e2b823ec349e5a7a5d144e8b77c42" member_type: VOTER last_known_addr { host: "127.16.6.65" port: 41329 } health_report { overall_health: UNKNOWN } } peers { permanent_uuid: "d47138183b134690adf3ee7840c4526c" member_type: VOTER last_known_addr { host: "127.16.6.66" port: 41891 } attrs { replace: true } health_report { overall_health: HEALTHY } } peers { permanent_uuid: "0221fcc236404cf0b29c2d54b303e8f3" member_type: VOTER last_known_addr { host: "127.16.6.67" port: 35999 } health_report { overall_health: HEALTHY } } peers { permanent_uuid: "0da23f4862324ba08321b080b00dcff9" member_type: NON_VOTER last_known_addr { host: "127.16.6.68" port: 34849 } attrs { promote: true } health_report { overall_health: UNKNOWN } } }
I20260713 09:06:03.630002 17609 consensus_queue.cc:237] T e599ba63306b4cc981cdce14c3255f61 P d47138183b134690adf3ee7840c4526c [LEADER]: Queue going to LEADER mode. State: All replicated index: 0, Majority replicated index: 1, Committed index: 1, Last appended: 1.1, Last appended by leader: 0, Current term: 1, Majority size: 2, State: 0, Mode: LEADER, active raft config: opid_index: 2 OBSOLETE_local: false peers { permanent_uuid: "7f3e2b823ec349e5a7a5d144e8b77c42" member_type: VOTER last_known_addr { host: "127.16.6.65" port: 41329 } attrs { replace: true } } peers { permanent_uuid: "d47138183b134690adf3ee7840c4526c" member_type: VOTER last_known_addr { host: "127.16.6.66" port: 41891 } } peers { permanent_uuid: "0221fcc236404cf0b29c2d54b303e8f3" member_type: VOTER last_known_addr { host: "127.16.6.67" port: 35999 } } peers { permanent_uuid: "0da23f4862324ba08321b080b00dcff9" member_type: NON_VOTER last_known_addr { host: "127.16.6.68" port: 34849 } attrs { promote: true } }
I20260713 09:06:03.638795 17536 raft_consensus.cc:2955] T f679adbe263a42a686b71ca7c38958eb P 7f3e2b823ec349e5a7a5d144e8b77c42 [term 1 FOLLOWER]: Committing config change with OpId 1.2: config changed from index -1 to 2, NON_VOTER 0da23f4862324ba08321b080b00dcff9 (127.16.6.68) added. New config: { opid_index: 2 OBSOLETE_local: false peers { permanent_uuid: "7f3e2b823ec349e5a7a5d144e8b77c42" member_type: VOTER last_known_addr { host: "127.16.6.65" port: 41329 } } peers { permanent_uuid: "d47138183b134690adf3ee7840c4526c" member_type: VOTER last_known_addr { host: "127.16.6.66" port: 41891 } attrs { replace: true } } peers { permanent_uuid: "0221fcc236404cf0b29c2d54b303e8f3" member_type: VOTER last_known_addr { host: "127.16.6.67" port: 35999 } } peers { permanent_uuid: "0da23f4862324ba08321b080b00dcff9" member_type: NON_VOTER last_known_addr { host: "127.16.6.68" port: 34849 } attrs { promote: true } } }
I20260713 09:06:03.653426 17537 raft_consensus.cc:1275] T e599ba63306b4cc981cdce14c3255f61 P 7f3e2b823ec349e5a7a5d144e8b77c42 [term 1 FOLLOWER]: Refusing update from remote peer d47138183b134690adf3ee7840c4526c: Log matching property violated. Preceding OpId in replica: term: 1 index: 1. Preceding OpId from leader: term: 1 index: 2. (index mismatch)
I20260713 09:06:03.655275 17795 consensus_queue.cc:1048] T e599ba63306b4cc981cdce14c3255f61 P d47138183b134690adf3ee7840c4526c [LEADER]: Connected to new peer: Peer: permanent_uuid: "7f3e2b823ec349e5a7a5d144e8b77c42" member_type: VOTER last_known_addr { host: "127.16.6.65" port: 41329 } attrs { replace: true }, Status: LMP_MISMATCH, Last received: 0.0, Next index: 2, Last known committed idx: 1, Time since last communication: 0.001s
W20260713 09:06:03.658265 17578 consensus_peers.cc:597] T e599ba63306b4cc981cdce14c3255f61 P d47138183b134690adf3ee7840c4526c -> Peer 0da23f4862324ba08321b080b00dcff9 (127.16.6.68:34849): Couldn't send request to peer 0da23f4862324ba08321b080b00dcff9. Error code: TABLET_NOT_FOUND (6). Status: Not found: Tablet not found: e599ba63306b4cc981cdce14c3255f61. This is attempt 1: this message will repeat every 5th retry.
I20260713 09:06:03.660255 17685 raft_consensus.cc:1275] T e599ba63306b4cc981cdce14c3255f61 P 0221fcc236404cf0b29c2d54b303e8f3 [term 1 FOLLOWER]: Refusing update from remote peer d47138183b134690adf3ee7840c4526c: Log matching property violated. Preceding OpId in replica: term: 1 index: 1. Preceding OpId from leader: term: 1 index: 2. (index mismatch)
I20260713 09:06:03.676895 17795 consensus_queue.cc:1048] T e599ba63306b4cc981cdce14c3255f61 P d47138183b134690adf3ee7840c4526c [LEADER]: Connected to new peer: Peer: permanent_uuid: "0221fcc236404cf0b29c2d54b303e8f3" member_type: VOTER last_known_addr { host: "127.16.6.67" port: 35999 }, Status: LMP_MISMATCH, Last received: 0.0, Next index: 2, Last known committed idx: 1, Time since last communication: 0.001s
I20260713 09:06:03.705952 17996 raft_consensus.cc:2955] T e599ba63306b4cc981cdce14c3255f61 P d47138183b134690adf3ee7840c4526c [term 1 LEADER]: Committing config change with OpId 1.2: config changed from index -1 to 2, NON_VOTER 0da23f4862324ba08321b080b00dcff9 (127.16.6.68) added. New config: { opid_index: 2 OBSOLETE_local: false peers { permanent_uuid: "7f3e2b823ec349e5a7a5d144e8b77c42" member_type: VOTER last_known_addr { host: "127.16.6.65" port: 41329 } attrs { replace: true } } peers { permanent_uuid: "d47138183b134690adf3ee7840c4526c" member_type: VOTER last_known_addr { host: "127.16.6.66" port: 41891 } } peers { permanent_uuid: "0221fcc236404cf0b29c2d54b303e8f3" member_type: VOTER last_known_addr { host: "127.16.6.67" port: 35999 } } peers { permanent_uuid: "0da23f4862324ba08321b080b00dcff9" member_type: NON_VOTER last_known_addr { host: "127.16.6.68" port: 34849 } attrs { promote: true } } }
I20260713 09:06:03.707782 17536 raft_consensus.cc:2955] T e599ba63306b4cc981cdce14c3255f61 P 7f3e2b823ec349e5a7a5d144e8b77c42 [term 1 FOLLOWER]: Committing config change with OpId 1.2: config changed from index -1 to 2, NON_VOTER 0da23f4862324ba08321b080b00dcff9 (127.16.6.68) added. New config: { opid_index: 2 OBSOLETE_local: false peers { permanent_uuid: "7f3e2b823ec349e5a7a5d144e8b77c42" member_type: VOTER last_known_addr { host: "127.16.6.65" port: 41329 } attrs { replace: true } } peers { permanent_uuid: "d47138183b134690adf3ee7840c4526c" member_type: VOTER last_known_addr { host: "127.16.6.66" port: 41891 } } peers { permanent_uuid: "0221fcc236404cf0b29c2d54b303e8f3" member_type: VOTER last_known_addr { host: "127.16.6.67" port: 35999 } } peers { permanent_uuid: "0da23f4862324ba08321b080b00dcff9" member_type: NON_VOTER last_known_addr { host: "127.16.6.68" port: 34849 } attrs { promote: true } } }
I20260713 09:06:03.730561 17435 catalog_manager.cc:5697] T e599ba63306b4cc981cdce14c3255f61 P 7f3e2b823ec349e5a7a5d144e8b77c42 reported cstate change: config changed from index -1 to 2, NON_VOTER 0da23f4862324ba08321b080b00dcff9 (127.16.6.68) added. New cstate: current_term: 1 leader_uuid: "d47138183b134690adf3ee7840c4526c" committed_config { opid_index: 2 OBSOLETE_local: false peers { permanent_uuid: "7f3e2b823ec349e5a7a5d144e8b77c42" member_type: VOTER last_known_addr { host: "127.16.6.65" port: 41329 } attrs { replace: true } } peers { permanent_uuid: "d47138183b134690adf3ee7840c4526c" member_type: VOTER last_known_addr { host: "127.16.6.66" port: 41891 } } peers { permanent_uuid: "0221fcc236404cf0b29c2d54b303e8f3" member_type: VOTER last_known_addr { host: "127.16.6.67" port: 35999 } } peers { permanent_uuid: "0da23f4862324ba08321b080b00dcff9" member_type: NON_VOTER last_known_addr { host: "127.16.6.68" port: 34849 } attrs { promote: true } } }
I20260713 09:06:03.733434 17685 raft_consensus.cc:2955] T e599ba63306b4cc981cdce14c3255f61 P 0221fcc236404cf0b29c2d54b303e8f3 [term 1 FOLLOWER]: Committing config change with OpId 1.2: config changed from index -1 to 2, NON_VOTER 0da23f4862324ba08321b080b00dcff9 (127.16.6.68) added. New config: { opid_index: 2 OBSOLETE_local: false peers { permanent_uuid: "7f3e2b823ec349e5a7a5d144e8b77c42" member_type: VOTER last_known_addr { host: "127.16.6.65" port: 41329 } attrs { replace: true } } peers { permanent_uuid: "d47138183b134690adf3ee7840c4526c" member_type: VOTER last_known_addr { host: "127.16.6.66" port: 41891 } } peers { permanent_uuid: "0221fcc236404cf0b29c2d54b303e8f3" member_type: VOTER last_known_addr { host: "127.16.6.67" port: 35999 } } peers { permanent_uuid: "0da23f4862324ba08321b080b00dcff9" member_type: NON_VOTER last_known_addr { host: "127.16.6.68" port: 34849 } attrs { promote: true } } }
I20260713 09:06:03.746804 17536 consensus_queue.cc:237] T 6645c0d91a9d4b42a1853e7b01318def P 7f3e2b823ec349e5a7a5d144e8b77c42 [LEADER]: Queue going to LEADER mode. State: All replicated index: 0, Majority replicated index: 1, Committed index: 1, Last appended: 2.1, Last appended by leader: 0, Current term: 2, Majority size: 2, State: 0, Mode: LEADER, active raft config: opid_index: 2 OBSOLETE_local: false peers { permanent_uuid: "7f3e2b823ec349e5a7a5d144e8b77c42" member_type: VOTER last_known_addr { host: "127.16.6.65" port: 41329 } } peers { permanent_uuid: "d47138183b134690adf3ee7840c4526c" member_type: VOTER last_known_addr { host: "127.16.6.66" port: 41891 } } peers { permanent_uuid: "0221fcc236404cf0b29c2d54b303e8f3" member_type: VOTER last_known_addr { host: "127.16.6.67" port: 35999 } attrs { replace: true } } peers { permanent_uuid: "0da23f4862324ba08321b080b00dcff9" member_type: NON_VOTER last_known_addr { host: "127.16.6.68" port: 34849 } attrs { promote: true } }
I20260713 09:06:03.755910 17609 raft_consensus.cc:1275] T 6645c0d91a9d4b42a1853e7b01318def P d47138183b134690adf3ee7840c4526c [term 2 FOLLOWER]: Refusing update from remote peer 7f3e2b823ec349e5a7a5d144e8b77c42: Log matching property violated. Preceding OpId in replica: term: 2 index: 1. Preceding OpId from leader: term: 2 index: 2. (index mismatch)
I20260713 09:06:03.755910 17685 raft_consensus.cc:1275] T 6645c0d91a9d4b42a1853e7b01318def P 0221fcc236404cf0b29c2d54b303e8f3 [term 2 FOLLOWER]: Refusing update from remote peer 7f3e2b823ec349e5a7a5d144e8b77c42: Log matching property violated. Preceding OpId in replica: term: 2 index: 1. Preceding OpId from leader: term: 2 index: 2. (index mismatch)
I20260713 09:06:03.757778 18015 consensus_queue.cc:1048] T 6645c0d91a9d4b42a1853e7b01318def P 7f3e2b823ec349e5a7a5d144e8b77c42 [LEADER]: Connected to new peer: Peer: permanent_uuid: "d47138183b134690adf3ee7840c4526c" member_type: VOTER last_known_addr { host: "127.16.6.66" port: 41891 }, Status: LMP_MISMATCH, Last received: 0.0, Next index: 2, Last known committed idx: 1, Time since last communication: 0.001s
I20260713 09:06:03.758632 18016 consensus_queue.cc:1048] T 6645c0d91a9d4b42a1853e7b01318def P 7f3e2b823ec349e5a7a5d144e8b77c42 [LEADER]: Connected to new peer: Peer: permanent_uuid: "0221fcc236404cf0b29c2d54b303e8f3" member_type: VOTER last_known_addr { host: "127.16.6.67" port: 35999 } attrs { replace: true }, Status: LMP_MISMATCH, Last received: 0.0, Next index: 2, Last known committed idx: 1, Time since last communication: 0.000s
I20260713 09:06:03.765822 17902 raft_consensus.cc:2955] T 6645c0d91a9d4b42a1853e7b01318def P 7f3e2b823ec349e5a7a5d144e8b77c42 [term 2 LEADER]: Committing config change with OpId 2.2: config changed from index -1 to 2, NON_VOTER 0da23f4862324ba08321b080b00dcff9 (127.16.6.68) added. New config: { opid_index: 2 OBSOLETE_local: false peers { permanent_uuid: "7f3e2b823ec349e5a7a5d144e8b77c42" member_type: VOTER last_known_addr { host: "127.16.6.65" port: 41329 } } peers { permanent_uuid: "d47138183b134690adf3ee7840c4526c" member_type: VOTER last_known_addr { host: "127.16.6.66" port: 41891 } } peers { permanent_uuid: "0221fcc236404cf0b29c2d54b303e8f3" member_type: VOTER last_known_addr { host: "127.16.6.67" port: 35999 } attrs { replace: true } } peers { permanent_uuid: "0da23f4862324ba08321b080b00dcff9" member_type: NON_VOTER last_known_addr { host: "127.16.6.68" port: 34849 } attrs { promote: true } } }
W20260713 09:06:03.767362 17503 consensus_peers.cc:597] T 6645c0d91a9d4b42a1853e7b01318def P 7f3e2b823ec349e5a7a5d144e8b77c42 -> Peer 0da23f4862324ba08321b080b00dcff9 (127.16.6.68:34849): Couldn't send request to peer 0da23f4862324ba08321b080b00dcff9. Error code: TABLET_NOT_FOUND (6). Status: Not found: Tablet not found: 6645c0d91a9d4b42a1853e7b01318def. This is attempt 1: this message will repeat every 5th retry.
I20260713 09:06:03.767498 17609 raft_consensus.cc:2955] T 6645c0d91a9d4b42a1853e7b01318def P d47138183b134690adf3ee7840c4526c [term 2 FOLLOWER]: Committing config change with OpId 2.2: config changed from index -1 to 2, NON_VOTER 0da23f4862324ba08321b080b00dcff9 (127.16.6.68) added. New config: { opid_index: 2 OBSOLETE_local: false peers { permanent_uuid: "7f3e2b823ec349e5a7a5d144e8b77c42" member_type: VOTER last_known_addr { host: "127.16.6.65" port: 41329 } } peers { permanent_uuid: "d47138183b134690adf3ee7840c4526c" member_type: VOTER last_known_addr { host: "127.16.6.66" port: 41891 } } peers { permanent_uuid: "0221fcc236404cf0b29c2d54b303e8f3" member_type: VOTER last_known_addr { host: "127.16.6.67" port: 35999 } attrs { replace: true } } peers { permanent_uuid: "0da23f4862324ba08321b080b00dcff9" member_type: NON_VOTER last_known_addr { host: "127.16.6.68" port: 34849 } attrs { promote: true } } }
I20260713 09:06:03.770457 17685 raft_consensus.cc:2955] T 6645c0d91a9d4b42a1853e7b01318def P 0221fcc236404cf0b29c2d54b303e8f3 [term 2 FOLLOWER]: Committing config change with OpId 2.2: config changed from index -1 to 2, NON_VOTER 0da23f4862324ba08321b080b00dcff9 (127.16.6.68) added. New config: { opid_index: 2 OBSOLETE_local: false peers { permanent_uuid: "7f3e2b823ec349e5a7a5d144e8b77c42" member_type: VOTER last_known_addr { host: "127.16.6.65" port: 41329 } } peers { permanent_uuid: "d47138183b134690adf3ee7840c4526c" member_type: VOTER last_known_addr { host: "127.16.6.66" port: 41891 } } peers { permanent_uuid: "0221fcc236404cf0b29c2d54b303e8f3" member_type: VOTER last_known_addr { host: "127.16.6.67" port: 35999 } attrs { replace: true } } peers { permanent_uuid: "0da23f4862324ba08321b080b00dcff9" member_type: NON_VOTER last_known_addr { host: "127.16.6.68" port: 34849 } attrs { promote: true } } }
I20260713 09:06:03.782277 17434 catalog_manager.cc:5697] T 6645c0d91a9d4b42a1853e7b01318def P d47138183b134690adf3ee7840c4526c reported cstate change: config changed from index -1 to 2, NON_VOTER 0da23f4862324ba08321b080b00dcff9 (127.16.6.68) added. New cstate: current_term: 2 leader_uuid: "7f3e2b823ec349e5a7a5d144e8b77c42" committed_config { opid_index: 2 OBSOLETE_local: false peers { permanent_uuid: "7f3e2b823ec349e5a7a5d144e8b77c42" member_type: VOTER last_known_addr { host: "127.16.6.65" port: 41329 } } peers { permanent_uuid: "d47138183b134690adf3ee7840c4526c" member_type: VOTER last_known_addr { host: "127.16.6.66" port: 41891 } } peers { permanent_uuid: "0221fcc236404cf0b29c2d54b303e8f3" member_type: VOTER last_known_addr { host: "127.16.6.67" port: 35999 } attrs { replace: true } } peers { permanent_uuid: "0da23f4862324ba08321b080b00dcff9" member_type: NON_VOTER last_known_addr { host: "127.16.6.68" port: 34849 } attrs { promote: true } } }
I20260713 09:06:03.927139 18019 ts_tablet_manager.cc:933] T 72ad10eeb8b54b68af6e25bb4e61d819 P 0da23f4862324ba08321b080b00dcff9: Initiating tablet copy from peer d47138183b134690adf3ee7840c4526c (127.16.6.66:41891)
I20260713 09:06:03.929061 18019 tablet_copy_client.cc:323] T 72ad10eeb8b54b68af6e25bb4e61d819 P 0da23f4862324ba08321b080b00dcff9: tablet copy: Beginning tablet copy session from remote peer at address 127.16.6.66:41891
I20260713 09:06:03.941861 17622 tablet_copy_service.cc:140] P d47138183b134690adf3ee7840c4526c: Received BeginTabletCopySession request for tablet 72ad10eeb8b54b68af6e25bb4e61d819 from peer 0da23f4862324ba08321b080b00dcff9 ({username='slave'} at 127.0.0.1:47980)
I20260713 09:06:03.942425 17622 tablet_copy_service.cc:161] P d47138183b134690adf3ee7840c4526c: Beginning new tablet copy session on tablet 72ad10eeb8b54b68af6e25bb4e61d819 from peer 0da23f4862324ba08321b080b00dcff9 at {username='slave'} at 127.0.0.1:47980: session id = 0da23f4862324ba08321b080b00dcff9-72ad10eeb8b54b68af6e25bb4e61d819
I20260713 09:06:03.949225 17622 tablet_copy_source_session.cc:215] T 72ad10eeb8b54b68af6e25bb4e61d819 P d47138183b134690adf3ee7840c4526c: Tablet Copy: opened 0 blocks and 1 log segments
I20260713 09:06:03.952903 18019 data_dirs.cc:400] Could only allocate 1 dirs of requested 3 for tablet 72ad10eeb8b54b68af6e25bb4e61d819. 1 dirs total, 0 dirs full, 0 dirs failed
I20260713 09:06:03.968582 18019 tablet_copy_client.cc:806] T 72ad10eeb8b54b68af6e25bb4e61d819 P 0da23f4862324ba08321b080b00dcff9: tablet copy: Starting download of 0 data blocks...
I20260713 09:06:03.969256 18019 tablet_copy_client.cc:670] T 72ad10eeb8b54b68af6e25bb4e61d819 P 0da23f4862324ba08321b080b00dcff9: tablet copy: Starting download of 1 WAL segments...
I20260713 09:06:03.974326 18019 tablet_copy_client.cc:538] T 72ad10eeb8b54b68af6e25bb4e61d819 P 0da23f4862324ba08321b080b00dcff9: tablet copy: Tablet Copy complete. Replacing tablet superblock.
I20260713 09:06:03.983421 18019 tablet_bootstrap.cc:492] T 72ad10eeb8b54b68af6e25bb4e61d819 P 0da23f4862324ba08321b080b00dcff9: Bootstrap starting.
I20260713 09:06:04.007126 18019 tablet_bootstrap.cc:492] T 72ad10eeb8b54b68af6e25bb4e61d819 P 0da23f4862324ba08321b080b00dcff9: Bootstrap replayed 1/1 log segments. Stats: ops{read=2 overwritten=0 applied=2 ignored=0} inserts{seen=0 ignored=0} mutations{seen=0 ignored=0} orphaned_commits=0. Pending: 0 replicates
I20260713 09:06:04.008122 18019 tablet_bootstrap.cc:492] T 72ad10eeb8b54b68af6e25bb4e61d819 P 0da23f4862324ba08321b080b00dcff9: Bootstrap complete.
I20260713 09:06:04.008879 18019 ts_tablet_manager.cc:1403] T 72ad10eeb8b54b68af6e25bb4e61d819 P 0da23f4862324ba08321b080b00dcff9: Time spent bootstrapping tablet: real 0.026s	user 0.026s	sys 0.000s
I20260713 09:06:04.011905 18019 raft_consensus.cc:359] T 72ad10eeb8b54b68af6e25bb4e61d819 P 0da23f4862324ba08321b080b00dcff9 [term 1 LEARNER]: Replica starting. Triggering 0 pending ops. Active config: opid_index: 2 OBSOLETE_local: false peers { permanent_uuid: "7f3e2b823ec349e5a7a5d144e8b77c42" member_type: VOTER last_known_addr { host: "127.16.6.65" port: 41329 } } peers { permanent_uuid: "d47138183b134690adf3ee7840c4526c" member_type: VOTER last_known_addr { host: "127.16.6.66" port: 41891 } } peers { permanent_uuid: "0221fcc236404cf0b29c2d54b303e8f3" member_type: VOTER last_known_addr { host: "127.16.6.67" port: 35999 } attrs { replace: true } } peers { permanent_uuid: "0da23f4862324ba08321b080b00dcff9" member_type: NON_VOTER last_known_addr { host: "127.16.6.68" port: 34849 } attrs { promote: true } }
I20260713 09:06:04.012756 18019 raft_consensus.cc:740] T 72ad10eeb8b54b68af6e25bb4e61d819 P 0da23f4862324ba08321b080b00dcff9 [term 1 LEARNER]: Becoming Follower/Learner. State: Replica: 0da23f4862324ba08321b080b00dcff9, State: Initialized, Role: LEARNER
I20260713 09:06:04.013447 18019 consensus_queue.cc:260] T 72ad10eeb8b54b68af6e25bb4e61d819 P 0da23f4862324ba08321b080b00dcff9 [NON_LEADER]: Queue going to NON_LEADER mode. State: All replicated index: 0, Majority replicated index: 0, Committed index: 2, Last appended: 1.2, Last appended by leader: 2, Current term: 0, Majority size: -1, State: 0, Mode: NON_LEADER, active raft config: opid_index: 2 OBSOLETE_local: false peers { permanent_uuid: "7f3e2b823ec349e5a7a5d144e8b77c42" member_type: VOTER last_known_addr { host: "127.16.6.65" port: 41329 } } peers { permanent_uuid: "d47138183b134690adf3ee7840c4526c" member_type: VOTER last_known_addr { host: "127.16.6.66" port: 41891 } } peers { permanent_uuid: "0221fcc236404cf0b29c2d54b303e8f3" member_type: VOTER last_known_addr { host: "127.16.6.67" port: 35999 } attrs { replace: true } } peers { permanent_uuid: "0da23f4862324ba08321b080b00dcff9" member_type: NON_VOTER last_known_addr { host: "127.16.6.68" port: 34849 } attrs { promote: true } }
I20260713 09:06:04.016525 17989 heartbeater.cc:499] Master 127.16.6.126:35253 was elected leader, sending a full tablet report...
I20260713 09:06:04.017097 18019 ts_tablet_manager.cc:1434] T 72ad10eeb8b54b68af6e25bb4e61d819 P 0da23f4862324ba08321b080b00dcff9: Time spent starting tablet: real 0.008s	user 0.003s	sys 0.004s
I20260713 09:06:04.019194 17622 tablet_copy_service.cc:342] P d47138183b134690adf3ee7840c4526c: Request end of tablet copy session 0da23f4862324ba08321b080b00dcff9-72ad10eeb8b54b68af6e25bb4e61d819 received from {username='slave'} at 127.0.0.1:47980
I20260713 09:06:04.019707 17622 tablet_copy_service.cc:434] P d47138183b134690adf3ee7840c4526c: ending tablet copy session 0da23f4862324ba08321b080b00dcff9-72ad10eeb8b54b68af6e25bb4e61d819 on tablet 72ad10eeb8b54b68af6e25bb4e61d819 with peer 0da23f4862324ba08321b080b00dcff9
I20260713 09:06:04.035228 18019 ts_tablet_manager.cc:933] T f679adbe263a42a686b71ca7c38958eb P 0da23f4862324ba08321b080b00dcff9: Initiating tablet copy from peer 0221fcc236404cf0b29c2d54b303e8f3 (127.16.6.67:35999)
I20260713 09:06:04.037173 18019 tablet_copy_client.cc:323] T f679adbe263a42a686b71ca7c38958eb P 0da23f4862324ba08321b080b00dcff9: tablet copy: Beginning tablet copy session from remote peer at address 127.16.6.67:35999
I20260713 09:06:04.048024 17696 tablet_copy_service.cc:140] P 0221fcc236404cf0b29c2d54b303e8f3: Received BeginTabletCopySession request for tablet f679adbe263a42a686b71ca7c38958eb from peer 0da23f4862324ba08321b080b00dcff9 ({username='slave'} at 127.0.0.1:60692)
I20260713 09:06:04.048714 17696 tablet_copy_service.cc:161] P 0221fcc236404cf0b29c2d54b303e8f3: Beginning new tablet copy session on tablet f679adbe263a42a686b71ca7c38958eb from peer 0da23f4862324ba08321b080b00dcff9 at {username='slave'} at 127.0.0.1:60692: session id = 0da23f4862324ba08321b080b00dcff9-f679adbe263a42a686b71ca7c38958eb
I20260713 09:06:04.055068 17696 tablet_copy_source_session.cc:215] T f679adbe263a42a686b71ca7c38958eb P 0221fcc236404cf0b29c2d54b303e8f3: Tablet Copy: opened 0 blocks and 1 log segments
I20260713 09:06:04.058082 18019 data_dirs.cc:400] Could only allocate 1 dirs of requested 3 for tablet f679adbe263a42a686b71ca7c38958eb. 1 dirs total, 0 dirs full, 0 dirs failed
I20260713 09:06:04.070442 18019 tablet_copy_client.cc:806] T f679adbe263a42a686b71ca7c38958eb P 0da23f4862324ba08321b080b00dcff9: tablet copy: Starting download of 0 data blocks...
I20260713 09:06:04.071028 18019 tablet_copy_client.cc:670] T f679adbe263a42a686b71ca7c38958eb P 0da23f4862324ba08321b080b00dcff9: tablet copy: Starting download of 1 WAL segments...
I20260713 09:06:04.074978 18019 tablet_copy_client.cc:538] T f679adbe263a42a686b71ca7c38958eb P 0da23f4862324ba08321b080b00dcff9: tablet copy: Tablet Copy complete. Replacing tablet superblock.
I20260713 09:06:04.082020 18019 tablet_bootstrap.cc:492] T f679adbe263a42a686b71ca7c38958eb P 0da23f4862324ba08321b080b00dcff9: Bootstrap starting.
I20260713 09:06:04.096345 18019 tablet_bootstrap.cc:492] T f679adbe263a42a686b71ca7c38958eb P 0da23f4862324ba08321b080b00dcff9: Bootstrap replayed 1/1 log segments. Stats: ops{read=2 overwritten=0 applied=2 ignored=0} inserts{seen=0 ignored=0} mutations{seen=0 ignored=0} orphaned_commits=0. Pending: 0 replicates
I20260713 09:06:04.097128 18019 tablet_bootstrap.cc:492] T f679adbe263a42a686b71ca7c38958eb P 0da23f4862324ba08321b080b00dcff9: Bootstrap complete.
I20260713 09:06:04.097725 18019 ts_tablet_manager.cc:1403] T f679adbe263a42a686b71ca7c38958eb P 0da23f4862324ba08321b080b00dcff9: Time spent bootstrapping tablet: real 0.016s	user 0.015s	sys 0.000s
I20260713 09:06:04.100240 18019 raft_consensus.cc:359] T f679adbe263a42a686b71ca7c38958eb P 0da23f4862324ba08321b080b00dcff9 [term 1 LEARNER]: Replica starting. Triggering 0 pending ops. Active config: opid_index: 2 OBSOLETE_local: false peers { permanent_uuid: "7f3e2b823ec349e5a7a5d144e8b77c42" member_type: VOTER last_known_addr { host: "127.16.6.65" port: 41329 } } peers { permanent_uuid: "d47138183b134690adf3ee7840c4526c" member_type: VOTER last_known_addr { host: "127.16.6.66" port: 41891 } attrs { replace: true } } peers { permanent_uuid: "0221fcc236404cf0b29c2d54b303e8f3" member_type: VOTER last_known_addr { host: "127.16.6.67" port: 35999 } } peers { permanent_uuid: "0da23f4862324ba08321b080b00dcff9" member_type: NON_VOTER last_known_addr { host: "127.16.6.68" port: 34849 } attrs { promote: true } }
I20260713 09:06:04.101063 18019 raft_consensus.cc:740] T f679adbe263a42a686b71ca7c38958eb P 0da23f4862324ba08321b080b00dcff9 [term 1 LEARNER]: Becoming Follower/Learner. State: Replica: 0da23f4862324ba08321b080b00dcff9, State: Initialized, Role: LEARNER
I20260713 09:06:04.101766 18019 consensus_queue.cc:260] T f679adbe263a42a686b71ca7c38958eb P 0da23f4862324ba08321b080b00dcff9 [NON_LEADER]: Queue going to NON_LEADER mode. State: All replicated index: 0, Majority replicated index: 0, Committed index: 2, Last appended: 1.2, Last appended by leader: 2, Current term: 0, Majority size: -1, State: 0, Mode: NON_LEADER, active raft config: opid_index: 2 OBSOLETE_local: false peers { permanent_uuid: "7f3e2b823ec349e5a7a5d144e8b77c42" member_type: VOTER last_known_addr { host: "127.16.6.65" port: 41329 } } peers { permanent_uuid: "d47138183b134690adf3ee7840c4526c" member_type: VOTER last_known_addr { host: "127.16.6.66" port: 41891 } attrs { replace: true } } peers { permanent_uuid: "0221fcc236404cf0b29c2d54b303e8f3" member_type: VOTER last_known_addr { host: "127.16.6.67" port: 35999 } } peers { permanent_uuid: "0da23f4862324ba08321b080b00dcff9" member_type: NON_VOTER last_known_addr { host: "127.16.6.68" port: 34849 } attrs { promote: true } }
I20260713 09:06:04.103420 18019 ts_tablet_manager.cc:1434] T f679adbe263a42a686b71ca7c38958eb P 0da23f4862324ba08321b080b00dcff9: Time spent starting tablet: real 0.005s	user 0.004s	sys 0.000s
I20260713 09:06:04.105021 17696 tablet_copy_service.cc:342] P 0221fcc236404cf0b29c2d54b303e8f3: Request end of tablet copy session 0da23f4862324ba08321b080b00dcff9-f679adbe263a42a686b71ca7c38958eb received from {username='slave'} at 127.0.0.1:60692
I20260713 09:06:04.105417 17696 tablet_copy_service.cc:434] P 0221fcc236404cf0b29c2d54b303e8f3: ending tablet copy session 0da23f4862324ba08321b080b00dcff9-f679adbe263a42a686b71ca7c38958eb on tablet f679adbe263a42a686b71ca7c38958eb with peer 0da23f4862324ba08321b080b00dcff9
I20260713 09:06:04.112346 18019 ts_tablet_manager.cc:933] T e599ba63306b4cc981cdce14c3255f61 P 0da23f4862324ba08321b080b00dcff9: Initiating tablet copy from peer d47138183b134690adf3ee7840c4526c (127.16.6.66:41891)
I20260713 09:06:04.114329 18019 tablet_copy_client.cc:323] T e599ba63306b4cc981cdce14c3255f61 P 0da23f4862324ba08321b080b00dcff9: tablet copy: Beginning tablet copy session from remote peer at address 127.16.6.66:41891
I20260713 09:06:04.115828 17622 tablet_copy_service.cc:140] P d47138183b134690adf3ee7840c4526c: Received BeginTabletCopySession request for tablet e599ba63306b4cc981cdce14c3255f61 from peer 0da23f4862324ba08321b080b00dcff9 ({username='slave'} at 127.0.0.1:47980)
I20260713 09:06:04.116442 17622 tablet_copy_service.cc:161] P d47138183b134690adf3ee7840c4526c: Beginning new tablet copy session on tablet e599ba63306b4cc981cdce14c3255f61 from peer 0da23f4862324ba08321b080b00dcff9 at {username='slave'} at 127.0.0.1:47980: session id = 0da23f4862324ba08321b080b00dcff9-e599ba63306b4cc981cdce14c3255f61
I20260713 09:06:04.122597 17622 tablet_copy_source_session.cc:215] T e599ba63306b4cc981cdce14c3255f61 P d47138183b134690adf3ee7840c4526c: Tablet Copy: opened 0 blocks and 1 log segments
I20260713 09:06:04.125335 18019 data_dirs.cc:400] Could only allocate 1 dirs of requested 3 for tablet e599ba63306b4cc981cdce14c3255f61. 1 dirs total, 0 dirs full, 0 dirs failed
I20260713 09:06:04.140821 18019 tablet_copy_client.cc:806] T e599ba63306b4cc981cdce14c3255f61 P 0da23f4862324ba08321b080b00dcff9: tablet copy: Starting download of 0 data blocks...
I20260713 09:06:04.141388 18019 tablet_copy_client.cc:670] T e599ba63306b4cc981cdce14c3255f61 P 0da23f4862324ba08321b080b00dcff9: tablet copy: Starting download of 1 WAL segments...
