I20260713 08:59:54.237449  1679 raft_consensus.cc:2468] T 6a96b64057484ab1b5f7cf9f281ff1a3 P db172fadaf254fb583f6ad6335a27a17 [term 0 FOLLOWER]: Leader pre-election vote request: Granting yes vote for candidate 99c26f75a2a94742a66f0e531e909427 in term 0.
I20260713 08:59:54.238684  1569 leader_election.cc:304] T 6a96b64057484ab1b5f7cf9f281ff1a3 P 99c26f75a2a94742a66f0e531e909427 [CANDIDATE]: Term 1 pre-election: Election decided. Result: candidate won. Election summary: received 2 responses out of 3 voters: 2 yes votes; 0 no votes. yes voters: 99c26f75a2a94742a66f0e531e909427, db172fadaf254fb583f6ad6335a27a17; no voters: 
I20260713 08:59:54.213461  1723 leader_election.cc:290] T 3327ab366858484e8303e60f2e5e7433 P db172fadaf254fb583f6ad6335a27a17 [CANDIDATE]: Term 1 pre-election: Requested pre-vote from peers 19c54d2698c641f78ccae5f83dfaa959 (127.0.107.193:38259), 99c26f75a2a94742a66f0e531e909427 (127.0.107.194:37339)
I20260713 08:59:54.239354  1719 raft_consensus.cc:359] T e14a2e956c364b75bf0c8e7532104bfb P 19c54d2698c641f78ccae5f83dfaa959 [term 0 FOLLOWER]: Replica starting. Triggering 0 pending ops. Active config: opid_index: -1 OBSOLETE_local: false peers { permanent_uuid: "19c54d2698c641f78ccae5f83dfaa959" member_type: VOTER last_known_addr { host: "127.0.107.193" port: 38259 } } peers { permanent_uuid: "99c26f75a2a94742a66f0e531e909427" member_type: VOTER last_known_addr { host: "127.0.107.194" port: 37339 } } peers { permanent_uuid: "db172fadaf254fb583f6ad6335a27a17" member_type: VOTER last_known_addr { host: "127.0.107.195" port: 44145 } }
I20260713 08:59:54.241719  1719 raft_consensus.cc:385] T e14a2e956c364b75bf0c8e7532104bfb P 19c54d2698c641f78ccae5f83dfaa959 [term 0 FOLLOWER]: Consensus starting up: Expiring failure detector timer to make a prompt election more likely
I20260713 08:59:54.242094  1719 raft_consensus.cc:740] T e14a2e956c364b75bf0c8e7532104bfb P 19c54d2698c641f78ccae5f83dfaa959 [term 0 FOLLOWER]: Becoming Follower/Learner. State: Replica: 19c54d2698c641f78ccae5f83dfaa959, State: Initialized, Role: FOLLOWER
I20260713 08:59:54.243008  1719 consensus_queue.cc:260] T e14a2e956c364b75bf0c8e7532104bfb P 19c54d2698c641f78ccae5f83dfaa959 [NON_LEADER]: Queue going to NON_LEADER mode. State: All replicated index: 0, Majority replicated index: 0, Committed index: 0, Last appended: 0.0, Last appended by leader: 0, Current term: 0, Majority size: -1, State: 0, Mode: NON_LEADER, active raft config: opid_index: -1 OBSOLETE_local: false peers { permanent_uuid: "19c54d2698c641f78ccae5f83dfaa959" member_type: VOTER last_known_addr { host: "127.0.107.193" port: 38259 } } peers { permanent_uuid: "99c26f75a2a94742a66f0e531e909427" member_type: VOTER last_known_addr { host: "127.0.107.194" port: 37339 } } peers { permanent_uuid: "db172fadaf254fb583f6ad6335a27a17" member_type: VOTER last_known_addr { host: "127.0.107.195" port: 44145 } }
I20260713 08:59:54.245965  1603 tablet_service.cc:1917] Received RequestConsensusVote() RPC: tablet_id: "3327ab366858484e8303e60f2e5e7433" candidate_uuid: "db172fadaf254fb583f6ad6335a27a17" candidate_term: 1 candidate_status { last_received { term: 0 index: 0 } } ignore_live_leader: false dest_uuid: "99c26f75a2a94742a66f0e531e909427" is_pre_election: true
I20260713 08:59:54.246253  1530 tablet_service.cc:1917] Received RequestConsensusVote() RPC: tablet_id: "a3c2ef644933460a80b1d7634f991725" candidate_uuid: "99c26f75a2a94742a66f0e531e909427" candidate_term: 1 candidate_status { last_received { term: 0 index: 0 } } ignore_live_leader: false dest_uuid: "19c54d2698c641f78ccae5f83dfaa959"
I20260713 08:59:54.246660  1719 ts_tablet_manager.cc:1434] T e14a2e956c364b75bf0c8e7532104bfb P 19c54d2698c641f78ccae5f83dfaa959: Time spent starting tablet: real 0.010s	user 0.008s	sys 0.000s
I20260713 08:59:54.246810  1530 raft_consensus.cc:3060] T a3c2ef644933460a80b1d7634f991725 P 19c54d2698c641f78ccae5f83dfaa959 [term 0 FOLLOWER]: Advancing to term 1
I20260713 08:59:54.247197  1528 tablet_service.cc:1917] Received RequestConsensusVote() RPC: tablet_id: "6a96b64057484ab1b5f7cf9f281ff1a3" candidate_uuid: "99c26f75a2a94742a66f0e531e909427" candidate_term: 1 candidate_status { last_received { term: 0 index: 0 } } ignore_live_leader: false dest_uuid: "19c54d2698c641f78ccae5f83dfaa959" is_pre_election: true
I20260713 08:59:54.241498  1729 raft_consensus.cc:2804] T 6a96b64057484ab1b5f7cf9f281ff1a3 P 99c26f75a2a94742a66f0e531e909427 [term 0 FOLLOWER]: Leader pre-election won for term 1
I20260713 08:59:54.248136  1729 raft_consensus.cc:493] T 6a96b64057484ab1b5f7cf9f281ff1a3 P 99c26f75a2a94742a66f0e531e909427 [term 0 FOLLOWER]: Starting leader election (no leader contacted us within the election timeout)
I20260713 08:59:54.248495  1729 raft_consensus.cc:3060] T 6a96b64057484ab1b5f7cf9f281ff1a3 P 99c26f75a2a94742a66f0e531e909427 [term 0 FOLLOWER]: Advancing to term 1
I20260713 08:59:54.252622  1719 tablet_bootstrap.cc:492] T 8b503c53b217486aa40edb137285ef69 P 19c54d2698c641f78ccae5f83dfaa959: Bootstrap starting.
I20260713 08:59:54.254521  1679 tablet_service.cc:1917] Received RequestConsensusVote() RPC: tablet_id: "a3c2ef644933460a80b1d7634f991725" candidate_uuid: "99c26f75a2a94742a66f0e531e909427" candidate_term: 1 candidate_status { last_received { term: 0 index: 0 } } ignore_live_leader: false dest_uuid: "db172fadaf254fb583f6ad6335a27a17"
W20260713 08:59:54.256178  1569 leader_election.cc:343] T a3c2ef644933460a80b1d7634f991725 P 99c26f75a2a94742a66f0e531e909427 [CANDIDATE]: Term 1 election: Tablet error from VoteRequest() call to peer db172fadaf254fb583f6ad6335a27a17 (127.0.107.195:44145): Illegal state: must be running to vote when last-logged opid is not known
I20260713 08:59:54.257114  1756 leader_election.cc:290] T a3c2ef644933460a80b1d7634f991725 P 99c26f75a2a94742a66f0e531e909427 [CANDIDATE]: Term 1 election: Requested vote from peers 19c54d2698c641f78ccae5f83dfaa959 (127.0.107.193:38259), db172fadaf254fb583f6ad6335a27a17 (127.0.107.195:44145)
W20260713 08:59:54.258248  1570 leader_election.cc:343] T 6a96b64057484ab1b5f7cf9f281ff1a3 P 99c26f75a2a94742a66f0e531e909427 [CANDIDATE]: Term 1 pre-election: Tablet error from VoteRequest() call to peer 19c54d2698c641f78ccae5f83dfaa959 (127.0.107.193:38259): Illegal state: must be running to vote when last-logged opid is not known
I20260713 08:59:54.255999  1424 catalog_manager.cc:5697] T 1a9d657763f845f09e199d2df570a0ee P db172fadaf254fb583f6ad6335a27a17 reported cstate change: term changed from 0 to 1, leader changed from <none> to db172fadaf254fb583f6ad6335a27a17 (127.0.107.195). New cstate: current_term: 1 leader_uuid: "db172fadaf254fb583f6ad6335a27a17" committed_config { opid_index: -1 OBSOLETE_local: false peers { permanent_uuid: "19c54d2698c641f78ccae5f83dfaa959" member_type: VOTER last_known_addr { host: "127.0.107.193" port: 38259 } health_report { overall_health: UNKNOWN } } peers { permanent_uuid: "99c26f75a2a94742a66f0e531e909427" member_type: VOTER last_known_addr { host: "127.0.107.194" port: 37339 } health_report { overall_health: UNKNOWN } } peers { permanent_uuid: "db172fadaf254fb583f6ad6335a27a17" member_type: VOTER last_known_addr { host: "127.0.107.195" port: 44145 } health_report { overall_health: HEALTHY } } }
I20260713 08:59:54.260793  1720 tablet_bootstrap.cc:492] T cd31023f3d80443282ee375e73bea751 P 99c26f75a2a94742a66f0e531e909427: No bootstrap required, opened a new log
I20260713 08:59:54.260994  1530 raft_consensus.cc:2468] T a3c2ef644933460a80b1d7634f991725 P 19c54d2698c641f78ccae5f83dfaa959 [term 1 FOLLOWER]: Leader election vote request: Granting yes vote for candidate 99c26f75a2a94742a66f0e531e909427 in term 1.
I20260713 08:59:54.261173  1720 ts_tablet_manager.cc:1403] T cd31023f3d80443282ee375e73bea751 P 99c26f75a2a94742a66f0e531e909427: Time spent bootstrapping tablet: real 0.088s	user 0.010s	sys 0.022s
I20260713 08:59:54.262687  1570 leader_election.cc:304] T a3c2ef644933460a80b1d7634f991725 P 99c26f75a2a94742a66f0e531e909427 [CANDIDATE]: Term 1 election: Election decided. Result: candidate won. Election summary: received 3 responses out of 3 voters: 2 yes votes; 1 no votes. yes voters: 19c54d2698c641f78ccae5f83dfaa959, 99c26f75a2a94742a66f0e531e909427; no voters: db172fadaf254fb583f6ad6335a27a17
I20260713 08:59:54.263391  1756 raft_consensus.cc:2804] T a3c2ef644933460a80b1d7634f991725 P 99c26f75a2a94742a66f0e531e909427 [term 1 FOLLOWER]: Leader election won for term 1
I20260713 08:59:54.263948  1756 raft_consensus.cc:697] T a3c2ef644933460a80b1d7634f991725 P 99c26f75a2a94742a66f0e531e909427 [term 1 LEADER]: Becoming Leader. State: Replica: 99c26f75a2a94742a66f0e531e909427, State: Running, Role: LEADER
I20260713 08:59:54.264572  1720 raft_consensus.cc:359] T cd31023f3d80443282ee375e73bea751 P 99c26f75a2a94742a66f0e531e909427 [term 0 FOLLOWER]: Replica starting. Triggering 0 pending ops. Active config: opid_index: -1 OBSOLETE_local: false peers { permanent_uuid: "19c54d2698c641f78ccae5f83dfaa959" member_type: VOTER last_known_addr { host: "127.0.107.193" port: 38259 } } peers { permanent_uuid: "99c26f75a2a94742a66f0e531e909427" member_type: VOTER last_known_addr { host: "127.0.107.194" port: 37339 } } peers { permanent_uuid: "db172fadaf254fb583f6ad6335a27a17" member_type: VOTER last_known_addr { host: "127.0.107.195" port: 44145 } }
I20260713 08:59:54.264853  1756 consensus_queue.cc:237] T a3c2ef644933460a80b1d7634f991725 P 99c26f75a2a94742a66f0e531e909427 [LEADER]: Queue going to LEADER mode. State: All replicated index: 0, Majority replicated index: 0, Committed index: 0, Last appended: 0.0, Last appended by leader: 0, Current term: 1, Majority size: 2, State: 0, Mode: LEADER, active raft config: opid_index: -1 OBSOLETE_local: false peers { permanent_uuid: "19c54d2698c641f78ccae5f83dfaa959" member_type: VOTER last_known_addr { host: "127.0.107.193" port: 38259 } } peers { permanent_uuid: "99c26f75a2a94742a66f0e531e909427" member_type: VOTER last_known_addr { host: "127.0.107.194" port: 37339 } } peers { permanent_uuid: "db172fadaf254fb583f6ad6335a27a17" member_type: VOTER last_known_addr { host: "127.0.107.195" port: 44145 } }
I20260713 08:59:54.265311  1720 raft_consensus.cc:385] T cd31023f3d80443282ee375e73bea751 P 99c26f75a2a94742a66f0e531e909427 [term 0 FOLLOWER]: Consensus starting up: Expiring failure detector timer to make a prompt election more likely
I20260713 08:59:54.265884  1720 raft_consensus.cc:740] T cd31023f3d80443282ee375e73bea751 P 99c26f75a2a94742a66f0e531e909427 [term 0 FOLLOWER]: Becoming Follower/Learner. State: Replica: 99c26f75a2a94742a66f0e531e909427, State: Initialized, Role: FOLLOWER
I20260713 08:59:54.266587  1720 consensus_queue.cc:260] T cd31023f3d80443282ee375e73bea751 P 99c26f75a2a94742a66f0e531e909427 [NON_LEADER]: Queue going to NON_LEADER mode. State: All replicated index: 0, Majority replicated index: 0, Committed index: 0, Last appended: 0.0, Last appended by leader: 0, Current term: 0, Majority size: -1, State: 0, Mode: NON_LEADER, active raft config: opid_index: -1 OBSOLETE_local: false peers { permanent_uuid: "19c54d2698c641f78ccae5f83dfaa959" member_type: VOTER last_known_addr { host: "127.0.107.193" port: 38259 } } peers { permanent_uuid: "99c26f75a2a94742a66f0e531e909427" member_type: VOTER last_known_addr { host: "127.0.107.194" port: 37339 } } peers { permanent_uuid: "db172fadaf254fb583f6ad6335a27a17" member_type: VOTER last_known_addr { host: "127.0.107.195" port: 44145 } }
I20260713 08:59:54.271450  1718 tablet_bootstrap.cc:654] T faaf052448ef41c3a0d2bd7bceeb775c P db172fadaf254fb583f6ad6335a27a17: Neither blocks nor log segments found. Creating new log.
W20260713 08:59:54.258632  1645 leader_election.cc:343] T 3327ab366858484e8303e60f2e5e7433 P db172fadaf254fb583f6ad6335a27a17 [CANDIDATE]: Term 1 pre-election: Tablet error from VoteRequest() call to peer 99c26f75a2a94742a66f0e531e909427 (127.0.107.194:37339): Illegal state: must be running to vote when last-logged opid is not known
I20260713 08:59:54.258409  1725 raft_consensus.cc:493] T 8b503c53b217486aa40edb137285ef69 P db172fadaf254fb583f6ad6335a27a17 [term 0 FOLLOWER]: Starting pre-election (no leader contacted us within the election timeout)
I20260713 08:59:54.278095  1428 catalog_manager.cc:5697] T 33245379d1e5436b8420e871e46eaa10 P 19c54d2698c641f78ccae5f83dfaa959 reported cstate change: term changed from 0 to 1, leader changed from <none> to 19c54d2698c641f78ccae5f83dfaa959 (127.0.107.193). New cstate: current_term: 1 leader_uuid: "19c54d2698c641f78ccae5f83dfaa959" committed_config { opid_index: -1 OBSOLETE_local: false peers { permanent_uuid: "19c54d2698c641f78ccae5f83dfaa959" member_type: VOTER last_known_addr { host: "127.0.107.193" port: 38259 } health_report { overall_health: HEALTHY } } peers { permanent_uuid: "99c26f75a2a94742a66f0e531e909427" member_type: VOTER last_known_addr { host: "127.0.107.194" port: 37339 } health_report { overall_health: UNKNOWN } } peers { permanent_uuid: "db172fadaf254fb583f6ad6335a27a17" member_type: VOTER last_known_addr { host: "127.0.107.195" port: 44145 } health_report { overall_health: UNKNOWN } } }
I20260713 08:59:54.278151  1729 raft_consensus.cc:515] T 6a96b64057484ab1b5f7cf9f281ff1a3 P 99c26f75a2a94742a66f0e531e909427 [term 1 FOLLOWER]: Starting leader election with config: opid_index: -1 OBSOLETE_local: false peers { permanent_uuid: "19c54d2698c641f78ccae5f83dfaa959" member_type: VOTER last_known_addr { host: "127.0.107.193" port: 38259 } } peers { permanent_uuid: "99c26f75a2a94742a66f0e531e909427" member_type: VOTER last_known_addr { host: "127.0.107.194" port: 37339 } } peers { permanent_uuid: "db172fadaf254fb583f6ad6335a27a17" member_type: VOTER last_known_addr { host: "127.0.107.195" port: 44145 } }
I20260713 08:59:54.283331  1720 ts_tablet_manager.cc:1434] T cd31023f3d80443282ee375e73bea751 P 99c26f75a2a94742a66f0e531e909427: Time spent starting tablet: real 0.022s	user 0.004s	sys 0.008s
I20260713 08:59:54.284406  1720 tablet_bootstrap.cc:492] T 8b503c53b217486aa40edb137285ef69 P 99c26f75a2a94742a66f0e531e909427: Bootstrap starting.
I20260713 08:59:54.290990  1528 tablet_service.cc:1917] Received RequestConsensusVote() RPC: tablet_id: "6a96b64057484ab1b5f7cf9f281ff1a3" candidate_uuid: "99c26f75a2a94742a66f0e531e909427" candidate_term: 1 candidate_status { last_received { term: 0 index: 0 } } ignore_live_leader: false dest_uuid: "19c54d2698c641f78ccae5f83dfaa959"
W20260713 08:59:54.292273  1570 leader_election.cc:343] T 6a96b64057484ab1b5f7cf9f281ff1a3 P 99c26f75a2a94742a66f0e531e909427 [CANDIDATE]: Term 1 election: Tablet error from VoteRequest() call to peer 19c54d2698c641f78ccae5f83dfaa959 (127.0.107.193:38259): Illegal state: must be running to vote when last-logged opid is not known
I20260713 08:59:54.272598  1645 leader_election.cc:304] T 3327ab366858484e8303e60f2e5e7433 P db172fadaf254fb583f6ad6335a27a17 [CANDIDATE]: Term 1 pre-election: Election decided. Result: candidate lost. Election summary: received 3 responses out of 3 voters: 1 yes votes; 2 no votes. yes voters: db172fadaf254fb583f6ad6335a27a17; no voters: 19c54d2698c641f78ccae5f83dfaa959, 99c26f75a2a94742a66f0e531e909427
I20260713 08:59:54.295231  1778 raft_consensus.cc:2749] T 3327ab366858484e8303e60f2e5e7433 P db172fadaf254fb583f6ad6335a27a17 [term 0 FOLLOWER]: Leader pre-election lost for term 1. Reason: could not achieve majority
I20260713 08:59:54.295673  1729 leader_election.cc:290] T 6a96b64057484ab1b5f7cf9f281ff1a3 P 99c26f75a2a94742a66f0e531e909427 [CANDIDATE]: Term 1 election: Requested vote from peers 19c54d2698c641f78ccae5f83dfaa959 (127.0.107.193:38259), db172fadaf254fb583f6ad6335a27a17 (127.0.107.195:44145)
I20260713 08:59:54.296733  1679 tablet_service.cc:1917] Received RequestConsensusVote() RPC: tablet_id: "6a96b64057484ab1b5f7cf9f281ff1a3" candidate_uuid: "99c26f75a2a94742a66f0e531e909427" candidate_term: 1 candidate_status { last_received { term: 0 index: 0 } } ignore_live_leader: false dest_uuid: "db172fadaf254fb583f6ad6335a27a17"
I20260713 08:59:54.297276  1679 raft_consensus.cc:3060] T 6a96b64057484ab1b5f7cf9f281ff1a3 P db172fadaf254fb583f6ad6335a27a17 [term 0 FOLLOWER]: Advancing to term 1
I20260713 08:59:54.274219  1725 raft_consensus.cc:515] T 8b503c53b217486aa40edb137285ef69 P db172fadaf254fb583f6ad6335a27a17 [term 0 FOLLOWER]: Starting pre-election with config: opid_index: -1 OBSOLETE_local: false peers { permanent_uuid: "19c54d2698c641f78ccae5f83dfaa959" member_type: VOTER last_known_addr { host: "127.0.107.193" port: 38259 } } peers { permanent_uuid: "99c26f75a2a94742a66f0e531e909427" member_type: VOTER last_known_addr { host: "127.0.107.194" port: 37339 } } peers { permanent_uuid: "db172fadaf254fb583f6ad6335a27a17" member_type: VOTER last_known_addr { host: "127.0.107.195" port: 44145 } }
I20260713 08:59:54.302281  1718 tablet_bootstrap.cc:492] T faaf052448ef41c3a0d2bd7bceeb775c P db172fadaf254fb583f6ad6335a27a17: No bootstrap required, opened a new log
I20260713 08:59:54.302850  1718 ts_tablet_manager.cc:1403] T faaf052448ef41c3a0d2bd7bceeb775c P db172fadaf254fb583f6ad6335a27a17: Time spent bootstrapping tablet: real 0.092s	user 0.014s	sys 0.009s
I20260713 08:59:54.305766  1718 raft_consensus.cc:359] T faaf052448ef41c3a0d2bd7bceeb775c P db172fadaf254fb583f6ad6335a27a17 [term 0 FOLLOWER]: Replica starting. Triggering 0 pending ops. Active config: opid_index: -1 OBSOLETE_local: false peers { permanent_uuid: "19c54d2698c641f78ccae5f83dfaa959" member_type: VOTER last_known_addr { host: "127.0.107.193" port: 38259 } } peers { permanent_uuid: "99c26f75a2a94742a66f0e531e909427" member_type: VOTER last_known_addr { host: "127.0.107.194" port: 37339 } } peers { permanent_uuid: "db172fadaf254fb583f6ad6335a27a17" member_type: VOTER last_known_addr { host: "127.0.107.195" port: 44145 } }
I20260713 08:59:54.306463  1718 raft_consensus.cc:385] T faaf052448ef41c3a0d2bd7bceeb775c P db172fadaf254fb583f6ad6335a27a17 [term 0 FOLLOWER]: Consensus starting up: Expiring failure detector timer to make a prompt election more likely
I20260713 08:59:54.306783  1719 tablet_bootstrap.cc:654] T 8b503c53b217486aa40edb137285ef69 P 19c54d2698c641f78ccae5f83dfaa959: Neither blocks nor log segments found. Creating new log.
I20260713 08:59:54.306782  1718 raft_consensus.cc:740] T faaf052448ef41c3a0d2bd7bceeb775c P db172fadaf254fb583f6ad6335a27a17 [term 0 FOLLOWER]: Becoming Follower/Learner. State: Replica: db172fadaf254fb583f6ad6335a27a17, State: Initialized, Role: FOLLOWER
I20260713 08:59:54.307309  1679 raft_consensus.cc:2468] T 6a96b64057484ab1b5f7cf9f281ff1a3 P db172fadaf254fb583f6ad6335a27a17 [term 1 FOLLOWER]: Leader election vote request: Granting yes vote for candidate 99c26f75a2a94742a66f0e531e909427 in term 1.
I20260713 08:59:54.307894  1718 consensus_queue.cc:260] T faaf052448ef41c3a0d2bd7bceeb775c P db172fadaf254fb583f6ad6335a27a17 [NON_LEADER]: Queue going to NON_LEADER mode. State: All replicated index: 0, Majority replicated index: 0, Committed index: 0, Last appended: 0.0, Last appended by leader: 0, Current term: 0, Majority size: -1, State: 0, Mode: NON_LEADER, active raft config: opid_index: -1 OBSOLETE_local: false peers { permanent_uuid: "19c54d2698c641f78ccae5f83dfaa959" member_type: VOTER last_known_addr { host: "127.0.107.193" port: 38259 } } peers { permanent_uuid: "99c26f75a2a94742a66f0e531e909427" member_type: VOTER last_known_addr { host: "127.0.107.194" port: 37339 } } peers { permanent_uuid: "db172fadaf254fb583f6ad6335a27a17" member_type: VOTER last_known_addr { host: "127.0.107.195" port: 44145 } }
I20260713 08:59:54.308542  1569 leader_election.cc:304] T 6a96b64057484ab1b5f7cf9f281ff1a3 P 99c26f75a2a94742a66f0e531e909427 [CANDIDATE]: Term 1 election: Election decided. Result: candidate won. Election summary: received 3 responses out of 3 voters: 2 yes votes; 1 no votes. yes voters: 99c26f75a2a94742a66f0e531e909427, db172fadaf254fb583f6ad6335a27a17; no voters: 19c54d2698c641f78ccae5f83dfaa959
I20260713 08:59:54.309171  1725 leader_election.cc:290] T 8b503c53b217486aa40edb137285ef69 P db172fadaf254fb583f6ad6335a27a17 [CANDIDATE]: Term 1 pre-election: Requested pre-vote from peers 19c54d2698c641f78ccae5f83dfaa959 (127.0.107.193:38259), 99c26f75a2a94742a66f0e531e909427 (127.0.107.194:37339)
I20260713 08:59:54.309919  1785 raft_consensus.cc:2804] T 6a96b64057484ab1b5f7cf9f281ff1a3 P 99c26f75a2a94742a66f0e531e909427 [term 1 FOLLOWER]: Leader election won for term 1
I20260713 08:59:54.310143  1718 ts_tablet_manager.cc:1434] T faaf052448ef41c3a0d2bd7bceeb775c P db172fadaf254fb583f6ad6335a27a17: Time spent starting tablet: real 0.007s	user 0.003s	sys 0.003s
I20260713 08:59:54.310587  1528 tablet_service.cc:1917] Received RequestConsensusVote() RPC: tablet_id: "8b503c53b217486aa40edb137285ef69" candidate_uuid: "db172fadaf254fb583f6ad6335a27a17" candidate_term: 1 candidate_status { last_received { term: 0 index: 0 } } ignore_live_leader: false dest_uuid: "19c54d2698c641f78ccae5f83dfaa959" is_pre_election: true
I20260713 08:59:54.311265  1718 tablet_bootstrap.cc:492] T b9246aae1a4f47ccb8961ee45bf4f3dd P db172fadaf254fb583f6ad6335a27a17: Bootstrap starting.
W20260713 08:59:54.311861  1644 leader_election.cc:343] T 8b503c53b217486aa40edb137285ef69 P db172fadaf254fb583f6ad6335a27a17 [CANDIDATE]: Term 1 pre-election: Tablet error from VoteRequest() call to peer 19c54d2698c641f78ccae5f83dfaa959 (127.0.107.193:38259): Illegal state: must be running to vote when last-logged opid is not known
I20260713 08:59:54.312950  1720 tablet_bootstrap.cc:654] T 8b503c53b217486aa40edb137285ef69 P 99c26f75a2a94742a66f0e531e909427: Neither blocks nor log segments found. Creating new log.
I20260713 08:59:54.315595  1785 raft_consensus.cc:697] T 6a96b64057484ab1b5f7cf9f281ff1a3 P 99c26f75a2a94742a66f0e531e909427 [term 1 LEADER]: Becoming Leader. State: Replica: 99c26f75a2a94742a66f0e531e909427, State: Running, Role: LEADER
I20260713 08:59:54.315797  1425 catalog_manager.cc:5697] T a3c2ef644933460a80b1d7634f991725 P 99c26f75a2a94742a66f0e531e909427 reported cstate change: term changed from 0 to 1, leader changed from <none> to 99c26f75a2a94742a66f0e531e909427 (127.0.107.194). New cstate: current_term: 1 leader_uuid: "99c26f75a2a94742a66f0e531e909427" committed_config { opid_index: -1 OBSOLETE_local: false peers { permanent_uuid: "19c54d2698c641f78ccae5f83dfaa959" member_type: VOTER last_known_addr { host: "127.0.107.193" port: 38259 } health_report { overall_health: UNKNOWN } } peers { permanent_uuid: "99c26f75a2a94742a66f0e531e909427" member_type: VOTER last_known_addr { host: "127.0.107.194" port: 37339 } health_report { overall_health: HEALTHY } } peers { permanent_uuid: "db172fadaf254fb583f6ad6335a27a17" member_type: VOTER last_known_addr { host: "127.0.107.195" port: 44145 } health_report { overall_health: UNKNOWN } } }
I20260713 08:59:54.316763  1719 tablet_bootstrap.cc:492] T 8b503c53b217486aa40edb137285ef69 P 19c54d2698c641f78ccae5f83dfaa959: No bootstrap required, opened a new log
I20260713 08:59:54.317293  1719 ts_tablet_manager.cc:1403] T 8b503c53b217486aa40edb137285ef69 P 19c54d2698c641f78ccae5f83dfaa959: Time spent bootstrapping tablet: real 0.065s	user 0.010s	sys 0.004s
I20260713 08:59:54.318300  1603 tablet_service.cc:1917] Received RequestConsensusVote() RPC: tablet_id: "8b503c53b217486aa40edb137285ef69" candidate_uuid: "db172fadaf254fb583f6ad6335a27a17" candidate_term: 1 candidate_status { last_received { term: 0 index: 0 } } ignore_live_leader: false dest_uuid: "99c26f75a2a94742a66f0e531e909427" is_pre_election: true
I20260713 08:59:54.321275  1768 consensus_queue.cc:1048] T 148eef090b1f4915952db739f1ef9694 P 19c54d2698c641f78ccae5f83dfaa959 [LEADER]: Connected to new peer: Peer: permanent_uuid: "db172fadaf254fb583f6ad6335a27a17" member_type: VOTER last_known_addr { host: "127.0.107.195" port: 44145 }, Status: LMP_MISMATCH, Last received: 0.0, Next index: 1, Last known committed idx: 0, Time since last communication: 0.000s
I20260713 08:59:54.322475  1719 raft_consensus.cc:359] T 8b503c53b217486aa40edb137285ef69 P 19c54d2698c641f78ccae5f83dfaa959 [term 0 FOLLOWER]: Replica starting. Triggering 0 pending ops. Active config: opid_index: -1 OBSOLETE_local: false peers { permanent_uuid: "19c54d2698c641f78ccae5f83dfaa959" member_type: VOTER last_known_addr { host: "127.0.107.193" port: 38259 } } peers { permanent_uuid: "99c26f75a2a94742a66f0e531e909427" member_type: VOTER last_known_addr { host: "127.0.107.194" port: 37339 } } peers { permanent_uuid: "db172fadaf254fb583f6ad6335a27a17" member_type: VOTER last_known_addr { host: "127.0.107.195" port: 44145 } }
I20260713 08:59:54.323115  1719 raft_consensus.cc:385] T 8b503c53b217486aa40edb137285ef69 P 19c54d2698c641f78ccae5f83dfaa959 [term 0 FOLLOWER]: Consensus starting up: Expiring failure detector timer to make a prompt election more likely
W20260713 08:59:54.323213  1645 leader_election.cc:343] T 8b503c53b217486aa40edb137285ef69 P db172fadaf254fb583f6ad6335a27a17 [CANDIDATE]: Term 1 pre-election: Tablet error from VoteRequest() call to peer 99c26f75a2a94742a66f0e531e909427 (127.0.107.194:37339): Illegal state: must be running to vote when last-logged opid is not known
I20260713 08:59:54.323401  1719 raft_consensus.cc:740] T 8b503c53b217486aa40edb137285ef69 P 19c54d2698c641f78ccae5f83dfaa959 [term 0 FOLLOWER]: Becoming Follower/Learner. State: Replica: 19c54d2698c641f78ccae5f83dfaa959, State: Initialized, Role: FOLLOWER
I20260713 08:59:54.323647  1645 leader_election.cc:304] T 8b503c53b217486aa40edb137285ef69 P db172fadaf254fb583f6ad6335a27a17 [CANDIDATE]: Term 1 pre-election: Election decided. Result: candidate lost. Election summary: received 3 responses out of 3 voters: 1 yes votes; 2 no votes. yes voters: db172fadaf254fb583f6ad6335a27a17; no voters: 19c54d2698c641f78ccae5f83dfaa959, 99c26f75a2a94742a66f0e531e909427
I20260713 08:59:54.324533  1725 raft_consensus.cc:2749] T 8b503c53b217486aa40edb137285ef69 P db172fadaf254fb583f6ad6335a27a17 [term 0 FOLLOWER]: Leader pre-election lost for term 1. Reason: could not achieve majority
I20260713 08:59:54.324172  1719 consensus_queue.cc:260] T 8b503c53b217486aa40edb137285ef69 P 19c54d2698c641f78ccae5f83dfaa959 [NON_LEADER]: Queue going to NON_LEADER mode. State: All replicated index: 0, Majority replicated index: 0, Committed index: 0, Last appended: 0.0, Last appended by leader: 0, Current term: 0, Majority size: -1, State: 0, Mode: NON_LEADER, active raft config: opid_index: -1 OBSOLETE_local: false peers { permanent_uuid: "19c54d2698c641f78ccae5f83dfaa959" member_type: VOTER last_known_addr { host: "127.0.107.193" port: 38259 } } peers { permanent_uuid: "99c26f75a2a94742a66f0e531e909427" member_type: VOTER last_known_addr { host: "127.0.107.194" port: 37339 } } peers { permanent_uuid: "db172fadaf254fb583f6ad6335a27a17" member_type: VOTER last_known_addr { host: "127.0.107.195" port: 44145 } }
I20260713 08:59:54.326325  1719 ts_tablet_manager.cc:1434] T 8b503c53b217486aa40edb137285ef69 P 19c54d2698c641f78ccae5f83dfaa959: Time spent starting tablet: real 0.009s	user 0.006s	sys 0.000s
I20260713 08:59:54.327279  1719 tablet_bootstrap.cc:492] T 3327ab366858484e8303e60f2e5e7433 P 19c54d2698c641f78ccae5f83dfaa959: Bootstrap starting.
I20260713 08:59:54.316576  1785 consensus_queue.cc:237] T 6a96b64057484ab1b5f7cf9f281ff1a3 P 99c26f75a2a94742a66f0e531e909427 [LEADER]: Queue going to LEADER mode. State: All replicated index: 0, Majority replicated index: 0, Committed index: 0, Last appended: 0.0, Last appended by leader: 0, Current term: 1, Majority size: 2, State: 0, Mode: LEADER, active raft config: opid_index: -1 OBSOLETE_local: false peers { permanent_uuid: "19c54d2698c641f78ccae5f83dfaa959" member_type: VOTER last_known_addr { host: "127.0.107.193" port: 38259 } } peers { permanent_uuid: "99c26f75a2a94742a66f0e531e909427" member_type: VOTER last_known_addr { host: "127.0.107.194" port: 37339 } } peers { permanent_uuid: "db172fadaf254fb583f6ad6335a27a17" member_type: VOTER last_known_addr { host: "127.0.107.195" port: 44145 } }
I20260713 08:59:54.334213  1729 raft_consensus.cc:493] T faaf052448ef41c3a0d2bd7bceeb775c P 99c26f75a2a94742a66f0e531e909427 [term 0 FOLLOWER]: Starting pre-election (no leader contacted us within the election timeout)
I20260713 08:59:54.334710  1729 raft_consensus.cc:515] T faaf052448ef41c3a0d2bd7bceeb775c P 99c26f75a2a94742a66f0e531e909427 [term 0 FOLLOWER]: Starting pre-election with config: opid_index: -1 OBSOLETE_local: false peers { permanent_uuid: "19c54d2698c641f78ccae5f83dfaa959" member_type: VOTER last_known_addr { host: "127.0.107.193" port: 38259 } } peers { permanent_uuid: "99c26f75a2a94742a66f0e531e909427" member_type: VOTER last_known_addr { host: "127.0.107.194" port: 37339 } } peers { permanent_uuid: "db172fadaf254fb583f6ad6335a27a17" member_type: VOTER last_known_addr { host: "127.0.107.195" port: 44145 } }
I20260713 08:59:54.337944  1729 leader_election.cc:290] T faaf052448ef41c3a0d2bd7bceeb775c P 99c26f75a2a94742a66f0e531e909427 [CANDIDATE]: Term 1 pre-election: Requested pre-vote from peers 19c54d2698c641f78ccae5f83dfaa959 (127.0.107.193:38259), db172fadaf254fb583f6ad6335a27a17 (127.0.107.195:44145)
I20260713 08:59:54.338302  1528 tablet_service.cc:1917] Received RequestConsensusVote() RPC: tablet_id: "faaf052448ef41c3a0d2bd7bceeb775c" candidate_uuid: "99c26f75a2a94742a66f0e531e909427" candidate_term: 1 candidate_status { last_received { term: 0 index: 0 } } ignore_live_leader: false dest_uuid: "19c54d2698c641f78ccae5f83dfaa959" is_pre_election: true
I20260713 08:59:54.338485  1676 tablet_service.cc:1917] Received RequestConsensusVote() RPC: tablet_id: "faaf052448ef41c3a0d2bd7bceeb775c" candidate_uuid: "99c26f75a2a94742a66f0e531e909427" candidate_term: 1 candidate_status { last_received { term: 0 index: 0 } } ignore_live_leader: false dest_uuid: "db172fadaf254fb583f6ad6335a27a17" is_pre_election: true
I20260713 08:59:54.339066  1676 raft_consensus.cc:2468] T faaf052448ef41c3a0d2bd7bceeb775c P db172fadaf254fb583f6ad6335a27a17 [term 0 FOLLOWER]: Leader pre-election vote request: Granting yes vote for candidate 99c26f75a2a94742a66f0e531e909427 in term 0.
W20260713 08:59:54.339936  1570 leader_election.cc:343] T faaf052448ef41c3a0d2bd7bceeb775c P 99c26f75a2a94742a66f0e531e909427 [CANDIDATE]: Term 1 pre-election: Tablet error from VoteRequest() call to peer 19c54d2698c641f78ccae5f83dfaa959 (127.0.107.193:38259): Illegal state: must be running to vote when last-logged opid is not known
I20260713 08:59:54.340474  1569 leader_election.cc:304] T faaf052448ef41c3a0d2bd7bceeb775c P 99c26f75a2a94742a66f0e531e909427 [CANDIDATE]: Term 1 pre-election: Election decided. Result: candidate won. Election summary: received 3 responses out of 3 voters: 2 yes votes; 1 no votes. yes voters: 99c26f75a2a94742a66f0e531e909427, db172fadaf254fb583f6ad6335a27a17; no voters: 19c54d2698c641f78ccae5f83dfaa959
I20260713 08:59:54.336742  1428 catalog_manager.cc:5697] T e14a2e956c364b75bf0c8e7532104bfb P db172fadaf254fb583f6ad6335a27a17 reported cstate change: term changed from 0 to 1, leader changed from <none> to db172fadaf254fb583f6ad6335a27a17 (127.0.107.195). New cstate: current_term: 1 leader_uuid: "db172fadaf254fb583f6ad6335a27a17" committed_config { opid_index: -1 OBSOLETE_local: false peers { permanent_uuid: "19c54d2698c641f78ccae5f83dfaa959" member_type: VOTER last_known_addr { host: "127.0.107.193" port: 38259 } health_report { overall_health: UNKNOWN } } peers { permanent_uuid: "99c26f75a2a94742a66f0e531e909427" member_type: VOTER last_known_addr { host: "127.0.107.194" port: 37339 } health_report { overall_health: UNKNOWN } } peers { permanent_uuid: "db172fadaf254fb583f6ad6335a27a17" member_type: VOTER last_known_addr { host: "127.0.107.195" port: 44145 } health_report { overall_health: HEALTHY } } }
I20260713 08:59:54.341604  1729 raft_consensus.cc:2804] T faaf052448ef41c3a0d2bd7bceeb775c P 99c26f75a2a94742a66f0e531e909427 [term 0 FOLLOWER]: Leader pre-election won for term 1
I20260713 08:59:54.341948  1729 raft_consensus.cc:493] T faaf052448ef41c3a0d2bd7bceeb775c P 99c26f75a2a94742a66f0e531e909427 [term 0 FOLLOWER]: Starting leader election (no leader contacted us within the election timeout)
I20260713 08:59:54.342010  1718 tablet_bootstrap.cc:654] T b9246aae1a4f47ccb8961ee45bf4f3dd P db172fadaf254fb583f6ad6335a27a17: Neither blocks nor log segments found. Creating new log.
I20260713 08:59:54.342348  1729 raft_consensus.cc:3060] T faaf052448ef41c3a0d2bd7bceeb775c P 99c26f75a2a94742a66f0e531e909427 [term 0 FOLLOWER]: Advancing to term 1
I20260713 08:59:54.352478  1719 tablet_bootstrap.cc:654] T 3327ab366858484e8303e60f2e5e7433 P 19c54d2698c641f78ccae5f83dfaa959: Neither blocks nor log segments found. Creating new log.
I20260713 08:59:54.365058  1425 catalog_manager.cc:5697] T 6a96b64057484ab1b5f7cf9f281ff1a3 P 99c26f75a2a94742a66f0e531e909427 reported cstate change: term changed from 0 to 1, leader changed from <none> to 99c26f75a2a94742a66f0e531e909427 (127.0.107.194). New cstate: current_term: 1 leader_uuid: "99c26f75a2a94742a66f0e531e909427" committed_config { opid_index: -1 OBSOLETE_local: false peers { permanent_uuid: "19c54d2698c641f78ccae5f83dfaa959" member_type: VOTER last_known_addr { host: "127.0.107.193" port: 38259 } health_report { overall_health: UNKNOWN } } peers { permanent_uuid: "99c26f75a2a94742a66f0e531e909427" member_type: VOTER last_known_addr { host: "127.0.107.194" port: 37339 } health_report { overall_health: HEALTHY } } peers { permanent_uuid: "db172fadaf254fb583f6ad6335a27a17" member_type: VOTER last_known_addr { host: "127.0.107.195" port: 44145 } health_report { overall_health: UNKNOWN } } }
I20260713 08:59:54.368556  1729 raft_consensus.cc:515] T faaf052448ef41c3a0d2bd7bceeb775c P 99c26f75a2a94742a66f0e531e909427 [term 1 FOLLOWER]: Starting leader election with config: opid_index: -1 OBSOLETE_local: false peers { permanent_uuid: "19c54d2698c641f78ccae5f83dfaa959" member_type: VOTER last_known_addr { host: "127.0.107.193" port: 38259 } } peers { permanent_uuid: "99c26f75a2a94742a66f0e531e909427" member_type: VOTER last_known_addr { host: "127.0.107.194" port: 37339 } } peers { permanent_uuid: "db172fadaf254fb583f6ad6335a27a17" member_type: VOTER last_known_addr { host: "127.0.107.195" port: 44145 } }
I20260713 08:59:54.369834  1720 tablet_bootstrap.cc:492] T 8b503c53b217486aa40edb137285ef69 P 99c26f75a2a94742a66f0e531e909427: No bootstrap required, opened a new log
I20260713 08:59:54.370271  1720 ts_tablet_manager.cc:1403] T 8b503c53b217486aa40edb137285ef69 P 99c26f75a2a94742a66f0e531e909427: Time spent bootstrapping tablet: real 0.086s	user 0.014s	sys 0.006s
I20260713 08:59:54.371326  1528 tablet_service.cc:1917] Received RequestConsensusVote() RPC: tablet_id: "faaf052448ef41c3a0d2bd7bceeb775c" candidate_uuid: "99c26f75a2a94742a66f0e531e909427" candidate_term: 1 candidate_status { last_received { term: 0 index: 0 } } ignore_live_leader: false dest_uuid: "19c54d2698c641f78ccae5f83dfaa959"
I20260713 08:59:54.372090  1768 raft_consensus.cc:493] T e14a2e956c364b75bf0c8e7532104bfb P 19c54d2698c641f78ccae5f83dfaa959 [term 0 FOLLOWER]: Starting pre-election (no leader contacted us within the election timeout)
W20260713 08:59:54.372720  1570 leader_election.cc:343] T faaf052448ef41c3a0d2bd7bceeb775c P 99c26f75a2a94742a66f0e531e909427 [CANDIDATE]: Term 1 election: Tablet error from VoteRequest() call to peer 19c54d2698c641f78ccae5f83dfaa959 (127.0.107.193:38259): Illegal state: must be running to vote when last-logged opid is not known
I20260713 08:59:54.372575  1768 raft_consensus.cc:515] T e14a2e956c364b75bf0c8e7532104bfb P 19c54d2698c641f78ccae5f83dfaa959 [term 0 FOLLOWER]: Starting pre-election with config: opid_index: -1 OBSOLETE_local: false peers { permanent_uuid: "19c54d2698c641f78ccae5f83dfaa959" member_type: VOTER last_known_addr { host: "127.0.107.193" port: 38259 } } peers { permanent_uuid: "99c26f75a2a94742a66f0e531e909427" member_type: VOTER last_known_addr { host: "127.0.107.194" port: 37339 } } peers { permanent_uuid: "db172fadaf254fb583f6ad6335a27a17" member_type: VOTER last_known_addr { host: "127.0.107.195" port: 44145 } }
I20260713 08:59:54.374686  1768 leader_election.cc:290] T e14a2e956c364b75bf0c8e7532104bfb P 19c54d2698c641f78ccae5f83dfaa959 [CANDIDATE]: Term 1 pre-election: Requested pre-vote from peers 99c26f75a2a94742a66f0e531e909427 (127.0.107.194:37339), db172fadaf254fb583f6ad6335a27a17 (127.0.107.195:44145)
I20260713 08:59:54.375823  1718 tablet_bootstrap.cc:492] T b9246aae1a4f47ccb8961ee45bf4f3dd P db172fadaf254fb583f6ad6335a27a17: No bootstrap required, opened a new log
I20260713 08:59:54.376288  1720 raft_consensus.cc:359] T 8b503c53b217486aa40edb137285ef69 P 99c26f75a2a94742a66f0e531e909427 [term 0 FOLLOWER]: Replica starting. Triggering 0 pending ops. Active config: opid_index: -1 OBSOLETE_local: false peers { permanent_uuid: "19c54d2698c641f78ccae5f83dfaa959" member_type: VOTER last_known_addr { host: "127.0.107.193" port: 38259 } } peers { permanent_uuid: "99c26f75a2a94742a66f0e531e909427" member_type: VOTER last_known_addr { host: "127.0.107.194" port: 37339 } } peers { permanent_uuid: "db172fadaf254fb583f6ad6335a27a17" member_type: VOTER last_known_addr { host: "127.0.107.195" port: 44145 } }
I20260713 08:59:54.376585  1603 tablet_service.cc:1917] Received RequestConsensusVote() RPC: tablet_id: "e14a2e956c364b75bf0c8e7532104bfb" candidate_uuid: "19c54d2698c641f78ccae5f83dfaa959" candidate_term: 1 candidate_status { last_received { term: 0 index: 0 } } ignore_live_leader: false dest_uuid: "99c26f75a2a94742a66f0e531e909427" is_pre_election: true
I20260713 08:59:54.376303  1718 ts_tablet_manager.cc:1403] T b9246aae1a4f47ccb8961ee45bf4f3dd P db172fadaf254fb583f6ad6335a27a17: Time spent bootstrapping tablet: real 0.065s	user 0.023s	sys 0.013s
I20260713 08:59:54.377031  1720 raft_consensus.cc:385] T 8b503c53b217486aa40edb137285ef69 P 99c26f75a2a94742a66f0e531e909427 [term 0 FOLLOWER]: Consensus starting up: Expiring failure detector timer to make a prompt election more likely
I20260713 08:59:54.377388  1603 raft_consensus.cc:2393] T e14a2e956c364b75bf0c8e7532104bfb P 99c26f75a2a94742a66f0e531e909427 [term 1 FOLLOWER]: Leader pre-election vote request: Denying vote to candidate 19c54d2698c641f78ccae5f83dfaa959 in current term 1: Already voted for candidate db172fadaf254fb583f6ad6335a27a17 in this term.
I20260713 08:59:54.377507  1720 raft_consensus.cc:740] T 8b503c53b217486aa40edb137285ef69 P 99c26f75a2a94742a66f0e531e909427 [term 0 FOLLOWER]: Becoming Follower/Learner. State: Replica: 99c26f75a2a94742a66f0e531e909427, State: Initialized, Role: FOLLOWER
I20260713 08:59:54.378382  1729 leader_election.cc:290] T faaf052448ef41c3a0d2bd7bceeb775c P 99c26f75a2a94742a66f0e531e909427 [CANDIDATE]: Term 1 election: Requested vote from peers 19c54d2698c641f78ccae5f83dfaa959 (127.0.107.193:38259), db172fadaf254fb583f6ad6335a27a17 (127.0.107.195:44145)
I20260713 08:59:54.378168  1720 consensus_queue.cc:260] T 8b503c53b217486aa40edb137285ef69 P 99c26f75a2a94742a66f0e531e909427 [NON_LEADER]: Queue going to NON_LEADER mode. State: All replicated index: 0, Majority replicated index: 0, Committed index: 0, Last appended: 0.0, Last appended by leader: 0, Current term: 0, Majority size: -1, State: 0, Mode: NON_LEADER, active raft config: opid_index: -1 OBSOLETE_local: false peers { permanent_uuid: "19c54d2698c641f78ccae5f83dfaa959" member_type: VOTER last_known_addr { host: "127.0.107.193" port: 38259 } } peers { permanent_uuid: "99c26f75a2a94742a66f0e531e909427" member_type: VOTER last_known_addr { host: "127.0.107.194" port: 37339 } } peers { permanent_uuid: "db172fadaf254fb583f6ad6335a27a17" member_type: VOTER last_known_addr { host: "127.0.107.195" port: 44145 } }
I20260713 08:59:54.379446  1676 tablet_service.cc:1917] Received RequestConsensusVote() RPC: tablet_id: "faaf052448ef41c3a0d2bd7bceeb775c" candidate_uuid: "99c26f75a2a94742a66f0e531e909427" candidate_term: 1 candidate_status { last_received { term: 0 index: 0 } } ignore_live_leader: false dest_uuid: "db172fadaf254fb583f6ad6335a27a17"
I20260713 08:59:54.379995  1676 raft_consensus.cc:3060] T faaf052448ef41c3a0d2bd7bceeb775c P db172fadaf254fb583f6ad6335a27a17 [term 0 FOLLOWER]: Advancing to term 1
I20260713 08:59:54.380594  1720 ts_tablet_manager.cc:1434] T 8b503c53b217486aa40edb137285ef69 P 99c26f75a2a94742a66f0e531e909427: Time spent starting tablet: real 0.010s	user 0.007s	sys 0.001s
I20260713 08:59:54.380602  1718 raft_consensus.cc:359] T b9246aae1a4f47ccb8961ee45bf4f3dd P db172fadaf254fb583f6ad6335a27a17 [term 0 FOLLOWER]: Replica starting. Triggering 0 pending ops. Active config: opid_index: -1 OBSOLETE_local: false peers { permanent_uuid: "19c54d2698c641f78ccae5f83dfaa959" member_type: VOTER last_known_addr { host: "127.0.107.193" port: 38259 } } peers { permanent_uuid: "99c26f75a2a94742a66f0e531e909427" member_type: VOTER last_known_addr { host: "127.0.107.194" port: 37339 } } peers { permanent_uuid: "db172fadaf254fb583f6ad6335a27a17" member_type: VOTER last_known_addr { host: "127.0.107.195" port: 44145 } }
I20260713 08:59:54.381606  1718 raft_consensus.cc:385] T b9246aae1a4f47ccb8961ee45bf4f3dd P db172fadaf254fb583f6ad6335a27a17 [term 0 FOLLOWER]: Consensus starting up: Expiring failure detector timer to make a prompt election more likely
I20260713 08:59:54.381775  1720 tablet_bootstrap.cc:492] T 33245379d1e5436b8420e871e46eaa10 P 99c26f75a2a94742a66f0e531e909427: Bootstrap starting.
I20260713 08:59:54.381948  1718 raft_consensus.cc:740] T b9246aae1a4f47ccb8961ee45bf4f3dd P db172fadaf254fb583f6ad6335a27a17 [term 0 FOLLOWER]: Becoming Follower/Learner. State: Replica: db172fadaf254fb583f6ad6335a27a17, State: Initialized, Role: FOLLOWER
I20260713 08:59:54.382925  1718 consensus_queue.cc:260] T b9246aae1a4f47ccb8961ee45bf4f3dd P db172fadaf254fb583f6ad6335a27a17 [NON_LEADER]: Queue going to NON_LEADER mode. State: All replicated index: 0, Majority replicated index: 0, Committed index: 0, Last appended: 0.0, Last appended by leader: 0, Current term: 0, Majority size: -1, State: 0, Mode: NON_LEADER, active raft config: opid_index: -1 OBSOLETE_local: false peers { permanent_uuid: "19c54d2698c641f78ccae5f83dfaa959" member_type: VOTER last_known_addr { host: "127.0.107.193" port: 38259 } } peers { permanent_uuid: "99c26f75a2a94742a66f0e531e909427" member_type: VOTER last_known_addr { host: "127.0.107.194" port: 37339 } } peers { permanent_uuid: "db172fadaf254fb583f6ad6335a27a17" member_type: VOTER last_known_addr { host: "127.0.107.195" port: 44145 } }
I20260713 08:59:54.386000  1719 tablet_bootstrap.cc:492] T 3327ab366858484e8303e60f2e5e7433 P 19c54d2698c641f78ccae5f83dfaa959: No bootstrap required, opened a new log
I20260713 08:59:54.386514  1719 ts_tablet_manager.cc:1403] T 3327ab366858484e8303e60f2e5e7433 P 19c54d2698c641f78ccae5f83dfaa959: Time spent bootstrapping tablet: real 0.059s	user 0.013s	sys 0.003s
I20260713 08:59:54.388604  1718 ts_tablet_manager.cc:1434] T b9246aae1a4f47ccb8961ee45bf4f3dd P db172fadaf254fb583f6ad6335a27a17: Time spent starting tablet: real 0.011s	user 0.006s	sys 0.000s
I20260713 08:59:54.389483  1718 tablet_bootstrap.cc:492] T 3b44e91070464eed9f9eefa9fb702c2c P db172fadaf254fb583f6ad6335a27a17: Bootstrap starting.
I20260713 08:59:54.390039  1719 raft_consensus.cc:359] T 3327ab366858484e8303e60f2e5e7433 P 19c54d2698c641f78ccae5f83dfaa959 [term 0 FOLLOWER]: Replica starting. Triggering 0 pending ops. Active config: opid_index: -1 OBSOLETE_local: false peers { permanent_uuid: "19c54d2698c641f78ccae5f83dfaa959" member_type: VOTER last_known_addr { host: "127.0.107.193" port: 38259 } } peers { permanent_uuid: "99c26f75a2a94742a66f0e531e909427" member_type: VOTER last_known_addr { host: "127.0.107.194" port: 37339 } } peers { permanent_uuid: "db172fadaf254fb583f6ad6335a27a17" member_type: VOTER last_known_addr { host: "127.0.107.195" port: 44145 } }
I20260713 08:59:54.390926  1677 tablet_service.cc:1917] Received RequestConsensusVote() RPC: tablet_id: "e14a2e956c364b75bf0c8e7532104bfb" candidate_uuid: "19c54d2698c641f78ccae5f83dfaa959" candidate_term: 1 candidate_status { last_received { term: 0 index: 0 } } ignore_live_leader: false dest_uuid: "db172fadaf254fb583f6ad6335a27a17" is_pre_election: true
I20260713 08:59:54.391028  1720 tablet_bootstrap.cc:654] T 33245379d1e5436b8420e871e46eaa10 P 99c26f75a2a94742a66f0e531e909427: Neither blocks nor log segments found. Creating new log.
I20260713 08:59:54.391640  1719 raft_consensus.cc:385] T 3327ab366858484e8303e60f2e5e7433 P 19c54d2698c641f78ccae5f83dfaa959 [term 0 FOLLOWER]: Consensus starting up: Expiring failure detector timer to make a prompt election more likely
I20260713 08:59:54.392009  1719 raft_consensus.cc:740] T 3327ab366858484e8303e60f2e5e7433 P 19c54d2698c641f78ccae5f83dfaa959 [term 0 FOLLOWER]: Becoming Follower/Learner. State: Replica: 19c54d2698c641f78ccae5f83dfaa959, State: Initialized, Role: FOLLOWER
I20260713 08:59:54.393189  1719 consensus_queue.cc:260] T 3327ab366858484e8303e60f2e5e7433 P 19c54d2698c641f78ccae5f83dfaa959 [NON_LEADER]: Queue going to NON_LEADER mode. State: All replicated index: 0, Majority replicated index: 0, Committed index: 0, Last appended: 0.0, Last appended by leader: 0, Current term: 0, Majority size: -1, State: 0, Mode: NON_LEADER, active raft config: opid_index: -1 OBSOLETE_local: false peers { permanent_uuid: "19c54d2698c641f78ccae5f83dfaa959" member_type: VOTER last_known_addr { host: "127.0.107.193" port: 38259 } } peers { permanent_uuid: "99c26f75a2a94742a66f0e531e909427" member_type: VOTER last_known_addr { host: "127.0.107.194" port: 37339 } } peers { permanent_uuid: "db172fadaf254fb583f6ad6335a27a17" member_type: VOTER last_known_addr { host: "127.0.107.195" port: 44145 } }
I20260713 08:59:54.393741  1494 leader_election.cc:304] T e14a2e956c364b75bf0c8e7532104bfb P 19c54d2698c641f78ccae5f83dfaa959 [CANDIDATE]: Term 1 pre-election: Election decided. Result: candidate lost. Election summary: received 3 responses out of 3 voters: 1 yes votes; 2 no votes. yes voters: 19c54d2698c641f78ccae5f83dfaa959; no voters: 99c26f75a2a94742a66f0e531e909427, db172fadaf254fb583f6ad6335a27a17
I20260713 08:59:54.396360  1728 raft_consensus.cc:3060] T e14a2e956c364b75bf0c8e7532104bfb P 19c54d2698c641f78ccae5f83dfaa959 [term 0 FOLLOWER]: Advancing to term 1
I20260713 08:59:54.397464  1676 raft_consensus.cc:2468] T faaf052448ef41c3a0d2bd7bceeb775c P db172fadaf254fb583f6ad6335a27a17 [term 1 FOLLOWER]: Leader election vote request: Granting yes vote for candidate 99c26f75a2a94742a66f0e531e909427 in term 1.
I20260713 08:59:54.401046  1569 leader_election.cc:304] T faaf052448ef41c3a0d2bd7bceeb775c P 99c26f75a2a94742a66f0e531e909427 [CANDIDATE]: Term 1 election: Election decided. Result: candidate won. Election summary: received 3 responses out of 3 voters: 2 yes votes; 1 no votes. yes voters: 99c26f75a2a94742a66f0e531e909427, db172fadaf254fb583f6ad6335a27a17; no voters: 19c54d2698c641f78ccae5f83dfaa959
I20260713 08:59:54.403404  1729 raft_consensus.cc:2804] T faaf052448ef41c3a0d2bd7bceeb775c P 99c26f75a2a94742a66f0e531e909427 [term 1 FOLLOWER]: Leader election won for term 1
I20260713 08:59:54.403934  1729 raft_consensus.cc:697] T faaf052448ef41c3a0d2bd7bceeb775c P 99c26f75a2a94742a66f0e531e909427 [term 1 LEADER]: Becoming Leader. State: Replica: 99c26f75a2a94742a66f0e531e909427, State: Running, Role: LEADER
I20260713 08:59:54.404811  1729 consensus_queue.cc:237] T faaf052448ef41c3a0d2bd7bceeb775c P 99c26f75a2a94742a66f0e531e909427 [LEADER]: Queue going to LEADER mode. State: All replicated index: 0, Majority replicated index: 0, Committed index: 0, Last appended: 0.0, Last appended by leader: 0, Current term: 1, Majority size: 2, State: 0, Mode: LEADER, active raft config: opid_index: -1 OBSOLETE_local: false peers { permanent_uuid: "19c54d2698c641f78ccae5f83dfaa959" member_type: VOTER last_known_addr { host: "127.0.107.193" port: 38259 } } peers { permanent_uuid: "99c26f75a2a94742a66f0e531e909427" member_type: VOTER last_known_addr { host: "127.0.107.194" port: 37339 } } peers { permanent_uuid: "db172fadaf254fb583f6ad6335a27a17" member_type: VOTER last_known_addr { host: "127.0.107.195" port: 44145 } }
I20260713 08:59:54.406687  1719 ts_tablet_manager.cc:1434] T 3327ab366858484e8303e60f2e5e7433 P 19c54d2698c641f78ccae5f83dfaa959: Time spent starting tablet: real 0.020s	user 0.003s	sys 0.005s
I20260713 08:59:54.407702  1719 tablet_bootstrap.cc:492] T 6a96b64057484ab1b5f7cf9f281ff1a3 P 19c54d2698c641f78ccae5f83dfaa959: Bootstrap starting.
I20260713 08:59:54.414126  1719 tablet_bootstrap.cc:654] T 6a96b64057484ab1b5f7cf9f281ff1a3 P 19c54d2698c641f78ccae5f83dfaa959: Neither blocks nor log segments found. Creating new log.
I20260713 08:59:54.414336  1726 consensus_queue.cc:1048] T 148eef090b1f4915952db739f1ef9694 P 19c54d2698c641f78ccae5f83dfaa959 [LEADER]: Connected to new peer: Peer: permanent_uuid: "99c26f75a2a94742a66f0e531e909427" member_type: VOTER last_known_addr { host: "127.0.107.194" port: 37339 }, Status: LMP_MISMATCH, Last received: 0.0, Next index: 1, Last known committed idx: 0, Time since last communication: 0.000s
I20260713 08:59:54.416771  1785 raft_consensus.cc:493] T cd31023f3d80443282ee375e73bea751 P 99c26f75a2a94742a66f0e531e909427 [term 0 FOLLOWER]: Starting pre-election (no leader contacted us within the election timeout)
I20260713 08:59:54.417524  1785 raft_consensus.cc:515] T cd31023f3d80443282ee375e73bea751 P 99c26f75a2a94742a66f0e531e909427 [term 0 FOLLOWER]: Starting pre-election with config: opid_index: -1 OBSOLETE_local: false peers { permanent_uuid: "19c54d2698c641f78ccae5f83dfaa959" member_type: VOTER last_known_addr { host: "127.0.107.193" port: 38259 } } peers { permanent_uuid: "99c26f75a2a94742a66f0e531e909427" member_type: VOTER last_known_addr { host: "127.0.107.194" port: 37339 } } peers { permanent_uuid: "db172fadaf254fb583f6ad6335a27a17" member_type: VOTER last_known_addr { host: "127.0.107.195" port: 44145 } }
