I20260713 09:05:50.081609 12198 raft_consensus.cc:2393] T e68765a5e7264780b2542cf648afa43d P 33ea6db286154630bacdde33dae0edaf [term 1 FOLLOWER]: Leader election vote request: Denying vote to candidate ef9b0a16b96441e382cf3b58ede11f52 in current term 1: Already voted for candidate 33ea6db286154630bacdde33dae0edaf in this term.
W20260713 09:05:50.082051 12163 leader_election.cc:343] T 11632abd33d64caf9ebd7a21078d9716 P 33ea6db286154630bacdde33dae0edaf [CANDIDATE]: Term 1 election: Tablet error from VoteRequest() call to peer 93d805a2c42b43e98670ceb78a6df0f7 (127.10.195.129:37279): Illegal state: must be running to vote when last-logged opid is not known
I20260713 09:05:50.082369 12237 leader_election.cc:304] T cebed1f0336442999c1a5cae41b8cde9 P ef9b0a16b96441e382cf3b58ede11f52 [CANDIDATE]: Term 1 election: Election decided. Result: candidate lost. Election summary: received 3 responses out of 3 voters: 1 yes votes; 2 no votes. yes voters: ef9b0a16b96441e382cf3b58ede11f52; no voters: 33ea6db286154630bacdde33dae0edaf, 93d805a2c42b43e98670ceb78a6df0f7
I20260713 09:05:50.082801 12089 leader_election.cc:304] T edc09522807049a3bb66d98360962147 P 93d805a2c42b43e98670ceb78a6df0f7 [CANDIDATE]: Term 1 election: Election decided. Result: candidate lost. Election summary: received 3 responses out of 3 voters: 1 yes votes; 2 no votes. yes voters: 93d805a2c42b43e98670ceb78a6df0f7; no voters: 33ea6db286154630bacdde33dae0edaf, ef9b0a16b96441e382cf3b58ede11f52
I20260713 09:05:50.083077 12412 raft_consensus.cc:2749] T cebed1f0336442999c1a5cae41b8cde9 P ef9b0a16b96441e382cf3b58ede11f52 [term 1 FOLLOWER]: Leader election lost for term 1. Reason: could not achieve majority
I20260713 09:05:50.083431 12237 leader_election.cc:304] T 7c1ae29a4aaf490e9042cf8a0a9906b2 P ef9b0a16b96441e382cf3b58ede11f52 [CANDIDATE]: Term 1 election: Election decided. Result: candidate won. Election summary: received 3 responses out of 3 voters: 2 yes votes; 1 no votes. yes voters: 33ea6db286154630bacdde33dae0edaf, ef9b0a16b96441e382cf3b58ede11f52; no voters: 93d805a2c42b43e98670ceb78a6df0f7
I20260713 09:05:50.084132 12412 raft_consensus.cc:2804] T 7c1ae29a4aaf490e9042cf8a0a9906b2 P ef9b0a16b96441e382cf3b58ede11f52 [term 1 FOLLOWER]: Leader election won for term 1
I20260713 09:05:50.084471 12195 tablet_service.cc:1917] Received RequestConsensusVote() RPC: tablet_id: "41da10493e8a4c2b94975c45341c71ee" candidate_uuid: "ef9b0a16b96441e382cf3b58ede11f52" candidate_term: 1 candidate_status { last_received { term: 0 index: 0 } } ignore_live_leader: false dest_uuid: "33ea6db286154630bacdde33dae0edaf" is_pre_election: true
I20260713 09:05:50.078608 12315 consensus_queue.cc:260] T 2b19c633a7e94ba99df62a35841919e8 P 93d805a2c42b43e98670ceb78a6df0f7 [NON_LEADER]: Queue going to NON_LEADER mode. State: All replicated index: 0, Majority replicated index: 0, Committed index: 0, Last appended: 0.0, Last appended by leader: 0, Current term: 0, Majority size: -1, State: 0, Mode: NON_LEADER, active raft config: opid_index: -1 OBSOLETE_local: false peers { permanent_uuid: "93d805a2c42b43e98670ceb78a6df0f7" member_type: VOTER last_known_addr { host: "127.10.195.129" port: 37279 } } peers { permanent_uuid: "33ea6db286154630bacdde33dae0edaf" member_type: VOTER last_known_addr { host: "127.10.195.130" port: 34213 } } peers { permanent_uuid: "ef9b0a16b96441e382cf3b58ede11f52" member_type: VOTER last_known_addr { host: "127.10.195.131" port: 44493 } }
I20260713 09:05:50.084098 12365 raft_consensus.cc:2749] T edc09522807049a3bb66d98360962147 P 93d805a2c42b43e98670ceb78a6df0f7 [term 1 FOLLOWER]: Leader election lost for term 1. Reason: could not achieve majority
I20260713 09:05:50.085305 12195 raft_consensus.cc:2468] T 41da10493e8a4c2b94975c45341c71ee P 33ea6db286154630bacdde33dae0edaf [term 0 FOLLOWER]: Leader pre-election vote request: Granting yes vote for candidate ef9b0a16b96441e382cf3b58ede11f52 in term 0.
I20260713 09:05:50.085341 12124 tablet_service.cc:1917] Received RequestConsensusVote() RPC: tablet_id: "e68765a5e7264780b2542cf648afa43d" candidate_uuid: "ef9b0a16b96441e382cf3b58ede11f52" candidate_term: 1 candidate_status { last_received { term: 0 index: 0 } } ignore_live_leader: false dest_uuid: "93d805a2c42b43e98670ceb78a6df0f7"
I20260713 09:05:50.086609 12312 ts_tablet_manager.cc:1434] T 6e4077d219b3461783027391aac20897 P ef9b0a16b96441e382cf3b58ede11f52: Time spent starting tablet: real 0.013s	user 0.006s	sys 0.000s
I20260713 09:05:50.087294 12312 tablet_bootstrap.cc:492] T 19d47d4a93484e8694fb6da1035f7030 P ef9b0a16b96441e382cf3b58ede11f52: Bootstrap starting.
I20260713 09:05:50.086369 12194 tablet_service.cc:1917] Received RequestConsensusVote() RPC: tablet_id: "2b19c633a7e94ba99df62a35841919e8" candidate_uuid: "ef9b0a16b96441e382cf3b58ede11f52" candidate_term: 1 candidate_status { last_received { term: 0 index: 0 } } ignore_live_leader: false dest_uuid: "33ea6db286154630bacdde33dae0edaf"
I20260713 09:05:50.088907 12412 raft_consensus.cc:697] T 7c1ae29a4aaf490e9042cf8a0a9906b2 P ef9b0a16b96441e382cf3b58ede11f52 [term 1 LEADER]: Becoming Leader. State: Replica: ef9b0a16b96441e382cf3b58ede11f52, State: Running, Role: LEADER
I20260713 09:05:50.089227 12122 tablet_service.cc:1917] Received RequestConsensusVote() RPC: tablet_id: "2b19c633a7e94ba99df62a35841919e8" candidate_uuid: "ef9b0a16b96441e382cf3b58ede11f52" candidate_term: 1 candidate_status { last_received { term: 0 index: 0 } } ignore_live_leader: false dest_uuid: "93d805a2c42b43e98670ceb78a6df0f7"
I20260713 09:05:50.089735 12122 raft_consensus.cc:3060] T 2b19c633a7e94ba99df62a35841919e8 P 93d805a2c42b43e98670ceb78a6df0f7 [term 0 FOLLOWER]: Advancing to term 1
I20260713 09:05:50.089701 12412 consensus_queue.cc:237] T 7c1ae29a4aaf490e9042cf8a0a9906b2 P ef9b0a16b96441e382cf3b58ede11f52 [LEADER]: Queue going to LEADER mode. State: All replicated index: 0, Majority replicated index: 0, Committed index: 0, Last appended: 0.0, Last appended by leader: 0, Current term: 1, Majority size: 2, State: 0, Mode: LEADER, active raft config: opid_index: -1 OBSOLETE_local: false peers { permanent_uuid: "93d805a2c42b43e98670ceb78a6df0f7" member_type: VOTER last_known_addr { host: "127.10.195.129" port: 37279 } } peers { permanent_uuid: "33ea6db286154630bacdde33dae0edaf" member_type: VOTER last_known_addr { host: "127.10.195.130" port: 34213 } } peers { permanent_uuid: "ef9b0a16b96441e382cf3b58ede11f52" member_type: VOTER last_known_addr { host: "127.10.195.131" port: 44493 } }
I20260713 09:05:50.086396 12123 tablet_service.cc:1917] Received RequestConsensusVote() RPC: tablet_id: "41da10493e8a4c2b94975c45341c71ee" candidate_uuid: "ef9b0a16b96441e382cf3b58ede11f52" candidate_term: 1 candidate_status { last_received { term: 0 index: 0 } } ignore_live_leader: false dest_uuid: "93d805a2c42b43e98670ceb78a6df0f7" is_pre_election: true
I20260713 09:05:50.088812 12194 raft_consensus.cc:2393] T 2b19c633a7e94ba99df62a35841919e8 P 33ea6db286154630bacdde33dae0edaf [term 1 FOLLOWER]: Leader election vote request: Denying vote to candidate ef9b0a16b96441e382cf3b58ede11f52 in current term 1: Already voted for candidate 33ea6db286154630bacdde33dae0edaf in this term.
I20260713 09:05:50.092650 12237 leader_election.cc:304] T 7f4882835645480c8dd677bf6e11a3af P ef9b0a16b96441e382cf3b58ede11f52 [CANDIDATE]: Term 1 election: Election decided. Result: candidate won. Election summary: received 3 responses out of 3 voters: 2 yes votes; 1 no votes. yes voters: 33ea6db286154630bacdde33dae0edaf, ef9b0a16b96441e382cf3b58ede11f52; no voters: 93d805a2c42b43e98670ceb78a6df0f7
I20260713 09:05:50.093392 12411 raft_consensus.cc:2804] T 7f4882835645480c8dd677bf6e11a3af P ef9b0a16b96441e382cf3b58ede11f52 [term 1 FOLLOWER]: Leader election won for term 1
I20260713 09:05:50.093818 12411 raft_consensus.cc:697] T 7f4882835645480c8dd677bf6e11a3af P ef9b0a16b96441e382cf3b58ede11f52 [term 1 LEADER]: Becoming Leader. State: Replica: ef9b0a16b96441e382cf3b58ede11f52, State: Running, Role: LEADER
I20260713 09:05:50.094612 12411 consensus_queue.cc:237] T 7f4882835645480c8dd677bf6e11a3af P ef9b0a16b96441e382cf3b58ede11f52 [LEADER]: Queue going to LEADER mode. State: All replicated index: 0, Majority replicated index: 0, Committed index: 0, Last appended: 0.0, Last appended by leader: 0, Current term: 1, Majority size: 2, State: 0, Mode: LEADER, active raft config: opid_index: -1 OBSOLETE_local: false peers { permanent_uuid: "ef9b0a16b96441e382cf3b58ede11f52" member_type: VOTER last_known_addr { host: "127.10.195.131" port: 44493 } } peers { permanent_uuid: "93d805a2c42b43e98670ceb78a6df0f7" member_type: VOTER last_known_addr { host: "127.10.195.129" port: 37279 } } peers { permanent_uuid: "33ea6db286154630bacdde33dae0edaf" member_type: VOTER last_known_addr { host: "127.10.195.130" port: 34213 } }
I20260713 09:05:50.095748 12237 leader_election.cc:304] T 41da10493e8a4c2b94975c45341c71ee P ef9b0a16b96441e382cf3b58ede11f52 [CANDIDATE]: Term 1 pre-election: Election decided. Result: candidate won. Election summary: received 2 responses out of 3 voters: 2 yes votes; 0 no votes. yes voters: 33ea6db286154630bacdde33dae0edaf, ef9b0a16b96441e382cf3b58ede11f52; no voters: 
I20260713 09:05:50.095770 12315 ts_tablet_manager.cc:1434] T 2b19c633a7e94ba99df62a35841919e8 P 93d805a2c42b43e98670ceb78a6df0f7: Time spent starting tablet: real 0.022s	user 0.007s	sys 0.000s
I20260713 09:05:50.097721 12315 tablet_bootstrap.cc:492] T 7f4882835645480c8dd677bf6e11a3af P 93d805a2c42b43e98670ceb78a6df0f7: Bootstrap starting.
I20260713 09:05:50.100890 12312 tablet_bootstrap.cc:654] T 19d47d4a93484e8694fb6da1035f7030 P ef9b0a16b96441e382cf3b58ede11f52: Neither blocks nor log segments found. Creating new log.
I20260713 09:05:50.101226 12019 catalog_manager.cc:5697] T 6f5a4238928e42319edf9cb94d88a940 P ef9b0a16b96441e382cf3b58ede11f52 reported cstate change: term changed from 0 to 1, leader changed from <none> to ef9b0a16b96441e382cf3b58ede11f52 (127.10.195.131). New cstate: current_term: 1 leader_uuid: "ef9b0a16b96441e382cf3b58ede11f52" committed_config { opid_index: -1 OBSOLETE_local: false peers { permanent_uuid: "93d805a2c42b43e98670ceb78a6df0f7" member_type: VOTER last_known_addr { host: "127.10.195.129" port: 37279 } health_report { overall_health: UNKNOWN } } peers { permanent_uuid: "33ea6db286154630bacdde33dae0edaf" member_type: VOTER last_known_addr { host: "127.10.195.130" port: 34213 } health_report { overall_health: UNKNOWN } } peers { permanent_uuid: "ef9b0a16b96441e382cf3b58ede11f52" member_type: VOTER last_known_addr { host: "127.10.195.131" port: 44493 } health_report { overall_health: HEALTHY } } }
I20260713 09:05:50.102756 12315 tablet_bootstrap.cc:654] T 7f4882835645480c8dd677bf6e11a3af P 93d805a2c42b43e98670ceb78a6df0f7: Neither blocks nor log segments found. Creating new log.
I20260713 09:05:50.107020 12404 raft_consensus.cc:2804] T 41da10493e8a4c2b94975c45341c71ee P ef9b0a16b96441e382cf3b58ede11f52 [term 0 FOLLOWER]: Leader pre-election won for term 1
I20260713 09:05:50.107398 12404 raft_consensus.cc:493] T 41da10493e8a4c2b94975c45341c71ee P ef9b0a16b96441e382cf3b58ede11f52 [term 0 FOLLOWER]: Starting leader election (no leader contacted us within the election timeout)
I20260713 09:05:50.107730 12404 raft_consensus.cc:3060] T 41da10493e8a4c2b94975c45341c71ee P ef9b0a16b96441e382cf3b58ede11f52 [term 0 FOLLOWER]: Advancing to term 1
I20260713 09:05:50.112351 12122 raft_consensus.cc:2468] T 2b19c633a7e94ba99df62a35841919e8 P 93d805a2c42b43e98670ceb78a6df0f7 [term 1 FOLLOWER]: Leader election vote request: Granting yes vote for candidate ef9b0a16b96441e382cf3b58ede11f52 in term 1.
I20260713 09:05:50.114742 12404 raft_consensus.cc:515] T 41da10493e8a4c2b94975c45341c71ee P ef9b0a16b96441e382cf3b58ede11f52 [term 1 FOLLOWER]: Starting leader election with config: opid_index: -1 OBSOLETE_local: false peers { permanent_uuid: "93d805a2c42b43e98670ceb78a6df0f7" member_type: VOTER last_known_addr { host: "127.10.195.129" port: 37279 } } peers { permanent_uuid: "33ea6db286154630bacdde33dae0edaf" member_type: VOTER last_known_addr { host: "127.10.195.130" port: 34213 } } peers { permanent_uuid: "ef9b0a16b96441e382cf3b58ede11f52" member_type: VOTER last_known_addr { host: "127.10.195.131" port: 44493 } }
I20260713 09:05:50.116712 12404 leader_election.cc:290] T 41da10493e8a4c2b94975c45341c71ee P ef9b0a16b96441e382cf3b58ede11f52 [CANDIDATE]: Term 1 election: Requested vote from peers 93d805a2c42b43e98670ceb78a6df0f7 (127.10.195.129:37279), 33ea6db286154630bacdde33dae0edaf (127.10.195.130:34213)
I20260713 09:05:50.118445 12272 tablet_service.cc:1917] Received RequestConsensusVote() RPC: tablet_id: "2b19c633a7e94ba99df62a35841919e8" candidate_uuid: "33ea6db286154630bacdde33dae0edaf" candidate_term: 1 candidate_status { last_received { term: 0 index: 0 } } ignore_live_leader: false dest_uuid: "ef9b0a16b96441e382cf3b58ede11f52"
I20260713 09:05:50.119220 12272 raft_consensus.cc:2393] T 2b19c633a7e94ba99df62a35841919e8 P ef9b0a16b96441e382cf3b58ede11f52 [term 1 FOLLOWER]: Leader election vote request: Denying vote to candidate 33ea6db286154630bacdde33dae0edaf in current term 1: Already voted for candidate ef9b0a16b96441e382cf3b58ede11f52 in this term.
I20260713 09:05:50.121039 12271 tablet_service.cc:1917] Received RequestConsensusVote() RPC: tablet_id: "e68765a5e7264780b2542cf648afa43d" candidate_uuid: "33ea6db286154630bacdde33dae0edaf" candidate_term: 1 candidate_status { last_received { term: 0 index: 0 } } ignore_live_leader: false dest_uuid: "ef9b0a16b96441e382cf3b58ede11f52"
I20260713 09:05:50.121335 12273 tablet_service.cc:1917] Received RequestConsensusVote() RPC: tablet_id: "11632abd33d64caf9ebd7a21078d9716" candidate_uuid: "33ea6db286154630bacdde33dae0edaf" candidate_term: 1 candidate_status { last_received { term: 0 index: 0 } } ignore_live_leader: false dest_uuid: "ef9b0a16b96441e382cf3b58ede11f52"
I20260713 09:05:50.121734 12271 raft_consensus.cc:2393] T e68765a5e7264780b2542cf648afa43d P ef9b0a16b96441e382cf3b58ede11f52 [term 1 FOLLOWER]: Leader election vote request: Denying vote to candidate 33ea6db286154630bacdde33dae0edaf in current term 1: Already voted for candidate ef9b0a16b96441e382cf3b58ede11f52 in this term.
I20260713 09:05:50.122040 12273 raft_consensus.cc:3060] T 11632abd33d64caf9ebd7a21078d9716 P ef9b0a16b96441e382cf3b58ede11f52 [term 0 FOLLOWER]: Advancing to term 1
W20260713 09:05:50.124964 12237 leader_election.cc:343] T e68765a5e7264780b2542cf648afa43d P ef9b0a16b96441e382cf3b58ede11f52 [CANDIDATE]: Term 1 election: Tablet error from VoteRequest() call to peer 93d805a2c42b43e98670ceb78a6df0f7 (127.10.195.129:37279): Illegal state: must be running to vote when last-logged opid is not known
I20260713 09:05:50.125137 12164 leader_election.cc:304] T 2b19c633a7e94ba99df62a35841919e8 P 33ea6db286154630bacdde33dae0edaf [CANDIDATE]: Term 1 election: Election decided. Result: candidate lost. Election summary: received 3 responses out of 3 voters: 1 yes votes; 2 no votes. yes voters: 33ea6db286154630bacdde33dae0edaf; no voters: 93d805a2c42b43e98670ceb78a6df0f7, ef9b0a16b96441e382cf3b58ede11f52
I20260713 09:05:50.125437 12237 leader_election.cc:304] T e68765a5e7264780b2542cf648afa43d P ef9b0a16b96441e382cf3b58ede11f52 [CANDIDATE]: Term 1 election: Election decided. Result: candidate lost. Election summary: received 3 responses out of 3 voters: 1 yes votes; 2 no votes. yes voters: ef9b0a16b96441e382cf3b58ede11f52; no voters: 33ea6db286154630bacdde33dae0edaf, 93d805a2c42b43e98670ceb78a6df0f7
I20260713 09:05:50.126261 12359 raft_consensus.cc:2749] T 2b19c633a7e94ba99df62a35841919e8 P 33ea6db286154630bacdde33dae0edaf [term 1 FOLLOWER]: Leader election lost for term 1. Reason: could not achieve majority
I20260713 09:05:50.126420 12411 raft_consensus.cc:2749] T e68765a5e7264780b2542cf648afa43d P ef9b0a16b96441e382cf3b58ede11f52 [term 1 FOLLOWER]: Leader election lost for term 1. Reason: could not achieve majority
I20260713 09:05:50.127274 12194 tablet_service.cc:1917] Received RequestConsensusVote() RPC: tablet_id: "41da10493e8a4c2b94975c45341c71ee" candidate_uuid: "ef9b0a16b96441e382cf3b58ede11f52" candidate_term: 1 candidate_status { last_received { term: 0 index: 0 } } ignore_live_leader: false dest_uuid: "33ea6db286154630bacdde33dae0edaf"
I20260713 09:05:50.127861 12194 raft_consensus.cc:3060] T 41da10493e8a4c2b94975c45341c71ee P 33ea6db286154630bacdde33dae0edaf [term 0 FOLLOWER]: Advancing to term 1
W20260713 09:05:50.128428 12237 leader_election.cc:343] T 41da10493e8a4c2b94975c45341c71ee P ef9b0a16b96441e382cf3b58ede11f52 [CANDIDATE]: Term 1 pre-election: Tablet error from VoteRequest() call to peer 93d805a2c42b43e98670ceb78a6df0f7 (127.10.195.129:37279): Illegal state: must be running to vote when last-logged opid is not known
I20260713 09:05:50.129392 12237 leader_election.cc:304] T 2b19c633a7e94ba99df62a35841919e8 P ef9b0a16b96441e382cf3b58ede11f52 [CANDIDATE]: Term 1 election: Election decided. Result: candidate won. Election summary: received 3 responses out of 3 voters: 2 yes votes; 1 no votes. yes voters: 93d805a2c42b43e98670ceb78a6df0f7, ef9b0a16b96441e382cf3b58ede11f52; no voters: 33ea6db286154630bacdde33dae0edaf
I20260713 09:05:50.132241 12411 raft_consensus.cc:2804] T 2b19c633a7e94ba99df62a35841919e8 P ef9b0a16b96441e382cf3b58ede11f52 [term 1 FOLLOWER]: Leader election won for term 1
I20260713 09:05:50.132705 12411 raft_consensus.cc:697] T 2b19c633a7e94ba99df62a35841919e8 P ef9b0a16b96441e382cf3b58ede11f52 [term 1 LEADER]: Becoming Leader. State: Replica: ef9b0a16b96441e382cf3b58ede11f52, State: Running, Role: LEADER
I20260713 09:05:50.133543 12411 consensus_queue.cc:237] T 2b19c633a7e94ba99df62a35841919e8 P ef9b0a16b96441e382cf3b58ede11f52 [LEADER]: Queue going to LEADER mode. State: All replicated index: 0, Majority replicated index: 0, Committed index: 0, Last appended: 0.0, Last appended by leader: 0, Current term: 1, Majority size: 2, State: 0, Mode: LEADER, active raft config: opid_index: -1 OBSOLETE_local: false peers { permanent_uuid: "93d805a2c42b43e98670ceb78a6df0f7" member_type: VOTER last_known_addr { host: "127.10.195.129" port: 37279 } } peers { permanent_uuid: "33ea6db286154630bacdde33dae0edaf" member_type: VOTER last_known_addr { host: "127.10.195.130" port: 34213 } } peers { permanent_uuid: "ef9b0a16b96441e382cf3b58ede11f52" member_type: VOTER last_known_addr { host: "127.10.195.131" port: 44493 } }
I20260713 09:05:50.136452 12359 raft_consensus.cc:493] T 37aaf2038c104c048d28acf654c64f41 P 33ea6db286154630bacdde33dae0edaf [term 0 FOLLOWER]: Starting pre-election (no leader contacted us within the election timeout)
I20260713 09:05:50.136936 12359 raft_consensus.cc:515] T 37aaf2038c104c048d28acf654c64f41 P 33ea6db286154630bacdde33dae0edaf [term 0 FOLLOWER]: Starting pre-election with config: opid_index: -1 OBSOLETE_local: false peers { permanent_uuid: "93d805a2c42b43e98670ceb78a6df0f7" member_type: VOTER last_known_addr { host: "127.10.195.129" port: 37279 } } peers { permanent_uuid: "33ea6db286154630bacdde33dae0edaf" member_type: VOTER last_known_addr { host: "127.10.195.130" port: 34213 } } peers { permanent_uuid: "ef9b0a16b96441e382cf3b58ede11f52" member_type: VOTER last_known_addr { host: "127.10.195.131" port: 44493 } }
I20260713 09:05:50.138860 12359 leader_election.cc:290] T 37aaf2038c104c048d28acf654c64f41 P 33ea6db286154630bacdde33dae0edaf [CANDIDATE]: Term 1 pre-election: Requested pre-vote from peers 93d805a2c42b43e98670ceb78a6df0f7 (127.10.195.129:37279), ef9b0a16b96441e382cf3b58ede11f52 (127.10.195.131:44493)
I20260713 09:05:50.140388 12123 tablet_service.cc:1917] Received RequestConsensusVote() RPC: tablet_id: "37aaf2038c104c048d28acf654c64f41" candidate_uuid: "33ea6db286154630bacdde33dae0edaf" candidate_term: 1 candidate_status { last_received { term: 0 index: 0 } } ignore_live_leader: false dest_uuid: "93d805a2c42b43e98670ceb78a6df0f7" is_pre_election: true
W20260713 09:05:50.141776 12163 leader_election.cc:343] T 37aaf2038c104c048d28acf654c64f41 P 33ea6db286154630bacdde33dae0edaf [CANDIDATE]: Term 1 pre-election: Tablet error from VoteRequest() call to peer 93d805a2c42b43e98670ceb78a6df0f7 (127.10.195.129:37279): Illegal state: must be running to vote when last-logged opid is not known
I20260713 09:05:50.145076 12164 leader_election.cc:304] T e68765a5e7264780b2542cf648afa43d P 33ea6db286154630bacdde33dae0edaf [CANDIDATE]: Term 1 election: Election decided. Result: candidate lost. Election summary: received 3 responses out of 3 voters: 1 yes votes; 2 no votes. yes voters: 33ea6db286154630bacdde33dae0edaf; no voters: 93d805a2c42b43e98670ceb78a6df0f7, ef9b0a16b96441e382cf3b58ede11f52
I20260713 09:05:50.146147 12359 raft_consensus.cc:2749] T e68765a5e7264780b2542cf648afa43d P 33ea6db286154630bacdde33dae0edaf [term 1 FOLLOWER]: Leader election lost for term 1. Reason: could not achieve majority
I20260713 09:05:50.147184 12312 tablet_bootstrap.cc:492] T 19d47d4a93484e8694fb6da1035f7030 P ef9b0a16b96441e382cf3b58ede11f52: No bootstrap required, opened a new log
I20260713 09:05:50.147645 12312 ts_tablet_manager.cc:1403] T 19d47d4a93484e8694fb6da1035f7030 P ef9b0a16b96441e382cf3b58ede11f52: Time spent bootstrapping tablet: real 0.060s	user 0.014s	sys 0.030s
I20260713 09:05:50.147542 12271 tablet_service.cc:1917] Received RequestConsensusVote() RPC: tablet_id: "37aaf2038c104c048d28acf654c64f41" candidate_uuid: "33ea6db286154630bacdde33dae0edaf" candidate_term: 1 candidate_status { last_received { term: 0 index: 0 } } ignore_live_leader: false dest_uuid: "ef9b0a16b96441e382cf3b58ede11f52" is_pre_election: true
I20260713 09:05:50.149035 12273 raft_consensus.cc:2468] T 11632abd33d64caf9ebd7a21078d9716 P ef9b0a16b96441e382cf3b58ede11f52 [term 1 FOLLOWER]: Leader election vote request: Granting yes vote for candidate 33ea6db286154630bacdde33dae0edaf in term 1.
I20260713 09:05:50.150318 12194 raft_consensus.cc:2468] T 41da10493e8a4c2b94975c45341c71ee P 33ea6db286154630bacdde33dae0edaf [term 1 FOLLOWER]: Leader election vote request: Granting yes vote for candidate ef9b0a16b96441e382cf3b58ede11f52 in term 1.
I20260713 09:05:50.150206 12312 raft_consensus.cc:359] T 19d47d4a93484e8694fb6da1035f7030 P ef9b0a16b96441e382cf3b58ede11f52 [term 0 FOLLOWER]: Replica starting. Triggering 0 pending ops. Active config: opid_index: -1 OBSOLETE_local: false peers { permanent_uuid: "93d805a2c42b43e98670ceb78a6df0f7" member_type: VOTER last_known_addr { host: "127.10.195.129" port: 37279 } } peers { permanent_uuid: "33ea6db286154630bacdde33dae0edaf" member_type: VOTER last_known_addr { host: "127.10.195.130" port: 34213 } } peers { permanent_uuid: "ef9b0a16b96441e382cf3b58ede11f52" member_type: VOTER last_known_addr { host: "127.10.195.131" port: 44493 } }
I20260713 09:05:50.151145 12312 raft_consensus.cc:385] T 19d47d4a93484e8694fb6da1035f7030 P ef9b0a16b96441e382cf3b58ede11f52 [term 0 FOLLOWER]: Consensus starting up: Expiring failure detector timer to make a prompt election more likely
I20260713 09:05:50.151538 12312 raft_consensus.cc:740] T 19d47d4a93484e8694fb6da1035f7030 P ef9b0a16b96441e382cf3b58ede11f52 [term 0 FOLLOWER]: Becoming Follower/Learner. State: Replica: ef9b0a16b96441e382cf3b58ede11f52, State: Initialized, Role: FOLLOWER
I20260713 09:05:50.152451 12312 consensus_queue.cc:260] T 19d47d4a93484e8694fb6da1035f7030 P ef9b0a16b96441e382cf3b58ede11f52 [NON_LEADER]: Queue going to NON_LEADER mode. State: All replicated index: 0, Majority replicated index: 0, Committed index: 0, Last appended: 0.0, Last appended by leader: 0, Current term: 0, Majority size: -1, State: 0, Mode: NON_LEADER, active raft config: opid_index: -1 OBSOLETE_local: false peers { permanent_uuid: "93d805a2c42b43e98670ceb78a6df0f7" member_type: VOTER last_known_addr { host: "127.10.195.129" port: 37279 } } peers { permanent_uuid: "33ea6db286154630bacdde33dae0edaf" member_type: VOTER last_known_addr { host: "127.10.195.130" port: 34213 } } peers { permanent_uuid: "ef9b0a16b96441e382cf3b58ede11f52" member_type: VOTER last_known_addr { host: "127.10.195.131" port: 44493 } }
W20260713 09:05:50.153607 12164 leader_election.cc:343] T 37aaf2038c104c048d28acf654c64f41 P 33ea6db286154630bacdde33dae0edaf [CANDIDATE]: Term 1 pre-election: Tablet error from VoteRequest() call to peer ef9b0a16b96441e382cf3b58ede11f52 (127.10.195.131:44493): Illegal state: must be running to vote when last-logged opid is not known
I20260713 09:05:50.153340 12019 catalog_manager.cc:5697] T cebed1f0336442999c1a5cae41b8cde9 P 93d805a2c42b43e98670ceb78a6df0f7 reported cstate change: term changed from 0 to 1, leader changed from <none> to 93d805a2c42b43e98670ceb78a6df0f7 (127.10.195.129). New cstate: current_term: 1 leader_uuid: "93d805a2c42b43e98670ceb78a6df0f7" committed_config { opid_index: -1 OBSOLETE_local: false peers { permanent_uuid: "93d805a2c42b43e98670ceb78a6df0f7" member_type: VOTER last_known_addr { host: "127.10.195.129" port: 37279 } health_report { overall_health: HEALTHY } } peers { permanent_uuid: "33ea6db286154630bacdde33dae0edaf" member_type: VOTER last_known_addr { host: "127.10.195.130" port: 34213 } health_report { overall_health: UNKNOWN } } peers { permanent_uuid: "ef9b0a16b96441e382cf3b58ede11f52" member_type: VOTER last_known_addr { host: "127.10.195.131" port: 44493 } health_report { overall_health: UNKNOWN } } }
I20260713 09:05:50.154150 12164 leader_election.cc:304] T 37aaf2038c104c048d28acf654c64f41 P 33ea6db286154630bacdde33dae0edaf [CANDIDATE]: Term 1 pre-election: Election decided. Result: candidate lost. Election summary: received 3 responses out of 3 voters: 1 yes votes; 2 no votes. yes voters: 33ea6db286154630bacdde33dae0edaf; no voters: 93d805a2c42b43e98670ceb78a6df0f7, ef9b0a16b96441e382cf3b58ede11f52
I20260713 09:05:50.155109 12359 raft_consensus.cc:2749] T 37aaf2038c104c048d28acf654c64f41 P 33ea6db286154630bacdde33dae0edaf [term 0 FOLLOWER]: Leader pre-election lost for term 1. Reason: could not achieve majority
I20260713 09:05:50.155277 12312 ts_tablet_manager.cc:1434] T 19d47d4a93484e8694fb6da1035f7030 P ef9b0a16b96441e382cf3b58ede11f52: Time spent starting tablet: real 0.007s	user 0.005s	sys 0.000s
I20260713 09:05:50.156219 12312 tablet_bootstrap.cc:492] T 3e57965c922341caa19c8f9e2f46fcad P ef9b0a16b96441e382cf3b58ede11f52: Bootstrap starting.
I20260713 09:05:50.156152 12164 leader_election.cc:304] T 11632abd33d64caf9ebd7a21078d9716 P 33ea6db286154630bacdde33dae0edaf [CANDIDATE]: Term 1 election: Election decided. Result: candidate won. Election summary: received 3 responses out of 3 voters: 2 yes votes; 1 no votes. yes voters: 33ea6db286154630bacdde33dae0edaf, ef9b0a16b96441e382cf3b58ede11f52; no voters: 93d805a2c42b43e98670ceb78a6df0f7
I20260713 09:05:50.151469 12122 tablet_service.cc:1917] Received RequestConsensusVote() RPC: tablet_id: "41da10493e8a4c2b94975c45341c71ee" candidate_uuid: "ef9b0a16b96441e382cf3b58ede11f52" candidate_term: 1 candidate_status { last_received { term: 0 index: 0 } } ignore_live_leader: false dest_uuid: "93d805a2c42b43e98670ceb78a6df0f7"
I20260713 09:05:50.157196 12359 raft_consensus.cc:2804] T 11632abd33d64caf9ebd7a21078d9716 P 33ea6db286154630bacdde33dae0edaf [term 1 FOLLOWER]: Leader election won for term 1
I20260713 09:05:50.157639 12359 raft_consensus.cc:697] T 11632abd33d64caf9ebd7a21078d9716 P 33ea6db286154630bacdde33dae0edaf [term 1 LEADER]: Becoming Leader. State: Replica: 33ea6db286154630bacdde33dae0edaf, State: Running, Role: LEADER
I20260713 09:05:50.158406 12359 consensus_queue.cc:237] T 11632abd33d64caf9ebd7a21078d9716 P 33ea6db286154630bacdde33dae0edaf [LEADER]: Queue going to LEADER mode. State: All replicated index: 0, Majority replicated index: 0, Committed index: 0, Last appended: 0.0, Last appended by leader: 0, Current term: 1, Majority size: 2, State: 0, Mode: LEADER, active raft config: opid_index: -1 OBSOLETE_local: false peers { permanent_uuid: "93d805a2c42b43e98670ceb78a6df0f7" member_type: VOTER last_known_addr { host: "127.10.195.129" port: 37279 } } peers { permanent_uuid: "33ea6db286154630bacdde33dae0edaf" member_type: VOTER last_known_addr { host: "127.10.195.130" port: 34213 } } peers { permanent_uuid: "ef9b0a16b96441e382cf3b58ede11f52" member_type: VOTER last_known_addr { host: "127.10.195.131" port: 44493 } }
I20260713 09:05:50.162912 12312 tablet_bootstrap.cc:654] T 3e57965c922341caa19c8f9e2f46fcad P ef9b0a16b96441e382cf3b58ede11f52: Neither blocks nor log segments found. Creating new log.
I20260713 09:05:50.168462 12237 leader_election.cc:304] T 41da10493e8a4c2b94975c45341c71ee P ef9b0a16b96441e382cf3b58ede11f52 [CANDIDATE]: Term 1 election: Election decided. Result: candidate won. Election summary: received 2 responses out of 3 voters: 2 yes votes; 0 no votes. yes voters: 33ea6db286154630bacdde33dae0edaf, ef9b0a16b96441e382cf3b58ede11f52; no voters: 
W20260713 09:05:50.173081 12237 leader_election.cc:343] T 41da10493e8a4c2b94975c45341c71ee P ef9b0a16b96441e382cf3b58ede11f52 [CANDIDATE]: Term 1 election: Tablet error from VoteRequest() call to peer 93d805a2c42b43e98670ceb78a6df0f7 (127.10.195.129:37279): Illegal state: must be running to vote when last-logged opid is not known
I20260713 09:05:50.173434 12411 raft_consensus.cc:2804] T 41da10493e8a4c2b94975c45341c71ee P ef9b0a16b96441e382cf3b58ede11f52 [term 1 FOLLOWER]: Leader election won for term 1
I20260713 09:05:50.173940 12411 raft_consensus.cc:697] T 41da10493e8a4c2b94975c45341c71ee P ef9b0a16b96441e382cf3b58ede11f52 [term 1 LEADER]: Becoming Leader. State: Replica: ef9b0a16b96441e382cf3b58ede11f52, State: Running, Role: LEADER
I20260713 09:05:50.174345 12312 tablet_bootstrap.cc:492] T 3e57965c922341caa19c8f9e2f46fcad P ef9b0a16b96441e382cf3b58ede11f52: No bootstrap required, opened a new log
I20260713 09:05:50.174788 12312 ts_tablet_manager.cc:1403] T 3e57965c922341caa19c8f9e2f46fcad P ef9b0a16b96441e382cf3b58ede11f52: Time spent bootstrapping tablet: real 0.019s	user 0.013s	sys 0.004s
I20260713 09:05:50.174687 12411 consensus_queue.cc:237] T 41da10493e8a4c2b94975c45341c71ee P ef9b0a16b96441e382cf3b58ede11f52 [LEADER]: Queue going to LEADER mode. State: All replicated index: 0, Majority replicated index: 0, Committed index: 0, Last appended: 0.0, Last appended by leader: 0, Current term: 1, Majority size: 2, State: 0, Mode: LEADER, active raft config: opid_index: -1 OBSOLETE_local: false peers { permanent_uuid: "93d805a2c42b43e98670ceb78a6df0f7" member_type: VOTER last_known_addr { host: "127.10.195.129" port: 37279 } } peers { permanent_uuid: "33ea6db286154630bacdde33dae0edaf" member_type: VOTER last_known_addr { host: "127.10.195.130" port: 34213 } } peers { permanent_uuid: "ef9b0a16b96441e382cf3b58ede11f52" member_type: VOTER last_known_addr { host: "127.10.195.131" port: 44493 } }
I20260713 09:05:50.175350 12315 tablet_bootstrap.cc:492] T 7f4882835645480c8dd677bf6e11a3af P 93d805a2c42b43e98670ceb78a6df0f7: No bootstrap required, opened a new log
I20260713 09:05:50.175771 12315 ts_tablet_manager.cc:1403] T 7f4882835645480c8dd677bf6e11a3af P 93d805a2c42b43e98670ceb78a6df0f7: Time spent bootstrapping tablet: real 0.078s	user 0.005s	sys 0.006s
I20260713 09:05:50.177444 12312 raft_consensus.cc:359] T 3e57965c922341caa19c8f9e2f46fcad P ef9b0a16b96441e382cf3b58ede11f52 [term 0 FOLLOWER]: Replica starting. Triggering 0 pending ops. Active config: opid_index: -1 OBSOLETE_local: false peers { permanent_uuid: "93d805a2c42b43e98670ceb78a6df0f7" member_type: VOTER last_known_addr { host: "127.10.195.129" port: 37279 } } peers { permanent_uuid: "33ea6db286154630bacdde33dae0edaf" member_type: VOTER last_known_addr { host: "127.10.195.130" port: 34213 } } peers { permanent_uuid: "ef9b0a16b96441e382cf3b58ede11f52" member_type: VOTER last_known_addr { host: "127.10.195.131" port: 44493 } }
I20260713 09:05:50.178224 12312 raft_consensus.cc:385] T 3e57965c922341caa19c8f9e2f46fcad P ef9b0a16b96441e382cf3b58ede11f52 [term 0 FOLLOWER]: Consensus starting up: Expiring failure detector timer to make a prompt election more likely
I20260713 09:05:50.178757 12312 raft_consensus.cc:740] T 3e57965c922341caa19c8f9e2f46fcad P ef9b0a16b96441e382cf3b58ede11f52 [term 0 FOLLOWER]: Becoming Follower/Learner. State: Replica: ef9b0a16b96441e382cf3b58ede11f52, State: Initialized, Role: FOLLOWER
I20260713 09:05:50.179503 12312 consensus_queue.cc:260] T 3e57965c922341caa19c8f9e2f46fcad P ef9b0a16b96441e382cf3b58ede11f52 [NON_LEADER]: Queue going to NON_LEADER mode. State: All replicated index: 0, Majority replicated index: 0, Committed index: 0, Last appended: 0.0, Last appended by leader: 0, Current term: 0, Majority size: -1, State: 0, Mode: NON_LEADER, active raft config: opid_index: -1 OBSOLETE_local: false peers { permanent_uuid: "93d805a2c42b43e98670ceb78a6df0f7" member_type: VOTER last_known_addr { host: "127.10.195.129" port: 37279 } } peers { permanent_uuid: "33ea6db286154630bacdde33dae0edaf" member_type: VOTER last_known_addr { host: "127.10.195.130" port: 34213 } } peers { permanent_uuid: "ef9b0a16b96441e382cf3b58ede11f52" member_type: VOTER last_known_addr { host: "127.10.195.131" port: 44493 } }
I20260713 09:05:50.181109 12315 raft_consensus.cc:359] T 7f4882835645480c8dd677bf6e11a3af P 93d805a2c42b43e98670ceb78a6df0f7 [term 0 FOLLOWER]: Replica starting. Triggering 0 pending ops. Active config: opid_index: -1 OBSOLETE_local: false peers { permanent_uuid: "ef9b0a16b96441e382cf3b58ede11f52" member_type: VOTER last_known_addr { host: "127.10.195.131" port: 44493 } } peers { permanent_uuid: "93d805a2c42b43e98670ceb78a6df0f7" member_type: VOTER last_known_addr { host: "127.10.195.129" port: 37279 } } peers { permanent_uuid: "33ea6db286154630bacdde33dae0edaf" member_type: VOTER last_known_addr { host: "127.10.195.130" port: 34213 } }
I20260713 09:05:50.181568 12312 ts_tablet_manager.cc:1434] T 3e57965c922341caa19c8f9e2f46fcad P ef9b0a16b96441e382cf3b58ede11f52: Time spent starting tablet: real 0.006s	user 0.005s	sys 0.000s
I20260713 09:05:50.181728 12315 raft_consensus.cc:385] T 7f4882835645480c8dd677bf6e11a3af P 93d805a2c42b43e98670ceb78a6df0f7 [term 0 FOLLOWER]: Consensus starting up: Expiring failure detector timer to make a prompt election more likely
I20260713 09:05:50.182005 12315 raft_consensus.cc:740] T 7f4882835645480c8dd677bf6e11a3af P 93d805a2c42b43e98670ceb78a6df0f7 [term 0 FOLLOWER]: Becoming Follower/Learner. State: Replica: 93d805a2c42b43e98670ceb78a6df0f7, State: Initialized, Role: FOLLOWER
I20260713 09:05:50.182394 12312 tablet_bootstrap.cc:492] T 761744b8ccbd47479f112f0ddf594c6a P ef9b0a16b96441e382cf3b58ede11f52: Bootstrap starting.
I20260713 09:05:50.187827 12312 tablet_bootstrap.cc:654] T 761744b8ccbd47479f112f0ddf594c6a P ef9b0a16b96441e382cf3b58ede11f52: Neither blocks nor log segments found. Creating new log.
I20260713 09:05:50.189126 12315 consensus_queue.cc:260] T 7f4882835645480c8dd677bf6e11a3af P 93d805a2c42b43e98670ceb78a6df0f7 [NON_LEADER]: Queue going to NON_LEADER mode. State: All replicated index: 0, Majority replicated index: 0, Committed index: 0, Last appended: 0.0, Last appended by leader: 0, Current term: 0, Majority size: -1, State: 0, Mode: NON_LEADER, active raft config: opid_index: -1 OBSOLETE_local: false peers { permanent_uuid: "ef9b0a16b96441e382cf3b58ede11f52" member_type: VOTER last_known_addr { host: "127.10.195.131" port: 44493 } } peers { permanent_uuid: "93d805a2c42b43e98670ceb78a6df0f7" member_type: VOTER last_known_addr { host: "127.10.195.129" port: 37279 } } peers { permanent_uuid: "33ea6db286154630bacdde33dae0edaf" member_type: VOTER last_known_addr { host: "127.10.195.130" port: 34213 } }
I20260713 09:05:50.188925 12021 catalog_manager.cc:5697] T 11632abd33d64caf9ebd7a21078d9716 P 33ea6db286154630bacdde33dae0edaf reported cstate change: term changed from 0 to 1, leader changed from <none> to 33ea6db286154630bacdde33dae0edaf (127.10.195.130). New cstate: current_term: 1 leader_uuid: "33ea6db286154630bacdde33dae0edaf" committed_config { opid_index: -1 OBSOLETE_local: false peers { permanent_uuid: "93d805a2c42b43e98670ceb78a6df0f7" member_type: VOTER last_known_addr { host: "127.10.195.129" port: 37279 } health_report { overall_health: UNKNOWN } } peers { permanent_uuid: "33ea6db286154630bacdde33dae0edaf" member_type: VOTER last_known_addr { host: "127.10.195.130" port: 34213 } health_report { overall_health: HEALTHY } } peers { permanent_uuid: "ef9b0a16b96441e382cf3b58ede11f52" member_type: VOTER last_known_addr { host: "127.10.195.131" port: 44493 } health_report { overall_health: UNKNOWN } } }
I20260713 09:05:50.193766 12315 ts_tablet_manager.cc:1434] T 7f4882835645480c8dd677bf6e11a3af P 93d805a2c42b43e98670ceb78a6df0f7: Time spent starting tablet: real 0.018s	user 0.007s	sys 0.000s
I20260713 09:05:50.194630 12315 tablet_bootstrap.cc:492] T 7c1ae29a4aaf490e9042cf8a0a9906b2 P 93d805a2c42b43e98670ceb78a6df0f7: Bootstrap starting.
I20260713 09:05:50.195163 12312 tablet_bootstrap.cc:492] T 761744b8ccbd47479f112f0ddf594c6a P ef9b0a16b96441e382cf3b58ede11f52: No bootstrap required, opened a new log
I20260713 09:05:50.195583 12312 ts_tablet_manager.cc:1403] T 761744b8ccbd47479f112f0ddf594c6a P ef9b0a16b96441e382cf3b58ede11f52: Time spent bootstrapping tablet: real 0.013s	user 0.009s	sys 0.000s
I20260713 09:05:50.198029 12312 raft_consensus.cc:359] T 761744b8ccbd47479f112f0ddf594c6a P ef9b0a16b96441e382cf3b58ede11f52 [term 0 FOLLOWER]: Replica starting. Triggering 0 pending ops. Active config: opid_index: -1 OBSOLETE_local: false peers { permanent_uuid: "93d805a2c42b43e98670ceb78a6df0f7" member_type: VOTER last_known_addr { host: "127.10.195.129" port: 37279 } } peers { permanent_uuid: "33ea6db286154630bacdde33dae0edaf" member_type: VOTER last_known_addr { host: "127.10.195.130" port: 34213 } } peers { permanent_uuid: "ef9b0a16b96441e382cf3b58ede11f52" member_type: VOTER last_known_addr { host: "127.10.195.131" port: 44493 } }
I20260713 09:05:50.198632 12312 raft_consensus.cc:385] T 761744b8ccbd47479f112f0ddf594c6a P ef9b0a16b96441e382cf3b58ede11f52 [term 0 FOLLOWER]: Consensus starting up: Expiring failure detector timer to make a prompt election more likely
I20260713 09:05:50.198968 12312 raft_consensus.cc:740] T 761744b8ccbd47479f112f0ddf594c6a P ef9b0a16b96441e382cf3b58ede11f52 [term 0 FOLLOWER]: Becoming Follower/Learner. State: Replica: ef9b0a16b96441e382cf3b58ede11f52, State: Initialized, Role: FOLLOWER
I20260713 09:05:50.198673 12019 catalog_manager.cc:5697] T edc09522807049a3bb66d98360962147 P ef9b0a16b96441e382cf3b58ede11f52 reported cstate change: term changed from 0 to 1, leader changed from <none> to ef9b0a16b96441e382cf3b58ede11f52 (127.10.195.131). New cstate: current_term: 1 leader_uuid: "ef9b0a16b96441e382cf3b58ede11f52" committed_config { opid_index: -1 OBSOLETE_local: false peers { permanent_uuid: "93d805a2c42b43e98670ceb78a6df0f7" member_type: VOTER last_known_addr { host: "127.10.195.129" port: 37279 } health_report { overall_health: UNKNOWN } } peers { permanent_uuid: "33ea6db286154630bacdde33dae0edaf" member_type: VOTER last_known_addr { host: "127.10.195.130" port: 34213 } health_report { overall_health: UNKNOWN } } peers { permanent_uuid: "ef9b0a16b96441e382cf3b58ede11f52" member_type: VOTER last_known_addr { host: "127.10.195.131" port: 44493 } health_report { overall_health: HEALTHY } } }
I20260713 09:05:50.199680 12312 consensus_queue.cc:260] T 761744b8ccbd47479f112f0ddf594c6a P ef9b0a16b96441e382cf3b58ede11f52 [NON_LEADER]: Queue going to NON_LEADER mode. State: All replicated index: 0, Majority replicated index: 0, Committed index: 0, Last appended: 0.0, Last appended by leader: 0, Current term: 0, Majority size: -1, State: 0, Mode: NON_LEADER, active raft config: opid_index: -1 OBSOLETE_local: false peers { permanent_uuid: "93d805a2c42b43e98670ceb78a6df0f7" member_type: VOTER last_known_addr { host: "127.10.195.129" port: 37279 } } peers { permanent_uuid: "33ea6db286154630bacdde33dae0edaf" member_type: VOTER last_known_addr { host: "127.10.195.130" port: 34213 } } peers { permanent_uuid: "ef9b0a16b96441e382cf3b58ede11f52" member_type: VOTER last_known_addr { host: "127.10.195.131" port: 44493 } }
I20260713 09:05:50.200333 12315 tablet_bootstrap.cc:654] T 7c1ae29a4aaf490e9042cf8a0a9906b2 P 93d805a2c42b43e98670ceb78a6df0f7: Neither blocks nor log segments found. Creating new log.
I20260713 09:05:50.200068 12019 catalog_manager.cc:5697] T 7c1ae29a4aaf490e9042cf8a0a9906b2 P ef9b0a16b96441e382cf3b58ede11f52 reported cstate change: term changed from 0 to 1, leader changed from <none> to ef9b0a16b96441e382cf3b58ede11f52 (127.10.195.131). New cstate: current_term: 1 leader_uuid: "ef9b0a16b96441e382cf3b58ede11f52" committed_config { opid_index: -1 OBSOLETE_local: false peers { permanent_uuid: "93d805a2c42b43e98670ceb78a6df0f7" member_type: VOTER last_known_addr { host: "127.10.195.129" port: 37279 } health_report { overall_health: UNKNOWN } } peers { permanent_uuid: "33ea6db286154630bacdde33dae0edaf" member_type: VOTER last_known_addr { host: "127.10.195.130" port: 34213 } health_report { overall_health: UNKNOWN } } peers { permanent_uuid: "ef9b0a16b96441e382cf3b58ede11f52" member_type: VOTER last_known_addr { host: "127.10.195.131" port: 44493 } health_report { overall_health: HEALTHY } } }
I20260713 09:05:50.202062 12312 ts_tablet_manager.cc:1434] T 761744b8ccbd47479f112f0ddf594c6a P ef9b0a16b96441e382cf3b58ede11f52: Time spent starting tablet: real 0.006s	user 0.007s	sys 0.000s
I20260713 09:05:50.201941 12019 catalog_manager.cc:5697] T 7f4882835645480c8dd677bf6e11a3af P ef9b0a16b96441e382cf3b58ede11f52 reported cstate change: term changed from 0 to 1, leader changed from <none> to ef9b0a16b96441e382cf3b58ede11f52 (127.10.195.131). New cstate: current_term: 1 leader_uuid: "ef9b0a16b96441e382cf3b58ede11f52" committed_config { opid_index: -1 OBSOLETE_local: false peers { permanent_uuid: "ef9b0a16b96441e382cf3b58ede11f52" member_type: VOTER last_known_addr { host: "127.10.195.131" port: 44493 } health_report { overall_health: HEALTHY } } peers { permanent_uuid: "93d805a2c42b43e98670ceb78a6df0f7" member_type: VOTER last_known_addr { host: "127.10.195.129" port: 37279 } health_report { overall_health: UNKNOWN } } peers { permanent_uuid: "33ea6db286154630bacdde33dae0edaf" member_type: VOTER last_known_addr { host: "127.10.195.130" port: 34213 } health_report { overall_health: UNKNOWN } } }
I20260713 09:05:50.202883 12312 tablet_bootstrap.cc:492] T 37aaf2038c104c048d28acf654c64f41 P ef9b0a16b96441e382cf3b58ede11f52: Bootstrap starting.
I20260713 09:05:50.205235 12315 tablet_bootstrap.cc:492] T 7c1ae29a4aaf490e9042cf8a0a9906b2 P 93d805a2c42b43e98670ceb78a6df0f7: No bootstrap required, opened a new log
I20260713 09:05:50.205636 12315 ts_tablet_manager.cc:1403] T 7c1ae29a4aaf490e9042cf8a0a9906b2 P 93d805a2c42b43e98670ceb78a6df0f7: Time spent bootstrapping tablet: real 0.011s	user 0.009s	sys 0.000s
I20260713 09:05:50.208184 12312 tablet_bootstrap.cc:654] T 37aaf2038c104c048d28acf654c64f41 P ef9b0a16b96441e382cf3b58ede11f52: Neither blocks nor log segments found. Creating new log.
I20260713 09:05:50.208128 12315 raft_consensus.cc:359] T 7c1ae29a4aaf490e9042cf8a0a9906b2 P 93d805a2c42b43e98670ceb78a6df0f7 [term 0 FOLLOWER]: Replica starting. Triggering 0 pending ops. Active config: opid_index: -1 OBSOLETE_local: false peers { permanent_uuid: "93d805a2c42b43e98670ceb78a6df0f7" member_type: VOTER last_known_addr { host: "127.10.195.129" port: 37279 } } peers { permanent_uuid: "33ea6db286154630bacdde33dae0edaf" member_type: VOTER last_known_addr { host: "127.10.195.130" port: 34213 } } peers { permanent_uuid: "ef9b0a16b96441e382cf3b58ede11f52" member_type: VOTER last_known_addr { host: "127.10.195.131" port: 44493 } }
I20260713 09:05:50.208863 12315 raft_consensus.cc:385] T 7c1ae29a4aaf490e9042cf8a0a9906b2 P 93d805a2c42b43e98670ceb78a6df0f7 [term 0 FOLLOWER]: Consensus starting up: Expiring failure detector timer to make a prompt election more likely
I20260713 09:05:50.209129 12315 raft_consensus.cc:740] T 7c1ae29a4aaf490e9042cf8a0a9906b2 P 93d805a2c42b43e98670ceb78a6df0f7 [term 0 FOLLOWER]: Becoming Follower/Learner. State: Replica: 93d805a2c42b43e98670ceb78a6df0f7, State: Initialized, Role: FOLLOWER
I20260713 09:05:50.209810 12315 consensus_queue.cc:260] T 7c1ae29a4aaf490e9042cf8a0a9906b2 P 93d805a2c42b43e98670ceb78a6df0f7 [NON_LEADER]: Queue going to NON_LEADER mode. State: All replicated index: 0, Majority replicated index: 0, Committed index: 0, Last appended: 0.0, Last appended by leader: 0, Current term: 0, Majority size: -1, State: 0, Mode: NON_LEADER, active raft config: opid_index: -1 OBSOLETE_local: false peers { permanent_uuid: "93d805a2c42b43e98670ceb78a6df0f7" member_type: VOTER last_known_addr { host: "127.10.195.129" port: 37279 } } peers { permanent_uuid: "33ea6db286154630bacdde33dae0edaf" member_type: VOTER last_known_addr { host: "127.10.195.130" port: 34213 } } peers { permanent_uuid: "ef9b0a16b96441e382cf3b58ede11f52" member_type: VOTER last_known_addr { host: "127.10.195.131" port: 44493 } }
I20260713 09:05:50.212417 12315 ts_tablet_manager.cc:1434] T 7c1ae29a4aaf490e9042cf8a0a9906b2 P 93d805a2c42b43e98670ceb78a6df0f7: Time spent starting tablet: real 0.007s	user 0.006s	sys 0.000s
I20260713 09:05:50.213302 12315 tablet_bootstrap.cc:492] T 41da10493e8a4c2b94975c45341c71ee P 93d805a2c42b43e98670ceb78a6df0f7: Bootstrap starting.
I20260713 09:05:50.218466 12315 tablet_bootstrap.cc:654] T 41da10493e8a4c2b94975c45341c71ee P 93d805a2c42b43e98670ceb78a6df0f7: Neither blocks nor log segments found. Creating new log.
I20260713 09:05:50.219259 12312 tablet_bootstrap.cc:492] T 37aaf2038c104c048d28acf654c64f41 P ef9b0a16b96441e382cf3b58ede11f52: No bootstrap required, opened a new log
I20260713 09:05:50.219689 12312 ts_tablet_manager.cc:1403] T 37aaf2038c104c048d28acf654c64f41 P ef9b0a16b96441e382cf3b58ede11f52: Time spent bootstrapping tablet: real 0.017s	user 0.007s	sys 0.007s
I20260713 09:05:50.222209 12312 raft_consensus.cc:359] T 37aaf2038c104c048d28acf654c64f41 P ef9b0a16b96441e382cf3b58ede11f52 [term 0 FOLLOWER]: Replica starting. Triggering 0 pending ops. Active config: opid_index: -1 OBSOLETE_local: false peers { permanent_uuid: "93d805a2c42b43e98670ceb78a6df0f7" member_type: VOTER last_known_addr { host: "127.10.195.129" port: 37279 } } peers { permanent_uuid: "33ea6db286154630bacdde33dae0edaf" member_type: VOTER last_known_addr { host: "127.10.195.130" port: 34213 } } peers { permanent_uuid: "ef9b0a16b96441e382cf3b58ede11f52" member_type: VOTER last_known_addr { host: "127.10.195.131" port: 44493 } }
I20260713 09:05:50.222990 12312 raft_consensus.cc:385] T 37aaf2038c104c048d28acf654c64f41 P ef9b0a16b96441e382cf3b58ede11f52 [term 0 FOLLOWER]: Consensus starting up: Expiring failure detector timer to make a prompt election more likely
I20260713 09:05:50.223239 12312 raft_consensus.cc:740] T 37aaf2038c104c048d28acf654c64f41 P ef9b0a16b96441e382cf3b58ede11f52 [term 0 FOLLOWER]: Becoming Follower/Learner. State: Replica: ef9b0a16b96441e382cf3b58ede11f52, State: Initialized, Role: FOLLOWER
I20260713 09:05:50.223948 12312 consensus_queue.cc:260] T 37aaf2038c104c048d28acf654c64f41 P ef9b0a16b96441e382cf3b58ede11f52 [NON_LEADER]: Queue going to NON_LEADER mode. State: All replicated index: 0, Majority replicated index: 0, Committed index: 0, Last appended: 0.0, Last appended by leader: 0, Current term: 0, Majority size: -1, State: 0, Mode: NON_LEADER, active raft config: opid_index: -1 OBSOLETE_local: false peers { permanent_uuid: "93d805a2c42b43e98670ceb78a6df0f7" member_type: VOTER last_known_addr { host: "127.10.195.129" port: 37279 } } peers { permanent_uuid: "33ea6db286154630bacdde33dae0edaf" member_type: VOTER last_known_addr { host: "127.10.195.130" port: 34213 } } peers { permanent_uuid: "ef9b0a16b96441e382cf3b58ede11f52" member_type: VOTER last_known_addr { host: "127.10.195.131" port: 44493 } }
I20260713 09:05:50.225924 12312 ts_tablet_manager.cc:1434] T 37aaf2038c104c048d28acf654c64f41 P ef9b0a16b96441e382cf3b58ede11f52: Time spent starting tablet: real 0.006s	user 0.006s	sys 0.000s
I20260713 09:05:50.228322 12315 tablet_bootstrap.cc:492] T 41da10493e8a4c2b94975c45341c71ee P 93d805a2c42b43e98670ceb78a6df0f7: No bootstrap required, opened a new log
I20260713 09:05:50.228612 12315 ts_tablet_manager.cc:1403] T 41da10493e8a4c2b94975c45341c71ee P 93d805a2c42b43e98670ceb78a6df0f7: Time spent bootstrapping tablet: real 0.015s	user 0.012s	sys 0.001s
I20260713 09:05:50.230317 12315 raft_consensus.cc:359] T 41da10493e8a4c2b94975c45341c71ee P 93d805a2c42b43e98670ceb78a6df0f7 [term 0 FOLLOWER]: Replica starting. Triggering 0 pending ops. Active config: opid_index: -1 OBSOLETE_local: false peers { permanent_uuid: "93d805a2c42b43e98670ceb78a6df0f7" member_type: VOTER last_known_addr { host: "127.10.195.129" port: 37279 } } peers { permanent_uuid: "33ea6db286154630bacdde33dae0edaf" member_type: VOTER last_known_addr { host: "127.10.195.130" port: 34213 } } peers { permanent_uuid: "ef9b0a16b96441e382cf3b58ede11f52" member_type: VOTER last_known_addr { host: "127.10.195.131" port: 44493 } }
I20260713 09:05:50.230747 12315 raft_consensus.cc:385] T 41da10493e8a4c2b94975c45341c71ee P 93d805a2c42b43e98670ceb78a6df0f7 [term 0 FOLLOWER]: Consensus starting up: Expiring failure detector timer to make a prompt election more likely
I20260713 09:05:50.230964 12315 raft_consensus.cc:740] T 41da10493e8a4c2b94975c45341c71ee P 93d805a2c42b43e98670ceb78a6df0f7 [term 0 FOLLOWER]: Becoming Follower/Learner. State: Replica: 93d805a2c42b43e98670ceb78a6df0f7, State: Initialized, Role: FOLLOWER
