I20260713 09:05:40.046442 17781 consensus_queue.cc:1048] T 87e1f66bd9ca4cb79e6200b56f1451be P 6ee02b0d2f0d4c8bb8ae8fd6794d463b [LEADER]: Connected to new peer: Peer: permanent_uuid: "1a62e55e4a8646ca825bdbcd8df3e150" member_type: VOTER last_known_addr { host: "127.16.2.193" port: 46463 }, Status: LMP_MISMATCH, Last received: 0.0, Next index: 1, Last known committed idx: 0, Time since last communication: 0.000s
I20260713 09:05:40.053100 17688 tablet_bootstrap.cc:492] T 5236a583c9534fa9a3308caa820e13ae P 1a62e55e4a8646ca825bdbcd8df3e150: No bootstrap required, opened a new log
I20260713 09:05:40.053524 17688 ts_tablet_manager.cc:1403] T 5236a583c9534fa9a3308caa820e13ae P 1a62e55e4a8646ca825bdbcd8df3e150: Time spent bootstrapping tablet: real 0.108s	user 0.019s	sys 0.005s
I20260713 09:05:40.057983 17689 tablet_bootstrap.cc:492] T 5236a583c9534fa9a3308caa820e13ae P 50ff90688ba64e1082d92e8f6f691b9d: No bootstrap required, opened a new log
I20260713 09:05:40.058431 17689 ts_tablet_manager.cc:1403] T 5236a583c9534fa9a3308caa820e13ae P 50ff90688ba64e1082d92e8f6f691b9d: Time spent bootstrapping tablet: real 0.101s	user 0.022s	sys 0.012s
I20260713 09:05:40.060847 17689 raft_consensus.cc:359] T 5236a583c9534fa9a3308caa820e13ae P 50ff90688ba64e1082d92e8f6f691b9d [term 0 FOLLOWER]: Replica starting. Triggering 0 pending ops. Active config: opid_index: -1 OBSOLETE_local: false peers { permanent_uuid: "1a62e55e4a8646ca825bdbcd8df3e150" member_type: VOTER last_known_addr { host: "127.16.2.193" port: 46463 } } peers { permanent_uuid: "6ee02b0d2f0d4c8bb8ae8fd6794d463b" member_type: VOTER last_known_addr { host: "127.16.2.194" port: 39157 } } peers { permanent_uuid: "50ff90688ba64e1082d92e8f6f691b9d" member_type: VOTER last_known_addr { host: "127.16.2.195" port: 33755 } }
I20260713 09:05:40.061494 17689 raft_consensus.cc:385] T 5236a583c9534fa9a3308caa820e13ae P 50ff90688ba64e1082d92e8f6f691b9d [term 0 FOLLOWER]: Consensus starting up: Expiring failure detector timer to make a prompt election more likely
I20260713 09:05:40.061748 17689 raft_consensus.cc:740] T 5236a583c9534fa9a3308caa820e13ae P 50ff90688ba64e1082d92e8f6f691b9d [term 0 FOLLOWER]: Becoming Follower/Learner. State: Replica: 50ff90688ba64e1082d92e8f6f691b9d, State: Initialized, Role: FOLLOWER
I20260713 09:05:40.062352 17689 consensus_queue.cc:260] T 5236a583c9534fa9a3308caa820e13ae P 50ff90688ba64e1082d92e8f6f691b9d [NON_LEADER]: Queue going to NON_LEADER mode. State: All replicated index: 0, Majority replicated index: 0, Committed index: 0, Last appended: 0.0, Last appended by leader: 0, Current term: 0, Majority size: -1, State: 0, Mode: NON_LEADER, active raft config: opid_index: -1 OBSOLETE_local: false peers { permanent_uuid: "1a62e55e4a8646ca825bdbcd8df3e150" member_type: VOTER last_known_addr { host: "127.16.2.193" port: 46463 } } peers { permanent_uuid: "6ee02b0d2f0d4c8bb8ae8fd6794d463b" member_type: VOTER last_known_addr { host: "127.16.2.194" port: 39157 } } peers { permanent_uuid: "50ff90688ba64e1082d92e8f6f691b9d" member_type: VOTER last_known_addr { host: "127.16.2.195" port: 33755 } }
I20260713 09:05:40.064565 17689 ts_tablet_manager.cc:1434] T 5236a583c9534fa9a3308caa820e13ae P 50ff90688ba64e1082d92e8f6f691b9d: Time spent starting tablet: real 0.006s	user 0.007s	sys 0.000s
I20260713 09:05:40.064491 17693 consensus_queue.cc:1048] T 87e1f66bd9ca4cb79e6200b56f1451be P 6ee02b0d2f0d4c8bb8ae8fd6794d463b [LEADER]: Connected to new peer: Peer: permanent_uuid: "50ff90688ba64e1082d92e8f6f691b9d" member_type: VOTER last_known_addr { host: "127.16.2.195" port: 33755 }, Status: LMP_MISMATCH, Last received: 0.0, Next index: 1, Last known committed idx: 0, Time since last communication: 0.001s
I20260713 09:05:40.066045 17688 raft_consensus.cc:359] T 5236a583c9534fa9a3308caa820e13ae P 1a62e55e4a8646ca825bdbcd8df3e150 [term 0 FOLLOWER]: Replica starting. Triggering 0 pending ops. Active config: opid_index: -1 OBSOLETE_local: false peers { permanent_uuid: "1a62e55e4a8646ca825bdbcd8df3e150" member_type: VOTER last_known_addr { host: "127.16.2.193" port: 46463 } } peers { permanent_uuid: "6ee02b0d2f0d4c8bb8ae8fd6794d463b" member_type: VOTER last_known_addr { host: "127.16.2.194" port: 39157 } } peers { permanent_uuid: "50ff90688ba64e1082d92e8f6f691b9d" member_type: VOTER last_known_addr { host: "127.16.2.195" port: 33755 } }
I20260713 09:05:40.066682 17688 raft_consensus.cc:385] T 5236a583c9534fa9a3308caa820e13ae P 1a62e55e4a8646ca825bdbcd8df3e150 [term 0 FOLLOWER]: Consensus starting up: Expiring failure detector timer to make a prompt election more likely
I20260713 09:05:40.066942 17688 raft_consensus.cc:740] T 5236a583c9534fa9a3308caa820e13ae P 1a62e55e4a8646ca825bdbcd8df3e150 [term 0 FOLLOWER]: Becoming Follower/Learner. State: Replica: 1a62e55e4a8646ca825bdbcd8df3e150, State: Initialized, Role: FOLLOWER
I20260713 09:05:40.067684 17688 consensus_queue.cc:260] T 5236a583c9534fa9a3308caa820e13ae P 1a62e55e4a8646ca825bdbcd8df3e150 [NON_LEADER]: Queue going to NON_LEADER mode. State: All replicated index: 0, Majority replicated index: 0, Committed index: 0, Last appended: 0.0, Last appended by leader: 0, Current term: 0, Majority size: -1, State: 0, Mode: NON_LEADER, active raft config: opid_index: -1 OBSOLETE_local: false peers { permanent_uuid: "1a62e55e4a8646ca825bdbcd8df3e150" member_type: VOTER last_known_addr { host: "127.16.2.193" port: 46463 } } peers { permanent_uuid: "6ee02b0d2f0d4c8bb8ae8fd6794d463b" member_type: VOTER last_known_addr { host: "127.16.2.194" port: 39157 } } peers { permanent_uuid: "50ff90688ba64e1082d92e8f6f691b9d" member_type: VOTER last_known_addr { host: "127.16.2.195" port: 33755 } }
I20260713 09:05:40.069331 17687 tablet_bootstrap.cc:492] T 5236a583c9534fa9a3308caa820e13ae P 6ee02b0d2f0d4c8bb8ae8fd6794d463b: No bootstrap required, opened a new log
I20260713 09:05:40.069638 17688 ts_tablet_manager.cc:1434] T 5236a583c9534fa9a3308caa820e13ae P 1a62e55e4a8646ca825bdbcd8df3e150: Time spent starting tablet: real 0.016s	user 0.005s	sys 0.000s
I20260713 09:05:40.069741 17687 ts_tablet_manager.cc:1403] T 5236a583c9534fa9a3308caa820e13ae P 6ee02b0d2f0d4c8bb8ae8fd6794d463b: Time spent bootstrapping tablet: real 0.076s	user 0.013s	sys 0.000s
I20260713 09:05:40.070446 17688 tablet_bootstrap.cc:492] T c1e1df7eaf3245f8bbb6bdd8682ec215 P 1a62e55e4a8646ca825bdbcd8df3e150: Bootstrap starting.
I20260713 09:05:40.072395 17687 raft_consensus.cc:359] T 5236a583c9534fa9a3308caa820e13ae P 6ee02b0d2f0d4c8bb8ae8fd6794d463b [term 0 FOLLOWER]: Replica starting. Triggering 0 pending ops. Active config: opid_index: -1 OBSOLETE_local: false peers { permanent_uuid: "1a62e55e4a8646ca825bdbcd8df3e150" member_type: VOTER last_known_addr { host: "127.16.2.193" port: 46463 } } peers { permanent_uuid: "6ee02b0d2f0d4c8bb8ae8fd6794d463b" member_type: VOTER last_known_addr { host: "127.16.2.194" port: 39157 } } peers { permanent_uuid: "50ff90688ba64e1082d92e8f6f691b9d" member_type: VOTER last_known_addr { host: "127.16.2.195" port: 33755 } }
I20260713 09:05:40.073000 17687 raft_consensus.cc:385] T 5236a583c9534fa9a3308caa820e13ae P 6ee02b0d2f0d4c8bb8ae8fd6794d463b [term 0 FOLLOWER]: Consensus starting up: Expiring failure detector timer to make a prompt election more likely
I20260713 09:05:40.073268 17687 raft_consensus.cc:740] T 5236a583c9534fa9a3308caa820e13ae P 6ee02b0d2f0d4c8bb8ae8fd6794d463b [term 0 FOLLOWER]: Becoming Follower/Learner. State: Replica: 6ee02b0d2f0d4c8bb8ae8fd6794d463b, State: Initialized, Role: FOLLOWER
I20260713 09:05:40.073745 17781 raft_consensus.cc:493] T 3f166747a727404c8af50c0a682a31a5 P 6ee02b0d2f0d4c8bb8ae8fd6794d463b [term 0 FOLLOWER]: Starting pre-election (no leader contacted us within the election timeout)
I20260713 09:05:40.073962 17687 consensus_queue.cc:260] T 5236a583c9534fa9a3308caa820e13ae P 6ee02b0d2f0d4c8bb8ae8fd6794d463b [NON_LEADER]: Queue going to NON_LEADER mode. State: All replicated index: 0, Majority replicated index: 0, Committed index: 0, Last appended: 0.0, Last appended by leader: 0, Current term: 0, Majority size: -1, State: 0, Mode: NON_LEADER, active raft config: opid_index: -1 OBSOLETE_local: false peers { permanent_uuid: "1a62e55e4a8646ca825bdbcd8df3e150" member_type: VOTER last_known_addr { host: "127.16.2.193" port: 46463 } } peers { permanent_uuid: "6ee02b0d2f0d4c8bb8ae8fd6794d463b" member_type: VOTER last_known_addr { host: "127.16.2.194" port: 39157 } } peers { permanent_uuid: "50ff90688ba64e1082d92e8f6f691b9d" member_type: VOTER last_known_addr { host: "127.16.2.195" port: 33755 } }
I20260713 09:05:40.074290 17781 raft_consensus.cc:515] T 3f166747a727404c8af50c0a682a31a5 P 6ee02b0d2f0d4c8bb8ae8fd6794d463b [term 0 FOLLOWER]: Starting pre-election with config: opid_index: -1 OBSOLETE_local: false peers { permanent_uuid: "1a62e55e4a8646ca825bdbcd8df3e150" member_type: VOTER last_known_addr { host: "127.16.2.193" port: 46463 } } peers { permanent_uuid: "6ee02b0d2f0d4c8bb8ae8fd6794d463b" member_type: VOTER last_known_addr { host: "127.16.2.194" port: 39157 } } peers { permanent_uuid: "50ff90688ba64e1082d92e8f6f691b9d" member_type: VOTER last_known_addr { host: "127.16.2.195" port: 33755 } }
I20260713 09:05:40.076269 17687 ts_tablet_manager.cc:1434] T 5236a583c9534fa9a3308caa820e13ae P 6ee02b0d2f0d4c8bb8ae8fd6794d463b: Time spent starting tablet: real 0.006s	user 0.006s	sys 0.000s
I20260713 09:05:40.077057 17687 tablet_bootstrap.cc:492] T 8d89fb6c8fbc451abfb32c2008298dee P 6ee02b0d2f0d4c8bb8ae8fd6794d463b: Bootstrap starting.
I20260713 09:05:40.078450 17688 tablet_bootstrap.cc:654] T c1e1df7eaf3245f8bbb6bdd8682ec215 P 1a62e55e4a8646ca825bdbcd8df3e150: Neither blocks nor log segments found. Creating new log.
I20260713 09:05:40.081030 17781 leader_election.cc:290] T 3f166747a727404c8af50c0a682a31a5 P 6ee02b0d2f0d4c8bb8ae8fd6794d463b [CANDIDATE]: Term 1 pre-election: Requested pre-vote from peers 1a62e55e4a8646ca825bdbcd8df3e150 (127.16.2.193:46463), 50ff90688ba64e1082d92e8f6f691b9d (127.16.2.195:33755)
I20260713 09:05:40.082742 17687 tablet_bootstrap.cc:654] T 8d89fb6c8fbc451abfb32c2008298dee P 6ee02b0d2f0d4c8bb8ae8fd6794d463b: Neither blocks nor log segments found. Creating new log.
I20260713 09:05:40.083009 17647 tablet_service.cc:1917] Received RequestConsensusVote() RPC: tablet_id: "3f166747a727404c8af50c0a682a31a5" candidate_uuid: "6ee02b0d2f0d4c8bb8ae8fd6794d463b" candidate_term: 1 candidate_status { last_received { term: 0 index: 0 } } ignore_live_leader: false dest_uuid: "50ff90688ba64e1082d92e8f6f691b9d" is_pre_election: true
I20260713 09:05:40.083320 17496 tablet_service.cc:1917] Received RequestConsensusVote() RPC: tablet_id: "3f166747a727404c8af50c0a682a31a5" candidate_uuid: "6ee02b0d2f0d4c8bb8ae8fd6794d463b" candidate_term: 1 candidate_status { last_received { term: 0 index: 0 } } ignore_live_leader: false dest_uuid: "1a62e55e4a8646ca825bdbcd8df3e150" is_pre_election: true
I20260713 09:05:40.084075 17496 raft_consensus.cc:2468] T 3f166747a727404c8af50c0a682a31a5 P 1a62e55e4a8646ca825bdbcd8df3e150 [term 0 FOLLOWER]: Leader pre-election vote request: Granting yes vote for candidate 6ee02b0d2f0d4c8bb8ae8fd6794d463b in term 0.
I20260713 09:05:40.084542 17716 raft_consensus.cc:493] T 3f166747a727404c8af50c0a682a31a5 P 1a62e55e4a8646ca825bdbcd8df3e150 [term 0 FOLLOWER]: Starting pre-election (no leader contacted us within the election timeout)
I20260713 09:05:40.085021 17716 raft_consensus.cc:515] T 3f166747a727404c8af50c0a682a31a5 P 1a62e55e4a8646ca825bdbcd8df3e150 [term 0 FOLLOWER]: Starting pre-election with config: opid_index: -1 OBSOLETE_local: false peers { permanent_uuid: "1a62e55e4a8646ca825bdbcd8df3e150" member_type: VOTER last_known_addr { host: "127.16.2.193" port: 46463 } } peers { permanent_uuid: "6ee02b0d2f0d4c8bb8ae8fd6794d463b" member_type: VOTER last_known_addr { host: "127.16.2.194" port: 39157 } } peers { permanent_uuid: "50ff90688ba64e1082d92e8f6f691b9d" member_type: VOTER last_known_addr { host: "127.16.2.195" port: 33755 } }
W20260713 09:05:40.085613 17538 leader_election.cc:343] T 3f166747a727404c8af50c0a682a31a5 P 6ee02b0d2f0d4c8bb8ae8fd6794d463b [CANDIDATE]: Term 1 pre-election: Tablet error from VoteRequest() call to peer 50ff90688ba64e1082d92e8f6f691b9d (127.16.2.195:33755): Illegal state: must be running to vote when last-logged opid is not known
I20260713 09:05:40.087191 17536 leader_election.cc:304] T 3f166747a727404c8af50c0a682a31a5 P 6ee02b0d2f0d4c8bb8ae8fd6794d463b [CANDIDATE]: Term 1 pre-election: Election decided. Result: candidate won. Election summary: received 3 responses out of 3 voters: 2 yes votes; 1 no votes. yes voters: 1a62e55e4a8646ca825bdbcd8df3e150, 6ee02b0d2f0d4c8bb8ae8fd6794d463b; no voters: 50ff90688ba64e1082d92e8f6f691b9d
I20260713 09:05:40.089160 17647 tablet_service.cc:1917] Received RequestConsensusVote() RPC: tablet_id: "3f166747a727404c8af50c0a682a31a5" candidate_uuid: "1a62e55e4a8646ca825bdbcd8df3e150" candidate_term: 1 candidate_status { last_received { term: 0 index: 0 } } ignore_live_leader: false dest_uuid: "50ff90688ba64e1082d92e8f6f691b9d" is_pre_election: true
I20260713 09:05:40.089818 17689 tablet_bootstrap.cc:492] T c1e1df7eaf3245f8bbb6bdd8682ec215 P 50ff90688ba64e1082d92e8f6f691b9d: Bootstrap starting.
W20260713 09:05:40.090646 17463 leader_election.cc:343] T 3f166747a727404c8af50c0a682a31a5 P 1a62e55e4a8646ca825bdbcd8df3e150 [CANDIDATE]: Term 1 pre-election: Tablet error from VoteRequest() call to peer 50ff90688ba64e1082d92e8f6f691b9d (127.16.2.195:33755): Illegal state: must be running to vote when last-logged opid is not known
I20260713 09:05:40.090909 17781 raft_consensus.cc:2804] T 3f166747a727404c8af50c0a682a31a5 P 6ee02b0d2f0d4c8bb8ae8fd6794d463b [term 0 FOLLOWER]: Leader pre-election won for term 1
I20260713 09:05:40.087268 17716 leader_election.cc:290] T 3f166747a727404c8af50c0a682a31a5 P 1a62e55e4a8646ca825bdbcd8df3e150 [CANDIDATE]: Term 1 pre-election: Requested pre-vote from peers 6ee02b0d2f0d4c8bb8ae8fd6794d463b (127.16.2.194:39157), 50ff90688ba64e1082d92e8f6f691b9d (127.16.2.195:33755)
I20260713 09:05:40.092914 17572 tablet_service.cc:1917] Received RequestConsensusVote() RPC: tablet_id: "3f166747a727404c8af50c0a682a31a5" candidate_uuid: "1a62e55e4a8646ca825bdbcd8df3e150" candidate_term: 1 candidate_status { last_received { term: 0 index: 0 } } ignore_live_leader: false dest_uuid: "6ee02b0d2f0d4c8bb8ae8fd6794d463b" is_pre_election: true
I20260713 09:05:40.091248 17781 raft_consensus.cc:493] T 3f166747a727404c8af50c0a682a31a5 P 6ee02b0d2f0d4c8bb8ae8fd6794d463b [term 0 FOLLOWER]: Starting leader election (no leader contacted us within the election timeout)
I20260713 09:05:40.095122 17781 raft_consensus.cc:3060] T 3f166747a727404c8af50c0a682a31a5 P 6ee02b0d2f0d4c8bb8ae8fd6794d463b [term 0 FOLLOWER]: Advancing to term 1
I20260713 09:05:40.102495 17689 tablet_bootstrap.cc:654] T c1e1df7eaf3245f8bbb6bdd8682ec215 P 50ff90688ba64e1082d92e8f6f691b9d: Neither blocks nor log segments found. Creating new log.
I20260713 09:05:40.104626 17781 raft_consensus.cc:515] T 3f166747a727404c8af50c0a682a31a5 P 6ee02b0d2f0d4c8bb8ae8fd6794d463b [term 1 FOLLOWER]: Starting leader election with config: opid_index: -1 OBSOLETE_local: false peers { permanent_uuid: "1a62e55e4a8646ca825bdbcd8df3e150" member_type: VOTER last_known_addr { host: "127.16.2.193" port: 46463 } } peers { permanent_uuid: "6ee02b0d2f0d4c8bb8ae8fd6794d463b" member_type: VOTER last_known_addr { host: "127.16.2.194" port: 39157 } } peers { permanent_uuid: "50ff90688ba64e1082d92e8f6f691b9d" member_type: VOTER last_known_addr { host: "127.16.2.195" port: 33755 } }
I20260713 09:05:40.105707 17688 tablet_bootstrap.cc:492] T c1e1df7eaf3245f8bbb6bdd8682ec215 P 1a62e55e4a8646ca825bdbcd8df3e150: No bootstrap required, opened a new log
I20260713 09:05:40.105715 17572 raft_consensus.cc:2393] T 3f166747a727404c8af50c0a682a31a5 P 6ee02b0d2f0d4c8bb8ae8fd6794d463b [term 1 FOLLOWER]: Leader pre-election vote request: Denying vote to candidate 1a62e55e4a8646ca825bdbcd8df3e150 in current term 1: Already voted for candidate 6ee02b0d2f0d4c8bb8ae8fd6794d463b in this term.
I20260713 09:05:40.106230 17688 ts_tablet_manager.cc:1403] T c1e1df7eaf3245f8bbb6bdd8682ec215 P 1a62e55e4a8646ca825bdbcd8df3e150: Time spent bootstrapping tablet: real 0.036s	user 0.006s	sys 0.007s
I20260713 09:05:40.107547 17461 leader_election.cc:304] T 3f166747a727404c8af50c0a682a31a5 P 1a62e55e4a8646ca825bdbcd8df3e150 [CANDIDATE]: Term 1 pre-election: Election decided. Result: candidate lost. Election summary: received 3 responses out of 3 voters: 1 yes votes; 2 no votes. yes voters: 1a62e55e4a8646ca825bdbcd8df3e150; no voters: 50ff90688ba64e1082d92e8f6f691b9d, 6ee02b0d2f0d4c8bb8ae8fd6794d463b
I20260713 09:05:40.107985 17687 tablet_bootstrap.cc:492] T 8d89fb6c8fbc451abfb32c2008298dee P 6ee02b0d2f0d4c8bb8ae8fd6794d463b: No bootstrap required, opened a new log
I20260713 09:05:40.108520 17687 ts_tablet_manager.cc:1403] T 8d89fb6c8fbc451abfb32c2008298dee P 6ee02b0d2f0d4c8bb8ae8fd6794d463b: Time spent bootstrapping tablet: real 0.032s	user 0.021s	sys 0.006s
I20260713 09:05:40.108717 17688 raft_consensus.cc:359] T c1e1df7eaf3245f8bbb6bdd8682ec215 P 1a62e55e4a8646ca825bdbcd8df3e150 [term 0 FOLLOWER]: Replica starting. Triggering 0 pending ops. Active config: opid_index: -1 OBSOLETE_local: false peers { permanent_uuid: "1a62e55e4a8646ca825bdbcd8df3e150" member_type: VOTER last_known_addr { host: "127.16.2.193" port: 46463 } } peers { permanent_uuid: "6ee02b0d2f0d4c8bb8ae8fd6794d463b" member_type: VOTER last_known_addr { host: "127.16.2.194" port: 39157 } } peers { permanent_uuid: "50ff90688ba64e1082d92e8f6f691b9d" member_type: VOTER last_known_addr { host: "127.16.2.195" port: 33755 } }
I20260713 09:05:40.109393 17688 raft_consensus.cc:385] T c1e1df7eaf3245f8bbb6bdd8682ec215 P 1a62e55e4a8646ca825bdbcd8df3e150 [term 0 FOLLOWER]: Consensus starting up: Expiring failure detector timer to make a prompt election more likely
I20260713 09:05:40.109648 17688 raft_consensus.cc:740] T c1e1df7eaf3245f8bbb6bdd8682ec215 P 1a62e55e4a8646ca825bdbcd8df3e150 [term 0 FOLLOWER]: Becoming Follower/Learner. State: Replica: 1a62e55e4a8646ca825bdbcd8df3e150, State: Initialized, Role: FOLLOWER
I20260713 09:05:40.110371 17688 consensus_queue.cc:260] T c1e1df7eaf3245f8bbb6bdd8682ec215 P 1a62e55e4a8646ca825bdbcd8df3e150 [NON_LEADER]: Queue going to NON_LEADER mode. State: All replicated index: 0, Majority replicated index: 0, Committed index: 0, Last appended: 0.0, Last appended by leader: 0, Current term: 0, Majority size: -1, State: 0, Mode: NON_LEADER, active raft config: opid_index: -1 OBSOLETE_local: false peers { permanent_uuid: "1a62e55e4a8646ca825bdbcd8df3e150" member_type: VOTER last_known_addr { host: "127.16.2.193" port: 46463 } } peers { permanent_uuid: "6ee02b0d2f0d4c8bb8ae8fd6794d463b" member_type: VOTER last_known_addr { host: "127.16.2.194" port: 39157 } } peers { permanent_uuid: "50ff90688ba64e1082d92e8f6f691b9d" member_type: VOTER last_known_addr { host: "127.16.2.195" port: 33755 } }
I20260713 09:05:40.108561 17762 raft_consensus.cc:3060] T 3f166747a727404c8af50c0a682a31a5 P 1a62e55e4a8646ca825bdbcd8df3e150 [term 0 FOLLOWER]: Advancing to term 1
I20260713 09:05:40.112674 17688 ts_tablet_manager.cc:1434] T c1e1df7eaf3245f8bbb6bdd8682ec215 P 1a62e55e4a8646ca825bdbcd8df3e150: Time spent starting tablet: real 0.006s	user 0.005s	sys 0.001s
I20260713 09:05:40.117555 17762 raft_consensus.cc:2749] T 3f166747a727404c8af50c0a682a31a5 P 1a62e55e4a8646ca825bdbcd8df3e150 [term 1 FOLLOWER]: Leader pre-election lost for term 1. Reason: could not achieve majority
I20260713 09:05:40.120002 17498 tablet_service.cc:1917] Received RequestConsensusVote() RPC: tablet_id: "3f166747a727404c8af50c0a682a31a5" candidate_uuid: "6ee02b0d2f0d4c8bb8ae8fd6794d463b" candidate_term: 1 candidate_status { last_received { term: 0 index: 0 } } ignore_live_leader: false dest_uuid: "1a62e55e4a8646ca825bdbcd8df3e150"
I20260713 09:05:40.122545 17688 tablet_bootstrap.cc:492] T 8d89fb6c8fbc451abfb32c2008298dee P 1a62e55e4a8646ca825bdbcd8df3e150: Bootstrap starting.
I20260713 09:05:40.126813 17498 raft_consensus.cc:2468] T 3f166747a727404c8af50c0a682a31a5 P 1a62e55e4a8646ca825bdbcd8df3e150 [term 1 FOLLOWER]: Leader election vote request: Granting yes vote for candidate 6ee02b0d2f0d4c8bb8ae8fd6794d463b in term 1.
I20260713 09:05:40.128038 17536 leader_election.cc:304] T 3f166747a727404c8af50c0a682a31a5 P 6ee02b0d2f0d4c8bb8ae8fd6794d463b [CANDIDATE]: Term 1 election: Election decided. Result: candidate won. Election summary: received 2 responses out of 3 voters: 2 yes votes; 0 no votes. yes voters: 1a62e55e4a8646ca825bdbcd8df3e150, 6ee02b0d2f0d4c8bb8ae8fd6794d463b; no voters: 
I20260713 09:05:40.128719 17693 raft_consensus.cc:2804] T 3f166747a727404c8af50c0a682a31a5 P 6ee02b0d2f0d4c8bb8ae8fd6794d463b [term 1 FOLLOWER]: Leader election won for term 1
I20260713 09:05:40.129142 17693 raft_consensus.cc:697] T 3f166747a727404c8af50c0a682a31a5 P 6ee02b0d2f0d4c8bb8ae8fd6794d463b [term 1 LEADER]: Becoming Leader. State: Replica: 6ee02b0d2f0d4c8bb8ae8fd6794d463b, State: Running, Role: LEADER
I20260713 09:05:40.129354 17781 leader_election.cc:290] T 3f166747a727404c8af50c0a682a31a5 P 6ee02b0d2f0d4c8bb8ae8fd6794d463b [CANDIDATE]: Term 1 election: Requested vote from peers 1a62e55e4a8646ca825bdbcd8df3e150 (127.16.2.193:46463), 50ff90688ba64e1082d92e8f6f691b9d (127.16.2.195:33755)
I20260713 09:05:40.129977 17693 consensus_queue.cc:237] T 3f166747a727404c8af50c0a682a31a5 P 6ee02b0d2f0d4c8bb8ae8fd6794d463b [LEADER]: Queue going to LEADER mode. State: All replicated index: 0, Majority replicated index: 0, Committed index: 0, Last appended: 0.0, Last appended by leader: 0, Current term: 1, Majority size: 2, State: 0, Mode: LEADER, active raft config: opid_index: -1 OBSOLETE_local: false peers { permanent_uuid: "1a62e55e4a8646ca825bdbcd8df3e150" member_type: VOTER last_known_addr { host: "127.16.2.193" port: 46463 } } peers { permanent_uuid: "6ee02b0d2f0d4c8bb8ae8fd6794d463b" member_type: VOTER last_known_addr { host: "127.16.2.194" port: 39157 } } peers { permanent_uuid: "50ff90688ba64e1082d92e8f6f691b9d" member_type: VOTER last_known_addr { host: "127.16.2.195" port: 33755 } }
I20260713 09:05:40.132097 17688 tablet_bootstrap.cc:654] T 8d89fb6c8fbc451abfb32c2008298dee P 1a62e55e4a8646ca825bdbcd8df3e150: Neither blocks nor log segments found. Creating new log.
I20260713 09:05:40.132429 17646 tablet_service.cc:1917] Received RequestConsensusVote() RPC: tablet_id: "3f166747a727404c8af50c0a682a31a5" candidate_uuid: "6ee02b0d2f0d4c8bb8ae8fd6794d463b" candidate_term: 1 candidate_status { last_received { term: 0 index: 0 } } ignore_live_leader: false dest_uuid: "50ff90688ba64e1082d92e8f6f691b9d"
W20260713 09:05:40.133867 17538 leader_election.cc:343] T 3f166747a727404c8af50c0a682a31a5 P 6ee02b0d2f0d4c8bb8ae8fd6794d463b [CANDIDATE]: Term 1 election: Tablet error from VoteRequest() call to peer 50ff90688ba64e1082d92e8f6f691b9d (127.16.2.195:33755): Illegal state: must be running to vote when last-logged opid is not known
I20260713 09:05:40.139351 17689 tablet_bootstrap.cc:492] T c1e1df7eaf3245f8bbb6bdd8682ec215 P 50ff90688ba64e1082d92e8f6f691b9d: No bootstrap required, opened a new log
I20260713 09:05:40.139814 17689 ts_tablet_manager.cc:1403] T c1e1df7eaf3245f8bbb6bdd8682ec215 P 50ff90688ba64e1082d92e8f6f691b9d: Time spent bootstrapping tablet: real 0.050s	user 0.013s	sys 0.026s
I20260713 09:05:40.141827 17687 raft_consensus.cc:359] T 8d89fb6c8fbc451abfb32c2008298dee P 6ee02b0d2f0d4c8bb8ae8fd6794d463b [term 0 FOLLOWER]: Replica starting. Triggering 0 pending ops. Active config: opid_index: -1 OBSOLETE_local: false peers { permanent_uuid: "1a62e55e4a8646ca825bdbcd8df3e150" member_type: VOTER last_known_addr { host: "127.16.2.193" port: 46463 } } peers { permanent_uuid: "6ee02b0d2f0d4c8bb8ae8fd6794d463b" member_type: VOTER last_known_addr { host: "127.16.2.194" port: 39157 } } peers { permanent_uuid: "50ff90688ba64e1082d92e8f6f691b9d" member_type: VOTER last_known_addr { host: "127.16.2.195" port: 33755 } }
I20260713 09:05:40.142158 17689 raft_consensus.cc:359] T c1e1df7eaf3245f8bbb6bdd8682ec215 P 50ff90688ba64e1082d92e8f6f691b9d [term 0 FOLLOWER]: Replica starting. Triggering 0 pending ops. Active config: opid_index: -1 OBSOLETE_local: false peers { permanent_uuid: "1a62e55e4a8646ca825bdbcd8df3e150" member_type: VOTER last_known_addr { host: "127.16.2.193" port: 46463 } } peers { permanent_uuid: "6ee02b0d2f0d4c8bb8ae8fd6794d463b" member_type: VOTER last_known_addr { host: "127.16.2.194" port: 39157 } } peers { permanent_uuid: "50ff90688ba64e1082d92e8f6f691b9d" member_type: VOTER last_known_addr { host: "127.16.2.195" port: 33755 } }
I20260713 09:05:40.142747 17689 raft_consensus.cc:385] T c1e1df7eaf3245f8bbb6bdd8682ec215 P 50ff90688ba64e1082d92e8f6f691b9d [term 0 FOLLOWER]: Consensus starting up: Expiring failure detector timer to make a prompt election more likely
I20260713 09:05:40.143008 17689 raft_consensus.cc:740] T c1e1df7eaf3245f8bbb6bdd8682ec215 P 50ff90688ba64e1082d92e8f6f691b9d [term 0 FOLLOWER]: Becoming Follower/Learner. State: Replica: 50ff90688ba64e1082d92e8f6f691b9d, State: Initialized, Role: FOLLOWER
I20260713 09:05:40.143800 17689 consensus_queue.cc:260] T c1e1df7eaf3245f8bbb6bdd8682ec215 P 50ff90688ba64e1082d92e8f6f691b9d [NON_LEADER]: Queue going to NON_LEADER mode. State: All replicated index: 0, Majority replicated index: 0, Committed index: 0, Last appended: 0.0, Last appended by leader: 0, Current term: 0, Majority size: -1, State: 0, Mode: NON_LEADER, active raft config: opid_index: -1 OBSOLETE_local: false peers { permanent_uuid: "1a62e55e4a8646ca825bdbcd8df3e150" member_type: VOTER last_known_addr { host: "127.16.2.193" port: 46463 } } peers { permanent_uuid: "6ee02b0d2f0d4c8bb8ae8fd6794d463b" member_type: VOTER last_known_addr { host: "127.16.2.194" port: 39157 } } peers { permanent_uuid: "50ff90688ba64e1082d92e8f6f691b9d" member_type: VOTER last_known_addr { host: "127.16.2.195" port: 33755 } }
I20260713 09:05:40.145011 17762 raft_consensus.cc:493] T 92785bafdcc0437bae89242d11d0f209 P 1a62e55e4a8646ca825bdbcd8df3e150 [term 0 FOLLOWER]: Starting pre-election (no leader contacted us within the election timeout)
I20260713 09:05:40.145447 17762 raft_consensus.cc:515] T 92785bafdcc0437bae89242d11d0f209 P 1a62e55e4a8646ca825bdbcd8df3e150 [term 0 FOLLOWER]: Starting pre-election with config: opid_index: -1 OBSOLETE_local: false peers { permanent_uuid: "1a62e55e4a8646ca825bdbcd8df3e150" member_type: VOTER last_known_addr { host: "127.16.2.193" port: 46463 } } peers { permanent_uuid: "6ee02b0d2f0d4c8bb8ae8fd6794d463b" member_type: VOTER last_known_addr { host: "127.16.2.194" port: 39157 } } peers { permanent_uuid: "50ff90688ba64e1082d92e8f6f691b9d" member_type: VOTER last_known_addr { host: "127.16.2.195" port: 33755 } }
I20260713 09:05:40.147542 17762 leader_election.cc:290] T 92785bafdcc0437bae89242d11d0f209 P 1a62e55e4a8646ca825bdbcd8df3e150 [CANDIDATE]: Term 1 pre-election: Requested pre-vote from peers 6ee02b0d2f0d4c8bb8ae8fd6794d463b (127.16.2.194:39157), 50ff90688ba64e1082d92e8f6f691b9d (127.16.2.195:33755)
I20260713 09:05:40.148747 17688 tablet_bootstrap.cc:492] T 8d89fb6c8fbc451abfb32c2008298dee P 1a62e55e4a8646ca825bdbcd8df3e150: No bootstrap required, opened a new log
I20260713 09:05:40.145810 17689 ts_tablet_manager.cc:1434] T c1e1df7eaf3245f8bbb6bdd8682ec215 P 50ff90688ba64e1082d92e8f6f691b9d: Time spent starting tablet: real 0.006s	user 0.004s	sys 0.000s
I20260713 09:05:40.142484 17687 raft_consensus.cc:385] T 8d89fb6c8fbc451abfb32c2008298dee P 6ee02b0d2f0d4c8bb8ae8fd6794d463b [term 0 FOLLOWER]: Consensus starting up: Expiring failure detector timer to make a prompt election more likely
I20260713 09:05:40.149084 17572 tablet_service.cc:1917] Received RequestConsensusVote() RPC: tablet_id: "92785bafdcc0437bae89242d11d0f209" candidate_uuid: "1a62e55e4a8646ca825bdbcd8df3e150" candidate_term: 1 candidate_status { last_received { term: 0 index: 0 } } ignore_live_leader: false dest_uuid: "6ee02b0d2f0d4c8bb8ae8fd6794d463b" is_pre_election: true
I20260713 09:05:40.149317 17687 raft_consensus.cc:740] T 8d89fb6c8fbc451abfb32c2008298dee P 6ee02b0d2f0d4c8bb8ae8fd6794d463b [term 0 FOLLOWER]: Becoming Follower/Learner. State: Replica: 6ee02b0d2f0d4c8bb8ae8fd6794d463b, State: Initialized, Role: FOLLOWER
I20260713 09:05:40.149447 17688 ts_tablet_manager.cc:1403] T 8d89fb6c8fbc451abfb32c2008298dee P 1a62e55e4a8646ca825bdbcd8df3e150: Time spent bootstrapping tablet: real 0.036s	user 0.017s	sys 0.005s
I20260713 09:05:40.149696 17572 raft_consensus.cc:2468] T 92785bafdcc0437bae89242d11d0f209 P 6ee02b0d2f0d4c8bb8ae8fd6794d463b [term 0 FOLLOWER]: Leader pre-election vote request: Granting yes vote for candidate 1a62e55e4a8646ca825bdbcd8df3e150 in term 0.
I20260713 09:05:40.150085 17687 consensus_queue.cc:260] T 8d89fb6c8fbc451abfb32c2008298dee P 6ee02b0d2f0d4c8bb8ae8fd6794d463b [NON_LEADER]: Queue going to NON_LEADER mode. State: All replicated index: 0, Majority replicated index: 0, Committed index: 0, Last appended: 0.0, Last appended by leader: 0, Current term: 0, Majority size: -1, State: 0, Mode: NON_LEADER, active raft config: opid_index: -1 OBSOLETE_local: false peers { permanent_uuid: "1a62e55e4a8646ca825bdbcd8df3e150" member_type: VOTER last_known_addr { host: "127.16.2.193" port: 46463 } } peers { permanent_uuid: "6ee02b0d2f0d4c8bb8ae8fd6794d463b" member_type: VOTER last_known_addr { host: "127.16.2.194" port: 39157 } } peers { permanent_uuid: "50ff90688ba64e1082d92e8f6f691b9d" member_type: VOTER last_known_addr { host: "127.16.2.195" port: 33755 } }
I20260713 09:05:40.151696 17689 tablet_bootstrap.cc:492] T 92785bafdcc0437bae89242d11d0f209 P 50ff90688ba64e1082d92e8f6f691b9d: Bootstrap starting.
I20260713 09:05:40.151623 17646 tablet_service.cc:1917] Received RequestConsensusVote() RPC: tablet_id: "92785bafdcc0437bae89242d11d0f209" candidate_uuid: "1a62e55e4a8646ca825bdbcd8df3e150" candidate_term: 1 candidate_status { last_received { term: 0 index: 0 } } ignore_live_leader: false dest_uuid: "50ff90688ba64e1082d92e8f6f691b9d" is_pre_election: true
I20260713 09:05:40.152305 17687 ts_tablet_manager.cc:1434] T 8d89fb6c8fbc451abfb32c2008298dee P 6ee02b0d2f0d4c8bb8ae8fd6794d463b: Time spent starting tablet: real 0.043s	user 0.007s	sys 0.000s
I20260713 09:05:40.152333 17688 raft_consensus.cc:359] T 8d89fb6c8fbc451abfb32c2008298dee P 1a62e55e4a8646ca825bdbcd8df3e150 [term 0 FOLLOWER]: Replica starting. Triggering 0 pending ops. Active config: opid_index: -1 OBSOLETE_local: false peers { permanent_uuid: "1a62e55e4a8646ca825bdbcd8df3e150" member_type: VOTER last_known_addr { host: "127.16.2.193" port: 46463 } } peers { permanent_uuid: "6ee02b0d2f0d4c8bb8ae8fd6794d463b" member_type: VOTER last_known_addr { host: "127.16.2.194" port: 39157 } } peers { permanent_uuid: "50ff90688ba64e1082d92e8f6f691b9d" member_type: VOTER last_known_addr { host: "127.16.2.195" port: 33755 } }
I20260713 09:05:40.153257 17687 tablet_bootstrap.cc:492] T 0716fdd286654058b0a140f7acac86b1 P 6ee02b0d2f0d4c8bb8ae8fd6794d463b: Bootstrap starting.
I20260713 09:05:40.153219 17688 raft_consensus.cc:385] T 8d89fb6c8fbc451abfb32c2008298dee P 1a62e55e4a8646ca825bdbcd8df3e150 [term 0 FOLLOWER]: Consensus starting up: Expiring failure detector timer to make a prompt election more likely
I20260713 09:05:40.153771 17688 raft_consensus.cc:740] T 8d89fb6c8fbc451abfb32c2008298dee P 1a62e55e4a8646ca825bdbcd8df3e150 [term 0 FOLLOWER]: Becoming Follower/Learner. State: Replica: 1a62e55e4a8646ca825bdbcd8df3e150, State: Initialized, Role: FOLLOWER
W20260713 09:05:40.154299 17463 leader_election.cc:343] T 92785bafdcc0437bae89242d11d0f209 P 1a62e55e4a8646ca825bdbcd8df3e150 [CANDIDATE]: Term 1 pre-election: Tablet error from VoteRequest() call to peer 50ff90688ba64e1082d92e8f6f691b9d (127.16.2.195:33755): Illegal state: must be running to vote when last-logged opid is not known
I20260713 09:05:40.154582 17688 consensus_queue.cc:260] T 8d89fb6c8fbc451abfb32c2008298dee P 1a62e55e4a8646ca825bdbcd8df3e150 [NON_LEADER]: Queue going to NON_LEADER mode. State: All replicated index: 0, Majority replicated index: 0, Committed index: 0, Last appended: 0.0, Last appended by leader: 0, Current term: 0, Majority size: -1, State: 0, Mode: NON_LEADER, active raft config: opid_index: -1 OBSOLETE_local: false peers { permanent_uuid: "1a62e55e4a8646ca825bdbcd8df3e150" member_type: VOTER last_known_addr { host: "127.16.2.193" port: 46463 } } peers { permanent_uuid: "6ee02b0d2f0d4c8bb8ae8fd6794d463b" member_type: VOTER last_known_addr { host: "127.16.2.194" port: 39157 } } peers { permanent_uuid: "50ff90688ba64e1082d92e8f6f691b9d" member_type: VOTER last_known_addr { host: "127.16.2.195" port: 33755 } }
I20260713 09:05:40.155683 17461 leader_election.cc:304] T 92785bafdcc0437bae89242d11d0f209 P 1a62e55e4a8646ca825bdbcd8df3e150 [CANDIDATE]: Term 1 pre-election: Election decided. Result: candidate won. Election summary: received 3 responses out of 3 voters: 2 yes votes; 1 no votes. yes voters: 1a62e55e4a8646ca825bdbcd8df3e150, 6ee02b0d2f0d4c8bb8ae8fd6794d463b; no voters: 50ff90688ba64e1082d92e8f6f691b9d
I20260713 09:05:40.158011 17689 tablet_bootstrap.cc:654] T 92785bafdcc0437bae89242d11d0f209 P 50ff90688ba64e1082d92e8f6f691b9d: Neither blocks nor log segments found. Creating new log.
I20260713 09:05:40.159052 17762 raft_consensus.cc:2804] T 92785bafdcc0437bae89242d11d0f209 P 1a62e55e4a8646ca825bdbcd8df3e150 [term 0 FOLLOWER]: Leader pre-election won for term 1
I20260713 09:05:40.159214 17687 tablet_bootstrap.cc:654] T 0716fdd286654058b0a140f7acac86b1 P 6ee02b0d2f0d4c8bb8ae8fd6794d463b: Neither blocks nor log segments found. Creating new log.
I20260713 09:05:40.159463 17762 raft_consensus.cc:493] T 92785bafdcc0437bae89242d11d0f209 P 1a62e55e4a8646ca825bdbcd8df3e150 [term 0 FOLLOWER]: Starting leader election (no leader contacted us within the election timeout)
I20260713 09:05:40.159806 17762 raft_consensus.cc:3060] T 92785bafdcc0437bae89242d11d0f209 P 1a62e55e4a8646ca825bdbcd8df3e150 [term 0 FOLLOWER]: Advancing to term 1
I20260713 09:05:40.166669 17687 tablet_bootstrap.cc:492] T 0716fdd286654058b0a140f7acac86b1 P 6ee02b0d2f0d4c8bb8ae8fd6794d463b: No bootstrap required, opened a new log
I20260713 09:05:40.167122 17687 ts_tablet_manager.cc:1403] T 0716fdd286654058b0a140f7acac86b1 P 6ee02b0d2f0d4c8bb8ae8fd6794d463b: Time spent bootstrapping tablet: real 0.014s	user 0.010s	sys 0.000s
I20260713 09:05:40.169026 17762 raft_consensus.cc:515] T 92785bafdcc0437bae89242d11d0f209 P 1a62e55e4a8646ca825bdbcd8df3e150 [term 1 FOLLOWER]: Starting leader election with config: opid_index: -1 OBSOLETE_local: false peers { permanent_uuid: "1a62e55e4a8646ca825bdbcd8df3e150" member_type: VOTER last_known_addr { host: "127.16.2.193" port: 46463 } } peers { permanent_uuid: "6ee02b0d2f0d4c8bb8ae8fd6794d463b" member_type: VOTER last_known_addr { host: "127.16.2.194" port: 39157 } } peers { permanent_uuid: "50ff90688ba64e1082d92e8f6f691b9d" member_type: VOTER last_known_addr { host: "127.16.2.195" port: 33755 } }
I20260713 09:05:40.169651 17687 raft_consensus.cc:359] T 0716fdd286654058b0a140f7acac86b1 P 6ee02b0d2f0d4c8bb8ae8fd6794d463b [term 0 FOLLOWER]: Replica starting. Triggering 0 pending ops. Active config: opid_index: -1 OBSOLETE_local: false peers { permanent_uuid: "1a62e55e4a8646ca825bdbcd8df3e150" member_type: VOTER last_known_addr { host: "127.16.2.193" port: 46463 } } peers { permanent_uuid: "6ee02b0d2f0d4c8bb8ae8fd6794d463b" member_type: VOTER last_known_addr { host: "127.16.2.194" port: 39157 } } peers { permanent_uuid: "50ff90688ba64e1082d92e8f6f691b9d" member_type: VOTER last_known_addr { host: "127.16.2.195" port: 33755 } }
I20260713 09:05:40.170249 17687 raft_consensus.cc:385] T 0716fdd286654058b0a140f7acac86b1 P 6ee02b0d2f0d4c8bb8ae8fd6794d463b [term 0 FOLLOWER]: Consensus starting up: Expiring failure detector timer to make a prompt election more likely
I20260713 09:05:40.170497 17687 raft_consensus.cc:740] T 0716fdd286654058b0a140f7acac86b1 P 6ee02b0d2f0d4c8bb8ae8fd6794d463b [term 0 FOLLOWER]: Becoming Follower/Learner. State: Replica: 6ee02b0d2f0d4c8bb8ae8fd6794d463b, State: Initialized, Role: FOLLOWER
I20260713 09:05:40.171101 17687 consensus_queue.cc:260] T 0716fdd286654058b0a140f7acac86b1 P 6ee02b0d2f0d4c8bb8ae8fd6794d463b [NON_LEADER]: Queue going to NON_LEADER mode. State: All replicated index: 0, Majority replicated index: 0, Committed index: 0, Last appended: 0.0, Last appended by leader: 0, Current term: 0, Majority size: -1, State: 0, Mode: NON_LEADER, active raft config: opid_index: -1 OBSOLETE_local: false peers { permanent_uuid: "1a62e55e4a8646ca825bdbcd8df3e150" member_type: VOTER last_known_addr { host: "127.16.2.193" port: 46463 } } peers { permanent_uuid: "6ee02b0d2f0d4c8bb8ae8fd6794d463b" member_type: VOTER last_known_addr { host: "127.16.2.194" port: 39157 } } peers { permanent_uuid: "50ff90688ba64e1082d92e8f6f691b9d" member_type: VOTER last_known_addr { host: "127.16.2.195" port: 33755 } }
I20260713 09:05:40.171628 17572 tablet_service.cc:1917] Received RequestConsensusVote() RPC: tablet_id: "92785bafdcc0437bae89242d11d0f209" candidate_uuid: "1a62e55e4a8646ca825bdbcd8df3e150" candidate_term: 1 candidate_status { last_received { term: 0 index: 0 } } ignore_live_leader: false dest_uuid: "6ee02b0d2f0d4c8bb8ae8fd6794d463b"
I20260713 09:05:40.172257 17572 raft_consensus.cc:3060] T 92785bafdcc0437bae89242d11d0f209 P 6ee02b0d2f0d4c8bb8ae8fd6794d463b [term 0 FOLLOWER]: Advancing to term 1
I20260713 09:05:40.173102 17687 ts_tablet_manager.cc:1434] T 0716fdd286654058b0a140f7acac86b1 P 6ee02b0d2f0d4c8bb8ae8fd6794d463b: Time spent starting tablet: real 0.006s	user 0.005s	sys 0.000s
I20260713 09:05:40.173398 17688 ts_tablet_manager.cc:1434] T 8d89fb6c8fbc451abfb32c2008298dee P 1a62e55e4a8646ca825bdbcd8df3e150: Time spent starting tablet: real 0.023s	user 0.005s	sys 0.000s
I20260713 09:05:40.173888 17687 tablet_bootstrap.cc:492] T 7fc3fdf5149f4c39b072297e928f8a1c P 6ee02b0d2f0d4c8bb8ae8fd6794d463b: Bootstrap starting.
I20260713 09:05:40.174300 17688 tablet_bootstrap.cc:492] T 7fc3fdf5149f4c39b072297e928f8a1c P 1a62e55e4a8646ca825bdbcd8df3e150: Bootstrap starting.
I20260713 09:05:40.171726 17646 tablet_service.cc:1917] Received RequestConsensusVote() RPC: tablet_id: "92785bafdcc0437bae89242d11d0f209" candidate_uuid: "1a62e55e4a8646ca825bdbcd8df3e150" candidate_term: 1 candidate_status { last_received { term: 0 index: 0 } } ignore_live_leader: false dest_uuid: "50ff90688ba64e1082d92e8f6f691b9d"
W20260713 09:05:40.176417 17463 leader_election.cc:343] T 92785bafdcc0437bae89242d11d0f209 P 1a62e55e4a8646ca825bdbcd8df3e150 [CANDIDATE]: Term 1 election: Tablet error from VoteRequest() call to peer 50ff90688ba64e1082d92e8f6f691b9d (127.16.2.195:33755): Illegal state: must be running to vote when last-logged opid is not known
I20260713 09:05:40.175879 17393 catalog_manager.cc:5697] T 3f166747a727404c8af50c0a682a31a5 P 6ee02b0d2f0d4c8bb8ae8fd6794d463b reported cstate change: term changed from 0 to 1, leader changed from <none> to 6ee02b0d2f0d4c8bb8ae8fd6794d463b (127.16.2.194). New cstate: current_term: 1 leader_uuid: "6ee02b0d2f0d4c8bb8ae8fd6794d463b" committed_config { opid_index: -1 OBSOLETE_local: false peers { permanent_uuid: "1a62e55e4a8646ca825bdbcd8df3e150" member_type: VOTER last_known_addr { host: "127.16.2.193" port: 46463 } health_report { overall_health: UNKNOWN } } peers { permanent_uuid: "6ee02b0d2f0d4c8bb8ae8fd6794d463b" member_type: VOTER last_known_addr { host: "127.16.2.194" port: 39157 } health_report { overall_health: HEALTHY } } peers { permanent_uuid: "50ff90688ba64e1082d92e8f6f691b9d" member_type: VOTER last_known_addr { host: "127.16.2.195" port: 33755 } health_report { overall_health: UNKNOWN } } }
I20260713 09:05:40.179688 17689 tablet_bootstrap.cc:492] T 92785bafdcc0437bae89242d11d0f209 P 50ff90688ba64e1082d92e8f6f691b9d: No bootstrap required, opened a new log
I20260713 09:05:40.180037 17687 tablet_bootstrap.cc:654] T 7fc3fdf5149f4c39b072297e928f8a1c P 6ee02b0d2f0d4c8bb8ae8fd6794d463b: Neither blocks nor log segments found. Creating new log.
I20260713 09:05:40.180163 17689 ts_tablet_manager.cc:1403] T 92785bafdcc0437bae89242d11d0f209 P 50ff90688ba64e1082d92e8f6f691b9d: Time spent bootstrapping tablet: real 0.030s	user 0.010s	sys 0.004s
I20260713 09:05:40.181111 17762 leader_election.cc:290] T 92785bafdcc0437bae89242d11d0f209 P 1a62e55e4a8646ca825bdbcd8df3e150 [CANDIDATE]: Term 1 election: Requested vote from peers 6ee02b0d2f0d4c8bb8ae8fd6794d463b (127.16.2.194:39157), 50ff90688ba64e1082d92e8f6f691b9d (127.16.2.195:33755)
I20260713 09:05:40.181653 17688 tablet_bootstrap.cc:654] T 7fc3fdf5149f4c39b072297e928f8a1c P 1a62e55e4a8646ca825bdbcd8df3e150: Neither blocks nor log segments found. Creating new log.
I20260713 09:05:40.182825 17689 raft_consensus.cc:359] T 92785bafdcc0437bae89242d11d0f209 P 50ff90688ba64e1082d92e8f6f691b9d [term 0 FOLLOWER]: Replica starting. Triggering 0 pending ops. Active config: opid_index: -1 OBSOLETE_local: false peers { permanent_uuid: "1a62e55e4a8646ca825bdbcd8df3e150" member_type: VOTER last_known_addr { host: "127.16.2.193" port: 46463 } } peers { permanent_uuid: "6ee02b0d2f0d4c8bb8ae8fd6794d463b" member_type: VOTER last_known_addr { host: "127.16.2.194" port: 39157 } } peers { permanent_uuid: "50ff90688ba64e1082d92e8f6f691b9d" member_type: VOTER last_known_addr { host: "127.16.2.195" port: 33755 } }
I20260713 09:05:40.183665 17689 raft_consensus.cc:385] T 92785bafdcc0437bae89242d11d0f209 P 50ff90688ba64e1082d92e8f6f691b9d [term 0 FOLLOWER]: Consensus starting up: Expiring failure detector timer to make a prompt election more likely
I20260713 09:05:40.183997 17689 raft_consensus.cc:740] T 92785bafdcc0437bae89242d11d0f209 P 50ff90688ba64e1082d92e8f6f691b9d [term 0 FOLLOWER]: Becoming Follower/Learner. State: Replica: 50ff90688ba64e1082d92e8f6f691b9d, State: Initialized, Role: FOLLOWER
I20260713 09:05:40.184837 17689 consensus_queue.cc:260] T 92785bafdcc0437bae89242d11d0f209 P 50ff90688ba64e1082d92e8f6f691b9d [NON_LEADER]: Queue going to NON_LEADER mode. State: All replicated index: 0, Majority replicated index: 0, Committed index: 0, Last appended: 0.0, Last appended by leader: 0, Current term: 0, Majority size: -1, State: 0, Mode: NON_LEADER, active raft config: opid_index: -1 OBSOLETE_local: false peers { permanent_uuid: "1a62e55e4a8646ca825bdbcd8df3e150" member_type: VOTER last_known_addr { host: "127.16.2.193" port: 46463 } } peers { permanent_uuid: "6ee02b0d2f0d4c8bb8ae8fd6794d463b" member_type: VOTER last_known_addr { host: "127.16.2.194" port: 39157 } } peers { permanent_uuid: "50ff90688ba64e1082d92e8f6f691b9d" member_type: VOTER last_known_addr { host: "127.16.2.195" port: 33755 } }
I20260713 09:05:40.186124 17572 raft_consensus.cc:2468] T 92785bafdcc0437bae89242d11d0f209 P 6ee02b0d2f0d4c8bb8ae8fd6794d463b [term 1 FOLLOWER]: Leader election vote request: Granting yes vote for candidate 1a62e55e4a8646ca825bdbcd8df3e150 in term 1.
I20260713 09:05:40.187716 17461 leader_election.cc:304] T 92785bafdcc0437bae89242d11d0f209 P 1a62e55e4a8646ca825bdbcd8df3e150 [CANDIDATE]: Term 1 election: Election decided. Result: candidate won. Election summary: received 3 responses out of 3 voters: 2 yes votes; 1 no votes. yes voters: 1a62e55e4a8646ca825bdbcd8df3e150, 6ee02b0d2f0d4c8bb8ae8fd6794d463b; no voters: 50ff90688ba64e1082d92e8f6f691b9d
I20260713 09:05:40.189170 17762 raft_consensus.cc:2804] T 92785bafdcc0437bae89242d11d0f209 P 1a62e55e4a8646ca825bdbcd8df3e150 [term 1 FOLLOWER]: Leader election won for term 1
I20260713 09:05:40.189731 17762 raft_consensus.cc:697] T 92785bafdcc0437bae89242d11d0f209 P 1a62e55e4a8646ca825bdbcd8df3e150 [term 1 LEADER]: Becoming Leader. State: Replica: 1a62e55e4a8646ca825bdbcd8df3e150, State: Running, Role: LEADER
I20260713 09:05:40.190635 17762 consensus_queue.cc:237] T 92785bafdcc0437bae89242d11d0f209 P 1a62e55e4a8646ca825bdbcd8df3e150 [LEADER]: Queue going to LEADER mode. State: All replicated index: 0, Majority replicated index: 0, Committed index: 0, Last appended: 0.0, Last appended by leader: 0, Current term: 1, Majority size: 2, State: 0, Mode: LEADER, active raft config: opid_index: -1 OBSOLETE_local: false peers { permanent_uuid: "1a62e55e4a8646ca825bdbcd8df3e150" member_type: VOTER last_known_addr { host: "127.16.2.193" port: 46463 } } peers { permanent_uuid: "6ee02b0d2f0d4c8bb8ae8fd6794d463b" member_type: VOTER last_known_addr { host: "127.16.2.194" port: 39157 } } peers { permanent_uuid: "50ff90688ba64e1082d92e8f6f691b9d" member_type: VOTER last_known_addr { host: "127.16.2.195" port: 33755 } }
I20260713 09:05:40.192366 17687 tablet_bootstrap.cc:492] T 7fc3fdf5149f4c39b072297e928f8a1c P 6ee02b0d2f0d4c8bb8ae8fd6794d463b: No bootstrap required, opened a new log
I20260713 09:05:40.193215 17687 ts_tablet_manager.cc:1403] T 7fc3fdf5149f4c39b072297e928f8a1c P 6ee02b0d2f0d4c8bb8ae8fd6794d463b: Time spent bootstrapping tablet: real 0.019s	user 0.012s	sys 0.003s
I20260713 09:05:40.195736 17687 raft_consensus.cc:359] T 7fc3fdf5149f4c39b072297e928f8a1c P 6ee02b0d2f0d4c8bb8ae8fd6794d463b [term 0 FOLLOWER]: Replica starting. Triggering 0 pending ops. Active config: opid_index: -1 OBSOLETE_local: false peers { permanent_uuid: "1a62e55e4a8646ca825bdbcd8df3e150" member_type: VOTER last_known_addr { host: "127.16.2.193" port: 46463 } } peers { permanent_uuid: "6ee02b0d2f0d4c8bb8ae8fd6794d463b" member_type: VOTER last_known_addr { host: "127.16.2.194" port: 39157 } } peers { permanent_uuid: "50ff90688ba64e1082d92e8f6f691b9d" member_type: VOTER last_known_addr { host: "127.16.2.195" port: 33755 } }
I20260713 09:05:40.196336 17687 raft_consensus.cc:385] T 7fc3fdf5149f4c39b072297e928f8a1c P 6ee02b0d2f0d4c8bb8ae8fd6794d463b [term 0 FOLLOWER]: Consensus starting up: Expiring failure detector timer to make a prompt election more likely
I20260713 09:05:40.196592 17687 raft_consensus.cc:740] T 7fc3fdf5149f4c39b072297e928f8a1c P 6ee02b0d2f0d4c8bb8ae8fd6794d463b [term 0 FOLLOWER]: Becoming Follower/Learner. State: Replica: 6ee02b0d2f0d4c8bb8ae8fd6794d463b, State: Initialized, Role: FOLLOWER
I20260713 09:05:40.197243 17687 consensus_queue.cc:260] T 7fc3fdf5149f4c39b072297e928f8a1c P 6ee02b0d2f0d4c8bb8ae8fd6794d463b [NON_LEADER]: Queue going to NON_LEADER mode. State: All replicated index: 0, Majority replicated index: 0, Committed index: 0, Last appended: 0.0, Last appended by leader: 0, Current term: 0, Majority size: -1, State: 0, Mode: NON_LEADER, active raft config: opid_index: -1 OBSOLETE_local: false peers { permanent_uuid: "1a62e55e4a8646ca825bdbcd8df3e150" member_type: VOTER last_known_addr { host: "127.16.2.193" port: 46463 } } peers { permanent_uuid: "6ee02b0d2f0d4c8bb8ae8fd6794d463b" member_type: VOTER last_known_addr { host: "127.16.2.194" port: 39157 } } peers { permanent_uuid: "50ff90688ba64e1082d92e8f6f691b9d" member_type: VOTER last_known_addr { host: "127.16.2.195" port: 33755 } }
I20260713 09:05:40.197510 17693 consensus_queue.cc:1048] T b422ac8e7012479aa7c73885deb38d08 P 6ee02b0d2f0d4c8bb8ae8fd6794d463b [LEADER]: Connected to new peer: Peer: permanent_uuid: "1a62e55e4a8646ca825bdbcd8df3e150" member_type: VOTER last_known_addr { host: "127.16.2.193" port: 46463 }, Status: LMP_MISMATCH, Last received: 0.0, Next index: 1, Last known committed idx: 0, Time since last communication: 0.001s
I20260713 09:05:40.199587 17687 ts_tablet_manager.cc:1434] T 7fc3fdf5149f4c39b072297e928f8a1c P 6ee02b0d2f0d4c8bb8ae8fd6794d463b: Time spent starting tablet: real 0.006s	user 0.007s	sys 0.001s
I20260713 09:05:40.200460 17687 tablet_bootstrap.cc:492] T e9858cb7d1b84e93ba6c9bb2d89c8dad P 6ee02b0d2f0d4c8bb8ae8fd6794d463b: Bootstrap starting.
I20260713 09:05:40.206034 17687 tablet_bootstrap.cc:654] T e9858cb7d1b84e93ba6c9bb2d89c8dad P 6ee02b0d2f0d4c8bb8ae8fd6794d463b: Neither blocks nor log segments found. Creating new log.
I20260713 09:05:40.207443 17689 ts_tablet_manager.cc:1434] T 92785bafdcc0437bae89242d11d0f209 P 50ff90688ba64e1082d92e8f6f691b9d: Time spent starting tablet: real 0.027s	user 0.008s	sys 0.000s
I20260713 09:05:40.217276 17716 raft_consensus.cc:493] T 5236a583c9534fa9a3308caa820e13ae P 1a62e55e4a8646ca825bdbcd8df3e150 [term 0 FOLLOWER]: Starting pre-election (no leader contacted us within the election timeout)
I20260713 09:05:40.217986 17716 raft_consensus.cc:515] T 5236a583c9534fa9a3308caa820e13ae P 1a62e55e4a8646ca825bdbcd8df3e150 [term 0 FOLLOWER]: Starting pre-election with config: opid_index: -1 OBSOLETE_local: false peers { permanent_uuid: "1a62e55e4a8646ca825bdbcd8df3e150" member_type: VOTER last_known_addr { host: "127.16.2.193" port: 46463 } } peers { permanent_uuid: "6ee02b0d2f0d4c8bb8ae8fd6794d463b" member_type: VOTER last_known_addr { host: "127.16.2.194" port: 39157 } } peers { permanent_uuid: "50ff90688ba64e1082d92e8f6f691b9d" member_type: VOTER last_known_addr { host: "127.16.2.195" port: 33755 } }
I20260713 09:05:40.219859 17689 tablet_bootstrap.cc:492] T 3f166747a727404c8af50c0a682a31a5 P 50ff90688ba64e1082d92e8f6f691b9d: Bootstrap starting.
I20260713 09:05:40.220263 17687 tablet_bootstrap.cc:492] T e9858cb7d1b84e93ba6c9bb2d89c8dad P 6ee02b0d2f0d4c8bb8ae8fd6794d463b: No bootstrap required, opened a new log
I20260713 09:05:40.220650 17687 ts_tablet_manager.cc:1403] T e9858cb7d1b84e93ba6c9bb2d89c8dad P 6ee02b0d2f0d4c8bb8ae8fd6794d463b: Time spent bootstrapping tablet: real 0.020s	user 0.011s	sys 0.004s
I20260713 09:05:40.221860 17646 tablet_service.cc:1917] Received RequestConsensusVote() RPC: tablet_id: "5236a583c9534fa9a3308caa820e13ae" candidate_uuid: "1a62e55e4a8646ca825bdbcd8df3e150" candidate_term: 1 candidate_status { last_received { term: 0 index: 0 } } ignore_live_leader: false dest_uuid: "50ff90688ba64e1082d92e8f6f691b9d" is_pre_election: true
