I20260713 09:05:53.388448 12236 raft_consensus.cc:2955] T a12eed5231514b4b8bf4f5242dd45518 P ef58b768bb7d4f24baf55417a242ee64 [term 1 FOLLOWER]: Committing config change with OpId 1.2: config changed from index -1 to 2, NON_VOTER 287fbc729f9244e0974b1cf066fbdc1f (127.10.204.4) added. New config: { opid_index: 2 OBSOLETE_local: false peers { permanent_uuid: "920c7c774a41493990e9d448c0042a7b" member_type: VOTER last_known_addr { host: "127.10.204.1" port: 33239 } } peers { permanent_uuid: "ef58b768bb7d4f24baf55417a242ee64" member_type: VOTER last_known_addr { host: "127.10.204.2" port: 36281 } attrs { replace: true } } peers { permanent_uuid: "b72898d306304f81bf1be29c8b0f61af" member_type: VOTER last_known_addr { host: "127.10.204.3" port: 42175 } } peers { permanent_uuid: "287fbc729f9244e0974b1cf066fbdc1f" member_type: NON_VOTER last_known_addr { host: "127.10.204.4" port: 38053 } attrs { promote: true } } }
I20260713 09:05:53.397811 12060 catalog_manager.cc:5697] T a12eed5231514b4b8bf4f5242dd45518 P 920c7c774a41493990e9d448c0042a7b reported cstate change: config changed from index -1 to 2, NON_VOTER 287fbc729f9244e0974b1cf066fbdc1f (127.10.204.4) added. New cstate: current_term: 1 leader_uuid: "b72898d306304f81bf1be29c8b0f61af" committed_config { opid_index: 2 OBSOLETE_local: false peers { permanent_uuid: "920c7c774a41493990e9d448c0042a7b" member_type: VOTER last_known_addr { host: "127.10.204.1" port: 33239 } } peers { permanent_uuid: "ef58b768bb7d4f24baf55417a242ee64" member_type: VOTER last_known_addr { host: "127.10.204.2" port: 36281 } attrs { replace: true } } peers { permanent_uuid: "b72898d306304f81bf1be29c8b0f61af" member_type: VOTER last_known_addr { host: "127.10.204.3" port: 42175 } } peers { permanent_uuid: "287fbc729f9244e0974b1cf066fbdc1f" member_type: NON_VOTER last_known_addr { host: "127.10.204.4" port: 38053 } attrs { promote: true } } }
I20260713 09:05:53.404893 12235 consensus_queue.cc:237] T 2149668ea3d84ab8b48c45822c4be6f3 P ef58b768bb7d4f24baf55417a242ee64 [LEADER]: Queue going to LEADER mode. State: All replicated index: 0, Majority replicated index: 1, Committed index: 1, Last appended: 1.1, Last appended by leader: 0, Current term: 1, Majority size: 2, State: 0, Mode: LEADER, active raft config: opid_index: 2 OBSOLETE_local: false peers { permanent_uuid: "920c7c774a41493990e9d448c0042a7b" member_type: VOTER last_known_addr { host: "127.10.204.1" port: 33239 } attrs { replace: true } } peers { permanent_uuid: "ef58b768bb7d4f24baf55417a242ee64" member_type: VOTER last_known_addr { host: "127.10.204.2" port: 36281 } } peers { permanent_uuid: "b72898d306304f81bf1be29c8b0f61af" member_type: VOTER last_known_addr { host: "127.10.204.3" port: 42175 } } peers { permanent_uuid: "287fbc729f9244e0974b1cf066fbdc1f" member_type: NON_VOTER last_known_addr { host: "127.10.204.4" port: 38053 } attrs { promote: true } }
I20260713 09:05:53.410588 12310 raft_consensus.cc:1275] T 2149668ea3d84ab8b48c45822c4be6f3 P b72898d306304f81bf1be29c8b0f61af [term 1 FOLLOWER]: Refusing update from remote peer ef58b768bb7d4f24baf55417a242ee64: Log matching property violated. Preceding OpId in replica: term: 1 index: 1. Preceding OpId from leader: term: 1 index: 2. (index mismatch)
W20260713 09:05:53.411597 12200 consensus_peers.cc:597] T 2149668ea3d84ab8b48c45822c4be6f3 P ef58b768bb7d4f24baf55417a242ee64 -> Peer 287fbc729f9244e0974b1cf066fbdc1f (127.10.204.4:38053): Couldn't send request to peer 287fbc729f9244e0974b1cf066fbdc1f. Error code: TABLET_NOT_FOUND (6). Status: Not found: Tablet not found: 2149668ea3d84ab8b48c45822c4be6f3. This is attempt 1: this message will repeat every 5th retry.
I20260713 09:05:53.412254 12865 consensus_queue.cc:1048] T 2149668ea3d84ab8b48c45822c4be6f3 P ef58b768bb7d4f24baf55417a242ee64 [LEADER]: Connected to new peer: Peer: permanent_uuid: "b72898d306304f81bf1be29c8b0f61af" member_type: VOTER last_known_addr { host: "127.10.204.3" port: 42175 }, Status: LMP_MISMATCH, Last received: 0.0, Next index: 2, Last known committed idx: 1, Time since last communication: 0.000s
I20260713 09:05:53.412741 12158 raft_consensus.cc:1275] T 2149668ea3d84ab8b48c45822c4be6f3 P 920c7c774a41493990e9d448c0042a7b [term 1 FOLLOWER]: Refusing update from remote peer ef58b768bb7d4f24baf55417a242ee64: Log matching property violated. Preceding OpId in replica: term: 1 index: 1. Preceding OpId from leader: term: 1 index: 2. (index mismatch)
I20260713 09:05:53.414700 12901 consensus_queue.cc:1048] T 2149668ea3d84ab8b48c45822c4be6f3 P ef58b768bb7d4f24baf55417a242ee64 [LEADER]: Connected to new peer: Peer: permanent_uuid: "920c7c774a41493990e9d448c0042a7b" member_type: VOTER last_known_addr { host: "127.10.204.1" port: 33239 } attrs { replace: true }, Status: LMP_MISMATCH, Last received: 0.0, Next index: 2, Last known committed idx: 1, Time since last communication: 0.001s
I20260713 09:05:53.421142 12865 raft_consensus.cc:2955] T 2149668ea3d84ab8b48c45822c4be6f3 P ef58b768bb7d4f24baf55417a242ee64 [term 1 LEADER]: Committing config change with OpId 1.2: config changed from index -1 to 2, NON_VOTER 287fbc729f9244e0974b1cf066fbdc1f (127.10.204.4) added. New config: { opid_index: 2 OBSOLETE_local: false peers { permanent_uuid: "920c7c774a41493990e9d448c0042a7b" member_type: VOTER last_known_addr { host: "127.10.204.1" port: 33239 } attrs { replace: true } } peers { permanent_uuid: "ef58b768bb7d4f24baf55417a242ee64" member_type: VOTER last_known_addr { host: "127.10.204.2" port: 36281 } } peers { permanent_uuid: "b72898d306304f81bf1be29c8b0f61af" member_type: VOTER last_known_addr { host: "127.10.204.3" port: 42175 } } peers { permanent_uuid: "287fbc729f9244e0974b1cf066fbdc1f" member_type: NON_VOTER last_known_addr { host: "127.10.204.4" port: 38053 } attrs { promote: true } } }
I20260713 09:05:53.425359 12310 raft_consensus.cc:2955] T 2149668ea3d84ab8b48c45822c4be6f3 P b72898d306304f81bf1be29c8b0f61af [term 1 FOLLOWER]: Committing config change with OpId 1.2: config changed from index -1 to 2, NON_VOTER 287fbc729f9244e0974b1cf066fbdc1f (127.10.204.4) added. New config: { opid_index: 2 OBSOLETE_local: false peers { permanent_uuid: "920c7c774a41493990e9d448c0042a7b" member_type: VOTER last_known_addr { host: "127.10.204.1" port: 33239 } attrs { replace: true } } peers { permanent_uuid: "ef58b768bb7d4f24baf55417a242ee64" member_type: VOTER last_known_addr { host: "127.10.204.2" port: 36281 } } peers { permanent_uuid: "b72898d306304f81bf1be29c8b0f61af" member_type: VOTER last_known_addr { host: "127.10.204.3" port: 42175 } } peers { permanent_uuid: "287fbc729f9244e0974b1cf066fbdc1f" member_type: NON_VOTER last_known_addr { host: "127.10.204.4" port: 38053 } attrs { promote: true } } }
I20260713 09:05:53.430528 12156 raft_consensus.cc:2955] T 2149668ea3d84ab8b48c45822c4be6f3 P 920c7c774a41493990e9d448c0042a7b [term 1 FOLLOWER]: Committing config change with OpId 1.2: config changed from index -1 to 2, NON_VOTER 287fbc729f9244e0974b1cf066fbdc1f (127.10.204.4) added. New config: { opid_index: 2 OBSOLETE_local: false peers { permanent_uuid: "920c7c774a41493990e9d448c0042a7b" member_type: VOTER last_known_addr { host: "127.10.204.1" port: 33239 } attrs { replace: true } } peers { permanent_uuid: "ef58b768bb7d4f24baf55417a242ee64" member_type: VOTER last_known_addr { host: "127.10.204.2" port: 36281 } } peers { permanent_uuid: "b72898d306304f81bf1be29c8b0f61af" member_type: VOTER last_known_addr { host: "127.10.204.3" port: 42175 } } peers { permanent_uuid: "287fbc729f9244e0974b1cf066fbdc1f" member_type: NON_VOTER last_known_addr { host: "127.10.204.4" port: 38053 } attrs { promote: true } } }
I20260713 09:05:53.444994 12059 catalog_manager.cc:5697] T 2149668ea3d84ab8b48c45822c4be6f3 P ef58b768bb7d4f24baf55417a242ee64 reported cstate change: config changed from index -1 to 2, NON_VOTER 287fbc729f9244e0974b1cf066fbdc1f (127.10.204.4) added. New cstate: current_term: 1 leader_uuid: "ef58b768bb7d4f24baf55417a242ee64" committed_config { opid_index: 2 OBSOLETE_local: false peers { permanent_uuid: "920c7c774a41493990e9d448c0042a7b" member_type: VOTER last_known_addr { host: "127.10.204.1" port: 33239 } attrs { replace: true } health_report { overall_health: HEALTHY } } peers { permanent_uuid: "ef58b768bb7d4f24baf55417a242ee64" member_type: VOTER last_known_addr { host: "127.10.204.2" port: 36281 } health_report { overall_health: HEALTHY } } peers { permanent_uuid: "b72898d306304f81bf1be29c8b0f61af" member_type: VOTER last_known_addr { host: "127.10.204.3" port: 42175 } health_report { overall_health: HEALTHY } } peers { permanent_uuid: "287fbc729f9244e0974b1cf066fbdc1f" member_type: NON_VOTER last_known_addr { host: "127.10.204.4" port: 38053 } attrs { promote: true } health_report { overall_health: UNKNOWN } } }
I20260713 09:05:53.835083 12909 ts_tablet_manager.cc:933] T 2149668ea3d84ab8b48c45822c4be6f3 P 287fbc729f9244e0974b1cf066fbdc1f: Initiating tablet copy from peer ef58b768bb7d4f24baf55417a242ee64 (127.10.204.2:36281)
I20260713 09:05:53.836977 12909 tablet_copy_client.cc:323] T 2149668ea3d84ab8b48c45822c4be6f3 P 287fbc729f9244e0974b1cf066fbdc1f: tablet copy: Beginning tablet copy session from remote peer at address 127.10.204.2:36281
I20260713 09:05:53.838667 12247 tablet_copy_service.cc:140] P ef58b768bb7d4f24baf55417a242ee64: Received BeginTabletCopySession request for tablet 2149668ea3d84ab8b48c45822c4be6f3 from peer 287fbc729f9244e0974b1cf066fbdc1f ({username='slave'} at 127.0.0.1:43270)
I20260713 09:05:53.839126 12247 tablet_copy_service.cc:161] P ef58b768bb7d4f24baf55417a242ee64: Beginning new tablet copy session on tablet 2149668ea3d84ab8b48c45822c4be6f3 from peer 287fbc729f9244e0974b1cf066fbdc1f at {username='slave'} at 127.0.0.1:43270: session id = 287fbc729f9244e0974b1cf066fbdc1f-2149668ea3d84ab8b48c45822c4be6f3
I20260713 09:05:53.846532 12247 tablet_copy_source_session.cc:215] T 2149668ea3d84ab8b48c45822c4be6f3 P ef58b768bb7d4f24baf55417a242ee64: Tablet Copy: opened 0 blocks and 1 log segments
I20260713 09:05:53.849900 12909 data_dirs.cc:400] Could only allocate 1 dirs of requested 3 for tablet 2149668ea3d84ab8b48c45822c4be6f3. 1 dirs total, 0 dirs full, 0 dirs failed
I20260713 09:05:53.866587 12909 tablet_copy_client.cc:806] T 2149668ea3d84ab8b48c45822c4be6f3 P 287fbc729f9244e0974b1cf066fbdc1f: tablet copy: Starting download of 0 data blocks...
I20260713 09:05:53.867274 12909 tablet_copy_client.cc:670] T 2149668ea3d84ab8b48c45822c4be6f3 P 287fbc729f9244e0974b1cf066fbdc1f: tablet copy: Starting download of 1 WAL segments...
I20260713 09:05:53.871140 12909 tablet_copy_client.cc:538] T 2149668ea3d84ab8b48c45822c4be6f3 P 287fbc729f9244e0974b1cf066fbdc1f: tablet copy: Tablet Copy complete. Replacing tablet superblock.
I20260713 09:05:53.880625 12909 tablet_bootstrap.cc:492] T 2149668ea3d84ab8b48c45822c4be6f3 P 287fbc729f9244e0974b1cf066fbdc1f: Bootstrap starting.
I20260713 09:05:53.886747 12911 ts_tablet_manager.cc:933] T a12eed5231514b4b8bf4f5242dd45518 P 287fbc729f9244e0974b1cf066fbdc1f: Initiating tablet copy from peer b72898d306304f81bf1be29c8b0f61af (127.10.204.3:42175)
I20260713 09:05:53.889075 12911 tablet_copy_client.cc:323] T a12eed5231514b4b8bf4f5242dd45518 P 287fbc729f9244e0974b1cf066fbdc1f: tablet copy: Beginning tablet copy session from remote peer at address 127.10.204.3:42175
I20260713 09:05:53.890906 12321 tablet_copy_service.cc:140] P b72898d306304f81bf1be29c8b0f61af: Received BeginTabletCopySession request for tablet a12eed5231514b4b8bf4f5242dd45518 from peer 287fbc729f9244e0974b1cf066fbdc1f ({username='slave'} at 127.0.0.1:51554)
I20260713 09:05:53.891438 12321 tablet_copy_service.cc:161] P b72898d306304f81bf1be29c8b0f61af: Beginning new tablet copy session on tablet a12eed5231514b4b8bf4f5242dd45518 from peer 287fbc729f9244e0974b1cf066fbdc1f at {username='slave'} at 127.0.0.1:51554: session id = 287fbc729f9244e0974b1cf066fbdc1f-a12eed5231514b4b8bf4f5242dd45518
I20260713 09:05:53.898133 12321 tablet_copy_source_session.cc:215] T a12eed5231514b4b8bf4f5242dd45518 P b72898d306304f81bf1be29c8b0f61af: Tablet Copy: opened 0 blocks and 1 log segments
I20260713 09:05:53.900771 12911 data_dirs.cc:400] Could only allocate 1 dirs of requested 3 for tablet a12eed5231514b4b8bf4f5242dd45518. 1 dirs total, 0 dirs full, 0 dirs failed
I20260713 09:05:53.902580 12909 tablet_bootstrap.cc:492] T 2149668ea3d84ab8b48c45822c4be6f3 P 287fbc729f9244e0974b1cf066fbdc1f: Bootstrap replayed 1/1 log segments. Stats: ops{read=2 overwritten=0 applied=2 ignored=0} inserts{seen=0 ignored=0} mutations{seen=0 ignored=0} orphaned_commits=0. Pending: 0 replicates
I20260713 09:05:53.903565 12909 tablet_bootstrap.cc:492] T 2149668ea3d84ab8b48c45822c4be6f3 P 287fbc729f9244e0974b1cf066fbdc1f: Bootstrap complete.
I20260713 09:05:53.904294 12909 ts_tablet_manager.cc:1403] T 2149668ea3d84ab8b48c45822c4be6f3 P 287fbc729f9244e0974b1cf066fbdc1f: Time spent bootstrapping tablet: real 0.024s	user 0.023s	sys 0.001s
I20260713 09:05:53.907621 12909 raft_consensus.cc:359] T 2149668ea3d84ab8b48c45822c4be6f3 P 287fbc729f9244e0974b1cf066fbdc1f [term 1 LEARNER]: Replica starting. Triggering 0 pending ops. Active config: opid_index: 2 OBSOLETE_local: false peers { permanent_uuid: "920c7c774a41493990e9d448c0042a7b" member_type: VOTER last_known_addr { host: "127.10.204.1" port: 33239 } attrs { replace: true } } peers { permanent_uuid: "ef58b768bb7d4f24baf55417a242ee64" member_type: VOTER last_known_addr { host: "127.10.204.2" port: 36281 } } peers { permanent_uuid: "b72898d306304f81bf1be29c8b0f61af" member_type: VOTER last_known_addr { host: "127.10.204.3" port: 42175 } } peers { permanent_uuid: "287fbc729f9244e0974b1cf066fbdc1f" member_type: NON_VOTER last_known_addr { host: "127.10.204.4" port: 38053 } attrs { promote: true } }
I20260713 09:05:53.908496 12909 raft_consensus.cc:740] T 2149668ea3d84ab8b48c45822c4be6f3 P 287fbc729f9244e0974b1cf066fbdc1f [term 1 LEARNER]: Becoming Follower/Learner. State: Replica: 287fbc729f9244e0974b1cf066fbdc1f, State: Initialized, Role: LEARNER
I20260713 09:05:53.909230 12909 consensus_queue.cc:260] T 2149668ea3d84ab8b48c45822c4be6f3 P 287fbc729f9244e0974b1cf066fbdc1f [NON_LEADER]: Queue going to NON_LEADER mode. State: All replicated index: 0, Majority replicated index: 0, Committed index: 2, Last appended: 1.2, Last appended by leader: 2, Current term: 0, Majority size: -1, State: 0, Mode: NON_LEADER, active raft config: opid_index: 2 OBSOLETE_local: false peers { permanent_uuid: "920c7c774a41493990e9d448c0042a7b" member_type: VOTER last_known_addr { host: "127.10.204.1" port: 33239 } attrs { replace: true } } peers { permanent_uuid: "ef58b768bb7d4f24baf55417a242ee64" member_type: VOTER last_known_addr { host: "127.10.204.2" port: 36281 } } peers { permanent_uuid: "b72898d306304f81bf1be29c8b0f61af" member_type: VOTER last_known_addr { host: "127.10.204.3" port: 42175 } } peers { permanent_uuid: "287fbc729f9244e0974b1cf066fbdc1f" member_type: NON_VOTER last_known_addr { host: "127.10.204.4" port: 38053 } attrs { promote: true } }
I20260713 09:05:53.914155 12909 ts_tablet_manager.cc:1434] T 2149668ea3d84ab8b48c45822c4be6f3 P 287fbc729f9244e0974b1cf066fbdc1f: Time spent starting tablet: real 0.010s	user 0.007s	sys 0.000s
I20260713 09:05:53.918344 12911 tablet_copy_client.cc:806] T a12eed5231514b4b8bf4f5242dd45518 P 287fbc729f9244e0974b1cf066fbdc1f: tablet copy: Starting download of 0 data blocks...
I20260713 09:05:53.918962 12911 tablet_copy_client.cc:670] T a12eed5231514b4b8bf4f5242dd45518 P 287fbc729f9244e0974b1cf066fbdc1f: tablet copy: Starting download of 1 WAL segments...
I20260713 09:05:53.922226 12247 tablet_copy_service.cc:342] P ef58b768bb7d4f24baf55417a242ee64: Request end of tablet copy session 287fbc729f9244e0974b1cf066fbdc1f-2149668ea3d84ab8b48c45822c4be6f3 received from {username='slave'} at 127.0.0.1:43270
I20260713 09:05:53.922694 12247 tablet_copy_service.cc:434] P ef58b768bb7d4f24baf55417a242ee64: ending tablet copy session 287fbc729f9244e0974b1cf066fbdc1f-2149668ea3d84ab8b48c45822c4be6f3 on tablet 2149668ea3d84ab8b48c45822c4be6f3 with peer 287fbc729f9244e0974b1cf066fbdc1f
I20260713 09:05:53.926800 12911 tablet_copy_client.cc:538] T a12eed5231514b4b8bf4f5242dd45518 P 287fbc729f9244e0974b1cf066fbdc1f: tablet copy: Tablet Copy complete. Replacing tablet superblock.
I20260713 09:05:53.934751 12911 tablet_bootstrap.cc:492] T a12eed5231514b4b8bf4f5242dd45518 P 287fbc729f9244e0974b1cf066fbdc1f: Bootstrap starting.
I20260713 09:05:53.956143 12911 tablet_bootstrap.cc:492] T a12eed5231514b4b8bf4f5242dd45518 P 287fbc729f9244e0974b1cf066fbdc1f: Bootstrap replayed 1/1 log segments. Stats: ops{read=2 overwritten=0 applied=2 ignored=0} inserts{seen=0 ignored=0} mutations{seen=0 ignored=0} orphaned_commits=0. Pending: 0 replicates
I20260713 09:05:53.956867 12911 tablet_bootstrap.cc:492] T a12eed5231514b4b8bf4f5242dd45518 P 287fbc729f9244e0974b1cf066fbdc1f: Bootstrap complete.
I20260713 09:05:53.957391 12911 ts_tablet_manager.cc:1403] T a12eed5231514b4b8bf4f5242dd45518 P 287fbc729f9244e0974b1cf066fbdc1f: Time spent bootstrapping tablet: real 0.023s	user 0.019s	sys 0.004s
I20260713 09:05:53.959570 12911 raft_consensus.cc:359] T a12eed5231514b4b8bf4f5242dd45518 P 287fbc729f9244e0974b1cf066fbdc1f [term 1 LEARNER]: Replica starting. Triggering 0 pending ops. Active config: opid_index: 2 OBSOLETE_local: false peers { permanent_uuid: "920c7c774a41493990e9d448c0042a7b" member_type: VOTER last_known_addr { host: "127.10.204.1" port: 33239 } } peers { permanent_uuid: "ef58b768bb7d4f24baf55417a242ee64" member_type: VOTER last_known_addr { host: "127.10.204.2" port: 36281 } attrs { replace: true } } peers { permanent_uuid: "b72898d306304f81bf1be29c8b0f61af" member_type: VOTER last_known_addr { host: "127.10.204.3" port: 42175 } } peers { permanent_uuid: "287fbc729f9244e0974b1cf066fbdc1f" member_type: NON_VOTER last_known_addr { host: "127.10.204.4" port: 38053 } attrs { promote: true } }
I20260713 09:05:53.960249 12911 raft_consensus.cc:740] T a12eed5231514b4b8bf4f5242dd45518 P 287fbc729f9244e0974b1cf066fbdc1f [term 1 LEARNER]: Becoming Follower/Learner. State: Replica: 287fbc729f9244e0974b1cf066fbdc1f, State: Initialized, Role: LEARNER
I20260713 09:05:53.960881 12911 consensus_queue.cc:260] T a12eed5231514b4b8bf4f5242dd45518 P 287fbc729f9244e0974b1cf066fbdc1f [NON_LEADER]: Queue going to NON_LEADER mode. State: All replicated index: 0, Majority replicated index: 0, Committed index: 2, Last appended: 1.2, Last appended by leader: 2, Current term: 0, Majority size: -1, State: 0, Mode: NON_LEADER, active raft config: opid_index: 2 OBSOLETE_local: false peers { permanent_uuid: "920c7c774a41493990e9d448c0042a7b" member_type: VOTER last_known_addr { host: "127.10.204.1" port: 33239 } } peers { permanent_uuid: "ef58b768bb7d4f24baf55417a242ee64" member_type: VOTER last_known_addr { host: "127.10.204.2" port: 36281 } attrs { replace: true } } peers { permanent_uuid: "b72898d306304f81bf1be29c8b0f61af" member_type: VOTER last_known_addr { host: "127.10.204.3" port: 42175 } } peers { permanent_uuid: "287fbc729f9244e0974b1cf066fbdc1f" member_type: NON_VOTER last_known_addr { host: "127.10.204.4" port: 38053 } attrs { promote: true } }
I20260713 09:05:53.963312 12911 ts_tablet_manager.cc:1434] T a12eed5231514b4b8bf4f5242dd45518 P 287fbc729f9244e0974b1cf066fbdc1f: Time spent starting tablet: real 0.006s	user 0.004s	sys 0.000s
I20260713 09:05:53.965370 12321 tablet_copy_service.cc:342] P b72898d306304f81bf1be29c8b0f61af: Request end of tablet copy session 287fbc729f9244e0974b1cf066fbdc1f-a12eed5231514b4b8bf4f5242dd45518 received from {username='slave'} at 127.0.0.1:51554
I20260713 09:05:53.965924 12321 tablet_copy_service.cc:434] P b72898d306304f81bf1be29c8b0f61af: ending tablet copy session 287fbc729f9244e0974b1cf066fbdc1f-a12eed5231514b4b8bf4f5242dd45518 on tablet a12eed5231514b4b8bf4f5242dd45518 with peer 287fbc729f9244e0974b1cf066fbdc1f
I20260713 09:05:54.352571 12582 raft_consensus.cc:1217] T 2149668ea3d84ab8b48c45822c4be6f3 P 287fbc729f9244e0974b1cf066fbdc1f [term 1 LEARNER]: Deduplicated request from leader. Original: 1.1->[1.2-1.2]   Dedup: 1.2->[]
I20260713 09:05:54.374868 12582 raft_consensus.cc:1217] T a12eed5231514b4b8bf4f5242dd45518 P 287fbc729f9244e0974b1cf066fbdc1f [term 1 LEARNER]: Deduplicated request from leader. Original: 1.1->[1.2-1.2]   Dedup: 1.2->[]
I20260713 09:05:54.811172 12898 raft_consensus.cc:1064] T a12eed5231514b4b8bf4f5242dd45518 P b72898d306304f81bf1be29c8b0f61af: attempting to promote NON_VOTER 287fbc729f9244e0974b1cf066fbdc1f to VOTER
I20260713 09:05:54.813014 12898 consensus_queue.cc:237] T a12eed5231514b4b8bf4f5242dd45518 P b72898d306304f81bf1be29c8b0f61af [LEADER]: Queue going to LEADER mode. State: All replicated index: 0, Majority replicated index: 2, Committed index: 2, Last appended: 1.2, Last appended by leader: 0, Current term: 1, Majority size: 3, State: 0, Mode: LEADER, active raft config: opid_index: 3 OBSOLETE_local: false peers { permanent_uuid: "920c7c774a41493990e9d448c0042a7b" member_type: VOTER last_known_addr { host: "127.10.204.1" port: 33239 } } peers { permanent_uuid: "ef58b768bb7d4f24baf55417a242ee64" member_type: VOTER last_known_addr { host: "127.10.204.2" port: 36281 } attrs { replace: true } } peers { permanent_uuid: "b72898d306304f81bf1be29c8b0f61af" member_type: VOTER last_known_addr { host: "127.10.204.3" port: 42175 } } peers { permanent_uuid: "287fbc729f9244e0974b1cf066fbdc1f" member_type: VOTER last_known_addr { host: "127.10.204.4" port: 38053 } attrs { promote: false } }
I20260713 09:05:54.818622 12235 raft_consensus.cc:1275] T a12eed5231514b4b8bf4f5242dd45518 P ef58b768bb7d4f24baf55417a242ee64 [term 1 FOLLOWER]: Refusing update from remote peer b72898d306304f81bf1be29c8b0f61af: Log matching property violated. Preceding OpId in replica: term: 1 index: 2. Preceding OpId from leader: term: 1 index: 3. (index mismatch)
I20260713 09:05:54.820045 12918 consensus_queue.cc:1048] T a12eed5231514b4b8bf4f5242dd45518 P b72898d306304f81bf1be29c8b0f61af [LEADER]: Connected to new peer: Peer: permanent_uuid: "ef58b768bb7d4f24baf55417a242ee64" member_type: VOTER last_known_addr { host: "127.10.204.2" port: 36281 } attrs { replace: true }, Status: LMP_MISMATCH, Last received: 0.0, Next index: 3, Last known committed idx: 2, Time since last communication: 0.000s
I20260713 09:05:54.821767 12583 raft_consensus.cc:1275] T a12eed5231514b4b8bf4f5242dd45518 P 287fbc729f9244e0974b1cf066fbdc1f [term 1 LEARNER]: Refusing update from remote peer b72898d306304f81bf1be29c8b0f61af: Log matching property violated. Preceding OpId in replica: term: 1 index: 2. Preceding OpId from leader: term: 1 index: 3. (index mismatch)
I20260713 09:05:54.822778 12158 raft_consensus.cc:1275] T a12eed5231514b4b8bf4f5242dd45518 P 920c7c774a41493990e9d448c0042a7b [term 1 FOLLOWER]: Refusing update from remote peer b72898d306304f81bf1be29c8b0f61af: Log matching property violated. Preceding OpId in replica: term: 1 index: 2. Preceding OpId from leader: term: 1 index: 3. (index mismatch)
I20260713 09:05:54.822912 12918 consensus_queue.cc:1048] T a12eed5231514b4b8bf4f5242dd45518 P b72898d306304f81bf1be29c8b0f61af [LEADER]: Connected to new peer: Peer: permanent_uuid: "287fbc729f9244e0974b1cf066fbdc1f" member_type: VOTER last_known_addr { host: "127.10.204.4" port: 38053 } attrs { promote: false }, Status: LMP_MISMATCH, Last received: 0.0, Next index: 3, Last known committed idx: 2, Time since last communication: 0.000s
I20260713 09:05:54.826587 12918 consensus_queue.cc:1048] T a12eed5231514b4b8bf4f5242dd45518 P b72898d306304f81bf1be29c8b0f61af [LEADER]: Connected to new peer: Peer: permanent_uuid: "920c7c774a41493990e9d448c0042a7b" member_type: VOTER last_known_addr { host: "127.10.204.1" port: 33239 }, Status: LMP_MISMATCH, Last received: 0.0, Next index: 3, Last known committed idx: 2, Time since last communication: 0.000s
I20260713 09:05:54.833087 12868 raft_consensus.cc:2955] T a12eed5231514b4b8bf4f5242dd45518 P b72898d306304f81bf1be29c8b0f61af [term 1 LEADER]: Committing config change with OpId 1.3: config changed from index 2 to 3, 287fbc729f9244e0974b1cf066fbdc1f (127.10.204.4) changed from NON_VOTER to VOTER. New config: { opid_index: 3 OBSOLETE_local: false peers { permanent_uuid: "920c7c774a41493990e9d448c0042a7b" member_type: VOTER last_known_addr { host: "127.10.204.1" port: 33239 } } peers { permanent_uuid: "ef58b768bb7d4f24baf55417a242ee64" member_type: VOTER last_known_addr { host: "127.10.204.2" port: 36281 } attrs { replace: true } } peers { permanent_uuid: "b72898d306304f81bf1be29c8b0f61af" member_type: VOTER last_known_addr { host: "127.10.204.3" port: 42175 } } peers { permanent_uuid: "287fbc729f9244e0974b1cf066fbdc1f" member_type: VOTER last_known_addr { host: "127.10.204.4" port: 38053 } attrs { promote: false } } }
I20260713 09:05:54.835035 12235 raft_consensus.cc:2955] T a12eed5231514b4b8bf4f5242dd45518 P ef58b768bb7d4f24baf55417a242ee64 [term 1 FOLLOWER]: Committing config change with OpId 1.3: config changed from index 2 to 3, 287fbc729f9244e0974b1cf066fbdc1f (127.10.204.4) changed from NON_VOTER to VOTER. New config: { opid_index: 3 OBSOLETE_local: false peers { permanent_uuid: "920c7c774a41493990e9d448c0042a7b" member_type: VOTER last_known_addr { host: "127.10.204.1" port: 33239 } } peers { permanent_uuid: "ef58b768bb7d4f24baf55417a242ee64" member_type: VOTER last_known_addr { host: "127.10.204.2" port: 36281 } attrs { replace: true } } peers { permanent_uuid: "b72898d306304f81bf1be29c8b0f61af" member_type: VOTER last_known_addr { host: "127.10.204.3" port: 42175 } } peers { permanent_uuid: "287fbc729f9244e0974b1cf066fbdc1f" member_type: VOTER last_known_addr { host: "127.10.204.4" port: 38053 } attrs { promote: false } } }
I20260713 09:05:54.839041 12917 raft_consensus.cc:1064] T 2149668ea3d84ab8b48c45822c4be6f3 P ef58b768bb7d4f24baf55417a242ee64: attempting to promote NON_VOTER 287fbc729f9244e0974b1cf066fbdc1f to VOTER
I20260713 09:05:54.838116 12156 raft_consensus.cc:2955] T a12eed5231514b4b8bf4f5242dd45518 P 920c7c774a41493990e9d448c0042a7b [term 1 FOLLOWER]: Committing config change with OpId 1.3: config changed from index 2 to 3, 287fbc729f9244e0974b1cf066fbdc1f (127.10.204.4) changed from NON_VOTER to VOTER. New config: { opid_index: 3 OBSOLETE_local: false peers { permanent_uuid: "920c7c774a41493990e9d448c0042a7b" member_type: VOTER last_known_addr { host: "127.10.204.1" port: 33239 } } peers { permanent_uuid: "ef58b768bb7d4f24baf55417a242ee64" member_type: VOTER last_known_addr { host: "127.10.204.2" port: 36281 } attrs { replace: true } } peers { permanent_uuid: "b72898d306304f81bf1be29c8b0f61af" member_type: VOTER last_known_addr { host: "127.10.204.3" port: 42175 } } peers { permanent_uuid: "287fbc729f9244e0974b1cf066fbdc1f" member_type: VOTER last_known_addr { host: "127.10.204.4" port: 38053 } attrs { promote: false } } }
I20260713 09:05:54.841459 12917 consensus_queue.cc:237] T 2149668ea3d84ab8b48c45822c4be6f3 P ef58b768bb7d4f24baf55417a242ee64 [LEADER]: Queue going to LEADER mode. State: All replicated index: 0, Majority replicated index: 2, Committed index: 2, Last appended: 1.2, Last appended by leader: 0, Current term: 1, Majority size: 3, State: 0, Mode: LEADER, active raft config: opid_index: 3 OBSOLETE_local: false peers { permanent_uuid: "920c7c774a41493990e9d448c0042a7b" member_type: VOTER last_known_addr { host: "127.10.204.1" port: 33239 } attrs { replace: true } } peers { permanent_uuid: "ef58b768bb7d4f24baf55417a242ee64" member_type: VOTER last_known_addr { host: "127.10.204.2" port: 36281 } } peers { permanent_uuid: "b72898d306304f81bf1be29c8b0f61af" member_type: VOTER last_known_addr { host: "127.10.204.3" port: 42175 } } peers { permanent_uuid: "287fbc729f9244e0974b1cf066fbdc1f" member_type: VOTER last_known_addr { host: "127.10.204.4" port: 38053 } attrs { promote: false } }
I20260713 09:05:54.844990 12583 raft_consensus.cc:2955] T a12eed5231514b4b8bf4f5242dd45518 P 287fbc729f9244e0974b1cf066fbdc1f [term 1 FOLLOWER]: Committing config change with OpId 1.3: config changed from index 2 to 3, 287fbc729f9244e0974b1cf066fbdc1f (127.10.204.4) changed from NON_VOTER to VOTER. New config: { opid_index: 3 OBSOLETE_local: false peers { permanent_uuid: "920c7c774a41493990e9d448c0042a7b" member_type: VOTER last_known_addr { host: "127.10.204.1" port: 33239 } } peers { permanent_uuid: "ef58b768bb7d4f24baf55417a242ee64" member_type: VOTER last_known_addr { host: "127.10.204.2" port: 36281 } attrs { replace: true } } peers { permanent_uuid: "b72898d306304f81bf1be29c8b0f61af" member_type: VOTER last_known_addr { host: "127.10.204.3" port: 42175 } } peers { permanent_uuid: "287fbc729f9244e0974b1cf066fbdc1f" member_type: VOTER last_known_addr { host: "127.10.204.4" port: 38053 } attrs { promote: false } } }
I20260713 09:05:54.851294 12056 catalog_manager.cc:5697] T a12eed5231514b4b8bf4f5242dd45518 P b72898d306304f81bf1be29c8b0f61af reported cstate change: config changed from index 2 to 3, 287fbc729f9244e0974b1cf066fbdc1f (127.10.204.4) changed from NON_VOTER to VOTER. New cstate: current_term: 1 leader_uuid: "b72898d306304f81bf1be29c8b0f61af" committed_config { opid_index: 3 OBSOLETE_local: false peers { permanent_uuid: "920c7c774a41493990e9d448c0042a7b" member_type: VOTER last_known_addr { host: "127.10.204.1" port: 33239 } health_report { overall_health: HEALTHY } } peers { permanent_uuid: "ef58b768bb7d4f24baf55417a242ee64" member_type: VOTER last_known_addr { host: "127.10.204.2" port: 36281 } attrs { replace: true } health_report { overall_health: HEALTHY } } peers { permanent_uuid: "b72898d306304f81bf1be29c8b0f61af" member_type: VOTER last_known_addr { host: "127.10.204.3" port: 42175 } health_report { overall_health: HEALTHY } } peers { permanent_uuid: "287fbc729f9244e0974b1cf066fbdc1f" member_type: VOTER last_known_addr { host: "127.10.204.4" port: 38053 } attrs { promote: false } health_report { overall_health: HEALTHY } } }
I20260713 09:05:54.870747 12583 raft_consensus.cc:1275] T 2149668ea3d84ab8b48c45822c4be6f3 P 287fbc729f9244e0974b1cf066fbdc1f [term 1 LEARNER]: Refusing update from remote peer ef58b768bb7d4f24baf55417a242ee64: Log matching property violated. Preceding OpId in replica: term: 1 index: 2. Preceding OpId from leader: term: 1 index: 3. (index mismatch)
I20260713 09:05:54.872264 12156 raft_consensus.cc:1275] T 2149668ea3d84ab8b48c45822c4be6f3 P 920c7c774a41493990e9d448c0042a7b [term 1 FOLLOWER]: Refusing update from remote peer ef58b768bb7d4f24baf55417a242ee64: Log matching property violated. Preceding OpId in replica: term: 1 index: 2. Preceding OpId from leader: term: 1 index: 3. (index mismatch)
I20260713 09:05:54.870690 12310 raft_consensus.cc:1275] T 2149668ea3d84ab8b48c45822c4be6f3 P b72898d306304f81bf1be29c8b0f61af [term 1 FOLLOWER]: Refusing update from remote peer ef58b768bb7d4f24baf55417a242ee64: Log matching property violated. Preceding OpId in replica: term: 1 index: 2. Preceding OpId from leader: term: 1 index: 3. (index mismatch)
I20260713 09:05:54.873553 12865 consensus_queue.cc:1048] T 2149668ea3d84ab8b48c45822c4be6f3 P ef58b768bb7d4f24baf55417a242ee64 [LEADER]: Connected to new peer: Peer: permanent_uuid: "287fbc729f9244e0974b1cf066fbdc1f" member_type: VOTER last_known_addr { host: "127.10.204.4" port: 38053 } attrs { promote: false }, Status: LMP_MISMATCH, Last received: 0.0, Next index: 3, Last known committed idx: 2, Time since last communication: 0.000s
I20260713 09:05:54.874904 12901 consensus_queue.cc:1048] T 2149668ea3d84ab8b48c45822c4be6f3 P ef58b768bb7d4f24baf55417a242ee64 [LEADER]: Connected to new peer: Peer: permanent_uuid: "b72898d306304f81bf1be29c8b0f61af" member_type: VOTER last_known_addr { host: "127.10.204.3" port: 42175 }, Status: LMP_MISMATCH, Last received: 0.0, Next index: 3, Last known committed idx: 2, Time since last communication: 0.000s
I20260713 09:05:54.876016 12917 consensus_queue.cc:1048] T 2149668ea3d84ab8b48c45822c4be6f3 P ef58b768bb7d4f24baf55417a242ee64 [LEADER]: Connected to new peer: Peer: permanent_uuid: "920c7c774a41493990e9d448c0042a7b" member_type: VOTER last_known_addr { host: "127.10.204.1" port: 33239 } attrs { replace: true }, Status: LMP_MISMATCH, Last received: 0.0, Next index: 3, Last known committed idx: 2, Time since last communication: 0.000s
I20260713 09:05:54.884954 12917 raft_consensus.cc:2955] T 2149668ea3d84ab8b48c45822c4be6f3 P ef58b768bb7d4f24baf55417a242ee64 [term 1 LEADER]: Committing config change with OpId 1.3: config changed from index 2 to 3, 287fbc729f9244e0974b1cf066fbdc1f (127.10.204.4) changed from NON_VOTER to VOTER. New config: { opid_index: 3 OBSOLETE_local: false peers { permanent_uuid: "920c7c774a41493990e9d448c0042a7b" member_type: VOTER last_known_addr { host: "127.10.204.1" port: 33239 } attrs { replace: true } } peers { permanent_uuid: "ef58b768bb7d4f24baf55417a242ee64" member_type: VOTER last_known_addr { host: "127.10.204.2" port: 36281 } } peers { permanent_uuid: "b72898d306304f81bf1be29c8b0f61af" member_type: VOTER last_known_addr { host: "127.10.204.3" port: 42175 } } peers { permanent_uuid: "287fbc729f9244e0974b1cf066fbdc1f" member_type: VOTER last_known_addr { host: "127.10.204.4" port: 38053 } attrs { promote: false } } }
I20260713 09:05:54.888756 12158 raft_consensus.cc:2955] T 2149668ea3d84ab8b48c45822c4be6f3 P 920c7c774a41493990e9d448c0042a7b [term 1 FOLLOWER]: Committing config change with OpId 1.3: config changed from index 2 to 3, 287fbc729f9244e0974b1cf066fbdc1f (127.10.204.4) changed from NON_VOTER to VOTER. New config: { opid_index: 3 OBSOLETE_local: false peers { permanent_uuid: "920c7c774a41493990e9d448c0042a7b" member_type: VOTER last_known_addr { host: "127.10.204.1" port: 33239 } attrs { replace: true } } peers { permanent_uuid: "ef58b768bb7d4f24baf55417a242ee64" member_type: VOTER last_known_addr { host: "127.10.204.2" port: 36281 } } peers { permanent_uuid: "b72898d306304f81bf1be29c8b0f61af" member_type: VOTER last_known_addr { host: "127.10.204.3" port: 42175 } } peers { permanent_uuid: "287fbc729f9244e0974b1cf066fbdc1f" member_type: VOTER last_known_addr { host: "127.10.204.4" port: 38053 } attrs { promote: false } } }
I20260713 09:05:54.890561 12309 consensus_queue.cc:237] T a12eed5231514b4b8bf4f5242dd45518 P b72898d306304f81bf1be29c8b0f61af [LEADER]: Queue going to LEADER mode. State: All replicated index: 0, Majority replicated index: 3, Committed index: 3, Last appended: 1.3, Last appended by leader: 0, Current term: 1, Majority size: 2, State: 0, Mode: LEADER, active raft config: opid_index: 4 OBSOLETE_local: false peers { permanent_uuid: "920c7c774a41493990e9d448c0042a7b" member_type: VOTER last_known_addr { host: "127.10.204.1" port: 33239 } } peers { permanent_uuid: "b72898d306304f81bf1be29c8b0f61af" member_type: VOTER last_known_addr { host: "127.10.204.3" port: 42175 } } peers { permanent_uuid: "287fbc729f9244e0974b1cf066fbdc1f" member_type: VOTER last_known_addr { host: "127.10.204.4" port: 38053 } attrs { promote: false } }
I20260713 09:05:54.896857 12583 raft_consensus.cc:1275] T a12eed5231514b4b8bf4f5242dd45518 P 287fbc729f9244e0974b1cf066fbdc1f [term 1 FOLLOWER]: Refusing update from remote peer b72898d306304f81bf1be29c8b0f61af: Log matching property violated. Preceding OpId in replica: term: 1 index: 3. Preceding OpId from leader: term: 1 index: 4. (index mismatch)
I20260713 09:05:54.898106 12868 consensus_queue.cc:1048] T a12eed5231514b4b8bf4f5242dd45518 P b72898d306304f81bf1be29c8b0f61af [LEADER]: Connected to new peer: Peer: permanent_uuid: "287fbc729f9244e0974b1cf066fbdc1f" member_type: VOTER last_known_addr { host: "127.10.204.4" port: 38053 } attrs { promote: false }, Status: LMP_MISMATCH, Last received: 0.0, Next index: 4, Last known committed idx: 3, Time since last communication: 0.000s
I20260713 09:05:54.900341 12582 raft_consensus.cc:2955] T 2149668ea3d84ab8b48c45822c4be6f3 P 287fbc729f9244e0974b1cf066fbdc1f [term 1 FOLLOWER]: Committing config change with OpId 1.3: config changed from index 2 to 3, 287fbc729f9244e0974b1cf066fbdc1f (127.10.204.4) changed from NON_VOTER to VOTER. New config: { opid_index: 3 OBSOLETE_local: false peers { permanent_uuid: "920c7c774a41493990e9d448c0042a7b" member_type: VOTER last_known_addr { host: "127.10.204.1" port: 33239 } attrs { replace: true } } peers { permanent_uuid: "ef58b768bb7d4f24baf55417a242ee64" member_type: VOTER last_known_addr { host: "127.10.204.2" port: 36281 } } peers { permanent_uuid: "b72898d306304f81bf1be29c8b0f61af" member_type: VOTER last_known_addr { host: "127.10.204.3" port: 42175 } } peers { permanent_uuid: "287fbc729f9244e0974b1cf066fbdc1f" member_type: VOTER last_known_addr { host: "127.10.204.4" port: 38053 } attrs { promote: false } } }
I20260713 09:05:54.906517 12160 raft_consensus.cc:1275] T a12eed5231514b4b8bf4f5242dd45518 P 920c7c774a41493990e9d448c0042a7b [term 1 FOLLOWER]: Refusing update from remote peer b72898d306304f81bf1be29c8b0f61af: Log matching property violated. Preceding OpId in replica: term: 1 index: 3. Preceding OpId from leader: term: 1 index: 4. (index mismatch)
I20260713 09:05:54.905864 12059 catalog_manager.cc:5697] T 2149668ea3d84ab8b48c45822c4be6f3 P ef58b768bb7d4f24baf55417a242ee64 reported cstate change: config changed from index 2 to 3, 287fbc729f9244e0974b1cf066fbdc1f (127.10.204.4) changed from NON_VOTER to VOTER. New cstate: current_term: 1 leader_uuid: "ef58b768bb7d4f24baf55417a242ee64" committed_config { opid_index: 3 OBSOLETE_local: false peers { permanent_uuid: "920c7c774a41493990e9d448c0042a7b" member_type: VOTER last_known_addr { host: "127.10.204.1" port: 33239 } attrs { replace: true } health_report { overall_health: HEALTHY } } peers { permanent_uuid: "ef58b768bb7d4f24baf55417a242ee64" member_type: VOTER last_known_addr { host: "127.10.204.2" port: 36281 } health_report { overall_health: HEALTHY } } peers { permanent_uuid: "b72898d306304f81bf1be29c8b0f61af" member_type: VOTER last_known_addr { host: "127.10.204.3" port: 42175 } health_report { overall_health: UNKNOWN } } peers { permanent_uuid: "287fbc729f9244e0974b1cf066fbdc1f" member_type: VOTER last_known_addr { host: "127.10.204.4" port: 38053 } attrs { promote: false } health_report { overall_health: HEALTHY } } }
I20260713 09:05:54.911226 12920 consensus_queue.cc:1048] T a12eed5231514b4b8bf4f5242dd45518 P b72898d306304f81bf1be29c8b0f61af [LEADER]: Connected to new peer: Peer: permanent_uuid: "920c7c774a41493990e9d448c0042a7b" member_type: VOTER last_known_addr { host: "127.10.204.1" port: 33239 }, Status: LMP_MISMATCH, Last received: 0.0, Next index: 4, Last known committed idx: 3, Time since last communication: 0.000s
I20260713 09:05:54.912266 12898 raft_consensus.cc:2955] T a12eed5231514b4b8bf4f5242dd45518 P b72898d306304f81bf1be29c8b0f61af [term 1 LEADER]: Committing config change with OpId 1.4: config changed from index 3 to 4, VOTER ef58b768bb7d4f24baf55417a242ee64 (127.10.204.2) evicted. New config: { opid_index: 4 OBSOLETE_local: false peers { permanent_uuid: "920c7c774a41493990e9d448c0042a7b" member_type: VOTER last_known_addr { host: "127.10.204.1" port: 33239 } } peers { permanent_uuid: "b72898d306304f81bf1be29c8b0f61af" member_type: VOTER last_known_addr { host: "127.10.204.3" port: 42175 } } peers { permanent_uuid: "287fbc729f9244e0974b1cf066fbdc1f" member_type: VOTER last_known_addr { host: "127.10.204.4" port: 38053 } attrs { promote: false } } }
I20260713 09:05:54.917693 12310 raft_consensus.cc:2955] T 2149668ea3d84ab8b48c45822c4be6f3 P b72898d306304f81bf1be29c8b0f61af [term 1 FOLLOWER]: Committing config change with OpId 1.3: config changed from index 2 to 3, 287fbc729f9244e0974b1cf066fbdc1f (127.10.204.4) changed from NON_VOTER to VOTER. New config: { opid_index: 3 OBSOLETE_local: false peers { permanent_uuid: "920c7c774a41493990e9d448c0042a7b" member_type: VOTER last_known_addr { host: "127.10.204.1" port: 33239 } attrs { replace: true } } peers { permanent_uuid: "ef58b768bb7d4f24baf55417a242ee64" member_type: VOTER last_known_addr { host: "127.10.204.2" port: 36281 } } peers { permanent_uuid: "b72898d306304f81bf1be29c8b0f61af" member_type: VOTER last_known_addr { host: "127.10.204.3" port: 42175 } } peers { permanent_uuid: "287fbc729f9244e0974b1cf066fbdc1f" member_type: VOTER last_known_addr { host: "127.10.204.4" port: 38053 } attrs { promote: false } } }
I20260713 09:05:54.922646 12158 raft_consensus.cc:2955] T a12eed5231514b4b8bf4f5242dd45518 P 920c7c774a41493990e9d448c0042a7b [term 1 FOLLOWER]: Committing config change with OpId 1.4: config changed from index 3 to 4, VOTER ef58b768bb7d4f24baf55417a242ee64 (127.10.204.2) evicted. New config: { opid_index: 4 OBSOLETE_local: false peers { permanent_uuid: "920c7c774a41493990e9d448c0042a7b" member_type: VOTER last_known_addr { host: "127.10.204.1" port: 33239 } } peers { permanent_uuid: "b72898d306304f81bf1be29c8b0f61af" member_type: VOTER last_known_addr { host: "127.10.204.3" port: 42175 } } peers { permanent_uuid: "287fbc729f9244e0974b1cf066fbdc1f" member_type: VOTER last_known_addr { host: "127.10.204.4" port: 38053 } attrs { promote: false } } }
I20260713 09:05:54.926549 12583 raft_consensus.cc:2955] T a12eed5231514b4b8bf4f5242dd45518 P 287fbc729f9244e0974b1cf066fbdc1f [term 1 FOLLOWER]: Committing config change with OpId 1.4: config changed from index 3 to 4, VOTER ef58b768bb7d4f24baf55417a242ee64 (127.10.204.2) evicted. New config: { opid_index: 4 OBSOLETE_local: false peers { permanent_uuid: "920c7c774a41493990e9d448c0042a7b" member_type: VOTER last_known_addr { host: "127.10.204.1" port: 33239 } } peers { permanent_uuid: "b72898d306304f81bf1be29c8b0f61af" member_type: VOTER last_known_addr { host: "127.10.204.3" port: 42175 } } peers { permanent_uuid: "287fbc729f9244e0974b1cf066fbdc1f" member_type: VOTER last_known_addr { host: "127.10.204.4" port: 38053 } attrs { promote: false } } }
I20260713 09:05:54.933635 12045 catalog_manager.cc:5210] ChangeConfig:REMOVE_PEER RPC for tablet a12eed5231514b4b8bf4f5242dd45518 with cas_config_opid_index 3: ChangeConfig:REMOVE_PEER succeeded (attempt 1)
I20260713 09:05:54.939997 12058 catalog_manager.cc:5697] T a12eed5231514b4b8bf4f5242dd45518 P 920c7c774a41493990e9d448c0042a7b reported cstate change: config changed from index 3 to 4, VOTER ef58b768bb7d4f24baf55417a242ee64 (127.10.204.2) evicted. New cstate: current_term: 1 leader_uuid: "b72898d306304f81bf1be29c8b0f61af" committed_config { opid_index: 4 OBSOLETE_local: false peers { permanent_uuid: "920c7c774a41493990e9d448c0042a7b" member_type: VOTER last_known_addr { host: "127.10.204.1" port: 33239 } } peers { permanent_uuid: "b72898d306304f81bf1be29c8b0f61af" member_type: VOTER last_known_addr { host: "127.10.204.3" port: 42175 } } peers { permanent_uuid: "287fbc729f9244e0974b1cf066fbdc1f" member_type: VOTER last_known_addr { host: "127.10.204.4" port: 38053 } attrs { promote: false } } }
I20260713 09:05:54.948439 12235 consensus_queue.cc:237] T 2149668ea3d84ab8b48c45822c4be6f3 P ef58b768bb7d4f24baf55417a242ee64 [LEADER]: Queue going to LEADER mode. State: All replicated index: 0, Majority replicated index: 3, Committed index: 3, Last appended: 1.3, Last appended by leader: 0, Current term: 1, Majority size: 2, State: 0, Mode: LEADER, active raft config: opid_index: 4 OBSOLETE_local: false peers { permanent_uuid: "ef58b768bb7d4f24baf55417a242ee64" member_type: VOTER last_known_addr { host: "127.10.204.2" port: 36281 } } peers { permanent_uuid: "b72898d306304f81bf1be29c8b0f61af" member_type: VOTER last_known_addr { host: "127.10.204.3" port: 42175 } } peers { permanent_uuid: "287fbc729f9244e0974b1cf066fbdc1f" member_type: VOTER last_known_addr { host: "127.10.204.4" port: 38053 } attrs { promote: false } }
I20260713 09:05:54.951655 12227 tablet_service.cc:1558] Processing DeleteTablet for tablet a12eed5231514b4b8bf4f5242dd45518 with delete_type TABLET_DATA_TOMBSTONED (TS ef58b768bb7d4f24baf55417a242ee64 not found in new config with opid_index 4) from {username='slave'} at 127.0.0.1:59510
I20260713 09:05:54.956348 12581 raft_consensus.cc:1275] T 2149668ea3d84ab8b48c45822c4be6f3 P 287fbc729f9244e0974b1cf066fbdc1f [term 1 FOLLOWER]: Refusing update from remote peer ef58b768bb7d4f24baf55417a242ee64: Log matching property violated. Preceding OpId in replica: term: 1 index: 3. Preceding OpId from leader: term: 1 index: 4. (index mismatch)
I20260713 09:05:54.956560 12932 tablet_replica.cc:333] T a12eed5231514b4b8bf4f5242dd45518 P ef58b768bb7d4f24baf55417a242ee64: stopping tablet replica
I20260713 09:05:54.957675 12932 raft_consensus.cc:2243] T a12eed5231514b4b8bf4f5242dd45518 P ef58b768bb7d4f24baf55417a242ee64 [term 1 FOLLOWER]: Raft consensus shutting down.
I20260713 09:05:54.958431 12932 raft_consensus.cc:2272] T a12eed5231514b4b8bf4f5242dd45518 P ef58b768bb7d4f24baf55417a242ee64 [term 1 FOLLOWER]: Raft consensus is shut down!
I20260713 09:05:54.958999 12901 consensus_queue.cc:1048] T 2149668ea3d84ab8b48c45822c4be6f3 P ef58b768bb7d4f24baf55417a242ee64 [LEADER]: Connected to new peer: Peer: permanent_uuid: "287fbc729f9244e0974b1cf066fbdc1f" member_type: VOTER last_known_addr { host: "127.10.204.4" port: 38053 } attrs { promote: false }, Status: LMP_MISMATCH, Last received: 0.0, Next index: 4, Last known committed idx: 3, Time since last communication: 0.000s
I20260713 09:05:54.964195 12310 raft_consensus.cc:1275] T 2149668ea3d84ab8b48c45822c4be6f3 P b72898d306304f81bf1be29c8b0f61af [term 1 FOLLOWER]: Refusing update from remote peer ef58b768bb7d4f24baf55417a242ee64: Log matching property violated. Preceding OpId in replica: term: 1 index: 3. Preceding OpId from leader: term: 1 index: 4. (index mismatch)
I20260713 09:05:54.964442 12932 ts_tablet_manager.cc:1916] T a12eed5231514b4b8bf4f5242dd45518 P ef58b768bb7d4f24baf55417a242ee64: Deleting tablet data with delete state TABLET_DATA_TOMBSTONED
I20260713 09:05:54.965543 12865 consensus_queue.cc:1048] T 2149668ea3d84ab8b48c45822c4be6f3 P ef58b768bb7d4f24baf55417a242ee64 [LEADER]: Connected to new peer: Peer: permanent_uuid: "b72898d306304f81bf1be29c8b0f61af" member_type: VOTER last_known_addr { host: "127.10.204.3" port: 42175 }, Status: LMP_MISMATCH, Last received: 0.0, Next index: 4, Last known committed idx: 3, Time since last communication: 0.000s
I20260713 09:05:54.965435 12901 raft_consensus.cc:2955] T 2149668ea3d84ab8b48c45822c4be6f3 P ef58b768bb7d4f24baf55417a242ee64 [term 1 LEADER]: Committing config change with OpId 1.4: config changed from index 3 to 4, VOTER 920c7c774a41493990e9d448c0042a7b (127.10.204.1) evicted. New config: { opid_index: 4 OBSOLETE_local: false peers { permanent_uuid: "ef58b768bb7d4f24baf55417a242ee64" member_type: VOTER last_known_addr { host: "127.10.204.2" port: 36281 } } peers { permanent_uuid: "b72898d306304f81bf1be29c8b0f61af" member_type: VOTER last_known_addr { host: "127.10.204.3" port: 42175 } } peers { permanent_uuid: "287fbc729f9244e0974b1cf066fbdc1f" member_type: VOTER last_known_addr { host: "127.10.204.4" port: 38053 } attrs { promote: false } } }
I20260713 09:05:54.967166 12582 raft_consensus.cc:2955] T 2149668ea3d84ab8b48c45822c4be6f3 P 287fbc729f9244e0974b1cf066fbdc1f [term 1 FOLLOWER]: Committing config change with OpId 1.4: config changed from index 3 to 4, VOTER 920c7c774a41493990e9d448c0042a7b (127.10.204.1) evicted. New config: { opid_index: 4 OBSOLETE_local: false peers { permanent_uuid: "ef58b768bb7d4f24baf55417a242ee64" member_type: VOTER last_known_addr { host: "127.10.204.2" port: 36281 } } peers { permanent_uuid: "b72898d306304f81bf1be29c8b0f61af" member_type: VOTER last_known_addr { host: "127.10.204.3" port: 42175 } } peers { permanent_uuid: "287fbc729f9244e0974b1cf066fbdc1f" member_type: VOTER last_known_addr { host: "127.10.204.4" port: 38053 } attrs { promote: false } } }
I20260713 09:05:54.970705 12310 raft_consensus.cc:2955] T 2149668ea3d84ab8b48c45822c4be6f3 P b72898d306304f81bf1be29c8b0f61af [term 1 FOLLOWER]: Committing config change with OpId 1.4: config changed from index 3 to 4, VOTER 920c7c774a41493990e9d448c0042a7b (127.10.204.1) evicted. New config: { opid_index: 4 OBSOLETE_local: false peers { permanent_uuid: "ef58b768bb7d4f24baf55417a242ee64" member_type: VOTER last_known_addr { host: "127.10.204.2" port: 36281 } } peers { permanent_uuid: "b72898d306304f81bf1be29c8b0f61af" member_type: VOTER last_known_addr { host: "127.10.204.3" port: 42175 } } peers { permanent_uuid: "287fbc729f9244e0974b1cf066fbdc1f" member_type: VOTER last_known_addr { host: "127.10.204.4" port: 38053 } attrs { promote: false } } }
I20260713 09:05:54.975883 12045 catalog_manager.cc:5210] ChangeConfig:REMOVE_PEER RPC for tablet 2149668ea3d84ab8b48c45822c4be6f3 with cas_config_opid_index 3: ChangeConfig:REMOVE_PEER succeeded (attempt 1)
I20260713 09:05:54.983000 12059 catalog_manager.cc:5697] T 2149668ea3d84ab8b48c45822c4be6f3 P 287fbc729f9244e0974b1cf066fbdc1f reported cstate change: config changed from index 3 to 4, VOTER 920c7c774a41493990e9d448c0042a7b (127.10.204.1) evicted. New cstate: current_term: 1 leader_uuid: "ef58b768bb7d4f24baf55417a242ee64" committed_config { opid_index: 4 OBSOLETE_local: false peers { permanent_uuid: "ef58b768bb7d4f24baf55417a242ee64" member_type: VOTER last_known_addr { host: "127.10.204.2" port: 36281 } } peers { permanent_uuid: "b72898d306304f81bf1be29c8b0f61af" member_type: VOTER last_known_addr { host: "127.10.204.3" port: 42175 } } peers { permanent_uuid: "287fbc729f9244e0974b1cf066fbdc1f" member_type: VOTER last_known_addr { host: "127.10.204.4" port: 38053 } attrs { promote: false } } }
I20260713 09:05:54.992345 12932 ts_tablet_manager.cc:1929] T a12eed5231514b4b8bf4f5242dd45518 P ef58b768bb7d4f24baf55417a242ee64: tablet deleted with delete type TABLET_DATA_TOMBSTONED: last-logged OpId 1.3
