I20260713 09:05:13.171821 16608 leader_election.cc:304] T 691dc7ef315d47cc8f5ae9726b898eb8 P 01c3277c2b86461ea2fdc97561f58d85 [CANDIDATE]: Term 1 election: Election decided. Result: candidate won. Election summary: received 2 responses out of 3 voters: 2 yes votes; 0 no votes. yes voters: 01c3277c2b86461ea2fdc97561f58d85, a5a388f93a504ccf84e19859210f4238; no voters: 
I20260713 09:05:13.172365 16859 raft_consensus.cc:2804] T 691dc7ef315d47cc8f5ae9726b898eb8 P 01c3277c2b86461ea2fdc97561f58d85 [term 1 FOLLOWER]: Leader election won for term 1
I20260713 09:05:13.172757 16859 raft_consensus.cc:697] T 691dc7ef315d47cc8f5ae9726b898eb8 P 01c3277c2b86461ea2fdc97561f58d85 [term 1 LEADER]: Becoming Leader. State: Replica: 01c3277c2b86461ea2fdc97561f58d85, State: Running, Role: LEADER
I20260713 09:05:13.173349 16793 raft_consensus.cc:2468] T 691dc7ef315d47cc8f5ae9726b898eb8 P b0298c8ccb9445a79832f6ec183d95ca [term 1 FOLLOWER]: Leader election vote request: Granting yes vote for candidate 01c3277c2b86461ea2fdc97561f58d85 in term 1.
I20260713 09:05:13.173802 16859 consensus_queue.cc:237] T 691dc7ef315d47cc8f5ae9726b898eb8 P 01c3277c2b86461ea2fdc97561f58d85 [LEADER]: Queue going to LEADER mode. State: All replicated index: 0, Majority replicated index: 0, Committed index: 0, Last appended: 0.0, Last appended by leader: 0, Current term: 1, Majority size: 2, State: 0, Mode: LEADER, active raft config: opid_index: -1 OBSOLETE_local: false peers { permanent_uuid: "01c3277c2b86461ea2fdc97561f58d85" member_type: VOTER last_known_addr { host: "127.16.31.129" port: 37121 } } peers { permanent_uuid: "a5a388f93a504ccf84e19859210f4238" member_type: VOTER last_known_addr { host: "127.16.31.130" port: 34779 } } peers { permanent_uuid: "b0298c8ccb9445a79832f6ec183d95ca" member_type: VOTER last_known_addr { host: "127.16.31.131" port: 44415 } }
I20260713 09:05:13.180996 16541 catalog_manager.cc:5697] T 691dc7ef315d47cc8f5ae9726b898eb8 P 01c3277c2b86461ea2fdc97561f58d85 reported cstate change: term changed from 0 to 1, leader changed from <none> to 01c3277c2b86461ea2fdc97561f58d85 (127.16.31.129). New cstate: current_term: 1 leader_uuid: "01c3277c2b86461ea2fdc97561f58d85" committed_config { opid_index: -1 OBSOLETE_local: false peers { permanent_uuid: "01c3277c2b86461ea2fdc97561f58d85" member_type: VOTER last_known_addr { host: "127.16.31.129" port: 37121 } health_report { overall_health: HEALTHY } } peers { permanent_uuid: "a5a388f93a504ccf84e19859210f4238" member_type: VOTER last_known_addr { host: "127.16.31.130" port: 34779 } health_report { overall_health: UNKNOWN } } peers { permanent_uuid: "b0298c8ccb9445a79832f6ec183d95ca" member_type: VOTER last_known_addr { host: "127.16.31.131" port: 44415 } health_report { overall_health: UNKNOWN } } }
I20260713 09:05:13.195290 16859 raft_consensus.cc:493] T 50727f900c3a4105a70cfc4e12a5a654 P 01c3277c2b86461ea2fdc97561f58d85 [term 0 FOLLOWER]: Starting pre-election (no leader contacted us within the election timeout)
I20260713 09:05:13.195662 16859 raft_consensus.cc:515] T 50727f900c3a4105a70cfc4e12a5a654 P 01c3277c2b86461ea2fdc97561f58d85 [term 0 FOLLOWER]: Starting pre-election with config: opid_index: -1 OBSOLETE_local: false peers { permanent_uuid: "01c3277c2b86461ea2fdc97561f58d85" member_type: VOTER last_known_addr { host: "127.16.31.129" port: 37121 } } peers { permanent_uuid: "a5a388f93a504ccf84e19859210f4238" member_type: VOTER last_known_addr { host: "127.16.31.130" port: 34779 } } peers { permanent_uuid: "b0298c8ccb9445a79832f6ec183d95ca" member_type: VOTER last_known_addr { host: "127.16.31.131" port: 44415 } }
I20260713 09:05:13.197216 16859 leader_election.cc:290] T 50727f900c3a4105a70cfc4e12a5a654 P 01c3277c2b86461ea2fdc97561f58d85 [CANDIDATE]: Term 1 pre-election: Requested pre-vote from peers a5a388f93a504ccf84e19859210f4238 (127.16.31.130:34779), b0298c8ccb9445a79832f6ec183d95ca (127.16.31.131:44415)
I20260713 09:05:13.198050 16720 tablet_service.cc:1917] Received RequestConsensusVote() RPC: tablet_id: "50727f900c3a4105a70cfc4e12a5a654" candidate_uuid: "01c3277c2b86461ea2fdc97561f58d85" candidate_term: 1 candidate_status { last_received { term: 0 index: 0 } } ignore_live_leader: false dest_uuid: "a5a388f93a504ccf84e19859210f4238" is_pre_election: true
I20260713 09:05:13.198392 16793 tablet_service.cc:1917] Received RequestConsensusVote() RPC: tablet_id: "50727f900c3a4105a70cfc4e12a5a654" candidate_uuid: "01c3277c2b86461ea2fdc97561f58d85" candidate_term: 1 candidate_status { last_received { term: 0 index: 0 } } ignore_live_leader: false dest_uuid: "b0298c8ccb9445a79832f6ec183d95ca" is_pre_election: true
I20260713 09:05:13.198657 16720 raft_consensus.cc:2393] T 50727f900c3a4105a70cfc4e12a5a654 P a5a388f93a504ccf84e19859210f4238 [term 1 FOLLOWER]: Leader pre-election vote request: Denying vote to candidate 01c3277c2b86461ea2fdc97561f58d85 in current term 1: Already voted for candidate b0298c8ccb9445a79832f6ec183d95ca in this term.
I20260713 09:05:13.199846 16609 leader_election.cc:304] T 50727f900c3a4105a70cfc4e12a5a654 P 01c3277c2b86461ea2fdc97561f58d85 [CANDIDATE]: Term 1 pre-election: Election decided. Result: candidate lost. Election summary: received 3 responses out of 3 voters: 1 yes votes; 2 no votes. yes voters: 01c3277c2b86461ea2fdc97561f58d85; no voters: a5a388f93a504ccf84e19859210f4238, b0298c8ccb9445a79832f6ec183d95ca
I20260713 09:05:13.200562 16859 raft_consensus.cc:3060] T 50727f900c3a4105a70cfc4e12a5a654 P 01c3277c2b86461ea2fdc97561f58d85 [term 0 FOLLOWER]: Advancing to term 1
I20260713 09:05:13.207247 16859 raft_consensus.cc:2749] T 50727f900c3a4105a70cfc4e12a5a654 P 01c3277c2b86461ea2fdc97561f58d85 [term 1 FOLLOWER]: Leader pre-election lost for term 1. Reason: could not achieve majority
I20260713 09:05:13.262939 16867 raft_consensus.cc:493] T 0a34bc941bb84c30b7d71d985174f106 P b0298c8ccb9445a79832f6ec183d95ca [term 0 FOLLOWER]: Starting pre-election (no leader contacted us within the election timeout)
I20260713 09:05:13.263371 16867 raft_consensus.cc:515] T 0a34bc941bb84c30b7d71d985174f106 P b0298c8ccb9445a79832f6ec183d95ca [term 0 FOLLOWER]: Starting pre-election with config: opid_index: -1 OBSOLETE_local: false peers { permanent_uuid: "01c3277c2b86461ea2fdc97561f58d85" member_type: VOTER last_known_addr { host: "127.16.31.129" port: 37121 } } peers { permanent_uuid: "a5a388f93a504ccf84e19859210f4238" member_type: VOTER last_known_addr { host: "127.16.31.130" port: 34779 } } peers { permanent_uuid: "b0298c8ccb9445a79832f6ec183d95ca" member_type: VOTER last_known_addr { host: "127.16.31.131" port: 44415 } }
I20260713 09:05:13.264972 16867 leader_election.cc:290] T 0a34bc941bb84c30b7d71d985174f106 P b0298c8ccb9445a79832f6ec183d95ca [CANDIDATE]: Term 1 pre-election: Requested pre-vote from peers 01c3277c2b86461ea2fdc97561f58d85 (127.16.31.129:37121), a5a388f93a504ccf84e19859210f4238 (127.16.31.130:34779)
I20260713 09:05:13.266070 16720 tablet_service.cc:1917] Received RequestConsensusVote() RPC: tablet_id: "0a34bc941bb84c30b7d71d985174f106" candidate_uuid: "b0298c8ccb9445a79832f6ec183d95ca" candidate_term: 1 candidate_status { last_received { term: 0 index: 0 } } ignore_live_leader: false dest_uuid: "a5a388f93a504ccf84e19859210f4238" is_pre_election: true
I20260713 09:05:13.266098 16643 tablet_service.cc:1917] Received RequestConsensusVote() RPC: tablet_id: "0a34bc941bb84c30b7d71d985174f106" candidate_uuid: "b0298c8ccb9445a79832f6ec183d95ca" candidate_term: 1 candidate_status { last_received { term: 0 index: 0 } } ignore_live_leader: false dest_uuid: "01c3277c2b86461ea2fdc97561f58d85" is_pre_election: true
I20260713 09:05:13.266822 16720 raft_consensus.cc:2468] T 0a34bc941bb84c30b7d71d985174f106 P a5a388f93a504ccf84e19859210f4238 [term 0 FOLLOWER]: Leader pre-election vote request: Granting yes vote for candidate b0298c8ccb9445a79832f6ec183d95ca in term 0.
I20260713 09:05:13.266880 16643 raft_consensus.cc:2468] T 0a34bc941bb84c30b7d71d985174f106 P 01c3277c2b86461ea2fdc97561f58d85 [term 0 FOLLOWER]: Leader pre-election vote request: Granting yes vote for candidate b0298c8ccb9445a79832f6ec183d95ca in term 0.
I20260713 09:05:13.267930 16757 leader_election.cc:304] T 0a34bc941bb84c30b7d71d985174f106 P b0298c8ccb9445a79832f6ec183d95ca [CANDIDATE]: Term 1 pre-election: Election decided. Result: candidate won. Election summary: received 2 responses out of 3 voters: 2 yes votes; 0 no votes. yes voters: a5a388f93a504ccf84e19859210f4238, b0298c8ccb9445a79832f6ec183d95ca; no voters: 
I20260713 09:05:13.268684 16867 raft_consensus.cc:2804] T 0a34bc941bb84c30b7d71d985174f106 P b0298c8ccb9445a79832f6ec183d95ca [term 0 FOLLOWER]: Leader pre-election won for term 1
I20260713 09:05:13.269063 16867 raft_consensus.cc:493] T 0a34bc941bb84c30b7d71d985174f106 P b0298c8ccb9445a79832f6ec183d95ca [term 0 FOLLOWER]: Starting leader election (no leader contacted us within the election timeout)
I20260713 09:05:13.269379 16867 raft_consensus.cc:3060] T 0a34bc941bb84c30b7d71d985174f106 P b0298c8ccb9445a79832f6ec183d95ca [term 0 FOLLOWER]: Advancing to term 1
I20260713 09:05:13.273731 16867 raft_consensus.cc:515] T 0a34bc941bb84c30b7d71d985174f106 P b0298c8ccb9445a79832f6ec183d95ca [term 1 FOLLOWER]: Starting leader election with config: opid_index: -1 OBSOLETE_local: false peers { permanent_uuid: "01c3277c2b86461ea2fdc97561f58d85" member_type: VOTER last_known_addr { host: "127.16.31.129" port: 37121 } } peers { permanent_uuid: "a5a388f93a504ccf84e19859210f4238" member_type: VOTER last_known_addr { host: "127.16.31.130" port: 34779 } } peers { permanent_uuid: "b0298c8ccb9445a79832f6ec183d95ca" member_type: VOTER last_known_addr { host: "127.16.31.131" port: 44415 } }
I20260713 09:05:13.275679 16867 leader_election.cc:290] T 0a34bc941bb84c30b7d71d985174f106 P b0298c8ccb9445a79832f6ec183d95ca [CANDIDATE]: Term 1 election: Requested vote from peers 01c3277c2b86461ea2fdc97561f58d85 (127.16.31.129:37121), a5a388f93a504ccf84e19859210f4238 (127.16.31.130:34779)
I20260713 09:05:13.276033 16643 tablet_service.cc:1917] Received RequestConsensusVote() RPC: tablet_id: "0a34bc941bb84c30b7d71d985174f106" candidate_uuid: "b0298c8ccb9445a79832f6ec183d95ca" candidate_term: 1 candidate_status { last_received { term: 0 index: 0 } } ignore_live_leader: false dest_uuid: "01c3277c2b86461ea2fdc97561f58d85"
I20260713 09:05:13.276249 16720 tablet_service.cc:1917] Received RequestConsensusVote() RPC: tablet_id: "0a34bc941bb84c30b7d71d985174f106" candidate_uuid: "b0298c8ccb9445a79832f6ec183d95ca" candidate_term: 1 candidate_status { last_received { term: 0 index: 0 } } ignore_live_leader: false dest_uuid: "a5a388f93a504ccf84e19859210f4238"
I20260713 09:05:13.276686 16720 raft_consensus.cc:3060] T 0a34bc941bb84c30b7d71d985174f106 P a5a388f93a504ccf84e19859210f4238 [term 0 FOLLOWER]: Advancing to term 1
I20260713 09:05:13.280889 16720 raft_consensus.cc:2468] T 0a34bc941bb84c30b7d71d985174f106 P a5a388f93a504ccf84e19859210f4238 [term 1 FOLLOWER]: Leader election vote request: Granting yes vote for candidate b0298c8ccb9445a79832f6ec183d95ca in term 1.
I20260713 09:05:13.276582 16643 raft_consensus.cc:3060] T 0a34bc941bb84c30b7d71d985174f106 P 01c3277c2b86461ea2fdc97561f58d85 [term 0 FOLLOWER]: Advancing to term 1
I20260713 09:05:13.281816 16757 leader_election.cc:304] T 0a34bc941bb84c30b7d71d985174f106 P b0298c8ccb9445a79832f6ec183d95ca [CANDIDATE]: Term 1 election: Election decided. Result: candidate won. Election summary: received 2 responses out of 3 voters: 2 yes votes; 0 no votes. yes voters: a5a388f93a504ccf84e19859210f4238, b0298c8ccb9445a79832f6ec183d95ca; no voters: 
I20260713 09:05:13.282543 16867 raft_consensus.cc:2804] T 0a34bc941bb84c30b7d71d985174f106 P b0298c8ccb9445a79832f6ec183d95ca [term 1 FOLLOWER]: Leader election won for term 1
I20260713 09:05:13.283056 16867 raft_consensus.cc:697] T 0a34bc941bb84c30b7d71d985174f106 P b0298c8ccb9445a79832f6ec183d95ca [term 1 LEADER]: Becoming Leader. State: Replica: b0298c8ccb9445a79832f6ec183d95ca, State: Running, Role: LEADER
I20260713 09:05:13.283839 16867 consensus_queue.cc:237] T 0a34bc941bb84c30b7d71d985174f106 P b0298c8ccb9445a79832f6ec183d95ca [LEADER]: Queue going to LEADER mode. State: All replicated index: 0, Majority replicated index: 0, Committed index: 0, Last appended: 0.0, Last appended by leader: 0, Current term: 1, Majority size: 2, State: 0, Mode: LEADER, active raft config: opid_index: -1 OBSOLETE_local: false peers { permanent_uuid: "01c3277c2b86461ea2fdc97561f58d85" member_type: VOTER last_known_addr { host: "127.16.31.129" port: 37121 } } peers { permanent_uuid: "a5a388f93a504ccf84e19859210f4238" member_type: VOTER last_known_addr { host: "127.16.31.130" port: 34779 } } peers { permanent_uuid: "b0298c8ccb9445a79832f6ec183d95ca" member_type: VOTER last_known_addr { host: "127.16.31.131" port: 44415 } }
I20260713 09:05:13.285806 16643 raft_consensus.cc:2468] T 0a34bc941bb84c30b7d71d985174f106 P 01c3277c2b86461ea2fdc97561f58d85 [term 1 FOLLOWER]: Leader election vote request: Granting yes vote for candidate b0298c8ccb9445a79832f6ec183d95ca in term 1.
I20260713 09:05:13.292177 16541 catalog_manager.cc:5697] T 0a34bc941bb84c30b7d71d985174f106 P b0298c8ccb9445a79832f6ec183d95ca reported cstate change: term changed from 0 to 1, leader changed from <none> to b0298c8ccb9445a79832f6ec183d95ca (127.16.31.131). New cstate: current_term: 1 leader_uuid: "b0298c8ccb9445a79832f6ec183d95ca" committed_config { opid_index: -1 OBSOLETE_local: false peers { permanent_uuid: "01c3277c2b86461ea2fdc97561f58d85" member_type: VOTER last_known_addr { host: "127.16.31.129" port: 37121 } health_report { overall_health: UNKNOWN } } peers { permanent_uuid: "a5a388f93a504ccf84e19859210f4238" member_type: VOTER last_known_addr { host: "127.16.31.130" port: 34779 } health_report { overall_health: UNKNOWN } } peers { permanent_uuid: "b0298c8ccb9445a79832f6ec183d95ca" member_type: VOTER last_known_addr { host: "127.16.31.131" port: 44415 } health_report { overall_health: HEALTHY } } }
I20260713 09:05:13.297196 16867 consensus_queue.cc:1048] T 9cd2102be4ea4aac89852de5b7ccd66d P b0298c8ccb9445a79832f6ec183d95ca [LEADER]: Connected to new peer: Peer: permanent_uuid: "01c3277c2b86461ea2fdc97561f58d85" member_type: VOTER last_known_addr { host: "127.16.31.129" port: 37121 }, Status: LMP_MISMATCH, Last received: 0.0, Next index: 1, Last known committed idx: 0, Time since last communication: 0.000s
I20260713 09:05:13.306514 16868 consensus_queue.cc:1048] T 58e46d5b78d74bfc969a030e01dd9666 P b0298c8ccb9445a79832f6ec183d95ca [LEADER]: Connected to new peer: Peer: permanent_uuid: "a5a388f93a504ccf84e19859210f4238" member_type: VOTER last_known_addr { host: "127.16.31.130" port: 34779 }, Status: LMP_MISMATCH, Last received: 0.0, Next index: 1, Last known committed idx: 0, Time since last communication: 0.001s
I20260713 09:05:13.318626 16868 consensus_queue.cc:1048] T e171bcdeedc94085b0564702862ac467 P b0298c8ccb9445a79832f6ec183d95ca [LEADER]: Connected to new peer: Peer: permanent_uuid: "01c3277c2b86461ea2fdc97561f58d85" member_type: VOTER last_known_addr { host: "127.16.31.129" port: 37121 }, Status: LMP_MISMATCH, Last received: 0.0, Next index: 1, Last known committed idx: 0, Time since last communication: 0.000s
I20260713 09:05:13.321403 16868 consensus_queue.cc:1048] T 9cd2102be4ea4aac89852de5b7ccd66d P b0298c8ccb9445a79832f6ec183d95ca [LEADER]: Connected to new peer: Peer: permanent_uuid: "a5a388f93a504ccf84e19859210f4238" member_type: VOTER last_known_addr { host: "127.16.31.130" port: 34779 }, Status: LMP_MISMATCH, Last received: 0.0, Next index: 1, Last known committed idx: 0, Time since last communication: 0.000s
I20260713 09:05:13.331676 16869 consensus_queue.cc:1048] T 58e46d5b78d74bfc969a030e01dd9666 P b0298c8ccb9445a79832f6ec183d95ca [LEADER]: Connected to new peer: Peer: permanent_uuid: "01c3277c2b86461ea2fdc97561f58d85" member_type: VOTER last_known_addr { host: "127.16.31.129" port: 37121 }, Status: LMP_MISMATCH, Last received: 0.0, Next index: 1, Last known committed idx: 0, Time since last communication: 0.001s
I20260713 09:05:13.339215 16859 consensus_queue.cc:1048] T bdf0de09652b4770afc3e8b1e6c61837 P 01c3277c2b86461ea2fdc97561f58d85 [LEADER]: Connected to new peer: Peer: permanent_uuid: "b0298c8ccb9445a79832f6ec183d95ca" member_type: VOTER last_known_addr { host: "127.16.31.131" port: 44415 }, Status: LMP_MISMATCH, Last received: 0.0, Next index: 1, Last known committed idx: 0, Time since last communication: 0.000s
I20260713 09:05:13.360721 16843 consensus_queue.cc:1048] T bdf0de09652b4770afc3e8b1e6c61837 P 01c3277c2b86461ea2fdc97561f58d85 [LEADER]: Connected to new peer: Peer: permanent_uuid: "a5a388f93a504ccf84e19859210f4238" member_type: VOTER last_known_addr { host: "127.16.31.130" port: 34779 }, Status: LMP_MISMATCH, Last received: 0.0, Next index: 1, Last known committed idx: 0, Time since last communication: 0.000s
I20260713 09:05:13.362164 16868 consensus_queue.cc:1048] T e171bcdeedc94085b0564702862ac467 P b0298c8ccb9445a79832f6ec183d95ca [LEADER]: Connected to new peer: Peer: permanent_uuid: "a5a388f93a504ccf84e19859210f4238" member_type: VOTER last_known_addr { host: "127.16.31.130" port: 34779 }, Status: LMP_MISMATCH, Last received: 0.0, Next index: 1, Last known committed idx: 0, Time since last communication: 0.000s
I20260713 09:05:13.395175 16868 consensus_queue.cc:1048] T 50727f900c3a4105a70cfc4e12a5a654 P b0298c8ccb9445a79832f6ec183d95ca [LEADER]: Connected to new peer: Peer: permanent_uuid: "01c3277c2b86461ea2fdc97561f58d85" member_type: VOTER last_known_addr { host: "127.16.31.129" port: 37121 }, Status: LMP_MISMATCH, Last received: 0.0, Next index: 1, Last known committed idx: 0, Time since last communication: 0.000s
I20260713 09:05:13.398478 16793 tablet_service.cc:2072] Received LeaderStepDown RPC: tablet_id: "e171bcdeedc94085b0564702862ac467"
dest_uuid: "b0298c8ccb9445a79832f6ec183d95ca"
mode: GRACEFUL
new_leader_uuid: "01c3277c2b86461ea2fdc97561f58d85"
 from {username='slave'} at 127.0.0.1:59188
I20260713 09:05:13.399153 16793 raft_consensus.cc:606] T e171bcdeedc94085b0564702862ac467 P b0298c8ccb9445a79832f6ec183d95ca [term 1 LEADER]: Received request to transfer leadership to TS 01c3277c2b86461ea2fdc97561f58d85
I20260713 09:05:13.409091 16793 tablet_service.cc:2072] Received LeaderStepDown RPC: tablet_id: "58e46d5b78d74bfc969a030e01dd9666"
dest_uuid: "b0298c8ccb9445a79832f6ec183d95ca"
mode: GRACEFUL
new_leader_uuid: "01c3277c2b86461ea2fdc97561f58d85"
 from {username='slave'} at 127.0.0.1:59188
I20260713 09:05:13.409715 16793 raft_consensus.cc:606] T 58e46d5b78d74bfc969a030e01dd9666 P b0298c8ccb9445a79832f6ec183d95ca [term 1 LEADER]: Received request to transfer leadership to TS 01c3277c2b86461ea2fdc97561f58d85
I20260713 09:05:13.412235 16869 consensus_queue.cc:1048] T 50727f900c3a4105a70cfc4e12a5a654 P b0298c8ccb9445a79832f6ec183d95ca [LEADER]: Connected to new peer: Peer: permanent_uuid: "a5a388f93a504ccf84e19859210f4238" member_type: VOTER last_known_addr { host: "127.16.31.130" port: 34779 }, Status: LMP_MISMATCH, Last received: 0.0, Next index: 1, Last known committed idx: 0, Time since last communication: 0.000s
I20260713 09:05:13.427425 16793 tablet_service.cc:2072] Received LeaderStepDown RPC: tablet_id: "50727f900c3a4105a70cfc4e12a5a654"
dest_uuid: "b0298c8ccb9445a79832f6ec183d95ca"
mode: GRACEFUL
new_leader_uuid: "a5a388f93a504ccf84e19859210f4238"
 from {username='slave'} at 127.0.0.1:59188
I20260713 09:05:13.427954 16793 raft_consensus.cc:606] T 50727f900c3a4105a70cfc4e12a5a654 P b0298c8ccb9445a79832f6ec183d95ca [term 1 LEADER]: Received request to transfer leadership to TS a5a388f93a504ccf84e19859210f4238
I20260713 09:05:13.440785 16643 tablet_service.cc:2072] Received LeaderStepDown RPC: tablet_id: "691dc7ef315d47cc8f5ae9726b898eb8"
dest_uuid: "01c3277c2b86461ea2fdc97561f58d85"
mode: GRACEFUL
new_leader_uuid: "a5a388f93a504ccf84e19859210f4238"
 from {username='slave'} at 127.0.0.1:53238
I20260713 09:05:13.441243 16643 raft_consensus.cc:606] T 691dc7ef315d47cc8f5ae9726b898eb8 P 01c3277c2b86461ea2fdc97561f58d85 [term 1 LEADER]: Received request to transfer leadership to TS a5a388f93a504ccf84e19859210f4238
I20260713 09:05:13.445837 16793 tablet_service.cc:2072] Received LeaderStepDown RPC: tablet_id: "0a34bc941bb84c30b7d71d985174f106"
dest_uuid: "b0298c8ccb9445a79832f6ec183d95ca"
mode: GRACEFUL
new_leader_uuid: "a5a388f93a504ccf84e19859210f4238"
 from {username='slave'} at 127.0.0.1:59188
I20260713 09:05:13.446381 16793 raft_consensus.cc:606] T 0a34bc941bb84c30b7d71d985174f106 P b0298c8ccb9445a79832f6ec183d95ca [term 1 LEADER]: Received request to transfer leadership to TS a5a388f93a504ccf84e19859210f4238
I20260713 09:05:13.546972 16843 consensus_queue.cc:1048] T 4110350ada4e45cbb4b979d3c9e3824a P 01c3277c2b86461ea2fdc97561f58d85 [LEADER]: Connected to new peer: Peer: permanent_uuid: "a5a388f93a504ccf84e19859210f4238" member_type: VOTER last_known_addr { host: "127.16.31.130" port: 34779 }, Status: LMP_MISMATCH, Last received: 0.0, Next index: 1, Last known committed idx: 0, Time since last communication: 0.000s
I20260713 09:05:13.558048 16888 consensus_queue.cc:1048] T 4110350ada4e45cbb4b979d3c9e3824a P 01c3277c2b86461ea2fdc97561f58d85 [LEADER]: Connected to new peer: Peer: permanent_uuid: "b0298c8ccb9445a79832f6ec183d95ca" member_type: VOTER last_known_addr { host: "127.16.31.131" port: 44415 }, Status: LMP_MISMATCH, Last received: 0.0, Next index: 1, Last known committed idx: 0, Time since last communication: 0.000s
I20260713 09:05:13.586573 16888 consensus_queue.cc:1048] T 691dc7ef315d47cc8f5ae9726b898eb8 P 01c3277c2b86461ea2fdc97561f58d85 [LEADER]: Connected to new peer: Peer: permanent_uuid: "a5a388f93a504ccf84e19859210f4238" member_type: VOTER last_known_addr { host: "127.16.31.130" port: 34779 }, Status: LMP_MISMATCH, Last received: 0.0, Next index: 1, Last known committed idx: 0, Time since last communication: 0.000s
I20260713 09:05:13.592907 16859 raft_consensus.cc:993] T 691dc7ef315d47cc8f5ae9726b898eb8 P 01c3277c2b86461ea2fdc97561f58d85: : Instructing follower a5a388f93a504ccf84e19859210f4238 to start an election
I20260713 09:05:13.593353 16859 raft_consensus.cc:1081] T 691dc7ef315d47cc8f5ae9726b898eb8 P 01c3277c2b86461ea2fdc97561f58d85 [term 1 LEADER]: Signalling peer a5a388f93a504ccf84e19859210f4238 to start an election
I20260713 09:05:13.596944 16719 tablet_service.cc:2044] Received Run Leader Election RPC: tablet_id: "691dc7ef315d47cc8f5ae9726b898eb8"
dest_uuid: "a5a388f93a504ccf84e19859210f4238"
 from {username='slave'} at 127.0.0.1:60730
I20260713 09:05:13.597504 16719 raft_consensus.cc:493] T 691dc7ef315d47cc8f5ae9726b898eb8 P a5a388f93a504ccf84e19859210f4238 [term 1 FOLLOWER]: Starting forced leader election (received explicit request)
I20260713 09:05:13.597839 16719 raft_consensus.cc:3060] T 691dc7ef315d47cc8f5ae9726b898eb8 P a5a388f93a504ccf84e19859210f4238 [term 1 FOLLOWER]: Advancing to term 2
I20260713 09:05:13.597832 16859 consensus_queue.cc:1048] T 691dc7ef315d47cc8f5ae9726b898eb8 P 01c3277c2b86461ea2fdc97561f58d85 [LEADER]: Connected to new peer: Peer: permanent_uuid: "b0298c8ccb9445a79832f6ec183d95ca" member_type: VOTER last_known_addr { host: "127.16.31.131" port: 44415 }, Status: LMP_MISMATCH, Last received: 0.0, Next index: 1, Last known committed idx: 0, Time since last communication: 0.001s
I20260713 09:05:13.604904 16719 raft_consensus.cc:515] T 691dc7ef315d47cc8f5ae9726b898eb8 P a5a388f93a504ccf84e19859210f4238 [term 2 FOLLOWER]: Starting forced leader election with config: opid_index: -1 OBSOLETE_local: false peers { permanent_uuid: "01c3277c2b86461ea2fdc97561f58d85" member_type: VOTER last_known_addr { host: "127.16.31.129" port: 37121 } } peers { permanent_uuid: "a5a388f93a504ccf84e19859210f4238" member_type: VOTER last_known_addr { host: "127.16.31.130" port: 34779 } } peers { permanent_uuid: "b0298c8ccb9445a79832f6ec183d95ca" member_type: VOTER last_known_addr { host: "127.16.31.131" port: 44415 } }
I20260713 09:05:13.605888 16718 raft_consensus.cc:1240] T 691dc7ef315d47cc8f5ae9726b898eb8 P a5a388f93a504ccf84e19859210f4238 [term 2 FOLLOWER]: Rejecting Update request from peer 01c3277c2b86461ea2fdc97561f58d85 for earlier term 1. Current term is 2. Ops: []
I20260713 09:05:13.607949 16719 leader_election.cc:290] T 691dc7ef315d47cc8f5ae9726b898eb8 P a5a388f93a504ccf84e19859210f4238 [CANDIDATE]: Term 2 election: Requested vote from peers 01c3277c2b86461ea2fdc97561f58d85 (127.16.31.129:37121), b0298c8ccb9445a79832f6ec183d95ca (127.16.31.131:44415)
I20260713 09:05:13.609074 16643 tablet_service.cc:1917] Received RequestConsensusVote() RPC: tablet_id: "691dc7ef315d47cc8f5ae9726b898eb8" candidate_uuid: "a5a388f93a504ccf84e19859210f4238" candidate_term: 2 candidate_status { last_received { term: 1 index: 1 } } ignore_live_leader: true dest_uuid: "01c3277c2b86461ea2fdc97561f58d85"
I20260713 09:05:13.609349 16794 tablet_service.cc:1917] Received RequestConsensusVote() RPC: tablet_id: "691dc7ef315d47cc8f5ae9726b898eb8" candidate_uuid: "a5a388f93a504ccf84e19859210f4238" candidate_term: 2 candidate_status { last_received { term: 1 index: 1 } } ignore_live_leader: true dest_uuid: "b0298c8ccb9445a79832f6ec183d95ca"
I20260713 09:05:13.609653 16643 raft_consensus.cc:3055] T 691dc7ef315d47cc8f5ae9726b898eb8 P 01c3277c2b86461ea2fdc97561f58d85 [term 1 LEADER]: Stepping down as leader of term 1
I20260713 09:05:13.610057 16643 raft_consensus.cc:740] T 691dc7ef315d47cc8f5ae9726b898eb8 P 01c3277c2b86461ea2fdc97561f58d85 [term 1 LEADER]: Becoming Follower/Learner. State: Replica: 01c3277c2b86461ea2fdc97561f58d85, State: Running, Role: LEADER
I20260713 09:05:13.610424 16794 raft_consensus.cc:3060] T 691dc7ef315d47cc8f5ae9726b898eb8 P b0298c8ccb9445a79832f6ec183d95ca [term 1 FOLLOWER]: Advancing to term 2
I20260713 09:05:13.609644 16859 consensus_queue.cc:1059] T 691dc7ef315d47cc8f5ae9726b898eb8 P 01c3277c2b86461ea2fdc97561f58d85 [LEADER]: Peer responded invalid term: Peer: permanent_uuid: "a5a388f93a504ccf84e19859210f4238" member_type: VOTER last_known_addr { host: "127.16.31.130" port: 34779 }, Status: INVALID_TERM, Last received: 1.1, Next index: 2, Last known committed idx: 0, Time since last communication: 0.004s
I20260713 09:05:13.616107 16794 raft_consensus.cc:2468] T 691dc7ef315d47cc8f5ae9726b898eb8 P b0298c8ccb9445a79832f6ec183d95ca [term 2 FOLLOWER]: Leader election vote request: Granting yes vote for candidate a5a388f93a504ccf84e19859210f4238 in term 2.
I20260713 09:05:13.617223 16684 leader_election.cc:304] T 691dc7ef315d47cc8f5ae9726b898eb8 P a5a388f93a504ccf84e19859210f4238 [CANDIDATE]: Term 2 election: Election decided. Result: candidate won. Election summary: received 2 responses out of 3 voters: 2 yes votes; 0 no votes. yes voters: a5a388f93a504ccf84e19859210f4238, b0298c8ccb9445a79832f6ec183d95ca; no voters: 
I20260713 09:05:13.617964 16844 raft_consensus.cc:2804] T 691dc7ef315d47cc8f5ae9726b898eb8 P a5a388f93a504ccf84e19859210f4238 [term 2 FOLLOWER]: Leader election won for term 2
I20260713 09:05:13.617897 16643 consensus_queue.cc:260] T 691dc7ef315d47cc8f5ae9726b898eb8 P 01c3277c2b86461ea2fdc97561f58d85 [NON_LEADER]: Queue going to NON_LEADER mode. State: All replicated index: 0, Majority replicated index: 1, Committed index: 1, Last appended: 1.1, Last appended by leader: 1, Current term: 1, Majority size: -1, State: 0, Mode: NON_LEADER, active raft config: opid_index: -1 OBSOLETE_local: false peers { permanent_uuid: "01c3277c2b86461ea2fdc97561f58d85" member_type: VOTER last_known_addr { host: "127.16.31.129" port: 37121 } } peers { permanent_uuid: "a5a388f93a504ccf84e19859210f4238" member_type: VOTER last_known_addr { host: "127.16.31.130" port: 34779 } } peers { permanent_uuid: "b0298c8ccb9445a79832f6ec183d95ca" member_type: VOTER last_known_addr { host: "127.16.31.131" port: 44415 } }
I20260713 09:05:13.619961 16643 raft_consensus.cc:3060] T 691dc7ef315d47cc8f5ae9726b898eb8 P 01c3277c2b86461ea2fdc97561f58d85 [term 1 FOLLOWER]: Advancing to term 2
I20260713 09:05:13.621011 16844 raft_consensus.cc:697] T 691dc7ef315d47cc8f5ae9726b898eb8 P a5a388f93a504ccf84e19859210f4238 [term 2 LEADER]: Becoming Leader. State: Replica: a5a388f93a504ccf84e19859210f4238, State: Running, Role: LEADER
I20260713 09:05:13.621819 16844 consensus_queue.cc:237] T 691dc7ef315d47cc8f5ae9726b898eb8 P a5a388f93a504ccf84e19859210f4238 [LEADER]: Queue going to LEADER mode. State: All replicated index: 0, Majority replicated index: 0, Committed index: 0, Last appended: 1.1, Last appended by leader: 1, Current term: 2, Majority size: 2, State: 0, Mode: LEADER, active raft config: opid_index: -1 OBSOLETE_local: false peers { permanent_uuid: "01c3277c2b86461ea2fdc97561f58d85" member_type: VOTER last_known_addr { host: "127.16.31.129" port: 37121 } } peers { permanent_uuid: "a5a388f93a504ccf84e19859210f4238" member_type: VOTER last_known_addr { host: "127.16.31.130" port: 34779 } } peers { permanent_uuid: "b0298c8ccb9445a79832f6ec183d95ca" member_type: VOTER last_known_addr { host: "127.16.31.131" port: 44415 } }
I20260713 09:05:13.626119 16643 raft_consensus.cc:2468] T 691dc7ef315d47cc8f5ae9726b898eb8 P 01c3277c2b86461ea2fdc97561f58d85 [term 2 FOLLOWER]: Leader election vote request: Granting yes vote for candidate a5a388f93a504ccf84e19859210f4238 in term 2.
W20260713 09:05:13.627065 16843 raft_consensus.cc:936] Couldn't advance consensus term.: Illegal state: Can't advance term to: 2 current term: 2 is higher.
I20260713 09:05:13.630539 16844 consensus_queue.cc:1048] T 7ef18af6f70c49cda28aef4a95f23526 P a5a388f93a504ccf84e19859210f4238 [LEADER]: Connected to new peer: Peer: permanent_uuid: "b0298c8ccb9445a79832f6ec183d95ca" member_type: VOTER last_known_addr { host: "127.16.31.131" port: 44415 }, Status: LMP_MISMATCH, Last received: 0.0, Next index: 1, Last known committed idx: 0, Time since last communication: 0.000s
I20260713 09:05:13.631263 16541 catalog_manager.cc:5697] T 691dc7ef315d47cc8f5ae9726b898eb8 P a5a388f93a504ccf84e19859210f4238 reported cstate change: term changed from 1 to 2, leader changed from 01c3277c2b86461ea2fdc97561f58d85 (127.16.31.129) to a5a388f93a504ccf84e19859210f4238 (127.16.31.130). New cstate: current_term: 2 leader_uuid: "a5a388f93a504ccf84e19859210f4238" committed_config { opid_index: -1 OBSOLETE_local: false peers { permanent_uuid: "01c3277c2b86461ea2fdc97561f58d85" member_type: VOTER last_known_addr { host: "127.16.31.129" port: 37121 } health_report { overall_health: UNKNOWN } } peers { permanent_uuid: "a5a388f93a504ccf84e19859210f4238" member_type: VOTER last_known_addr { host: "127.16.31.130" port: 34779 } health_report { overall_health: HEALTHY } } peers { permanent_uuid: "b0298c8ccb9445a79832f6ec183d95ca" member_type: VOTER last_known_addr { host: "127.16.31.131" port: 44415 } health_report { overall_health: UNKNOWN } } }
I20260713 09:05:13.643949 16919 consensus_queue.cc:1048] T 7ef18af6f70c49cda28aef4a95f23526 P a5a388f93a504ccf84e19859210f4238 [LEADER]: Connected to new peer: Peer: permanent_uuid: "01c3277c2b86461ea2fdc97561f58d85" member_type: VOTER last_known_addr { host: "127.16.31.129" port: 37121 }, Status: LMP_MISMATCH, Last received: 0.0, Next index: 1, Last known committed idx: 0, Time since last communication: 0.000s
I20260713 09:05:13.708120 16868 consensus_queue.cc:1048] T 0a34bc941bb84c30b7d71d985174f106 P b0298c8ccb9445a79832f6ec183d95ca [LEADER]: Connected to new peer: Peer: permanent_uuid: "01c3277c2b86461ea2fdc97561f58d85" member_type: VOTER last_known_addr { host: "127.16.31.129" port: 37121 }, Status: LMP_MISMATCH, Last received: 0.0, Next index: 1, Last known committed idx: 0, Time since last communication: 0.000s
I20260713 09:05:13.718523 16880 consensus_queue.cc:1048] T 0a34bc941bb84c30b7d71d985174f106 P b0298c8ccb9445a79832f6ec183d95ca [LEADER]: Connected to new peer: Peer: permanent_uuid: "a5a388f93a504ccf84e19859210f4238" member_type: VOTER last_known_addr { host: "127.16.31.130" port: 34779 }, Status: LMP_MISMATCH, Last received: 0.0, Next index: 1, Last known committed idx: 0, Time since last communication: 0.000s
I20260713 09:05:13.733793 16869 raft_consensus.cc:993] T 0a34bc941bb84c30b7d71d985174f106 P b0298c8ccb9445a79832f6ec183d95ca: : Instructing follower a5a388f93a504ccf84e19859210f4238 to start an election
I20260713 09:05:13.734258 16880 raft_consensus.cc:1081] T 0a34bc941bb84c30b7d71d985174f106 P b0298c8ccb9445a79832f6ec183d95ca [term 1 LEADER]: Signalling peer a5a388f93a504ccf84e19859210f4238 to start an election
I20260713 09:05:13.735817 16719 tablet_service.cc:2044] Received Run Leader Election RPC: tablet_id: "0a34bc941bb84c30b7d71d985174f106"
dest_uuid: "a5a388f93a504ccf84e19859210f4238"
 from {username='slave'} at 127.0.0.1:60744
I20260713 09:05:13.736433 16719 raft_consensus.cc:493] T 0a34bc941bb84c30b7d71d985174f106 P a5a388f93a504ccf84e19859210f4238 [term 1 FOLLOWER]: Starting forced leader election (received explicit request)
I20260713 09:05:13.736783 16719 raft_consensus.cc:3060] T 0a34bc941bb84c30b7d71d985174f106 P a5a388f93a504ccf84e19859210f4238 [term 1 FOLLOWER]: Advancing to term 2
I20260713 09:05:13.740810 16719 raft_consensus.cc:515] T 0a34bc941bb84c30b7d71d985174f106 P a5a388f93a504ccf84e19859210f4238 [term 2 FOLLOWER]: Starting forced leader election with config: opid_index: -1 OBSOLETE_local: false peers { permanent_uuid: "01c3277c2b86461ea2fdc97561f58d85" member_type: VOTER last_known_addr { host: "127.16.31.129" port: 37121 } } peers { permanent_uuid: "a5a388f93a504ccf84e19859210f4238" member_type: VOTER last_known_addr { host: "127.16.31.130" port: 34779 } } peers { permanent_uuid: "b0298c8ccb9445a79832f6ec183d95ca" member_type: VOTER last_known_addr { host: "127.16.31.131" port: 44415 } }
I20260713 09:05:13.742576 16719 leader_election.cc:290] T 0a34bc941bb84c30b7d71d985174f106 P a5a388f93a504ccf84e19859210f4238 [CANDIDATE]: Term 2 election: Requested vote from peers 01c3277c2b86461ea2fdc97561f58d85 (127.16.31.129:37121), b0298c8ccb9445a79832f6ec183d95ca (127.16.31.131:44415)
I20260713 09:05:13.743578 16794 tablet_service.cc:1917] Received RequestConsensusVote() RPC: tablet_id: "0a34bc941bb84c30b7d71d985174f106" candidate_uuid: "a5a388f93a504ccf84e19859210f4238" candidate_term: 2 candidate_status { last_received { term: 1 index: 1 } } ignore_live_leader: true dest_uuid: "b0298c8ccb9445a79832f6ec183d95ca"
I20260713 09:05:13.744138 16794 raft_consensus.cc:3055] T 0a34bc941bb84c30b7d71d985174f106 P b0298c8ccb9445a79832f6ec183d95ca [term 1 LEADER]: Stepping down as leader of term 1
I20260713 09:05:13.744429 16794 raft_consensus.cc:740] T 0a34bc941bb84c30b7d71d985174f106 P b0298c8ccb9445a79832f6ec183d95ca [term 1 LEADER]: Becoming Follower/Learner. State: Replica: b0298c8ccb9445a79832f6ec183d95ca, State: Running, Role: LEADER
I20260713 09:05:13.744552 16643 tablet_service.cc:1917] Received RequestConsensusVote() RPC: tablet_id: "0a34bc941bb84c30b7d71d985174f106" candidate_uuid: "a5a388f93a504ccf84e19859210f4238" candidate_term: 2 candidate_status { last_received { term: 1 index: 1 } } ignore_live_leader: true dest_uuid: "01c3277c2b86461ea2fdc97561f58d85"
I20260713 09:05:13.745086 16643 raft_consensus.cc:3060] T 0a34bc941bb84c30b7d71d985174f106 P 01c3277c2b86461ea2fdc97561f58d85 [term 1 FOLLOWER]: Advancing to term 2
I20260713 09:05:13.745193 16794 consensus_queue.cc:260] T 0a34bc941bb84c30b7d71d985174f106 P b0298c8ccb9445a79832f6ec183d95ca [NON_LEADER]: Queue going to NON_LEADER mode. State: All replicated index: 0, Majority replicated index: 1, Committed index: 1, Last appended: 1.1, Last appended by leader: 1, Current term: 1, Majority size: -1, State: 0, Mode: NON_LEADER, active raft config: opid_index: -1 OBSOLETE_local: false peers { permanent_uuid: "01c3277c2b86461ea2fdc97561f58d85" member_type: VOTER last_known_addr { host: "127.16.31.129" port: 37121 } } peers { permanent_uuid: "a5a388f93a504ccf84e19859210f4238" member_type: VOTER last_known_addr { host: "127.16.31.130" port: 34779 } } peers { permanent_uuid: "b0298c8ccb9445a79832f6ec183d95ca" member_type: VOTER last_known_addr { host: "127.16.31.131" port: 44415 } }
I20260713 09:05:13.746394 16794 raft_consensus.cc:3060] T 0a34bc941bb84c30b7d71d985174f106 P b0298c8ccb9445a79832f6ec183d95ca [term 1 FOLLOWER]: Advancing to term 2
I20260713 09:05:13.750583 16794 raft_consensus.cc:2468] T 0a34bc941bb84c30b7d71d985174f106 P b0298c8ccb9445a79832f6ec183d95ca [term 2 FOLLOWER]: Leader election vote request: Granting yes vote for candidate a5a388f93a504ccf84e19859210f4238 in term 2.
I20260713 09:05:13.751482 16643 raft_consensus.cc:2468] T 0a34bc941bb84c30b7d71d985174f106 P 01c3277c2b86461ea2fdc97561f58d85 [term 2 FOLLOWER]: Leader election vote request: Granting yes vote for candidate a5a388f93a504ccf84e19859210f4238 in term 2.
I20260713 09:05:13.751511 16684 leader_election.cc:304] T 0a34bc941bb84c30b7d71d985174f106 P a5a388f93a504ccf84e19859210f4238 [CANDIDATE]: Term 2 election: Election decided. Result: candidate won. Election summary: received 2 responses out of 3 voters: 2 yes votes; 0 no votes. yes voters: a5a388f93a504ccf84e19859210f4238, b0298c8ccb9445a79832f6ec183d95ca; no voters: 
I20260713 09:05:13.752331 16919 raft_consensus.cc:2804] T 0a34bc941bb84c30b7d71d985174f106 P a5a388f93a504ccf84e19859210f4238 [term 2 FOLLOWER]: Leader election won for term 2
I20260713 09:05:13.752763 16919 raft_consensus.cc:697] T 0a34bc941bb84c30b7d71d985174f106 P a5a388f93a504ccf84e19859210f4238 [term 2 LEADER]: Becoming Leader. State: Replica: a5a388f93a504ccf84e19859210f4238, State: Running, Role: LEADER
I20260713 09:05:13.753533 16919 consensus_queue.cc:237] T 0a34bc941bb84c30b7d71d985174f106 P a5a388f93a504ccf84e19859210f4238 [LEADER]: Queue going to LEADER mode. State: All replicated index: 0, Majority replicated index: 1, Committed index: 1, Last appended: 1.1, Last appended by leader: 1, Current term: 2, Majority size: 2, State: 0, Mode: LEADER, active raft config: opid_index: -1 OBSOLETE_local: false peers { permanent_uuid: "01c3277c2b86461ea2fdc97561f58d85" member_type: VOTER last_known_addr { host: "127.16.31.129" port: 37121 } } peers { permanent_uuid: "a5a388f93a504ccf84e19859210f4238" member_type: VOTER last_known_addr { host: "127.16.31.130" port: 34779 } } peers { permanent_uuid: "b0298c8ccb9445a79832f6ec183d95ca" member_type: VOTER last_known_addr { host: "127.16.31.131" port: 44415 } }
I20260713 09:05:13.759804 16539 catalog_manager.cc:5697] T 0a34bc941bb84c30b7d71d985174f106 P a5a388f93a504ccf84e19859210f4238 reported cstate change: term changed from 1 to 2, leader changed from b0298c8ccb9445a79832f6ec183d95ca (127.16.31.131) to a5a388f93a504ccf84e19859210f4238 (127.16.31.130). New cstate: current_term: 2 leader_uuid: "a5a388f93a504ccf84e19859210f4238" committed_config { opid_index: -1 OBSOLETE_local: false peers { permanent_uuid: "01c3277c2b86461ea2fdc97561f58d85" member_type: VOTER last_known_addr { host: "127.16.31.129" port: 37121 } health_report { overall_health: UNKNOWN } } peers { permanent_uuid: "a5a388f93a504ccf84e19859210f4238" member_type: VOTER last_known_addr { host: "127.16.31.130" port: 34779 } health_report { overall_health: HEALTHY } } peers { permanent_uuid: "b0298c8ccb9445a79832f6ec183d95ca" member_type: VOTER last_known_addr { host: "127.16.31.131" port: 44415 } health_report { overall_health: UNKNOWN } } }
I20260713 09:05:13.910759 16869 raft_consensus.cc:993] T 58e46d5b78d74bfc969a030e01dd9666 P b0298c8ccb9445a79832f6ec183d95ca: : Instructing follower 01c3277c2b86461ea2fdc97561f58d85 to start an election
I20260713 09:05:13.911239 16869 raft_consensus.cc:1081] T 58e46d5b78d74bfc969a030e01dd9666 P b0298c8ccb9445a79832f6ec183d95ca [term 1 LEADER]: Signalling peer 01c3277c2b86461ea2fdc97561f58d85 to start an election
I20260713 09:05:13.912691 16643 tablet_service.cc:2044] Received Run Leader Election RPC: tablet_id: "58e46d5b78d74bfc969a030e01dd9666"
dest_uuid: "01c3277c2b86461ea2fdc97561f58d85"
 from {username='slave'} at 127.0.0.1:53222
I20260713 09:05:13.913206 16643 raft_consensus.cc:493] T 58e46d5b78d74bfc969a030e01dd9666 P 01c3277c2b86461ea2fdc97561f58d85 [term 1 FOLLOWER]: Starting forced leader election (received explicit request)
I20260713 09:05:13.913487 16643 raft_consensus.cc:3060] T 58e46d5b78d74bfc969a030e01dd9666 P 01c3277c2b86461ea2fdc97561f58d85 [term 1 FOLLOWER]: Advancing to term 2
I20260713 09:05:13.919034 16643 raft_consensus.cc:515] T 58e46d5b78d74bfc969a030e01dd9666 P 01c3277c2b86461ea2fdc97561f58d85 [term 2 FOLLOWER]: Starting forced leader election with config: opid_index: -1 OBSOLETE_local: false peers { permanent_uuid: "01c3277c2b86461ea2fdc97561f58d85" member_type: VOTER last_known_addr { host: "127.16.31.129" port: 37121 } } peers { permanent_uuid: "a5a388f93a504ccf84e19859210f4238" member_type: VOTER last_known_addr { host: "127.16.31.130" port: 34779 } } peers { permanent_uuid: "b0298c8ccb9445a79832f6ec183d95ca" member_type: VOTER last_known_addr { host: "127.16.31.131" port: 44415 } }
I20260713 09:05:13.920499 16643 leader_election.cc:290] T 58e46d5b78d74bfc969a030e01dd9666 P 01c3277c2b86461ea2fdc97561f58d85 [CANDIDATE]: Term 2 election: Requested vote from peers a5a388f93a504ccf84e19859210f4238 (127.16.31.130:34779), b0298c8ccb9445a79832f6ec183d95ca (127.16.31.131:44415)
I20260713 09:05:13.921283 16719 tablet_service.cc:1917] Received RequestConsensusVote() RPC: tablet_id: "58e46d5b78d74bfc969a030e01dd9666" candidate_uuid: "01c3277c2b86461ea2fdc97561f58d85" candidate_term: 2 candidate_status { last_received { term: 1 index: 1 } } ignore_live_leader: true dest_uuid: "a5a388f93a504ccf84e19859210f4238"
I20260713 09:05:13.922179 16719 raft_consensus.cc:3060] T 58e46d5b78d74bfc969a030e01dd9666 P a5a388f93a504ccf84e19859210f4238 [term 1 FOLLOWER]: Advancing to term 2
I20260713 09:05:13.924144 16868 raft_consensus.cc:993] T 50727f900c3a4105a70cfc4e12a5a654 P b0298c8ccb9445a79832f6ec183d95ca: : Instructing follower a5a388f93a504ccf84e19859210f4238 to start an election
I20260713 09:05:13.924576 16868 raft_consensus.cc:1081] T 50727f900c3a4105a70cfc4e12a5a654 P b0298c8ccb9445a79832f6ec183d95ca [term 1 LEADER]: Signalling peer a5a388f93a504ccf84e19859210f4238 to start an election
I20260713 09:05:13.925146 16794 tablet_service.cc:1917] Received RequestConsensusVote() RPC: tablet_id: "58e46d5b78d74bfc969a030e01dd9666" candidate_uuid: "01c3277c2b86461ea2fdc97561f58d85" candidate_term: 2 candidate_status { last_received { term: 1 index: 1 } } ignore_live_leader: true dest_uuid: "b0298c8ccb9445a79832f6ec183d95ca"
I20260713 09:05:13.925664 16794 raft_consensus.cc:3055] T 58e46d5b78d74bfc969a030e01dd9666 P b0298c8ccb9445a79832f6ec183d95ca [term 1 LEADER]: Stepping down as leader of term 1
I20260713 09:05:13.925961 16794 raft_consensus.cc:740] T 58e46d5b78d74bfc969a030e01dd9666 P b0298c8ccb9445a79832f6ec183d95ca [term 1 LEADER]: Becoming Follower/Learner. State: Replica: b0298c8ccb9445a79832f6ec183d95ca, State: Running, Role: LEADER
I20260713 09:05:13.926074 16718 tablet_service.cc:2044] Received Run Leader Election RPC: tablet_id: "50727f900c3a4105a70cfc4e12a5a654"
dest_uuid: "a5a388f93a504ccf84e19859210f4238"
 from {username='slave'} at 127.0.0.1:60744
I20260713 09:05:13.926571 16718 raft_consensus.cc:493] T 50727f900c3a4105a70cfc4e12a5a654 P a5a388f93a504ccf84e19859210f4238 [term 1 FOLLOWER]: Starting forced leader election (received explicit request)
I20260713 09:05:13.926973 16718 raft_consensus.cc:3060] T 50727f900c3a4105a70cfc4e12a5a654 P a5a388f93a504ccf84e19859210f4238 [term 1 FOLLOWER]: Advancing to term 2
I20260713 09:05:13.926832 16794 consensus_queue.cc:260] T 58e46d5b78d74bfc969a030e01dd9666 P b0298c8ccb9445a79832f6ec183d95ca [NON_LEADER]: Queue going to NON_LEADER mode. State: All replicated index: 0, Majority replicated index: 1, Committed index: 1, Last appended: 1.1, Last appended by leader: 1, Current term: 1, Majority size: -1, State: 0, Mode: NON_LEADER, active raft config: opid_index: -1 OBSOLETE_local: false peers { permanent_uuid: "01c3277c2b86461ea2fdc97561f58d85" member_type: VOTER last_known_addr { host: "127.16.31.129" port: 37121 } } peers { permanent_uuid: "a5a388f93a504ccf84e19859210f4238" member_type: VOTER last_known_addr { host: "127.16.31.130" port: 34779 } } peers { permanent_uuid: "b0298c8ccb9445a79832f6ec183d95ca" member_type: VOTER last_known_addr { host: "127.16.31.131" port: 44415 } }
I20260713 09:05:13.927927 16794 raft_consensus.cc:3060] T 58e46d5b78d74bfc969a030e01dd9666 P b0298c8ccb9445a79832f6ec183d95ca [term 1 FOLLOWER]: Advancing to term 2
I20260713 09:05:13.932446 16719 raft_consensus.cc:2468] T 58e46d5b78d74bfc969a030e01dd9666 P a5a388f93a504ccf84e19859210f4238 [term 2 FOLLOWER]: Leader election vote request: Granting yes vote for candidate 01c3277c2b86461ea2fdc97561f58d85 in term 2.
I20260713 09:05:13.933251 16718 raft_consensus.cc:515] T 50727f900c3a4105a70cfc4e12a5a654 P a5a388f93a504ccf84e19859210f4238 [term 2 FOLLOWER]: Starting forced leader election with config: opid_index: -1 OBSOLETE_local: false peers { permanent_uuid: "01c3277c2b86461ea2fdc97561f58d85" member_type: VOTER last_known_addr { host: "127.16.31.129" port: 37121 } } peers { permanent_uuid: "a5a388f93a504ccf84e19859210f4238" member_type: VOTER last_known_addr { host: "127.16.31.130" port: 34779 } } peers { permanent_uuid: "b0298c8ccb9445a79832f6ec183d95ca" member_type: VOTER last_known_addr { host: "127.16.31.131" port: 44415 } }
I20260713 09:05:13.933665 16608 leader_election.cc:304] T 58e46d5b78d74bfc969a030e01dd9666 P 01c3277c2b86461ea2fdc97561f58d85 [CANDIDATE]: Term 2 election: Election decided. Result: candidate won. Election summary: received 2 responses out of 3 voters: 2 yes votes; 0 no votes. yes voters: 01c3277c2b86461ea2fdc97561f58d85, a5a388f93a504ccf84e19859210f4238; no voters: 
I20260713 09:05:13.934511 16843 raft_consensus.cc:2804] T 58e46d5b78d74bfc969a030e01dd9666 P 01c3277c2b86461ea2fdc97561f58d85 [term 2 FOLLOWER]: Leader election won for term 2
I20260713 09:05:13.935010 16843 raft_consensus.cc:697] T 58e46d5b78d74bfc969a030e01dd9666 P 01c3277c2b86461ea2fdc97561f58d85 [term 2 LEADER]: Becoming Leader. State: Replica: 01c3277c2b86461ea2fdc97561f58d85, State: Running, Role: LEADER
I20260713 09:05:13.935931 16794 raft_consensus.cc:2468] T 58e46d5b78d74bfc969a030e01dd9666 P b0298c8ccb9445a79832f6ec183d95ca [term 2 FOLLOWER]: Leader election vote request: Granting yes vote for candidate 01c3277c2b86461ea2fdc97561f58d85 in term 2.
I20260713 09:05:13.935807 16843 consensus_queue.cc:237] T 58e46d5b78d74bfc969a030e01dd9666 P 01c3277c2b86461ea2fdc97561f58d85 [LEADER]: Queue going to LEADER mode. State: All replicated index: 0, Majority replicated index: 1, Committed index: 1, Last appended: 1.1, Last appended by leader: 1, Current term: 2, Majority size: 2, State: 0, Mode: LEADER, active raft config: opid_index: -1 OBSOLETE_local: false peers { permanent_uuid: "01c3277c2b86461ea2fdc97561f58d85" member_type: VOTER last_known_addr { host: "127.16.31.129" port: 37121 } } peers { permanent_uuid: "a5a388f93a504ccf84e19859210f4238" member_type: VOTER last_known_addr { host: "127.16.31.130" port: 34779 } } peers { permanent_uuid: "b0298c8ccb9445a79832f6ec183d95ca" member_type: VOTER last_known_addr { host: "127.16.31.131" port: 44415 } }
I20260713 09:05:13.936518 16643 tablet_service.cc:1917] Received RequestConsensusVote() RPC: tablet_id: "50727f900c3a4105a70cfc4e12a5a654" candidate_uuid: "a5a388f93a504ccf84e19859210f4238" candidate_term: 2 candidate_status { last_received { term: 1 index: 1 } } ignore_live_leader: true dest_uuid: "01c3277c2b86461ea2fdc97561f58d85"
I20260713 09:05:13.937053 16643 raft_consensus.cc:3060] T 50727f900c3a4105a70cfc4e12a5a654 P 01c3277c2b86461ea2fdc97561f58d85 [term 1 FOLLOWER]: Advancing to term 2
I20260713 09:05:13.941044 16718 leader_election.cc:290] T 50727f900c3a4105a70cfc4e12a5a654 P a5a388f93a504ccf84e19859210f4238 [CANDIDATE]: Term 2 election: Requested vote from peers 01c3277c2b86461ea2fdc97561f58d85 (127.16.31.129:37121), b0298c8ccb9445a79832f6ec183d95ca (127.16.31.131:44415)
I20260713 09:05:13.941231 16794 tablet_service.cc:1917] Received RequestConsensusVote() RPC: tablet_id: "50727f900c3a4105a70cfc4e12a5a654" candidate_uuid: "a5a388f93a504ccf84e19859210f4238" candidate_term: 2 candidate_status { last_received { term: 1 index: 1 } } ignore_live_leader: true dest_uuid: "b0298c8ccb9445a79832f6ec183d95ca"
I20260713 09:05:13.942070 16794 raft_consensus.cc:3055] T 50727f900c3a4105a70cfc4e12a5a654 P b0298c8ccb9445a79832f6ec183d95ca [term 1 LEADER]: Stepping down as leader of term 1
I20260713 09:05:13.942440 16794 raft_consensus.cc:740] T 50727f900c3a4105a70cfc4e12a5a654 P b0298c8ccb9445a79832f6ec183d95ca [term 1 LEADER]: Becoming Follower/Learner. State: Replica: b0298c8ccb9445a79832f6ec183d95ca, State: Running, Role: LEADER
I20260713 09:05:13.943264 16794 consensus_queue.cc:260] T 50727f900c3a4105a70cfc4e12a5a654 P b0298c8ccb9445a79832f6ec183d95ca [NON_LEADER]: Queue going to NON_LEADER mode. State: All replicated index: 0, Majority replicated index: 1, Committed index: 1, Last appended: 1.1, Last appended by leader: 1, Current term: 1, Majority size: -1, State: 0, Mode: NON_LEADER, active raft config: opid_index: -1 OBSOLETE_local: false peers { permanent_uuid: "01c3277c2b86461ea2fdc97561f58d85" member_type: VOTER last_known_addr { host: "127.16.31.129" port: 37121 } } peers { permanent_uuid: "a5a388f93a504ccf84e19859210f4238" member_type: VOTER last_known_addr { host: "127.16.31.130" port: 34779 } } peers { permanent_uuid: "b0298c8ccb9445a79832f6ec183d95ca" member_type: VOTER last_known_addr { host: "127.16.31.131" port: 44415 } }
I20260713 09:05:13.944372 16794 raft_consensus.cc:3060] T 50727f900c3a4105a70cfc4e12a5a654 P b0298c8ccb9445a79832f6ec183d95ca [term 1 FOLLOWER]: Advancing to term 2
