I20260713 09:05:25.158836 11972 raft_consensus.cc:1275] T 9de2db416f414e07bdb2f90a34a37355 P 9aeb34f46e0146ec8c19ec1cdde15737 [term 2 FOLLOWER]: Refusing update from remote peer 41c69c3dce57459ab0eb0c714616eb94: Log matching property violated. Preceding OpId in replica: term: 1 index: 1. Preceding OpId from leader: term: 2 index: 2. (index mismatch)
I20260713 09:05:25.160496 12020 consensus_queue.cc:1048] T 9de2db416f414e07bdb2f90a34a37355 P 41c69c3dce57459ab0eb0c714616eb94 [LEADER]: Connected to new peer: Peer: permanent_uuid: "9aeb34f46e0146ec8c19ec1cdde15737" member_type: VOTER last_known_addr { host: "127.10.240.67" port: 36541 }, Status: LMP_MISMATCH, Last received: 0.0, Next index: 2, Last known committed idx: 1, Time since last communication: 0.000s
I20260713 09:05:25.425478 11972 raft_consensus.cc:1275] T 62c2e484543745c78c3c95e6d4daaafe P 9aeb34f46e0146ec8c19ec1cdde15737 [term 2 FOLLOWER]: Refusing update from remote peer 41c69c3dce57459ab0eb0c714616eb94: Log matching property violated. Preceding OpId in replica: term: 1 index: 1. Preceding OpId from leader: term: 2 index: 2. (index mismatch)
I20260713 09:05:25.426754 12020 consensus_queue.cc:1048] T 62c2e484543745c78c3c95e6d4daaafe P 41c69c3dce57459ab0eb0c714616eb94 [LEADER]: Connected to new peer: Peer: permanent_uuid: "9aeb34f46e0146ec8c19ec1cdde15737" member_type: VOTER last_known_addr { host: "127.10.240.67" port: 36541 }, Status: LMP_MISMATCH, Last received: 0.0, Next index: 2, Last known committed idx: 1, Time since last communication: 0.000s
I20260713 09:05:25.435370 11898 raft_consensus.cc:1275] T 62c2e484543745c78c3c95e6d4daaafe P b545c6deb5d34398990c515d4ae124dd [term 2 FOLLOWER]: Refusing update from remote peer 41c69c3dce57459ab0eb0c714616eb94: Log matching property violated. Preceding OpId in replica: term: 1 index: 1. Preceding OpId from leader: term: 2 index: 2. (index mismatch)
I20260713 09:05:25.436954 12057 consensus_queue.cc:1048] T 62c2e484543745c78c3c95e6d4daaafe P 41c69c3dce57459ab0eb0c714616eb94 [LEADER]: Connected to new peer: Peer: permanent_uuid: "b545c6deb5d34398990c515d4ae124dd" member_type: VOTER last_known_addr { host: "127.10.240.66" port: 46257 }, Status: LMP_MISMATCH, Last received: 0.0, Next index: 2, Last known committed idx: 1, Time since last communication: 0.001s
I20260713 09:05:27.387903 11201 auto_leader_rebalancer-test.cc:352] The leader distribution is 
I20260713 09:05:27.388675 11201 auto_leader_rebalancer.cc:141] leader rebalance for table test-workload
I20260713 09:05:27.404556 11824 tablet_service.cc:2072] Received LeaderStepDown RPC: tablet_id: "0ab347891a88454b9946f04347ff3696"
dest_uuid: "41c69c3dce57459ab0eb0c714616eb94"
mode: GRACEFUL
new_leader_uuid: "9aeb34f46e0146ec8c19ec1cdde15737"
 from {username='slave'} at 127.0.0.1:51186
I20260713 09:05:27.405113 11824 raft_consensus.cc:606] T 0ab347891a88454b9946f04347ff3696 P 41c69c3dce57459ab0eb0c714616eb94 [term 1 LEADER]: Received request to transfer leadership to TS 9aeb34f46e0146ec8c19ec1cdde15737
I20260713 09:05:27.407550 11824 tablet_service.cc:2072] Received LeaderStepDown RPC: tablet_id: "75eeb9ff35364c209e0842ead83c450e"
dest_uuid: "41c69c3dce57459ab0eb0c714616eb94"
mode: GRACEFUL
new_leader_uuid: "9aeb34f46e0146ec8c19ec1cdde15737"
 from {username='slave'} at 127.0.0.1:51186
I20260713 09:05:27.408041 11824 raft_consensus.cc:606] T 75eeb9ff35364c209e0842ead83c450e P 41c69c3dce57459ab0eb0c714616eb94 [term 2 LEADER]: Received request to transfer leadership to TS 9aeb34f46e0146ec8c19ec1cdde15737
I20260713 09:05:27.409013 11201 auto_leader_rebalancer.cc:479] table: test-workload, leader rebalance finish, leader transfer count: 2
I20260713 09:05:27.409559 11201 auto_leader_rebalancer.cc:554] All tables' leader rebalancing finished this round
I20260713 09:05:27.486656 12107 raft_consensus.cc:993] T 75eeb9ff35364c209e0842ead83c450e P 41c69c3dce57459ab0eb0c714616eb94: : Instructing follower 9aeb34f46e0146ec8c19ec1cdde15737 to start an election
I20260713 09:05:27.487133 12057 raft_consensus.cc:1081] T 75eeb9ff35364c209e0842ead83c450e P 41c69c3dce57459ab0eb0c714616eb94 [term 2 LEADER]: Signalling peer 9aeb34f46e0146ec8c19ec1cdde15737 to start an election
I20260713 09:05:27.488492 11972 tablet_service.cc:2044] Received Run Leader Election RPC: tablet_id: "75eeb9ff35364c209e0842ead83c450e"
dest_uuid: "9aeb34f46e0146ec8c19ec1cdde15737"
 from {username='slave'} at 127.0.0.1:52436
I20260713 09:05:27.488986 11972 raft_consensus.cc:493] T 75eeb9ff35364c209e0842ead83c450e P 9aeb34f46e0146ec8c19ec1cdde15737 [term 2 FOLLOWER]: Starting forced leader election (received explicit request)
I20260713 09:05:27.489315 11972 raft_consensus.cc:3060] T 75eeb9ff35364c209e0842ead83c450e P 9aeb34f46e0146ec8c19ec1cdde15737 [term 2 FOLLOWER]: Advancing to term 3
I20260713 09:05:27.493453 11972 raft_consensus.cc:515] T 75eeb9ff35364c209e0842ead83c450e P 9aeb34f46e0146ec8c19ec1cdde15737 [term 3 FOLLOWER]: Starting forced leader election with config: opid_index: -1 OBSOLETE_local: false peers { permanent_uuid: "41c69c3dce57459ab0eb0c714616eb94" member_type: VOTER last_known_addr { host: "127.10.240.65" port: 46173 } } peers { permanent_uuid: "b545c6deb5d34398990c515d4ae124dd" member_type: VOTER last_known_addr { host: "127.10.240.66" port: 46257 } } peers { permanent_uuid: "9aeb34f46e0146ec8c19ec1cdde15737" member_type: VOTER last_known_addr { host: "127.10.240.67" port: 36541 } }
I20260713 09:05:27.494927 11972 leader_election.cc:290] T 75eeb9ff35364c209e0842ead83c450e P 9aeb34f46e0146ec8c19ec1cdde15737 [CANDIDATE]: Term 3 election: Requested vote from peers 41c69c3dce57459ab0eb0c714616eb94 (127.10.240.65:46173), b545c6deb5d34398990c515d4ae124dd (127.10.240.66:46257)
I20260713 09:05:27.495791 11824 tablet_service.cc:1917] Received RequestConsensusVote() RPC: tablet_id: "75eeb9ff35364c209e0842ead83c450e" candidate_uuid: "9aeb34f46e0146ec8c19ec1cdde15737" candidate_term: 3 candidate_status { last_received { term: 2 index: 2 } } ignore_live_leader: true dest_uuid: "41c69c3dce57459ab0eb0c714616eb94"
I20260713 09:05:27.496176 11898 tablet_service.cc:1917] Received RequestConsensusVote() RPC: tablet_id: "75eeb9ff35364c209e0842ead83c450e" candidate_uuid: "9aeb34f46e0146ec8c19ec1cdde15737" candidate_term: 3 candidate_status { last_received { term: 2 index: 2 } } ignore_live_leader: true dest_uuid: "b545c6deb5d34398990c515d4ae124dd"
I20260713 09:05:27.496421 11824 raft_consensus.cc:3055] T 75eeb9ff35364c209e0842ead83c450e P 41c69c3dce57459ab0eb0c714616eb94 [term 2 LEADER]: Stepping down as leader of term 2
I20260713 09:05:27.496713 11898 raft_consensus.cc:3060] T 75eeb9ff35364c209e0842ead83c450e P b545c6deb5d34398990c515d4ae124dd [term 2 FOLLOWER]: Advancing to term 3
I20260713 09:05:27.496742 11824 raft_consensus.cc:740] T 75eeb9ff35364c209e0842ead83c450e P 41c69c3dce57459ab0eb0c714616eb94 [term 2 LEADER]: Becoming Follower/Learner. State: Replica: 41c69c3dce57459ab0eb0c714616eb94, State: Running, Role: LEADER
I20260713 09:05:27.497666 11824 consensus_queue.cc:260] T 75eeb9ff35364c209e0842ead83c450e P 41c69c3dce57459ab0eb0c714616eb94 [NON_LEADER]: Queue going to NON_LEADER mode. State: All replicated index: 0, Majority replicated index: 2, Committed index: 2, Last appended: 2.2, Last appended by leader: 2, Current term: 2, Majority size: -1, State: 0, Mode: NON_LEADER, active raft config: opid_index: -1 OBSOLETE_local: false peers { permanent_uuid: "41c69c3dce57459ab0eb0c714616eb94" member_type: VOTER last_known_addr { host: "127.10.240.65" port: 46173 } } peers { permanent_uuid: "b545c6deb5d34398990c515d4ae124dd" member_type: VOTER last_known_addr { host: "127.10.240.66" port: 46257 } } peers { permanent_uuid: "9aeb34f46e0146ec8c19ec1cdde15737" member_type: VOTER last_known_addr { host: "127.10.240.67" port: 36541 } }
I20260713 09:05:27.498852 11824 raft_consensus.cc:3060] T 75eeb9ff35364c209e0842ead83c450e P 41c69c3dce57459ab0eb0c714616eb94 [term 2 FOLLOWER]: Advancing to term 3
I20260713 09:05:27.501060 12107 raft_consensus.cc:993] T 0ab347891a88454b9946f04347ff3696 P 41c69c3dce57459ab0eb0c714616eb94: : Instructing follower 9aeb34f46e0146ec8c19ec1cdde15737 to start an election
I20260713 09:05:27.501569 12057 raft_consensus.cc:1081] T 0ab347891a88454b9946f04347ff3696 P 41c69c3dce57459ab0eb0c714616eb94 [term 1 LEADER]: Signalling peer 9aeb34f46e0146ec8c19ec1cdde15737 to start an election
I20260713 09:05:27.503110 11972 tablet_service.cc:2044] Received Run Leader Election RPC: tablet_id: "0ab347891a88454b9946f04347ff3696"
dest_uuid: "9aeb34f46e0146ec8c19ec1cdde15737"
 from {username='slave'} at 127.0.0.1:52436
I20260713 09:05:27.503585 11972 raft_consensus.cc:493] T 0ab347891a88454b9946f04347ff3696 P 9aeb34f46e0146ec8c19ec1cdde15737 [term 1 FOLLOWER]: Starting forced leader election (received explicit request)
I20260713 09:05:27.503683 11898 raft_consensus.cc:2468] T 75eeb9ff35364c209e0842ead83c450e P b545c6deb5d34398990c515d4ae124dd [term 3 FOLLOWER]: Leader election vote request: Granting yes vote for candidate 9aeb34f46e0146ec8c19ec1cdde15737 in term 3.
I20260713 09:05:27.503903 11972 raft_consensus.cc:3060] T 0ab347891a88454b9946f04347ff3696 P 9aeb34f46e0146ec8c19ec1cdde15737 [term 1 FOLLOWER]: Advancing to term 2
I20260713 09:05:27.505139 11938 leader_election.cc:304] T 75eeb9ff35364c209e0842ead83c450e P 9aeb34f46e0146ec8c19ec1cdde15737 [CANDIDATE]: Term 3 election: Election decided. Result: candidate won. Election summary: received 2 responses out of 3 voters: 2 yes votes; 0 no votes. yes voters: 9aeb34f46e0146ec8c19ec1cdde15737, b545c6deb5d34398990c515d4ae124dd; no voters: 
I20260713 09:05:27.505350 11824 raft_consensus.cc:2468] T 75eeb9ff35364c209e0842ead83c450e P 41c69c3dce57459ab0eb0c714616eb94 [term 3 FOLLOWER]: Leader election vote request: Granting yes vote for candidate 9aeb34f46e0146ec8c19ec1cdde15737 in term 3.
I20260713 09:05:27.506023 12041 raft_consensus.cc:2804] T 75eeb9ff35364c209e0842ead83c450e P 9aeb34f46e0146ec8c19ec1cdde15737 [term 3 FOLLOWER]: Leader election won for term 3
I20260713 09:05:27.507109 12041 raft_consensus.cc:697] T 75eeb9ff35364c209e0842ead83c450e P 9aeb34f46e0146ec8c19ec1cdde15737 [term 3 LEADER]: Becoming Leader. State: Replica: 9aeb34f46e0146ec8c19ec1cdde15737, State: Running, Role: LEADER
I20260713 09:05:27.507906 12041 consensus_queue.cc:237] T 75eeb9ff35364c209e0842ead83c450e P 9aeb34f46e0146ec8c19ec1cdde15737 [LEADER]: Queue going to LEADER mode. State: All replicated index: 0, Majority replicated index: 2, Committed index: 2, Last appended: 2.2, Last appended by leader: 2, Current term: 3, Majority size: 2, State: 0, Mode: LEADER, active raft config: opid_index: -1 OBSOLETE_local: false peers { permanent_uuid: "41c69c3dce57459ab0eb0c714616eb94" member_type: VOTER last_known_addr { host: "127.10.240.65" port: 46173 } } peers { permanent_uuid: "b545c6deb5d34398990c515d4ae124dd" member_type: VOTER last_known_addr { host: "127.10.240.66" port: 46257 } } peers { permanent_uuid: "9aeb34f46e0146ec8c19ec1cdde15737" member_type: VOTER last_known_addr { host: "127.10.240.67" port: 36541 } }
I20260713 09:05:27.509361 11972 raft_consensus.cc:515] T 0ab347891a88454b9946f04347ff3696 P 9aeb34f46e0146ec8c19ec1cdde15737 [term 2 FOLLOWER]: Starting forced leader election with config: opid_index: -1 OBSOLETE_local: false peers { permanent_uuid: "41c69c3dce57459ab0eb0c714616eb94" member_type: VOTER last_known_addr { host: "127.10.240.65" port: 46173 } } peers { permanent_uuid: "b545c6deb5d34398990c515d4ae124dd" member_type: VOTER last_known_addr { host: "127.10.240.66" port: 46257 } } peers { permanent_uuid: "9aeb34f46e0146ec8c19ec1cdde15737" member_type: VOTER last_known_addr { host: "127.10.240.67" port: 36541 } }
I20260713 09:05:27.510967 11972 leader_election.cc:290] T 0ab347891a88454b9946f04347ff3696 P 9aeb34f46e0146ec8c19ec1cdde15737 [CANDIDATE]: Term 2 election: Requested vote from peers 41c69c3dce57459ab0eb0c714616eb94 (127.10.240.65:46173), b545c6deb5d34398990c515d4ae124dd (127.10.240.66:46257)
I20260713 09:05:27.511773 11824 tablet_service.cc:1917] Received RequestConsensusVote() RPC: tablet_id: "0ab347891a88454b9946f04347ff3696" candidate_uuid: "9aeb34f46e0146ec8c19ec1cdde15737" candidate_term: 2 candidate_status { last_received { term: 1 index: 1 } } ignore_live_leader: true dest_uuid: "41c69c3dce57459ab0eb0c714616eb94"
I20260713 09:05:27.512285 11824 raft_consensus.cc:3055] T 0ab347891a88454b9946f04347ff3696 P 41c69c3dce57459ab0eb0c714616eb94 [term 1 LEADER]: Stepping down as leader of term 1
I20260713 09:05:27.512589 11824 raft_consensus.cc:740] T 0ab347891a88454b9946f04347ff3696 P 41c69c3dce57459ab0eb0c714616eb94 [term 1 LEADER]: Becoming Follower/Learner. State: Replica: 41c69c3dce57459ab0eb0c714616eb94, State: Running, Role: LEADER
I20260713 09:05:27.513356 11824 consensus_queue.cc:260] T 0ab347891a88454b9946f04347ff3696 P 41c69c3dce57459ab0eb0c714616eb94 [NON_LEADER]: Queue going to NON_LEADER mode. State: All replicated index: 0, Majority replicated index: 1, Committed index: 1, Last appended: 1.1, Last appended by leader: 1, Current term: 1, Majority size: -1, State: 0, Mode: NON_LEADER, active raft config: opid_index: -1 OBSOLETE_local: false peers { permanent_uuid: "41c69c3dce57459ab0eb0c714616eb94" member_type: VOTER last_known_addr { host: "127.10.240.65" port: 46173 } } peers { permanent_uuid: "b545c6deb5d34398990c515d4ae124dd" member_type: VOTER last_known_addr { host: "127.10.240.66" port: 46257 } } peers { permanent_uuid: "9aeb34f46e0146ec8c19ec1cdde15737" member_type: VOTER last_known_addr { host: "127.10.240.67" port: 36541 } }
I20260713 09:05:27.514279 11898 tablet_service.cc:1917] Received RequestConsensusVote() RPC: tablet_id: "0ab347891a88454b9946f04347ff3696" candidate_uuid: "9aeb34f46e0146ec8c19ec1cdde15737" candidate_term: 2 candidate_status { last_received { term: 1 index: 1 } } ignore_live_leader: true dest_uuid: "b545c6deb5d34398990c515d4ae124dd"
I20260713 09:05:27.514530 11824 raft_consensus.cc:3060] T 0ab347891a88454b9946f04347ff3696 P 41c69c3dce57459ab0eb0c714616eb94 [term 1 FOLLOWER]: Advancing to term 2
I20260713 09:05:27.514822 11898 raft_consensus.cc:3060] T 0ab347891a88454b9946f04347ff3696 P b545c6deb5d34398990c515d4ae124dd [term 1 FOLLOWER]: Advancing to term 2
I20260713 09:05:27.516225 11722 catalog_manager.cc:5697] T 75eeb9ff35364c209e0842ead83c450e P 9aeb34f46e0146ec8c19ec1cdde15737 reported cstate change: term changed from 2 to 3, leader changed from 41c69c3dce57459ab0eb0c714616eb94 (127.10.240.65) to 9aeb34f46e0146ec8c19ec1cdde15737 (127.10.240.67). New cstate: current_term: 3 leader_uuid: "9aeb34f46e0146ec8c19ec1cdde15737" committed_config { opid_index: -1 OBSOLETE_local: false peers { permanent_uuid: "41c69c3dce57459ab0eb0c714616eb94" member_type: VOTER last_known_addr { host: "127.10.240.65" port: 46173 } health_report { overall_health: UNKNOWN } } peers { permanent_uuid: "b545c6deb5d34398990c515d4ae124dd" member_type: VOTER last_known_addr { host: "127.10.240.66" port: 46257 } health_report { overall_health: UNKNOWN } } peers { permanent_uuid: "9aeb34f46e0146ec8c19ec1cdde15737" member_type: VOTER last_known_addr { host: "127.10.240.67" port: 36541 } health_report { overall_health: HEALTHY } } }
I20260713 09:05:27.519948 11824 raft_consensus.cc:2468] T 0ab347891a88454b9946f04347ff3696 P 41c69c3dce57459ab0eb0c714616eb94 [term 2 FOLLOWER]: Leader election vote request: Granting yes vote for candidate 9aeb34f46e0146ec8c19ec1cdde15737 in term 2.
I20260713 09:05:27.521174 11938 leader_election.cc:304] T 0ab347891a88454b9946f04347ff3696 P 9aeb34f46e0146ec8c19ec1cdde15737 [CANDIDATE]: Term 2 election: Election decided. Result: candidate won. Election summary: received 2 responses out of 3 voters: 2 yes votes; 0 no votes. yes voters: 41c69c3dce57459ab0eb0c714616eb94, 9aeb34f46e0146ec8c19ec1cdde15737; no voters: 
I20260713 09:05:27.521875 12041 raft_consensus.cc:2804] T 0ab347891a88454b9946f04347ff3696 P 9aeb34f46e0146ec8c19ec1cdde15737 [term 2 FOLLOWER]: Leader election won for term 2
I20260713 09:05:27.522330 12041 raft_consensus.cc:697] T 0ab347891a88454b9946f04347ff3696 P 9aeb34f46e0146ec8c19ec1cdde15737 [term 2 LEADER]: Becoming Leader. State: Replica: 9aeb34f46e0146ec8c19ec1cdde15737, State: Running, Role: LEADER
I20260713 09:05:27.523217 12041 consensus_queue.cc:237] T 0ab347891a88454b9946f04347ff3696 P 9aeb34f46e0146ec8c19ec1cdde15737 [LEADER]: Queue going to LEADER mode. State: All replicated index: 0, Majority replicated index: 1, Committed index: 1, Last appended: 1.1, Last appended by leader: 1, Current term: 2, Majority size: 2, State: 0, Mode: LEADER, active raft config: opid_index: -1 OBSOLETE_local: false peers { permanent_uuid: "41c69c3dce57459ab0eb0c714616eb94" member_type: VOTER last_known_addr { host: "127.10.240.65" port: 46173 } } peers { permanent_uuid: "b545c6deb5d34398990c515d4ae124dd" member_type: VOTER last_known_addr { host: "127.10.240.66" port: 46257 } } peers { permanent_uuid: "9aeb34f46e0146ec8c19ec1cdde15737" member_type: VOTER last_known_addr { host: "127.10.240.67" port: 36541 } }
I20260713 09:05:27.522157 11898 raft_consensus.cc:2468] T 0ab347891a88454b9946f04347ff3696 P b545c6deb5d34398990c515d4ae124dd [term 2 FOLLOWER]: Leader election vote request: Granting yes vote for candidate 9aeb34f46e0146ec8c19ec1cdde15737 in term 2.
I20260713 09:05:27.541987 11722 catalog_manager.cc:5697] T 0ab347891a88454b9946f04347ff3696 P 9aeb34f46e0146ec8c19ec1cdde15737 reported cstate change: term changed from 1 to 2, leader changed from 41c69c3dce57459ab0eb0c714616eb94 (127.10.240.65) to 9aeb34f46e0146ec8c19ec1cdde15737 (127.10.240.67). New cstate: current_term: 2 leader_uuid: "9aeb34f46e0146ec8c19ec1cdde15737" committed_config { opid_index: -1 OBSOLETE_local: false peers { permanent_uuid: "41c69c3dce57459ab0eb0c714616eb94" member_type: VOTER last_known_addr { host: "127.10.240.65" port: 46173 } health_report { overall_health: UNKNOWN } } peers { permanent_uuid: "b545c6deb5d34398990c515d4ae124dd" member_type: VOTER last_known_addr { host: "127.10.240.66" port: 46257 } health_report { overall_health: UNKNOWN } } peers { permanent_uuid: "9aeb34f46e0146ec8c19ec1cdde15737" member_type: VOTER last_known_addr { host: "127.10.240.67" port: 36541 } health_report { overall_health: HEALTHY } } }
I20260713 09:05:27.969353 11824 raft_consensus.cc:1275] T 0ab347891a88454b9946f04347ff3696 P 41c69c3dce57459ab0eb0c714616eb94 [term 2 FOLLOWER]: Refusing update from remote peer 9aeb34f46e0146ec8c19ec1cdde15737: Log matching property violated. Preceding OpId in replica: term: 1 index: 1. Preceding OpId from leader: term: 2 index: 2. (index mismatch)
I20260713 09:05:27.970721 12041 consensus_queue.cc:1048] T 0ab347891a88454b9946f04347ff3696 P 9aeb34f46e0146ec8c19ec1cdde15737 [LEADER]: Connected to new peer: Peer: permanent_uuid: "41c69c3dce57459ab0eb0c714616eb94" member_type: VOTER last_known_addr { host: "127.10.240.65" port: 46173 }, Status: LMP_MISMATCH, Last received: 0.0, Next index: 2, Last known committed idx: 1, Time since last communication: 0.000s
I20260713 09:05:27.976606 11898 raft_consensus.cc:1275] T 0ab347891a88454b9946f04347ff3696 P b545c6deb5d34398990c515d4ae124dd [term 2 FOLLOWER]: Refusing update from remote peer 9aeb34f46e0146ec8c19ec1cdde15737: Log matching property violated. Preceding OpId in replica: term: 1 index: 1. Preceding OpId from leader: term: 2 index: 2. (index mismatch)
I20260713 09:05:27.978832 12110 consensus_queue.cc:1048] T 0ab347891a88454b9946f04347ff3696 P 9aeb34f46e0146ec8c19ec1cdde15737 [LEADER]: Connected to new peer: Peer: permanent_uuid: "b545c6deb5d34398990c515d4ae124dd" member_type: VOTER last_known_addr { host: "127.10.240.66" port: 46257 }, Status: LMP_MISMATCH, Last received: 0.0, Next index: 2, Last known committed idx: 1, Time since last communication: 0.000s
I20260713 09:05:27.996366 11898 raft_consensus.cc:1275] T 75eeb9ff35364c209e0842ead83c450e P b545c6deb5d34398990c515d4ae124dd [term 3 FOLLOWER]: Refusing update from remote peer 9aeb34f46e0146ec8c19ec1cdde15737: Log matching property violated. Preceding OpId in replica: term: 2 index: 2. Preceding OpId from leader: term: 3 index: 3. (index mismatch)
I20260713 09:05:27.997555 12041 consensus_queue.cc:1048] T 75eeb9ff35364c209e0842ead83c450e P 9aeb34f46e0146ec8c19ec1cdde15737 [LEADER]: Connected to new peer: Peer: permanent_uuid: "b545c6deb5d34398990c515d4ae124dd" member_type: VOTER last_known_addr { host: "127.10.240.66" port: 46257 }, Status: LMP_MISMATCH, Last received: 0.0, Next index: 3, Last known committed idx: 2, Time since last communication: 0.000s
I20260713 09:05:28.010931 11824 raft_consensus.cc:1275] T 75eeb9ff35364c209e0842ead83c450e P 41c69c3dce57459ab0eb0c714616eb94 [term 3 FOLLOWER]: Refusing update from remote peer 9aeb34f46e0146ec8c19ec1cdde15737: Log matching property violated. Preceding OpId in replica: term: 2 index: 2. Preceding OpId from leader: term: 3 index: 3. (index mismatch)
I20260713 09:05:28.012663 12041 consensus_queue.cc:1048] T 75eeb9ff35364c209e0842ead83c450e P 9aeb34f46e0146ec8c19ec1cdde15737 [LEADER]: Connected to new peer: Peer: permanent_uuid: "41c69c3dce57459ab0eb0c714616eb94" member_type: VOTER last_known_addr { host: "127.10.240.65" port: 46173 }, Status: LMP_MISMATCH, Last received: 0.0, Next index: 3, Last known committed idx: 2, Time since last communication: 0.001s
I20260713 09:05:28.410521 11201 auto_leader_rebalancer.cc:141] leader rebalance for table test-workload
I20260713 09:05:28.428481 11972 tablet_service.cc:2072] Received LeaderStepDown RPC: tablet_id: "75eeb9ff35364c209e0842ead83c450e"
dest_uuid: "9aeb34f46e0146ec8c19ec1cdde15737"
mode: GRACEFUL
new_leader_uuid: "41c69c3dce57459ab0eb0c714616eb94"
 from {username='slave'} at 127.0.0.1:52448
I20260713 09:05:28.428998 11972 raft_consensus.cc:606] T 75eeb9ff35364c209e0842ead83c450e P 9aeb34f46e0146ec8c19ec1cdde15737 [term 3 LEADER]: Received request to transfer leadership to TS 41c69c3dce57459ab0eb0c714616eb94
I20260713 09:05:28.433923 11972 tablet_service.cc:2072] Received LeaderStepDown RPC: tablet_id: "0ab347891a88454b9946f04347ff3696"
dest_uuid: "9aeb34f46e0146ec8c19ec1cdde15737"
mode: GRACEFUL
new_leader_uuid: "41c69c3dce57459ab0eb0c714616eb94"
 from {username='slave'} at 127.0.0.1:52448
I20260713 09:05:28.434433 11972 raft_consensus.cc:606] T 0ab347891a88454b9946f04347ff3696 P 9aeb34f46e0146ec8c19ec1cdde15737 [term 2 LEADER]: Received request to transfer leadership to TS 41c69c3dce57459ab0eb0c714616eb94
I20260713 09:05:28.439424 11898 tablet_service.cc:2072] Received LeaderStepDown RPC: tablet_id: "0ef28e699de140b4bc39e4c0846df262"
dest_uuid: "b545c6deb5d34398990c515d4ae124dd"
mode: GRACEFUL
new_leader_uuid: "41c69c3dce57459ab0eb0c714616eb94"
 from {username='slave'} at 127.0.0.1:44846
I20260713 09:05:28.439940 11898 raft_consensus.cc:606] T 0ef28e699de140b4bc39e4c0846df262 P b545c6deb5d34398990c515d4ae124dd [term 1 LEADER]: Received request to transfer leadership to TS 41c69c3dce57459ab0eb0c714616eb94
I20260713 09:05:28.444891 11898 tablet_service.cc:2072] Received LeaderStepDown RPC: tablet_id: "8deec6f54b92467ba1bb7d0159d7e14c"
dest_uuid: "b545c6deb5d34398990c515d4ae124dd"
mode: GRACEFUL
new_leader_uuid: "41c69c3dce57459ab0eb0c714616eb94"
 from {username='slave'} at 127.0.0.1:44846
I20260713 09:05:28.445484 11898 raft_consensus.cc:606] T 8deec6f54b92467ba1bb7d0159d7e14c P b545c6deb5d34398990c515d4ae124dd [term 2 LEADER]: Received request to transfer leadership to TS 41c69c3dce57459ab0eb0c714616eb94
I20260713 09:05:28.450101 11898 tablet_service.cc:2072] Received LeaderStepDown RPC: tablet_id: "ed84b2d853e741feb13a1cf52aa9a12f"
dest_uuid: "b545c6deb5d34398990c515d4ae124dd"
mode: GRACEFUL
new_leader_uuid: "41c69c3dce57459ab0eb0c714616eb94"
 from {username='slave'} at 127.0.0.1:44846
I20260713 09:05:28.450594 11898 raft_consensus.cc:606] T ed84b2d853e741feb13a1cf52aa9a12f P b545c6deb5d34398990c515d4ae124dd [term 2 LEADER]: Received request to transfer leadership to TS 41c69c3dce57459ab0eb0c714616eb94
I20260713 09:05:28.494789 12124 raft_consensus.cc:993] T 75eeb9ff35364c209e0842ead83c450e P 9aeb34f46e0146ec8c19ec1cdde15737: : Instructing follower 41c69c3dce57459ab0eb0c714616eb94 to start an election
I20260713 09:05:28.495280 12041 raft_consensus.cc:1081] T 75eeb9ff35364c209e0842ead83c450e P 9aeb34f46e0146ec8c19ec1cdde15737 [term 3 LEADER]: Signalling peer 41c69c3dce57459ab0eb0c714616eb94 to start an election
I20260713 09:05:28.496887 11824 tablet_service.cc:2044] Received Run Leader Election RPC: tablet_id: "75eeb9ff35364c209e0842ead83c450e"
dest_uuid: "41c69c3dce57459ab0eb0c714616eb94"
 from {username='slave'} at 127.0.0.1:52228
I20260713 09:05:28.497431 11824 raft_consensus.cc:493] T 75eeb9ff35364c209e0842ead83c450e P 41c69c3dce57459ab0eb0c714616eb94 [term 3 FOLLOWER]: Starting forced leader election (received explicit request)
I20260713 09:05:28.497763 11824 raft_consensus.cc:3060] T 75eeb9ff35364c209e0842ead83c450e P 41c69c3dce57459ab0eb0c714616eb94 [term 3 FOLLOWER]: Advancing to term 4
I20260713 09:05:28.503435 11824 raft_consensus.cc:515] T 75eeb9ff35364c209e0842ead83c450e P 41c69c3dce57459ab0eb0c714616eb94 [term 4 FOLLOWER]: Starting forced leader election with config: opid_index: -1 OBSOLETE_local: false peers { permanent_uuid: "41c69c3dce57459ab0eb0c714616eb94" member_type: VOTER last_known_addr { host: "127.10.240.65" port: 46173 } } peers { permanent_uuid: "b545c6deb5d34398990c515d4ae124dd" member_type: VOTER last_known_addr { host: "127.10.240.66" port: 46257 } } peers { permanent_uuid: "9aeb34f46e0146ec8c19ec1cdde15737" member_type: VOTER last_known_addr { host: "127.10.240.67" port: 36541 } }
I20260713 09:05:28.505656 11824 leader_election.cc:290] T 75eeb9ff35364c209e0842ead83c450e P 41c69c3dce57459ab0eb0c714616eb94 [CANDIDATE]: Term 4 election: Requested vote from peers b545c6deb5d34398990c515d4ae124dd (127.10.240.66:46257), 9aeb34f46e0146ec8c19ec1cdde15737 (127.10.240.67:36541)
I20260713 09:05:28.505957 11898 tablet_service.cc:1917] Received RequestConsensusVote() RPC: tablet_id: "75eeb9ff35364c209e0842ead83c450e" candidate_uuid: "41c69c3dce57459ab0eb0c714616eb94" candidate_term: 4 candidate_status { last_received { term: 3 index: 3 } } ignore_live_leader: true dest_uuid: "b545c6deb5d34398990c515d4ae124dd"
I20260713 09:05:28.506600 11898 raft_consensus.cc:3060] T 75eeb9ff35364c209e0842ead83c450e P b545c6deb5d34398990c515d4ae124dd [term 3 FOLLOWER]: Advancing to term 4
I20260713 09:05:28.507174 11972 tablet_service.cc:1917] Received RequestConsensusVote() RPC: tablet_id: "75eeb9ff35364c209e0842ead83c450e" candidate_uuid: "41c69c3dce57459ab0eb0c714616eb94" candidate_term: 4 candidate_status { last_received { term: 3 index: 3 } } ignore_live_leader: true dest_uuid: "9aeb34f46e0146ec8c19ec1cdde15737"
I20260713 09:05:28.510901 11972 raft_consensus.cc:3055] T 75eeb9ff35364c209e0842ead83c450e P 9aeb34f46e0146ec8c19ec1cdde15737 [term 3 LEADER]: Stepping down as leader of term 3
I20260713 09:05:28.511219 11972 raft_consensus.cc:740] T 75eeb9ff35364c209e0842ead83c450e P 9aeb34f46e0146ec8c19ec1cdde15737 [term 3 LEADER]: Becoming Follower/Learner. State: Replica: 9aeb34f46e0146ec8c19ec1cdde15737, State: Running, Role: LEADER
I20260713 09:05:28.511924 11972 consensus_queue.cc:260] T 75eeb9ff35364c209e0842ead83c450e P 9aeb34f46e0146ec8c19ec1cdde15737 [NON_LEADER]: Queue going to NON_LEADER mode. State: All replicated index: 0, Majority replicated index: 3, Committed index: 3, Last appended: 3.3, Last appended by leader: 3, Current term: 3, Majority size: -1, State: 0, Mode: NON_LEADER, active raft config: opid_index: -1 OBSOLETE_local: false peers { permanent_uuid: "41c69c3dce57459ab0eb0c714616eb94" member_type: VOTER last_known_addr { host: "127.10.240.65" port: 46173 } } peers { permanent_uuid: "b545c6deb5d34398990c515d4ae124dd" member_type: VOTER last_known_addr { host: "127.10.240.66" port: 46257 } } peers { permanent_uuid: "9aeb34f46e0146ec8c19ec1cdde15737" member_type: VOTER last_known_addr { host: "127.10.240.67" port: 36541 } }
I20260713 09:05:28.513032 11972 raft_consensus.cc:3060] T 75eeb9ff35364c209e0842ead83c450e P 9aeb34f46e0146ec8c19ec1cdde15737 [term 3 FOLLOWER]: Advancing to term 4
I20260713 09:05:28.515455 11898 raft_consensus.cc:2468] T 75eeb9ff35364c209e0842ead83c450e P b545c6deb5d34398990c515d4ae124dd [term 4 FOLLOWER]: Leader election vote request: Granting yes vote for candidate 41c69c3dce57459ab0eb0c714616eb94 in term 4.
I20260713 09:05:28.516340 11789 leader_election.cc:304] T 75eeb9ff35364c209e0842ead83c450e P 41c69c3dce57459ab0eb0c714616eb94 [CANDIDATE]: Term 4 election: Election decided. Result: candidate won. Election summary: received 2 responses out of 3 voters: 2 yes votes; 0 no votes. yes voters: 41c69c3dce57459ab0eb0c714616eb94, b545c6deb5d34398990c515d4ae124dd; no voters: 
I20260713 09:05:28.517163 12057 raft_consensus.cc:2804] T 75eeb9ff35364c209e0842ead83c450e P 41c69c3dce57459ab0eb0c714616eb94 [term 4 FOLLOWER]: Leader election won for term 4
I20260713 09:05:28.517961 11972 raft_consensus.cc:2468] T 75eeb9ff35364c209e0842ead83c450e P 9aeb34f46e0146ec8c19ec1cdde15737 [term 4 FOLLOWER]: Leader election vote request: Granting yes vote for candidate 41c69c3dce57459ab0eb0c714616eb94 in term 4.
I20260713 09:05:28.518258 12057 raft_consensus.cc:697] T 75eeb9ff35364c209e0842ead83c450e P 41c69c3dce57459ab0eb0c714616eb94 [term 4 LEADER]: Becoming Leader. State: Replica: 41c69c3dce57459ab0eb0c714616eb94, State: Running, Role: LEADER
I20260713 09:05:28.519230 12057 consensus_queue.cc:237] T 75eeb9ff35364c209e0842ead83c450e P 41c69c3dce57459ab0eb0c714616eb94 [LEADER]: Queue going to LEADER mode. State: All replicated index: 0, Majority replicated index: 3, Committed index: 3, Last appended: 3.3, Last appended by leader: 3, Current term: 4, Majority size: 2, State: 0, Mode: LEADER, active raft config: opid_index: -1 OBSOLETE_local: false peers { permanent_uuid: "41c69c3dce57459ab0eb0c714616eb94" member_type: VOTER last_known_addr { host: "127.10.240.65" port: 46173 } } peers { permanent_uuid: "b545c6deb5d34398990c515d4ae124dd" member_type: VOTER last_known_addr { host: "127.10.240.66" port: 46257 } } peers { permanent_uuid: "9aeb34f46e0146ec8c19ec1cdde15737" member_type: VOTER last_known_addr { host: "127.10.240.67" port: 36541 } }
I20260713 09:05:28.525589 11722 catalog_manager.cc:5697] T 75eeb9ff35364c209e0842ead83c450e P 41c69c3dce57459ab0eb0c714616eb94 reported cstate change: term changed from 3 to 4, leader changed from 9aeb34f46e0146ec8c19ec1cdde15737 (127.10.240.67) to 41c69c3dce57459ab0eb0c714616eb94 (127.10.240.65). New cstate: current_term: 4 leader_uuid: "41c69c3dce57459ab0eb0c714616eb94" committed_config { opid_index: -1 OBSOLETE_local: false peers { permanent_uuid: "41c69c3dce57459ab0eb0c714616eb94" member_type: VOTER last_known_addr { host: "127.10.240.65" port: 46173 } health_report { overall_health: HEALTHY } } peers { permanent_uuid: "b545c6deb5d34398990c515d4ae124dd" member_type: VOTER last_known_addr { host: "127.10.240.66" port: 46257 } health_report { overall_health: UNKNOWN } } peers { permanent_uuid: "9aeb34f46e0146ec8c19ec1cdde15737" member_type: VOTER last_known_addr { host: "127.10.240.67" port: 36541 } health_report { overall_health: UNKNOWN } } }
I20260713 09:05:28.558475 12120 raft_consensus.cc:993] T 0ab347891a88454b9946f04347ff3696 P 9aeb34f46e0146ec8c19ec1cdde15737: : Instructing follower 41c69c3dce57459ab0eb0c714616eb94 to start an election
I20260713 09:05:28.558899 12041 raft_consensus.cc:1081] T 0ab347891a88454b9946f04347ff3696 P 9aeb34f46e0146ec8c19ec1cdde15737 [term 2 LEADER]: Signalling peer 41c69c3dce57459ab0eb0c714616eb94 to start an election
I20260713 09:05:28.560305 11824 tablet_service.cc:2044] Received Run Leader Election RPC: tablet_id: "0ab347891a88454b9946f04347ff3696"
dest_uuid: "41c69c3dce57459ab0eb0c714616eb94"
 from {username='slave'} at 127.0.0.1:52228
I20260713 09:05:28.560782 11824 raft_consensus.cc:493] T 0ab347891a88454b9946f04347ff3696 P 41c69c3dce57459ab0eb0c714616eb94 [term 2 FOLLOWER]: Starting forced leader election (received explicit request)
I20260713 09:05:28.561064 11824 raft_consensus.cc:3060] T 0ab347891a88454b9946f04347ff3696 P 41c69c3dce57459ab0eb0c714616eb94 [term 2 FOLLOWER]: Advancing to term 3
I20260713 09:05:28.565209 11824 raft_consensus.cc:515] T 0ab347891a88454b9946f04347ff3696 P 41c69c3dce57459ab0eb0c714616eb94 [term 3 FOLLOWER]: Starting forced leader election with config: opid_index: -1 OBSOLETE_local: false peers { permanent_uuid: "41c69c3dce57459ab0eb0c714616eb94" member_type: VOTER last_known_addr { host: "127.10.240.65" port: 46173 } } peers { permanent_uuid: "b545c6deb5d34398990c515d4ae124dd" member_type: VOTER last_known_addr { host: "127.10.240.66" port: 46257 } } peers { permanent_uuid: "9aeb34f46e0146ec8c19ec1cdde15737" member_type: VOTER last_known_addr { host: "127.10.240.67" port: 36541 } }
I20260713 09:05:28.566596 11824 leader_election.cc:290] T 0ab347891a88454b9946f04347ff3696 P 41c69c3dce57459ab0eb0c714616eb94 [CANDIDATE]: Term 3 election: Requested vote from peers b545c6deb5d34398990c515d4ae124dd (127.10.240.66:46257), 9aeb34f46e0146ec8c19ec1cdde15737 (127.10.240.67:36541)
I20260713 09:05:28.567585 11972 tablet_service.cc:1917] Received RequestConsensusVote() RPC: tablet_id: "0ab347891a88454b9946f04347ff3696" candidate_uuid: "41c69c3dce57459ab0eb0c714616eb94" candidate_term: 3 candidate_status { last_received { term: 2 index: 2 } } ignore_live_leader: true dest_uuid: "9aeb34f46e0146ec8c19ec1cdde15737"
I20260713 09:05:28.567616 11898 tablet_service.cc:1917] Received RequestConsensusVote() RPC: tablet_id: "0ab347891a88454b9946f04347ff3696" candidate_uuid: "41c69c3dce57459ab0eb0c714616eb94" candidate_term: 3 candidate_status { last_received { term: 2 index: 2 } } ignore_live_leader: true dest_uuid: "b545c6deb5d34398990c515d4ae124dd"
I20260713 09:05:28.568197 11972 raft_consensus.cc:3055] T 0ab347891a88454b9946f04347ff3696 P 9aeb34f46e0146ec8c19ec1cdde15737 [term 2 LEADER]: Stepping down as leader of term 2
I20260713 09:05:28.568287 11898 raft_consensus.cc:3060] T 0ab347891a88454b9946f04347ff3696 P b545c6deb5d34398990c515d4ae124dd [term 2 FOLLOWER]: Advancing to term 3
I20260713 09:05:28.568483 11972 raft_consensus.cc:740] T 0ab347891a88454b9946f04347ff3696 P 9aeb34f46e0146ec8c19ec1cdde15737 [term 2 LEADER]: Becoming Follower/Learner. State: Replica: 9aeb34f46e0146ec8c19ec1cdde15737, State: Running, Role: LEADER
I20260713 09:05:28.569262 11972 consensus_queue.cc:260] T 0ab347891a88454b9946f04347ff3696 P 9aeb34f46e0146ec8c19ec1cdde15737 [NON_LEADER]: Queue going to NON_LEADER mode. State: All replicated index: 0, Majority replicated index: 2, Committed index: 2, Last appended: 2.2, Last appended by leader: 2, Current term: 2, Majority size: -1, State: 0, Mode: NON_LEADER, active raft config: opid_index: -1 OBSOLETE_local: false peers { permanent_uuid: "41c69c3dce57459ab0eb0c714616eb94" member_type: VOTER last_known_addr { host: "127.10.240.65" port: 46173 } } peers { permanent_uuid: "b545c6deb5d34398990c515d4ae124dd" member_type: VOTER last_known_addr { host: "127.10.240.66" port: 46257 } } peers { permanent_uuid: "9aeb34f46e0146ec8c19ec1cdde15737" member_type: VOTER last_known_addr { host: "127.10.240.67" port: 36541 } }
I20260713 09:05:28.570060 11972 raft_consensus.cc:3060] T 0ab347891a88454b9946f04347ff3696 P 9aeb34f46e0146ec8c19ec1cdde15737 [term 2 FOLLOWER]: Advancing to term 3
I20260713 09:05:28.572865 11898 raft_consensus.cc:2468] T 0ab347891a88454b9946f04347ff3696 P b545c6deb5d34398990c515d4ae124dd [term 3 FOLLOWER]: Leader election vote request: Granting yes vote for candidate 41c69c3dce57459ab0eb0c714616eb94 in term 3.
I20260713 09:05:28.574066 11789 leader_election.cc:304] T 0ab347891a88454b9946f04347ff3696 P 41c69c3dce57459ab0eb0c714616eb94 [CANDIDATE]: Term 3 election: Election decided. Result: candidate won. Election summary: received 2 responses out of 3 voters: 2 yes votes; 0 no votes. yes voters: 41c69c3dce57459ab0eb0c714616eb94, b545c6deb5d34398990c515d4ae124dd; no voters: 
I20260713 09:05:28.574432 11972 raft_consensus.cc:2468] T 0ab347891a88454b9946f04347ff3696 P 9aeb34f46e0146ec8c19ec1cdde15737 [term 3 FOLLOWER]: Leader election vote request: Granting yes vote for candidate 41c69c3dce57459ab0eb0c714616eb94 in term 3.
I20260713 09:05:28.574776 12057 raft_consensus.cc:2804] T 0ab347891a88454b9946f04347ff3696 P 41c69c3dce57459ab0eb0c714616eb94 [term 3 FOLLOWER]: Leader election won for term 3
I20260713 09:05:28.575255 12057 raft_consensus.cc:697] T 0ab347891a88454b9946f04347ff3696 P 41c69c3dce57459ab0eb0c714616eb94 [term 3 LEADER]: Becoming Leader. State: Replica: 41c69c3dce57459ab0eb0c714616eb94, State: Running, Role: LEADER
I20260713 09:05:28.576049 12057 consensus_queue.cc:237] T 0ab347891a88454b9946f04347ff3696 P 41c69c3dce57459ab0eb0c714616eb94 [LEADER]: Queue going to LEADER mode. State: All replicated index: 0, Majority replicated index: 2, Committed index: 2, Last appended: 2.2, Last appended by leader: 2, Current term: 3, Majority size: 2, State: 0, Mode: LEADER, active raft config: opid_index: -1 OBSOLETE_local: false peers { permanent_uuid: "41c69c3dce57459ab0eb0c714616eb94" member_type: VOTER last_known_addr { host: "127.10.240.65" port: 46173 } } peers { permanent_uuid: "b545c6deb5d34398990c515d4ae124dd" member_type: VOTER last_known_addr { host: "127.10.240.66" port: 46257 } } peers { permanent_uuid: "9aeb34f46e0146ec8c19ec1cdde15737" member_type: VOTER last_known_addr { host: "127.10.240.67" port: 36541 } }
I20260713 09:05:28.581858 11722 catalog_manager.cc:5697] T 0ab347891a88454b9946f04347ff3696 P 41c69c3dce57459ab0eb0c714616eb94 reported cstate change: term changed from 2 to 3, leader changed from 9aeb34f46e0146ec8c19ec1cdde15737 (127.10.240.67) to 41c69c3dce57459ab0eb0c714616eb94 (127.10.240.65). New cstate: current_term: 3 leader_uuid: "41c69c3dce57459ab0eb0c714616eb94" committed_config { opid_index: -1 OBSOLETE_local: false peers { permanent_uuid: "41c69c3dce57459ab0eb0c714616eb94" member_type: VOTER last_known_addr { host: "127.10.240.65" port: 46173 } health_report { overall_health: HEALTHY } } peers { permanent_uuid: "b545c6deb5d34398990c515d4ae124dd" member_type: VOTER last_known_addr { host: "127.10.240.66" port: 46257 } health_report { overall_health: UNKNOWN } } peers { permanent_uuid: "9aeb34f46e0146ec8c19ec1cdde15737" member_type: VOTER last_known_addr { host: "127.10.240.67" port: 36541 } health_report { overall_health: UNKNOWN } } }
I20260713 09:05:28.595752 12104 raft_consensus.cc:993] T 0ef28e699de140b4bc39e4c0846df262 P b545c6deb5d34398990c515d4ae124dd: : Instructing follower 41c69c3dce57459ab0eb0c714616eb94 to start an election
I20260713 09:05:28.596233 12126 raft_consensus.cc:1081] T 0ef28e699de140b4bc39e4c0846df262 P b545c6deb5d34398990c515d4ae124dd [term 1 LEADER]: Signalling peer 41c69c3dce57459ab0eb0c714616eb94 to start an election
I20260713 09:05:28.597920 11824 tablet_service.cc:2044] Received Run Leader Election RPC: tablet_id: "0ef28e699de140b4bc39e4c0846df262"
dest_uuid: "41c69c3dce57459ab0eb0c714616eb94"
 from {username='slave'} at 127.0.0.1:52220
I20260713 09:05:28.598438 11824 raft_consensus.cc:493] T 0ef28e699de140b4bc39e4c0846df262 P 41c69c3dce57459ab0eb0c714616eb94 [term 1 FOLLOWER]: Starting forced leader election (received explicit request)
I20260713 09:05:28.598778 11824 raft_consensus.cc:3060] T 0ef28e699de140b4bc39e4c0846df262 P 41c69c3dce57459ab0eb0c714616eb94 [term 1 FOLLOWER]: Advancing to term 2
I20260713 09:05:28.604337 11824 raft_consensus.cc:515] T 0ef28e699de140b4bc39e4c0846df262 P 41c69c3dce57459ab0eb0c714616eb94 [term 2 FOLLOWER]: Starting forced leader election with config: opid_index: -1 OBSOLETE_local: false peers { permanent_uuid: "41c69c3dce57459ab0eb0c714616eb94" member_type: VOTER last_known_addr { host: "127.10.240.65" port: 46173 } } peers { permanent_uuid: "b545c6deb5d34398990c515d4ae124dd" member_type: VOTER last_known_addr { host: "127.10.240.66" port: 46257 } } peers { permanent_uuid: "9aeb34f46e0146ec8c19ec1cdde15737" member_type: VOTER last_known_addr { host: "127.10.240.67" port: 36541 } }
I20260713 09:05:28.605783 11824 leader_election.cc:290] T 0ef28e699de140b4bc39e4c0846df262 P 41c69c3dce57459ab0eb0c714616eb94 [CANDIDATE]: Term 2 election: Requested vote from peers b545c6deb5d34398990c515d4ae124dd (127.10.240.66:46257), 9aeb34f46e0146ec8c19ec1cdde15737 (127.10.240.67:36541)
I20260713 09:05:28.606734 11898 tablet_service.cc:1917] Received RequestConsensusVote() RPC: tablet_id: "0ef28e699de140b4bc39e4c0846df262" candidate_uuid: "41c69c3dce57459ab0eb0c714616eb94" candidate_term: 2 candidate_status { last_received { term: 1 index: 1 } } ignore_live_leader: true dest_uuid: "b545c6deb5d34398990c515d4ae124dd"
I20260713 09:05:28.606858 11973 tablet_service.cc:1917] Received RequestConsensusVote() RPC: tablet_id: "0ef28e699de140b4bc39e4c0846df262" candidate_uuid: "41c69c3dce57459ab0eb0c714616eb94" candidate_term: 2 candidate_status { last_received { term: 1 index: 1 } } ignore_live_leader: true dest_uuid: "9aeb34f46e0146ec8c19ec1cdde15737"
I20260713 09:05:28.607447 11898 raft_consensus.cc:3055] T 0ef28e699de140b4bc39e4c0846df262 P b545c6deb5d34398990c515d4ae124dd [term 1 LEADER]: Stepping down as leader of term 1
I20260713 09:05:28.607569 11973 raft_consensus.cc:3060] T 0ef28e699de140b4bc39e4c0846df262 P 9aeb34f46e0146ec8c19ec1cdde15737 [term 1 FOLLOWER]: Advancing to term 2
I20260713 09:05:28.607728 11898 raft_consensus.cc:740] T 0ef28e699de140b4bc39e4c0846df262 P b545c6deb5d34398990c515d4ae124dd [term 1 LEADER]: Becoming Follower/Learner. State: Replica: b545c6deb5d34398990c515d4ae124dd, State: Running, Role: LEADER
I20260713 09:05:28.608469 11898 consensus_queue.cc:260] T 0ef28e699de140b4bc39e4c0846df262 P b545c6deb5d34398990c515d4ae124dd [NON_LEADER]: Queue going to NON_LEADER mode. State: All replicated index: 0, Majority replicated index: 1, Committed index: 1, Last appended: 1.1, Last appended by leader: 1, Current term: 1, Majority size: -1, State: 0, Mode: NON_LEADER, active raft config: opid_index: -1 OBSOLETE_local: false peers { permanent_uuid: "41c69c3dce57459ab0eb0c714616eb94" member_type: VOTER last_known_addr { host: "127.10.240.65" port: 46173 } } peers { permanent_uuid: "b545c6deb5d34398990c515d4ae124dd" member_type: VOTER last_known_addr { host: "127.10.240.66" port: 46257 } } peers { permanent_uuid: "9aeb34f46e0146ec8c19ec1cdde15737" member_type: VOTER last_known_addr { host: "127.10.240.67" port: 36541 } }
I20260713 09:05:28.609367 11898 raft_consensus.cc:3060] T 0ef28e699de140b4bc39e4c0846df262 P b545c6deb5d34398990c515d4ae124dd [term 1 FOLLOWER]: Advancing to term 2
I20260713 09:05:28.612412 11973 raft_consensus.cc:2468] T 0ef28e699de140b4bc39e4c0846df262 P 9aeb34f46e0146ec8c19ec1cdde15737 [term 2 FOLLOWER]: Leader election vote request: Granting yes vote for candidate 41c69c3dce57459ab0eb0c714616eb94 in term 2.
I20260713 09:05:28.613405 11788 leader_election.cc:304] T 0ef28e699de140b4bc39e4c0846df262 P 41c69c3dce57459ab0eb0c714616eb94 [CANDIDATE]: Term 2 election: Election decided. Result: candidate won. Election summary: received 2 responses out of 3 voters: 2 yes votes; 0 no votes. yes voters: 41c69c3dce57459ab0eb0c714616eb94, 9aeb34f46e0146ec8c19ec1cdde15737; no voters: 
I20260713 09:05:28.613742 11898 raft_consensus.cc:2468] T 0ef28e699de140b4bc39e4c0846df262 P b545c6deb5d34398990c515d4ae124dd [term 2 FOLLOWER]: Leader election vote request: Granting yes vote for candidate 41c69c3dce57459ab0eb0c714616eb94 in term 2.
I20260713 09:05:28.614091 12127 raft_consensus.cc:2804] T 0ef28e699de140b4bc39e4c0846df262 P 41c69c3dce57459ab0eb0c714616eb94 [term 2 FOLLOWER]: Leader election won for term 2
I20260713 09:05:28.614567 12127 raft_consensus.cc:697] T 0ef28e699de140b4bc39e4c0846df262 P 41c69c3dce57459ab0eb0c714616eb94 [term 2 LEADER]: Becoming Leader. State: Replica: 41c69c3dce57459ab0eb0c714616eb94, State: Running, Role: LEADER
I20260713 09:05:28.615250 12127 consensus_queue.cc:237] T 0ef28e699de140b4bc39e4c0846df262 P 41c69c3dce57459ab0eb0c714616eb94 [LEADER]: Queue going to LEADER mode. State: All replicated index: 0, Majority replicated index: 1, Committed index: 1, Last appended: 1.1, Last appended by leader: 1, Current term: 2, Majority size: 2, State: 0, Mode: LEADER, active raft config: opid_index: -1 OBSOLETE_local: false peers { permanent_uuid: "41c69c3dce57459ab0eb0c714616eb94" member_type: VOTER last_known_addr { host: "127.10.240.65" port: 46173 } } peers { permanent_uuid: "b545c6deb5d34398990c515d4ae124dd" member_type: VOTER last_known_addr { host: "127.10.240.66" port: 46257 } } peers { permanent_uuid: "9aeb34f46e0146ec8c19ec1cdde15737" member_type: VOTER last_known_addr { host: "127.10.240.67" port: 36541 } }
I20260713 09:05:28.621729 11722 catalog_manager.cc:5697] T 0ef28e699de140b4bc39e4c0846df262 P 41c69c3dce57459ab0eb0c714616eb94 reported cstate change: term changed from 1 to 2, leader changed from b545c6deb5d34398990c515d4ae124dd (127.10.240.66) to 41c69c3dce57459ab0eb0c714616eb94 (127.10.240.65). New cstate: current_term: 2 leader_uuid: "41c69c3dce57459ab0eb0c714616eb94" committed_config { opid_index: -1 OBSOLETE_local: false peers { permanent_uuid: "41c69c3dce57459ab0eb0c714616eb94" member_type: VOTER last_known_addr { host: "127.10.240.65" port: 46173 } health_report { overall_health: HEALTHY } } peers { permanent_uuid: "b545c6deb5d34398990c515d4ae124dd" member_type: VOTER last_known_addr { host: "127.10.240.66" port: 46257 } health_report { overall_health: UNKNOWN } } peers { permanent_uuid: "9aeb34f46e0146ec8c19ec1cdde15737" member_type: VOTER last_known_addr { host: "127.10.240.67" port: 36541 } health_report { overall_health: UNKNOWN } } }
I20260713 09:05:28.713065 12104 raft_consensus.cc:993] T ed84b2d853e741feb13a1cf52aa9a12f P b545c6deb5d34398990c515d4ae124dd: : Instructing follower 41c69c3dce57459ab0eb0c714616eb94 to start an election
I20260713 09:05:28.713493 12104 raft_consensus.cc:1081] T ed84b2d853e741feb13a1cf52aa9a12f P b545c6deb5d34398990c515d4ae124dd [term 2 LEADER]: Signalling peer 41c69c3dce57459ab0eb0c714616eb94 to start an election
I20260713 09:05:28.714964 11824 tablet_service.cc:2044] Received Run Leader Election RPC: tablet_id: "ed84b2d853e741feb13a1cf52aa9a12f"
dest_uuid: "41c69c3dce57459ab0eb0c714616eb94"
 from {username='slave'} at 127.0.0.1:52220
I20260713 09:05:28.715425 11824 raft_consensus.cc:493] T ed84b2d853e741feb13a1cf52aa9a12f P 41c69c3dce57459ab0eb0c714616eb94 [term 2 FOLLOWER]: Starting forced leader election (received explicit request)
I20260713 09:05:28.715657 11824 raft_consensus.cc:3060] T ed84b2d853e741feb13a1cf52aa9a12f P 41c69c3dce57459ab0eb0c714616eb94 [term 2 FOLLOWER]: Advancing to term 3
I20260713 09:05:28.719741 11824 raft_consensus.cc:515] T ed84b2d853e741feb13a1cf52aa9a12f P 41c69c3dce57459ab0eb0c714616eb94 [term 3 FOLLOWER]: Starting forced leader election with config: opid_index: -1 OBSOLETE_local: false peers { permanent_uuid: "41c69c3dce57459ab0eb0c714616eb94" member_type: VOTER last_known_addr { host: "127.10.240.65" port: 46173 } } peers { permanent_uuid: "b545c6deb5d34398990c515d4ae124dd" member_type: VOTER last_known_addr { host: "127.10.240.66" port: 46257 } } peers { permanent_uuid: "9aeb34f46e0146ec8c19ec1cdde15737" member_type: VOTER last_known_addr { host: "127.10.240.67" port: 36541 } }
I20260713 09:05:28.721272 11824 leader_election.cc:290] T ed84b2d853e741feb13a1cf52aa9a12f P 41c69c3dce57459ab0eb0c714616eb94 [CANDIDATE]: Term 3 election: Requested vote from peers b545c6deb5d34398990c515d4ae124dd (127.10.240.66:46257), 9aeb34f46e0146ec8c19ec1cdde15737 (127.10.240.67:36541)
I20260713 09:05:28.722258 11898 tablet_service.cc:1917] Received RequestConsensusVote() RPC: tablet_id: "ed84b2d853e741feb13a1cf52aa9a12f" candidate_uuid: "41c69c3dce57459ab0eb0c714616eb94" candidate_term: 3 candidate_status { last_received { term: 2 index: 2 } } ignore_live_leader: true dest_uuid: "b545c6deb5d34398990c515d4ae124dd"
I20260713 09:05:28.722282 11973 tablet_service.cc:1917] Received RequestConsensusVote() RPC: tablet_id: "ed84b2d853e741feb13a1cf52aa9a12f" candidate_uuid: "41c69c3dce57459ab0eb0c714616eb94" candidate_term: 3 candidate_status { last_received { term: 2 index: 2 } } ignore_live_leader: true dest_uuid: "9aeb34f46e0146ec8c19ec1cdde15737"
I20260713 09:05:28.723014 11898 raft_consensus.cc:3055] T ed84b2d853e741feb13a1cf52aa9a12f P b545c6deb5d34398990c515d4ae124dd [term 2 LEADER]: Stepping down as leader of term 2
I20260713 09:05:28.723021 11973 raft_consensus.cc:3060] T ed84b2d853e741feb13a1cf52aa9a12f P 9aeb34f46e0146ec8c19ec1cdde15737 [term 2 FOLLOWER]: Advancing to term 3
I20260713 09:05:28.723464 11898 raft_consensus.cc:740] T ed84b2d853e741feb13a1cf52aa9a12f P b545c6deb5d34398990c515d4ae124dd [term 2 LEADER]: Becoming Follower/Learner. State: Replica: b545c6deb5d34398990c515d4ae124dd, State: Running, Role: LEADER
I20260713 09:05:28.724189 11898 consensus_queue.cc:260] T ed84b2d853e741feb13a1cf52aa9a12f P b545c6deb5d34398990c515d4ae124dd [NON_LEADER]: Queue going to NON_LEADER mode. State: All replicated index: 0, Majority replicated index: 2, Committed index: 2, Last appended: 2.2, Last appended by leader: 2, Current term: 2, Majority size: -1, State: 0, Mode: NON_LEADER, active raft config: opid_index: -1 OBSOLETE_local: false peers { permanent_uuid: "41c69c3dce57459ab0eb0c714616eb94" member_type: VOTER last_known_addr { host: "127.10.240.65" port: 46173 } } peers { permanent_uuid: "b545c6deb5d34398990c515d4ae124dd" member_type: VOTER last_known_addr { host: "127.10.240.66" port: 46257 } } peers { permanent_uuid: "9aeb34f46e0146ec8c19ec1cdde15737" member_type: VOTER last_known_addr { host: "127.10.240.67" port: 36541 } }
I20260713 09:05:28.725313 11898 raft_consensus.cc:3060] T ed84b2d853e741feb13a1cf52aa9a12f P b545c6deb5d34398990c515d4ae124dd [term 2 FOLLOWER]: Advancing to term 3
