I20260713 09:05:25.516489 17698 catalog_manager.cc:5697] T 8cdf1051dcfc46bda2a5d92300202bf1 P 549999d025a24131913b2c47db61b3f9 reported cstate change: term changed from 0 to 1, leader changed from <none> to 549999d025a24131913b2c47db61b3f9 (127.16.65.67). New cstate: current_term: 1 leader_uuid: "549999d025a24131913b2c47db61b3f9" committed_config { opid_index: -1 OBSOLETE_local: false peers { permanent_uuid: "7661aa71047b47a1bcce9a1a2c804803" member_type: VOTER last_known_addr { host: "127.16.65.65" port: 34083 } health_report { overall_health: UNKNOWN } } peers { permanent_uuid: "d923ec5c386041ebad813eab0af18dca" member_type: VOTER last_known_addr { host: "127.16.65.66" port: 38819 } health_report { overall_health: UNKNOWN } } peers { permanent_uuid: "549999d025a24131913b2c47db61b3f9" member_type: VOTER last_known_addr { host: "127.16.65.67" port: 35459 } health_report { overall_health: HEALTHY } } }
I20260713 09:05:25.528766 17991 raft_consensus.cc:359] T 26c8b19e652b4d718941144d47f4a4c4 P 7661aa71047b47a1bcce9a1a2c804803 [term 0 FOLLOWER]: Replica starting. Triggering 0 pending ops. Active config: opid_index: -1 OBSOLETE_local: false peers { permanent_uuid: "7661aa71047b47a1bcce9a1a2c804803" member_type: VOTER last_known_addr { host: "127.16.65.65" port: 34083 } } peers { permanent_uuid: "d923ec5c386041ebad813eab0af18dca" member_type: VOTER last_known_addr { host: "127.16.65.66" port: 38819 } } peers { permanent_uuid: "549999d025a24131913b2c47db61b3f9" member_type: VOTER last_known_addr { host: "127.16.65.67" port: 35459 } }
I20260713 09:05:25.529448 17876 tablet_service.cc:1917] Received RequestConsensusVote() RPC: tablet_id: "7a4deb6df35647f58f15e44fab1fb28a" candidate_uuid: "549999d025a24131913b2c47db61b3f9" candidate_term: 1 candidate_status { last_received { term: 0 index: 0 } } ignore_live_leader: false dest_uuid: "d923ec5c386041ebad813eab0af18dca" is_pre_election: true
I20260713 09:05:25.529811 17991 raft_consensus.cc:385] T 26c8b19e652b4d718941144d47f4a4c4 P 7661aa71047b47a1bcce9a1a2c804803 [term 0 FOLLOWER]: Consensus starting up: Expiring failure detector timer to make a prompt election more likely
I20260713 09:05:25.530350 17991 raft_consensus.cc:740] T 26c8b19e652b4d718941144d47f4a4c4 P 7661aa71047b47a1bcce9a1a2c804803 [term 0 FOLLOWER]: Becoming Follower/Learner. State: Replica: 7661aa71047b47a1bcce9a1a2c804803, State: Initialized, Role: FOLLOWER
W20260713 09:05:25.531309 17915 leader_election.cc:343] T 7a4deb6df35647f58f15e44fab1fb28a P 549999d025a24131913b2c47db61b3f9 [CANDIDATE]: Term 1 pre-election: Tablet error from VoteRequest() call to peer d923ec5c386041ebad813eab0af18dca (127.16.65.66:38819): Illegal state: must be running to vote when last-logged opid is not known
W20260713 09:05:25.531986 17915 leader_election.cc:343] T 7a4deb6df35647f58f15e44fab1fb28a P 549999d025a24131913b2c47db61b3f9 [CANDIDATE]: Term 1 pre-election: Tablet error from VoteRequest() call to peer 7661aa71047b47a1bcce9a1a2c804803 (127.16.65.65:34083): Illegal state: must be running to vote when last-logged opid is not known
I20260713 09:05:25.531188 17991 consensus_queue.cc:260] T 26c8b19e652b4d718941144d47f4a4c4 P 7661aa71047b47a1bcce9a1a2c804803 [NON_LEADER]: Queue going to NON_LEADER mode. State: All replicated index: 0, Majority replicated index: 0, Committed index: 0, Last appended: 0.0, Last appended by leader: 0, Current term: 0, Majority size: -1, State: 0, Mode: NON_LEADER, active raft config: opid_index: -1 OBSOLETE_local: false peers { permanent_uuid: "7661aa71047b47a1bcce9a1a2c804803" member_type: VOTER last_known_addr { host: "127.16.65.65" port: 34083 } } peers { permanent_uuid: "d923ec5c386041ebad813eab0af18dca" member_type: VOTER last_known_addr { host: "127.16.65.66" port: 38819 } } peers { permanent_uuid: "549999d025a24131913b2c47db61b3f9" member_type: VOTER last_known_addr { host: "127.16.65.67" port: 35459 } }
I20260713 09:05:25.532385 17915 leader_election.cc:304] T 7a4deb6df35647f58f15e44fab1fb28a P 549999d025a24131913b2c47db61b3f9 [CANDIDATE]: Term 1 pre-election: Election decided. Result: candidate lost. Election summary: received 3 responses out of 3 voters: 1 yes votes; 2 no votes. yes voters: 549999d025a24131913b2c47db61b3f9; no voters: 7661aa71047b47a1bcce9a1a2c804803, d923ec5c386041ebad813eab0af18dca
I20260713 09:05:25.533811 18027 raft_consensus.cc:2749] T 7a4deb6df35647f58f15e44fab1fb28a P 549999d025a24131913b2c47db61b3f9 [term 0 FOLLOWER]: Leader pre-election lost for term 1. Reason: could not achieve majority
I20260713 09:05:25.535372 18002 raft_consensus.cc:493] T f7e6a6cc50094eafae20e2900768e684 P d923ec5c386041ebad813eab0af18dca [term 0 FOLLOWER]: Starting pre-election (no leader contacted us within the election timeout)
I20260713 09:05:25.535789 17991 ts_tablet_manager.cc:1434] T 26c8b19e652b4d718941144d47f4a4c4 P 7661aa71047b47a1bcce9a1a2c804803: Time spent starting tablet: real 0.010s	user 0.007s	sys 0.000s
I20260713 09:05:25.535823 18002 raft_consensus.cc:515] T f7e6a6cc50094eafae20e2900768e684 P d923ec5c386041ebad813eab0af18dca [term 0 FOLLOWER]: Starting pre-election with config: opid_index: -1 OBSOLETE_local: false peers { permanent_uuid: "7661aa71047b47a1bcce9a1a2c804803" member_type: VOTER last_known_addr { host: "127.16.65.65" port: 34083 } } peers { permanent_uuid: "d923ec5c386041ebad813eab0af18dca" member_type: VOTER last_known_addr { host: "127.16.65.66" port: 38819 } } peers { permanent_uuid: "549999d025a24131913b2c47db61b3f9" member_type: VOTER last_known_addr { host: "127.16.65.67" port: 35459 } }
I20260713 09:05:25.535627 18021 raft_consensus.cc:515] T b734ea50f2134c059ef3511de9b2edef P 7661aa71047b47a1bcce9a1a2c804803 [term 1 FOLLOWER]: Starting leader election with config: opid_index: -1 OBSOLETE_local: false peers { permanent_uuid: "7661aa71047b47a1bcce9a1a2c804803" member_type: VOTER last_known_addr { host: "127.16.65.65" port: 34083 } } peers { permanent_uuid: "d923ec5c386041ebad813eab0af18dca" member_type: VOTER last_known_addr { host: "127.16.65.66" port: 38819 } } peers { permanent_uuid: "549999d025a24131913b2c47db61b3f9" member_type: VOTER last_known_addr { host: "127.16.65.67" port: 35459 } }
I20260713 09:05:25.537611 17991 tablet_bootstrap.cc:492] T 8cdf1051dcfc46bda2a5d92300202bf1 P 7661aa71047b47a1bcce9a1a2c804803: Bootstrap starting.
I20260713 09:05:25.539196 18002 leader_election.cc:290] T f7e6a6cc50094eafae20e2900768e684 P d923ec5c386041ebad813eab0af18dca [CANDIDATE]: Term 1 pre-election: Requested pre-vote from peers 7661aa71047b47a1bcce9a1a2c804803 (127.16.65.65:34083), 549999d025a24131913b2c47db61b3f9 (127.16.65.67:35459)
I20260713 09:05:25.542371 17801 tablet_service.cc:1917] Received RequestConsensusVote() RPC: tablet_id: "f7e6a6cc50094eafae20e2900768e684" candidate_uuid: "d923ec5c386041ebad813eab0af18dca" candidate_term: 1 candidate_status { last_received { term: 0 index: 0 } } ignore_live_leader: false dest_uuid: "7661aa71047b47a1bcce9a1a2c804803" is_pre_election: true
I20260713 09:05:25.543555 18021 leader_election.cc:290] T b734ea50f2134c059ef3511de9b2edef P 7661aa71047b47a1bcce9a1a2c804803 [CANDIDATE]: Term 1 election: Requested vote from peers d923ec5c386041ebad813eab0af18dca (127.16.65.66:38819), 549999d025a24131913b2c47db61b3f9 (127.16.65.67:35459)
W20260713 09:05:25.544207 17841 leader_election.cc:343] T f7e6a6cc50094eafae20e2900768e684 P d923ec5c386041ebad813eab0af18dca [CANDIDATE]: Term 1 pre-election: Tablet error from VoteRequest() call to peer 7661aa71047b47a1bcce9a1a2c804803 (127.16.65.65:34083): Illegal state: must be running to vote when last-logged opid is not known
I20260713 09:05:25.544664 17991 tablet_bootstrap.cc:654] T 8cdf1051dcfc46bda2a5d92300202bf1 P 7661aa71047b47a1bcce9a1a2c804803: Neither blocks nor log segments found. Creating new log.
I20260713 09:05:25.545506 17949 tablet_service.cc:1917] Received RequestConsensusVote() RPC: tablet_id: "f7e6a6cc50094eafae20e2900768e684" candidate_uuid: "d923ec5c386041ebad813eab0af18dca" candidate_term: 1 candidate_status { last_received { term: 0 index: 0 } } ignore_live_leader: false dest_uuid: "549999d025a24131913b2c47db61b3f9" is_pre_election: true
I20260713 09:05:25.545517 17876 tablet_service.cc:1917] Received RequestConsensusVote() RPC: tablet_id: "b734ea50f2134c059ef3511de9b2edef" candidate_uuid: "7661aa71047b47a1bcce9a1a2c804803" candidate_term: 1 candidate_status { last_received { term: 0 index: 0 } } ignore_live_leader: false dest_uuid: "d923ec5c386041ebad813eab0af18dca"
I20260713 09:05:25.546343 17876 raft_consensus.cc:3060] T b734ea50f2134c059ef3511de9b2edef P d923ec5c386041ebad813eab0af18dca [term 0 FOLLOWER]: Advancing to term 1
I20260713 09:05:25.546896 17950 tablet_service.cc:1917] Received RequestConsensusVote() RPC: tablet_id: "b734ea50f2134c059ef3511de9b2edef" candidate_uuid: "7661aa71047b47a1bcce9a1a2c804803" candidate_term: 1 candidate_status { last_received { term: 0 index: 0 } } ignore_live_leader: false dest_uuid: "549999d025a24131913b2c47db61b3f9"
W20260713 09:05:25.547056 17840 leader_election.cc:343] T f7e6a6cc50094eafae20e2900768e684 P d923ec5c386041ebad813eab0af18dca [CANDIDATE]: Term 1 pre-election: Tablet error from VoteRequest() call to peer 549999d025a24131913b2c47db61b3f9 (127.16.65.67:35459): Illegal state: must be running to vote when last-logged opid is not known
I20260713 09:05:25.547919 17950 raft_consensus.cc:3060] T b734ea50f2134c059ef3511de9b2edef P 549999d025a24131913b2c47db61b3f9 [term 0 FOLLOWER]: Advancing to term 1
I20260713 09:05:25.547971 17840 leader_election.cc:304] T f7e6a6cc50094eafae20e2900768e684 P d923ec5c386041ebad813eab0af18dca [CANDIDATE]: Term 1 pre-election: Election decided. Result: candidate lost. Election summary: received 3 responses out of 3 voters: 1 yes votes; 2 no votes. yes voters: d923ec5c386041ebad813eab0af18dca; no voters: 549999d025a24131913b2c47db61b3f9, 7661aa71047b47a1bcce9a1a2c804803
I20260713 09:05:25.548825 18002 raft_consensus.cc:2749] T f7e6a6cc50094eafae20e2900768e684 P d923ec5c386041ebad813eab0af18dca [term 0 FOLLOWER]: Leader pre-election lost for term 1. Reason: could not achieve majority
I20260713 09:05:25.552613 17990 tablet_bootstrap.cc:492] T c3e08e0cbf4046429d934c36b669880e P 549999d025a24131913b2c47db61b3f9: No bootstrap required, opened a new log
I20260713 09:05:25.553098 17990 ts_tablet_manager.cc:1403] T c3e08e0cbf4046429d934c36b669880e P 549999d025a24131913b2c47db61b3f9: Time spent bootstrapping tablet: real 0.094s	user 0.015s	sys 0.028s
I20260713 09:05:25.556241 17950 raft_consensus.cc:2468] T b734ea50f2134c059ef3511de9b2edef P 549999d025a24131913b2c47db61b3f9 [term 1 FOLLOWER]: Leader election vote request: Granting yes vote for candidate 7661aa71047b47a1bcce9a1a2c804803 in term 1.
I20260713 09:05:25.555994 17990 raft_consensus.cc:359] T c3e08e0cbf4046429d934c36b669880e P 549999d025a24131913b2c47db61b3f9 [term 0 FOLLOWER]: Replica starting. Triggering 0 pending ops. Active config: opid_index: -1 OBSOLETE_local: false peers { permanent_uuid: "7661aa71047b47a1bcce9a1a2c804803" member_type: VOTER last_known_addr { host: "127.16.65.65" port: 34083 } } peers { permanent_uuid: "d923ec5c386041ebad813eab0af18dca" member_type: VOTER last_known_addr { host: "127.16.65.66" port: 38819 } } peers { permanent_uuid: "549999d025a24131913b2c47db61b3f9" member_type: VOTER last_known_addr { host: "127.16.65.67" port: 35459 } }
I20260713 09:05:25.556804 17990 raft_consensus.cc:385] T c3e08e0cbf4046429d934c36b669880e P 549999d025a24131913b2c47db61b3f9 [term 0 FOLLOWER]: Consensus starting up: Expiring failure detector timer to make a prompt election more likely
I20260713 09:05:25.557159 17990 raft_consensus.cc:740] T c3e08e0cbf4046429d934c36b669880e P 549999d025a24131913b2c47db61b3f9 [term 0 FOLLOWER]: Becoming Follower/Learner. State: Replica: 549999d025a24131913b2c47db61b3f9, State: Initialized, Role: FOLLOWER
I20260713 09:05:25.557528 17765 leader_election.cc:304] T b734ea50f2134c059ef3511de9b2edef P 7661aa71047b47a1bcce9a1a2c804803 [CANDIDATE]: Term 1 election: Election decided. Result: candidate won. Election summary: received 2 responses out of 3 voters: 2 yes votes; 0 no votes. yes voters: 549999d025a24131913b2c47db61b3f9, 7661aa71047b47a1bcce9a1a2c804803; no voters: 
I20260713 09:05:25.558182 17990 consensus_queue.cc:260] T c3e08e0cbf4046429d934c36b669880e P 549999d025a24131913b2c47db61b3f9 [NON_LEADER]: Queue going to NON_LEADER mode. State: All replicated index: 0, Majority replicated index: 0, Committed index: 0, Last appended: 0.0, Last appended by leader: 0, Current term: 0, Majority size: -1, State: 0, Mode: NON_LEADER, active raft config: opid_index: -1 OBSOLETE_local: false peers { permanent_uuid: "7661aa71047b47a1bcce9a1a2c804803" member_type: VOTER last_known_addr { host: "127.16.65.65" port: 34083 } } peers { permanent_uuid: "d923ec5c386041ebad813eab0af18dca" member_type: VOTER last_known_addr { host: "127.16.65.66" port: 38819 } } peers { permanent_uuid: "549999d025a24131913b2c47db61b3f9" member_type: VOTER last_known_addr { host: "127.16.65.67" port: 35459 } }
I20260713 09:05:25.558840 18021 raft_consensus.cc:2804] T b734ea50f2134c059ef3511de9b2edef P 7661aa71047b47a1bcce9a1a2c804803 [term 1 FOLLOWER]: Leader election won for term 1
I20260713 09:05:25.560333 18021 raft_consensus.cc:697] T b734ea50f2134c059ef3511de9b2edef P 7661aa71047b47a1bcce9a1a2c804803 [term 1 LEADER]: Becoming Leader. State: Replica: 7661aa71047b47a1bcce9a1a2c804803, State: Running, Role: LEADER
I20260713 09:05:25.561270 18021 consensus_queue.cc:237] T b734ea50f2134c059ef3511de9b2edef P 7661aa71047b47a1bcce9a1a2c804803 [LEADER]: Queue going to LEADER mode. State: All replicated index: 0, Majority replicated index: 0, Committed index: 0, Last appended: 0.0, Last appended by leader: 0, Current term: 1, Majority size: 2, State: 0, Mode: LEADER, active raft config: opid_index: -1 OBSOLETE_local: false peers { permanent_uuid: "7661aa71047b47a1bcce9a1a2c804803" member_type: VOTER last_known_addr { host: "127.16.65.65" port: 34083 } } peers { permanent_uuid: "d923ec5c386041ebad813eab0af18dca" member_type: VOTER last_known_addr { host: "127.16.65.66" port: 38819 } } peers { permanent_uuid: "549999d025a24131913b2c47db61b3f9" member_type: VOTER last_known_addr { host: "127.16.65.67" port: 35459 } }
I20260713 09:05:25.561812 17990 ts_tablet_manager.cc:1434] T c3e08e0cbf4046429d934c36b669880e P 549999d025a24131913b2c47db61b3f9: Time spent starting tablet: real 0.008s	user 0.007s	sys 0.000s
I20260713 09:05:25.562650 17876 raft_consensus.cc:2468] T b734ea50f2134c059ef3511de9b2edef P d923ec5c386041ebad813eab0af18dca [term 1 FOLLOWER]: Leader election vote request: Granting yes vote for candidate 7661aa71047b47a1bcce9a1a2c804803 in term 1.
I20260713 09:05:25.563310 17990 tablet_bootstrap.cc:492] T 2b56b7d7aa4d4cd99d72d3982f44b57e P 549999d025a24131913b2c47db61b3f9: Bootstrap starting.
I20260713 09:05:25.566396 17993 tablet_bootstrap.cc:492] T c3e08e0cbf4046429d934c36b669880e P d923ec5c386041ebad813eab0af18dca: No bootstrap required, opened a new log
I20260713 09:05:25.566871 17993 ts_tablet_manager.cc:1403] T c3e08e0cbf4046429d934c36b669880e P d923ec5c386041ebad813eab0af18dca: Time spent bootstrapping tablet: real 0.079s	user 0.016s	sys 0.003s
I20260713 09:05:25.568813 17993 raft_consensus.cc:359] T c3e08e0cbf4046429d934c36b669880e P d923ec5c386041ebad813eab0af18dca [term 0 FOLLOWER]: Replica starting. Triggering 0 pending ops. Active config: opid_index: -1 OBSOLETE_local: false peers { permanent_uuid: "7661aa71047b47a1bcce9a1a2c804803" member_type: VOTER last_known_addr { host: "127.16.65.65" port: 34083 } } peers { permanent_uuid: "d923ec5c386041ebad813eab0af18dca" member_type: VOTER last_known_addr { host: "127.16.65.66" port: 38819 } } peers { permanent_uuid: "549999d025a24131913b2c47db61b3f9" member_type: VOTER last_known_addr { host: "127.16.65.67" port: 35459 } }
I20260713 09:05:25.569325 17993 raft_consensus.cc:385] T c3e08e0cbf4046429d934c36b669880e P d923ec5c386041ebad813eab0af18dca [term 0 FOLLOWER]: Consensus starting up: Expiring failure detector timer to make a prompt election more likely
I20260713 09:05:25.569589 17993 raft_consensus.cc:740] T c3e08e0cbf4046429d934c36b669880e P d923ec5c386041ebad813eab0af18dca [term 0 FOLLOWER]: Becoming Follower/Learner. State: Replica: d923ec5c386041ebad813eab0af18dca, State: Initialized, Role: FOLLOWER
I20260713 09:05:25.570343 17993 consensus_queue.cc:260] T c3e08e0cbf4046429d934c36b669880e P d923ec5c386041ebad813eab0af18dca [NON_LEADER]: Queue going to NON_LEADER mode. State: All replicated index: 0, Majority replicated index: 0, Committed index: 0, Last appended: 0.0, Last appended by leader: 0, Current term: 0, Majority size: -1, State: 0, Mode: NON_LEADER, active raft config: opid_index: -1 OBSOLETE_local: false peers { permanent_uuid: "7661aa71047b47a1bcce9a1a2c804803" member_type: VOTER last_known_addr { host: "127.16.65.65" port: 34083 } } peers { permanent_uuid: "d923ec5c386041ebad813eab0af18dca" member_type: VOTER last_known_addr { host: "127.16.65.66" port: 38819 } } peers { permanent_uuid: "549999d025a24131913b2c47db61b3f9" member_type: VOTER last_known_addr { host: "127.16.65.67" port: 35459 } }
I20260713 09:05:25.572580 17993 ts_tablet_manager.cc:1434] T c3e08e0cbf4046429d934c36b669880e P d923ec5c386041ebad813eab0af18dca: Time spent starting tablet: real 0.005s	user 0.003s	sys 0.003s
I20260713 09:05:25.573154 17991 tablet_bootstrap.cc:492] T 8cdf1051dcfc46bda2a5d92300202bf1 P 7661aa71047b47a1bcce9a1a2c804803: No bootstrap required, opened a new log
I20260713 09:05:25.573436 17993 tablet_bootstrap.cc:492] T 20e260d3078b4715b30ae60be0fe2f8d P d923ec5c386041ebad813eab0af18dca: Bootstrap starting.
I20260713 09:05:25.573588 17991 ts_tablet_manager.cc:1403] T 8cdf1051dcfc46bda2a5d92300202bf1 P 7661aa71047b47a1bcce9a1a2c804803: Time spent bootstrapping tablet: real 0.036s	user 0.012s	sys 0.000s
I20260713 09:05:25.573854 17990 tablet_bootstrap.cc:654] T 2b56b7d7aa4d4cd99d72d3982f44b57e P 549999d025a24131913b2c47db61b3f9: Neither blocks nor log segments found. Creating new log.
I20260713 09:05:25.576164 17991 raft_consensus.cc:359] T 8cdf1051dcfc46bda2a5d92300202bf1 P 7661aa71047b47a1bcce9a1a2c804803 [term 0 FOLLOWER]: Replica starting. Triggering 0 pending ops. Active config: opid_index: -1 OBSOLETE_local: false peers { permanent_uuid: "7661aa71047b47a1bcce9a1a2c804803" member_type: VOTER last_known_addr { host: "127.16.65.65" port: 34083 } } peers { permanent_uuid: "d923ec5c386041ebad813eab0af18dca" member_type: VOTER last_known_addr { host: "127.16.65.66" port: 38819 } } peers { permanent_uuid: "549999d025a24131913b2c47db61b3f9" member_type: VOTER last_known_addr { host: "127.16.65.67" port: 35459 } }
I20260713 09:05:25.577003 17991 raft_consensus.cc:385] T 8cdf1051dcfc46bda2a5d92300202bf1 P 7661aa71047b47a1bcce9a1a2c804803 [term 0 FOLLOWER]: Consensus starting up: Expiring failure detector timer to make a prompt election more likely
I20260713 09:05:25.577340 17991 raft_consensus.cc:740] T 8cdf1051dcfc46bda2a5d92300202bf1 P 7661aa71047b47a1bcce9a1a2c804803 [term 0 FOLLOWER]: Becoming Follower/Learner. State: Replica: 7661aa71047b47a1bcce9a1a2c804803, State: Initialized, Role: FOLLOWER
I20260713 09:05:25.578085 17991 consensus_queue.cc:260] T 8cdf1051dcfc46bda2a5d92300202bf1 P 7661aa71047b47a1bcce9a1a2c804803 [NON_LEADER]: Queue going to NON_LEADER mode. State: All replicated index: 0, Majority replicated index: 0, Committed index: 0, Last appended: 0.0, Last appended by leader: 0, Current term: 0, Majority size: -1, State: 0, Mode: NON_LEADER, active raft config: opid_index: -1 OBSOLETE_local: false peers { permanent_uuid: "7661aa71047b47a1bcce9a1a2c804803" member_type: VOTER last_known_addr { host: "127.16.65.65" port: 34083 } } peers { permanent_uuid: "d923ec5c386041ebad813eab0af18dca" member_type: VOTER last_known_addr { host: "127.16.65.66" port: 38819 } } peers { permanent_uuid: "549999d025a24131913b2c47db61b3f9" member_type: VOTER last_known_addr { host: "127.16.65.67" port: 35459 } }
I20260713 09:05:25.579871 17993 tablet_bootstrap.cc:654] T 20e260d3078b4715b30ae60be0fe2f8d P d923ec5c386041ebad813eab0af18dca: Neither blocks nor log segments found. Creating new log.
I20260713 09:05:25.580557 17991 ts_tablet_manager.cc:1434] T 8cdf1051dcfc46bda2a5d92300202bf1 P 7661aa71047b47a1bcce9a1a2c804803: Time spent starting tablet: real 0.007s	user 0.006s	sys 0.000s
I20260713 09:05:25.581586 17991 tablet_bootstrap.cc:492] T f7e6a6cc50094eafae20e2900768e684 P 7661aa71047b47a1bcce9a1a2c804803: Bootstrap starting.
I20260713 09:05:25.590121 17991 tablet_bootstrap.cc:654] T f7e6a6cc50094eafae20e2900768e684 P 7661aa71047b47a1bcce9a1a2c804803: Neither blocks nor log segments found. Creating new log.
I20260713 09:05:25.590889 18021 raft_consensus.cc:493] T 41df1838993f40e388412baf0740226f P 7661aa71047b47a1bcce9a1a2c804803 [term 0 FOLLOWER]: Starting pre-election (no leader contacted us within the election timeout)
I20260713 09:05:25.592207 18021 raft_consensus.cc:515] T 41df1838993f40e388412baf0740226f P 7661aa71047b47a1bcce9a1a2c804803 [term 0 FOLLOWER]: Starting pre-election with config: opid_index: -1 OBSOLETE_local: false peers { permanent_uuid: "7661aa71047b47a1bcce9a1a2c804803" member_type: VOTER last_known_addr { host: "127.16.65.65" port: 34083 } } peers { permanent_uuid: "d923ec5c386041ebad813eab0af18dca" member_type: VOTER last_known_addr { host: "127.16.65.66" port: 38819 } } peers { permanent_uuid: "549999d025a24131913b2c47db61b3f9" member_type: VOTER last_known_addr { host: "127.16.65.67" port: 35459 } }
I20260713 09:05:25.593693 17993 tablet_bootstrap.cc:492] T 20e260d3078b4715b30ae60be0fe2f8d P d923ec5c386041ebad813eab0af18dca: No bootstrap required, opened a new log
I20260713 09:05:25.594547 18021 leader_election.cc:290] T 41df1838993f40e388412baf0740226f P 7661aa71047b47a1bcce9a1a2c804803 [CANDIDATE]: Term 1 pre-election: Requested pre-vote from peers d923ec5c386041ebad813eab0af18dca (127.16.65.66:38819), 549999d025a24131913b2c47db61b3f9 (127.16.65.67:35459)
I20260713 09:05:25.591648 17990 tablet_bootstrap.cc:492] T 2b56b7d7aa4d4cd99d72d3982f44b57e P 549999d025a24131913b2c47db61b3f9: No bootstrap required, opened a new log
I20260713 09:05:25.597374 17993 ts_tablet_manager.cc:1403] T 20e260d3078b4715b30ae60be0fe2f8d P d923ec5c386041ebad813eab0af18dca: Time spent bootstrapping tablet: real 0.024s	user 0.015s	sys 0.003s
I20260713 09:05:25.597579 17990 ts_tablet_manager.cc:1403] T 2b56b7d7aa4d4cd99d72d3982f44b57e P 549999d025a24131913b2c47db61b3f9: Time spent bootstrapping tablet: real 0.035s	user 0.016s	sys 0.004s
I20260713 09:05:25.598351 17876 tablet_service.cc:1917] Received RequestConsensusVote() RPC: tablet_id: "41df1838993f40e388412baf0740226f" candidate_uuid: "7661aa71047b47a1bcce9a1a2c804803" candidate_term: 1 candidate_status { last_received { term: 0 index: 0 } } ignore_live_leader: false dest_uuid: "d923ec5c386041ebad813eab0af18dca" is_pre_election: true
I20260713 09:05:25.600087 17990 raft_consensus.cc:359] T 2b56b7d7aa4d4cd99d72d3982f44b57e P 549999d025a24131913b2c47db61b3f9 [term 0 FOLLOWER]: Replica starting. Triggering 0 pending ops. Active config: opid_index: -1 OBSOLETE_local: false peers { permanent_uuid: "7661aa71047b47a1bcce9a1a2c804803" member_type: VOTER last_known_addr { host: "127.16.65.65" port: 34083 } } peers { permanent_uuid: "549999d025a24131913b2c47db61b3f9" member_type: VOTER last_known_addr { host: "127.16.65.67" port: 35459 } } peers { permanent_uuid: "d923ec5c386041ebad813eab0af18dca" member_type: VOTER last_known_addr { host: "127.16.65.66" port: 38819 } }
W20260713 09:05:25.600448 17766 leader_election.cc:343] T 41df1838993f40e388412baf0740226f P 7661aa71047b47a1bcce9a1a2c804803 [CANDIDATE]: Term 1 pre-election: Tablet error from VoteRequest() call to peer d923ec5c386041ebad813eab0af18dca (127.16.65.66:38819): Illegal state: must be running to vote when last-logged opid is not known
I20260713 09:05:25.600795 17990 raft_consensus.cc:385] T 2b56b7d7aa4d4cd99d72d3982f44b57e P 549999d025a24131913b2c47db61b3f9 [term 0 FOLLOWER]: Consensus starting up: Expiring failure detector timer to make a prompt election more likely
I20260713 09:05:25.601097 17990 raft_consensus.cc:740] T 2b56b7d7aa4d4cd99d72d3982f44b57e P 549999d025a24131913b2c47db61b3f9 [term 0 FOLLOWER]: Becoming Follower/Learner. State: Replica: 549999d025a24131913b2c47db61b3f9, State: Initialized, Role: FOLLOWER
I20260713 09:05:25.601781 17990 consensus_queue.cc:260] T 2b56b7d7aa4d4cd99d72d3982f44b57e P 549999d025a24131913b2c47db61b3f9 [NON_LEADER]: Queue going to NON_LEADER mode. State: All replicated index: 0, Majority replicated index: 0, Committed index: 0, Last appended: 0.0, Last appended by leader: 0, Current term: 0, Majority size: -1, State: 0, Mode: NON_LEADER, active raft config: opid_index: -1 OBSOLETE_local: false peers { permanent_uuid: "7661aa71047b47a1bcce9a1a2c804803" member_type: VOTER last_known_addr { host: "127.16.65.65" port: 34083 } } peers { permanent_uuid: "549999d025a24131913b2c47db61b3f9" member_type: VOTER last_known_addr { host: "127.16.65.67" port: 35459 } } peers { permanent_uuid: "d923ec5c386041ebad813eab0af18dca" member_type: VOTER last_known_addr { host: "127.16.65.66" port: 38819 } }
I20260713 09:05:25.602725 17950 tablet_service.cc:1917] Received RequestConsensusVote() RPC: tablet_id: "41df1838993f40e388412baf0740226f" candidate_uuid: "7661aa71047b47a1bcce9a1a2c804803" candidate_term: 1 candidate_status { last_received { term: 0 index: 0 } } ignore_live_leader: false dest_uuid: "549999d025a24131913b2c47db61b3f9" is_pre_election: true
I20260713 09:05:25.603749 17990 ts_tablet_manager.cc:1434] T 2b56b7d7aa4d4cd99d72d3982f44b57e P 549999d025a24131913b2c47db61b3f9: Time spent starting tablet: real 0.006s	user 0.004s	sys 0.000s
I20260713 09:05:25.603591 17950 raft_consensus.cc:2468] T 41df1838993f40e388412baf0740226f P 549999d025a24131913b2c47db61b3f9 [term 0 FOLLOWER]: Leader pre-election vote request: Granting yes vote for candidate 7661aa71047b47a1bcce9a1a2c804803 in term 0.
I20260713 09:05:25.604712 17990 tablet_bootstrap.cc:492] T 2f2d01a42fcd4e63a9af95ab21dc0eec P 549999d025a24131913b2c47db61b3f9: Bootstrap starting.
I20260713 09:05:25.606920 17993 raft_consensus.cc:359] T 20e260d3078b4715b30ae60be0fe2f8d P d923ec5c386041ebad813eab0af18dca [term 0 FOLLOWER]: Replica starting. Triggering 0 pending ops. Active config: opid_index: -1 OBSOLETE_local: false peers { permanent_uuid: "7661aa71047b47a1bcce9a1a2c804803" member_type: VOTER last_known_addr { host: "127.16.65.65" port: 34083 } } peers { permanent_uuid: "d923ec5c386041ebad813eab0af18dca" member_type: VOTER last_known_addr { host: "127.16.65.66" port: 38819 } } peers { permanent_uuid: "549999d025a24131913b2c47db61b3f9" member_type: VOTER last_known_addr { host: "127.16.65.67" port: 35459 } }
I20260713 09:05:25.607587 17991 tablet_bootstrap.cc:492] T f7e6a6cc50094eafae20e2900768e684 P 7661aa71047b47a1bcce9a1a2c804803: No bootstrap required, opened a new log
I20260713 09:05:25.608362 17991 ts_tablet_manager.cc:1403] T f7e6a6cc50094eafae20e2900768e684 P 7661aa71047b47a1bcce9a1a2c804803: Time spent bootstrapping tablet: real 0.027s	user 0.017s	sys 0.005s
I20260713 09:05:25.608306 17765 leader_election.cc:304] T 41df1838993f40e388412baf0740226f P 7661aa71047b47a1bcce9a1a2c804803 [CANDIDATE]: Term 1 pre-election: Election decided. Result: candidate won. Election summary: received 3 responses out of 3 voters: 2 yes votes; 1 no votes. yes voters: 549999d025a24131913b2c47db61b3f9, 7661aa71047b47a1bcce9a1a2c804803; no voters: d923ec5c386041ebad813eab0af18dca
I20260713 09:05:25.607594 17993 raft_consensus.cc:385] T 20e260d3078b4715b30ae60be0fe2f8d P d923ec5c386041ebad813eab0af18dca [term 0 FOLLOWER]: Consensus starting up: Expiring failure detector timer to make a prompt election more likely
I20260713 09:05:25.609031 17993 raft_consensus.cc:740] T 20e260d3078b4715b30ae60be0fe2f8d P d923ec5c386041ebad813eab0af18dca [term 0 FOLLOWER]: Becoming Follower/Learner. State: Replica: d923ec5c386041ebad813eab0af18dca, State: Initialized, Role: FOLLOWER
I20260713 09:05:25.609236 18021 raft_consensus.cc:2804] T 41df1838993f40e388412baf0740226f P 7661aa71047b47a1bcce9a1a2c804803 [term 0 FOLLOWER]: Leader pre-election won for term 1
I20260713 09:05:25.609645 18021 raft_consensus.cc:493] T 41df1838993f40e388412baf0740226f P 7661aa71047b47a1bcce9a1a2c804803 [term 0 FOLLOWER]: Starting leader election (no leader contacted us within the election timeout)
I20260713 09:05:25.609992 18021 raft_consensus.cc:3060] T 41df1838993f40e388412baf0740226f P 7661aa71047b47a1bcce9a1a2c804803 [term 0 FOLLOWER]: Advancing to term 1
I20260713 09:05:25.610394 17993 consensus_queue.cc:260] T 20e260d3078b4715b30ae60be0fe2f8d P d923ec5c386041ebad813eab0af18dca [NON_LEADER]: Queue going to NON_LEADER mode. State: All replicated index: 0, Majority replicated index: 0, Committed index: 0, Last appended: 0.0, Last appended by leader: 0, Current term: 0, Majority size: -1, State: 0, Mode: NON_LEADER, active raft config: opid_index: -1 OBSOLETE_local: false peers { permanent_uuid: "7661aa71047b47a1bcce9a1a2c804803" member_type: VOTER last_known_addr { host: "127.16.65.65" port: 34083 } } peers { permanent_uuid: "d923ec5c386041ebad813eab0af18dca" member_type: VOTER last_known_addr { host: "127.16.65.66" port: 38819 } } peers { permanent_uuid: "549999d025a24131913b2c47db61b3f9" member_type: VOTER last_known_addr { host: "127.16.65.67" port: 35459 } }
I20260713 09:05:25.613152 17990 tablet_bootstrap.cc:654] T 2f2d01a42fcd4e63a9af95ab21dc0eec P 549999d025a24131913b2c47db61b3f9: Neither blocks nor log segments found. Creating new log.
I20260713 09:05:25.613376 17991 raft_consensus.cc:359] T f7e6a6cc50094eafae20e2900768e684 P 7661aa71047b47a1bcce9a1a2c804803 [term 0 FOLLOWER]: Replica starting. Triggering 0 pending ops. Active config: opid_index: -1 OBSOLETE_local: false peers { permanent_uuid: "7661aa71047b47a1bcce9a1a2c804803" member_type: VOTER last_known_addr { host: "127.16.65.65" port: 34083 } } peers { permanent_uuid: "d923ec5c386041ebad813eab0af18dca" member_type: VOTER last_known_addr { host: "127.16.65.66" port: 38819 } } peers { permanent_uuid: "549999d025a24131913b2c47db61b3f9" member_type: VOTER last_known_addr { host: "127.16.65.67" port: 35459 } }
I20260713 09:05:25.614270 17991 raft_consensus.cc:385] T f7e6a6cc50094eafae20e2900768e684 P 7661aa71047b47a1bcce9a1a2c804803 [term 0 FOLLOWER]: Consensus starting up: Expiring failure detector timer to make a prompt election more likely
I20260713 09:05:25.614621 17991 raft_consensus.cc:740] T f7e6a6cc50094eafae20e2900768e684 P 7661aa71047b47a1bcce9a1a2c804803 [term 0 FOLLOWER]: Becoming Follower/Learner. State: Replica: 7661aa71047b47a1bcce9a1a2c804803, State: Initialized, Role: FOLLOWER
I20260713 09:05:25.615381 17991 consensus_queue.cc:260] T f7e6a6cc50094eafae20e2900768e684 P 7661aa71047b47a1bcce9a1a2c804803 [NON_LEADER]: Queue going to NON_LEADER mode. State: All replicated index: 0, Majority replicated index: 0, Committed index: 0, Last appended: 0.0, Last appended by leader: 0, Current term: 0, Majority size: -1, State: 0, Mode: NON_LEADER, active raft config: opid_index: -1 OBSOLETE_local: false peers { permanent_uuid: "7661aa71047b47a1bcce9a1a2c804803" member_type: VOTER last_known_addr { host: "127.16.65.65" port: 34083 } } peers { permanent_uuid: "d923ec5c386041ebad813eab0af18dca" member_type: VOTER last_known_addr { host: "127.16.65.66" port: 38819 } } peers { permanent_uuid: "549999d025a24131913b2c47db61b3f9" member_type: VOTER last_known_addr { host: "127.16.65.67" port: 35459 } }
I20260713 09:05:25.617063 17993 ts_tablet_manager.cc:1434] T 20e260d3078b4715b30ae60be0fe2f8d P d923ec5c386041ebad813eab0af18dca: Time spent starting tablet: real 0.019s	user 0.006s	sys 0.000s
I20260713 09:05:25.617753 17991 ts_tablet_manager.cc:1434] T f7e6a6cc50094eafae20e2900768e684 P 7661aa71047b47a1bcce9a1a2c804803: Time spent starting tablet: real 0.008s	user 0.006s	sys 0.000s
I20260713 09:05:25.617622 18021 raft_consensus.cc:515] T 41df1838993f40e388412baf0740226f P 7661aa71047b47a1bcce9a1a2c804803 [term 1 FOLLOWER]: Starting leader election with config: opid_index: -1 OBSOLETE_local: false peers { permanent_uuid: "7661aa71047b47a1bcce9a1a2c804803" member_type: VOTER last_known_addr { host: "127.16.65.65" port: 34083 } } peers { permanent_uuid: "d923ec5c386041ebad813eab0af18dca" member_type: VOTER last_known_addr { host: "127.16.65.66" port: 38819 } } peers { permanent_uuid: "549999d025a24131913b2c47db61b3f9" member_type: VOTER last_known_addr { host: "127.16.65.67" port: 35459 } }
I20260713 09:05:25.618827 17991 tablet_bootstrap.cc:492] T 48dd65cb2678494cba55d3ce3a227bd1 P 7661aa71047b47a1bcce9a1a2c804803: Bootstrap starting.
I20260713 09:05:25.618057 17993 tablet_bootstrap.cc:492] T 7b8148280d764a7f8128155b5cfd1aa5 P d923ec5c386041ebad813eab0af18dca: Bootstrap starting.
I20260713 09:05:25.621613 17876 tablet_service.cc:1917] Received RequestConsensusVote() RPC: tablet_id: "41df1838993f40e388412baf0740226f" candidate_uuid: "7661aa71047b47a1bcce9a1a2c804803" candidate_term: 1 candidate_status { last_received { term: 0 index: 0 } } ignore_live_leader: false dest_uuid: "d923ec5c386041ebad813eab0af18dca"
W20260713 09:05:25.623142 17766 leader_election.cc:343] T 41df1838993f40e388412baf0740226f P 7661aa71047b47a1bcce9a1a2c804803 [CANDIDATE]: Term 1 election: Tablet error from VoteRequest() call to peer d923ec5c386041ebad813eab0af18dca (127.16.65.66:38819): Illegal state: must be running to vote when last-logged opid is not known
I20260713 09:05:25.624112 17950 tablet_service.cc:1917] Received RequestConsensusVote() RPC: tablet_id: "41df1838993f40e388412baf0740226f" candidate_uuid: "7661aa71047b47a1bcce9a1a2c804803" candidate_term: 1 candidate_status { last_received { term: 0 index: 0 } } ignore_live_leader: false dest_uuid: "549999d025a24131913b2c47db61b3f9"
I20260713 09:05:25.624735 17950 raft_consensus.cc:3060] T 41df1838993f40e388412baf0740226f P 549999d025a24131913b2c47db61b3f9 [term 0 FOLLOWER]: Advancing to term 1
I20260713 09:05:25.624979 18021 leader_election.cc:290] T 41df1838993f40e388412baf0740226f P 7661aa71047b47a1bcce9a1a2c804803 [CANDIDATE]: Term 1 election: Requested vote from peers d923ec5c386041ebad813eab0af18dca (127.16.65.66:38819), 549999d025a24131913b2c47db61b3f9 (127.16.65.67:35459)
I20260713 09:05:25.626221 17991 tablet_bootstrap.cc:654] T 48dd65cb2678494cba55d3ce3a227bd1 P 7661aa71047b47a1bcce9a1a2c804803: Neither blocks nor log segments found. Creating new log.
I20260713 09:05:25.631517 17993 tablet_bootstrap.cc:654] T 7b8148280d764a7f8128155b5cfd1aa5 P d923ec5c386041ebad813eab0af18dca: Neither blocks nor log segments found. Creating new log.
I20260713 09:05:25.634279 17699 catalog_manager.cc:5697] T d9b9f0a434d941319222a4a371707f39 P d923ec5c386041ebad813eab0af18dca reported cstate change: term changed from 0 to 1, leader changed from <none> to d923ec5c386041ebad813eab0af18dca (127.16.65.66). New cstate: current_term: 1 leader_uuid: "d923ec5c386041ebad813eab0af18dca" committed_config { opid_index: -1 OBSOLETE_local: false peers { permanent_uuid: "7661aa71047b47a1bcce9a1a2c804803" member_type: VOTER last_known_addr { host: "127.16.65.65" port: 34083 } health_report { overall_health: UNKNOWN } } peers { permanent_uuid: "d923ec5c386041ebad813eab0af18dca" member_type: VOTER last_known_addr { host: "127.16.65.66" port: 38819 } health_report { overall_health: HEALTHY } } peers { permanent_uuid: "549999d025a24131913b2c47db61b3f9" member_type: VOTER last_known_addr { host: "127.16.65.67" port: 35459 } health_report { overall_health: UNKNOWN } } }
I20260713 09:05:25.638885 18025 raft_consensus.cc:493] T c3e08e0cbf4046429d934c36b669880e P d923ec5c386041ebad813eab0af18dca [term 0 FOLLOWER]: Starting pre-election (no leader contacted us within the election timeout)
I20260713 09:05:25.639742 18025 raft_consensus.cc:515] T c3e08e0cbf4046429d934c36b669880e P d923ec5c386041ebad813eab0af18dca [term 0 FOLLOWER]: Starting pre-election with config: opid_index: -1 OBSOLETE_local: false peers { permanent_uuid: "7661aa71047b47a1bcce9a1a2c804803" member_type: VOTER last_known_addr { host: "127.16.65.65" port: 34083 } } peers { permanent_uuid: "d923ec5c386041ebad813eab0af18dca" member_type: VOTER last_known_addr { host: "127.16.65.66" port: 38819 } } peers { permanent_uuid: "549999d025a24131913b2c47db61b3f9" member_type: VOTER last_known_addr { host: "127.16.65.67" port: 35459 } }
I20260713 09:05:25.643589 17801 tablet_service.cc:1917] Received RequestConsensusVote() RPC: tablet_id: "c3e08e0cbf4046429d934c36b669880e" candidate_uuid: "d923ec5c386041ebad813eab0af18dca" candidate_term: 1 candidate_status { last_received { term: 0 index: 0 } } ignore_live_leader: false dest_uuid: "7661aa71047b47a1bcce9a1a2c804803" is_pre_election: true
I20260713 09:05:25.644474 17801 raft_consensus.cc:2468] T c3e08e0cbf4046429d934c36b669880e P 7661aa71047b47a1bcce9a1a2c804803 [term 0 FOLLOWER]: Leader pre-election vote request: Granting yes vote for candidate d923ec5c386041ebad813eab0af18dca in term 0.
I20260713 09:05:25.646162 17841 leader_election.cc:304] T c3e08e0cbf4046429d934c36b669880e P d923ec5c386041ebad813eab0af18dca [CANDIDATE]: Term 1 pre-election: Election decided. Result: candidate won. Election summary: received 2 responses out of 3 voters: 2 yes votes; 0 no votes. yes voters: 7661aa71047b47a1bcce9a1a2c804803, d923ec5c386041ebad813eab0af18dca; no voters: 
I20260713 09:05:25.647256 18002 raft_consensus.cc:2804] T c3e08e0cbf4046429d934c36b669880e P d923ec5c386041ebad813eab0af18dca [term 0 FOLLOWER]: Leader pre-election won for term 1
I20260713 09:05:25.647667 18002 raft_consensus.cc:493] T c3e08e0cbf4046429d934c36b669880e P d923ec5c386041ebad813eab0af18dca [term 0 FOLLOWER]: Starting leader election (no leader contacted us within the election timeout)
I20260713 09:05:25.648023 18002 raft_consensus.cc:3060] T c3e08e0cbf4046429d934c36b669880e P d923ec5c386041ebad813eab0af18dca [term 0 FOLLOWER]: Advancing to term 1
I20260713 09:05:25.649391 17949 tablet_service.cc:1917] Received RequestConsensusVote() RPC: tablet_id: "c3e08e0cbf4046429d934c36b669880e" candidate_uuid: "d923ec5c386041ebad813eab0af18dca" candidate_term: 1 candidate_status { last_received { term: 0 index: 0 } } ignore_live_leader: false dest_uuid: "549999d025a24131913b2c47db61b3f9" is_pre_election: true
I20260713 09:05:25.650220 17949 raft_consensus.cc:2468] T c3e08e0cbf4046429d934c36b669880e P 549999d025a24131913b2c47db61b3f9 [term 0 FOLLOWER]: Leader pre-election vote request: Granting yes vote for candidate d923ec5c386041ebad813eab0af18dca in term 0.
I20260713 09:05:25.652012 18025 leader_election.cc:290] T c3e08e0cbf4046429d934c36b669880e P d923ec5c386041ebad813eab0af18dca [CANDIDATE]: Term 1 pre-election: Requested pre-vote from peers 7661aa71047b47a1bcce9a1a2c804803 (127.16.65.65:34083), 549999d025a24131913b2c47db61b3f9 (127.16.65.67:35459)
I20260713 09:05:25.652573 17698 catalog_manager.cc:5697] T 7b8148280d764a7f8128155b5cfd1aa5 P 7661aa71047b47a1bcce9a1a2c804803 reported cstate change: term changed from 0 to 1, leader changed from <none> to 7661aa71047b47a1bcce9a1a2c804803 (127.16.65.65). New cstate: current_term: 1 leader_uuid: "7661aa71047b47a1bcce9a1a2c804803" committed_config { opid_index: -1 OBSOLETE_local: false peers { permanent_uuid: "7661aa71047b47a1bcce9a1a2c804803" member_type: VOTER last_known_addr { host: "127.16.65.65" port: 34083 } health_report { overall_health: HEALTHY } } peers { permanent_uuid: "d923ec5c386041ebad813eab0af18dca" member_type: VOTER last_known_addr { host: "127.16.65.66" port: 38819 } health_report { overall_health: UNKNOWN } } peers { permanent_uuid: "549999d025a24131913b2c47db61b3f9" member_type: VOTER last_known_addr { host: "127.16.65.67" port: 35459 } health_report { overall_health: UNKNOWN } } }
I20260713 09:05:25.654929 17698 catalog_manager.cc:5697] T b734ea50f2134c059ef3511de9b2edef P 7661aa71047b47a1bcce9a1a2c804803 reported cstate change: term changed from 0 to 1, leader changed from <none> to 7661aa71047b47a1bcce9a1a2c804803 (127.16.65.65). New cstate: current_term: 1 leader_uuid: "7661aa71047b47a1bcce9a1a2c804803" committed_config { opid_index: -1 OBSOLETE_local: false peers { permanent_uuid: "7661aa71047b47a1bcce9a1a2c804803" member_type: VOTER last_known_addr { host: "127.16.65.65" port: 34083 } health_report { overall_health: HEALTHY } } peers { permanent_uuid: "d923ec5c386041ebad813eab0af18dca" member_type: VOTER last_known_addr { host: "127.16.65.66" port: 38819 } health_report { overall_health: UNKNOWN } } peers { permanent_uuid: "549999d025a24131913b2c47db61b3f9" member_type: VOTER last_known_addr { host: "127.16.65.67" port: 35459 } health_report { overall_health: UNKNOWN } } }
I20260713 09:05:25.655864 18002 raft_consensus.cc:515] T c3e08e0cbf4046429d934c36b669880e P d923ec5c386041ebad813eab0af18dca [term 1 FOLLOWER]: Starting leader election with config: opid_index: -1 OBSOLETE_local: false peers { permanent_uuid: "7661aa71047b47a1bcce9a1a2c804803" member_type: VOTER last_known_addr { host: "127.16.65.65" port: 34083 } } peers { permanent_uuid: "d923ec5c386041ebad813eab0af18dca" member_type: VOTER last_known_addr { host: "127.16.65.66" port: 38819 } } peers { permanent_uuid: "549999d025a24131913b2c47db61b3f9" member_type: VOTER last_known_addr { host: "127.16.65.67" port: 35459 } }
I20260713 09:05:25.659231 17801 tablet_service.cc:1917] Received RequestConsensusVote() RPC: tablet_id: "c3e08e0cbf4046429d934c36b669880e" candidate_uuid: "d923ec5c386041ebad813eab0af18dca" candidate_term: 1 candidate_status { last_received { term: 0 index: 0 } } ignore_live_leader: false dest_uuid: "7661aa71047b47a1bcce9a1a2c804803"
I20260713 09:05:25.659806 17801 raft_consensus.cc:3060] T c3e08e0cbf4046429d934c36b669880e P 7661aa71047b47a1bcce9a1a2c804803 [term 0 FOLLOWER]: Advancing to term 1
I20260713 09:05:25.667632 17801 raft_consensus.cc:2468] T c3e08e0cbf4046429d934c36b669880e P 7661aa71047b47a1bcce9a1a2c804803 [term 1 FOLLOWER]: Leader election vote request: Granting yes vote for candidate d923ec5c386041ebad813eab0af18dca in term 1.
I20260713 09:05:25.668977 17841 leader_election.cc:304] T c3e08e0cbf4046429d934c36b669880e P d923ec5c386041ebad813eab0af18dca [CANDIDATE]: Term 1 election: Election decided. Result: candidate won. Election summary: received 2 responses out of 3 voters: 2 yes votes; 0 no votes. yes voters: 7661aa71047b47a1bcce9a1a2c804803, d923ec5c386041ebad813eab0af18dca; no voters: 
I20260713 09:05:25.669921 18025 raft_consensus.cc:2804] T c3e08e0cbf4046429d934c36b669880e P d923ec5c386041ebad813eab0af18dca [term 1 FOLLOWER]: Leader election won for term 1
I20260713 09:05:25.670423 18025 raft_consensus.cc:697] T c3e08e0cbf4046429d934c36b669880e P d923ec5c386041ebad813eab0af18dca [term 1 LEADER]: Becoming Leader. State: Replica: d923ec5c386041ebad813eab0af18dca, State: Running, Role: LEADER
I20260713 09:05:25.671288 18025 consensus_queue.cc:237] T c3e08e0cbf4046429d934c36b669880e P d923ec5c386041ebad813eab0af18dca [LEADER]: Queue going to LEADER mode. State: All replicated index: 0, Majority replicated index: 0, Committed index: 0, Last appended: 0.0, Last appended by leader: 0, Current term: 1, Majority size: 2, State: 0, Mode: LEADER, active raft config: opid_index: -1 OBSOLETE_local: false peers { permanent_uuid: "7661aa71047b47a1bcce9a1a2c804803" member_type: VOTER last_known_addr { host: "127.16.65.65" port: 34083 } } peers { permanent_uuid: "d923ec5c386041ebad813eab0af18dca" member_type: VOTER last_known_addr { host: "127.16.65.66" port: 38819 } } peers { permanent_uuid: "549999d025a24131913b2c47db61b3f9" member_type: VOTER last_known_addr { host: "127.16.65.67" port: 35459 } }
I20260713 09:05:25.681330 18002 leader_election.cc:290] T c3e08e0cbf4046429d934c36b669880e P d923ec5c386041ebad813eab0af18dca [CANDIDATE]: Term 1 election: Requested vote from peers 7661aa71047b47a1bcce9a1a2c804803 (127.16.65.65:34083), 549999d025a24131913b2c47db61b3f9 (127.16.65.67:35459)
I20260713 09:05:25.681161 17949 tablet_service.cc:1917] Received RequestConsensusVote() RPC: tablet_id: "c3e08e0cbf4046429d934c36b669880e" candidate_uuid: "d923ec5c386041ebad813eab0af18dca" candidate_term: 1 candidate_status { last_received { term: 0 index: 0 } } ignore_live_leader: false dest_uuid: "549999d025a24131913b2c47db61b3f9"
I20260713 09:05:25.660974 17950 raft_consensus.cc:2468] T 41df1838993f40e388412baf0740226f P 549999d025a24131913b2c47db61b3f9 [term 1 FOLLOWER]: Leader election vote request: Granting yes vote for candidate 7661aa71047b47a1bcce9a1a2c804803 in term 1.
I20260713 09:05:25.683418 17949 raft_consensus.cc:3060] T c3e08e0cbf4046429d934c36b669880e P 549999d025a24131913b2c47db61b3f9 [term 0 FOLLOWER]: Advancing to term 1
I20260713 09:05:25.686784 17765 leader_election.cc:304] T 41df1838993f40e388412baf0740226f P 7661aa71047b47a1bcce9a1a2c804803 [CANDIDATE]: Term 1 election: Election decided. Result: candidate won. Election summary: received 3 responses out of 3 voters: 2 yes votes; 1 no votes. yes voters: 549999d025a24131913b2c47db61b3f9, 7661aa71047b47a1bcce9a1a2c804803; no voters: d923ec5c386041ebad813eab0af18dca
I20260713 09:05:25.688892 18021 raft_consensus.cc:2804] T 41df1838993f40e388412baf0740226f P 7661aa71047b47a1bcce9a1a2c804803 [term 1 FOLLOWER]: Leader election won for term 1
I20260713 09:05:25.689546 18021 raft_consensus.cc:697] T 41df1838993f40e388412baf0740226f P 7661aa71047b47a1bcce9a1a2c804803 [term 1 LEADER]: Becoming Leader. State: Replica: 7661aa71047b47a1bcce9a1a2c804803, State: Running, Role: LEADER
I20260713 09:05:25.690613 18021 consensus_queue.cc:237] T 41df1838993f40e388412baf0740226f P 7661aa71047b47a1bcce9a1a2c804803 [LEADER]: Queue going to LEADER mode. State: All replicated index: 0, Majority replicated index: 0, Committed index: 0, Last appended: 0.0, Last appended by leader: 0, Current term: 1, Majority size: 2, State: 0, Mode: LEADER, active raft config: opid_index: -1 OBSOLETE_local: false peers { permanent_uuid: "7661aa71047b47a1bcce9a1a2c804803" member_type: VOTER last_known_addr { host: "127.16.65.65" port: 34083 } } peers { permanent_uuid: "d923ec5c386041ebad813eab0af18dca" member_type: VOTER last_known_addr { host: "127.16.65.66" port: 38819 } } peers { permanent_uuid: "549999d025a24131913b2c47db61b3f9" member_type: VOTER last_known_addr { host: "127.16.65.67" port: 35459 } }
I20260713 09:05:25.697526 18000 raft_consensus.cc:493] T 8cdf1051dcfc46bda2a5d92300202bf1 P 7661aa71047b47a1bcce9a1a2c804803 [term 0 FOLLOWER]: Starting pre-election (no leader contacted us within the election timeout)
I20260713 09:05:25.698074 18000 raft_consensus.cc:515] T 8cdf1051dcfc46bda2a5d92300202bf1 P 7661aa71047b47a1bcce9a1a2c804803 [term 0 FOLLOWER]: Starting pre-election with config: opid_index: -1 OBSOLETE_local: false peers { permanent_uuid: "7661aa71047b47a1bcce9a1a2c804803" member_type: VOTER last_known_addr { host: "127.16.65.65" port: 34083 } } peers { permanent_uuid: "d923ec5c386041ebad813eab0af18dca" member_type: VOTER last_known_addr { host: "127.16.65.66" port: 38819 } } peers { permanent_uuid: "549999d025a24131913b2c47db61b3f9" member_type: VOTER last_known_addr { host: "127.16.65.67" port: 35459 } }
I20260713 09:05:25.700238 18000 leader_election.cc:290] T 8cdf1051dcfc46bda2a5d92300202bf1 P 7661aa71047b47a1bcce9a1a2c804803 [CANDIDATE]: Term 1 pre-election: Requested pre-vote from peers d923ec5c386041ebad813eab0af18dca (127.16.65.66:38819), 549999d025a24131913b2c47db61b3f9 (127.16.65.67:35459)
I20260713 09:05:25.702968 17990 tablet_bootstrap.cc:492] T 2f2d01a42fcd4e63a9af95ab21dc0eec P 549999d025a24131913b2c47db61b3f9: No bootstrap required, opened a new log
I20260713 09:05:25.703439 17990 ts_tablet_manager.cc:1403] T 2f2d01a42fcd4e63a9af95ab21dc0eec P 549999d025a24131913b2c47db61b3f9: Time spent bootstrapping tablet: real 0.099s	user 0.042s	sys 0.042s
I20260713 09:05:25.705698 17876 tablet_service.cc:1917] Received RequestConsensusVote() RPC: tablet_id: "8cdf1051dcfc46bda2a5d92300202bf1" candidate_uuid: "7661aa71047b47a1bcce9a1a2c804803" candidate_term: 1 candidate_status { last_received { term: 0 index: 0 } } ignore_live_leader: false dest_uuid: "d923ec5c386041ebad813eab0af18dca" is_pre_election: true
I20260713 09:05:25.706229 17990 raft_consensus.cc:359] T 2f2d01a42fcd4e63a9af95ab21dc0eec P 549999d025a24131913b2c47db61b3f9 [term 0 FOLLOWER]: Replica starting. Triggering 0 pending ops. Active config: opid_index: -1 OBSOLETE_local: false peers { permanent_uuid: "7661aa71047b47a1bcce9a1a2c804803" member_type: VOTER last_known_addr { host: "127.16.65.65" port: 34083 } } peers { permanent_uuid: "d923ec5c386041ebad813eab0af18dca" member_type: VOTER last_known_addr { host: "127.16.65.66" port: 38819 } } peers { permanent_uuid: "549999d025a24131913b2c47db61b3f9" member_type: VOTER last_known_addr { host: "127.16.65.67" port: 35459 } }
I20260713 09:05:25.706887 17876 raft_consensus.cc:2393] T 8cdf1051dcfc46bda2a5d92300202bf1 P d923ec5c386041ebad813eab0af18dca [term 1 FOLLOWER]: Leader pre-election vote request: Denying vote to candidate 7661aa71047b47a1bcce9a1a2c804803 in current term 1: Already voted for candidate 549999d025a24131913b2c47db61b3f9 in this term.
I20260713 09:05:25.710067 17949 raft_consensus.cc:2468] T c3e08e0cbf4046429d934c36b669880e P 549999d025a24131913b2c47db61b3f9 [term 1 FOLLOWER]: Leader election vote request: Granting yes vote for candidate d923ec5c386041ebad813eab0af18dca in term 1.
I20260713 09:05:25.710268 17950 tablet_service.cc:1917] Received RequestConsensusVote() RPC: tablet_id: "8cdf1051dcfc46bda2a5d92300202bf1" candidate_uuid: "7661aa71047b47a1bcce9a1a2c804803" candidate_term: 1 candidate_status { last_received { term: 0 index: 0 } } ignore_live_leader: false dest_uuid: "549999d025a24131913b2c47db61b3f9" is_pre_election: true
