I20260713 09:05:29.887979 18292 consensus_queue.cc:260] T 8cdf1051dcfc46bda2a5d92300202bf1 P d45e907a5a8f4bfcbe9a6cb302f9bad7 [NON_LEADER]: Queue going to NON_LEADER mode. State: All replicated index: 0, Majority replicated index: 0, Committed index: 2, Last appended: 1.2, Last appended by leader: 2, Current term: 0, Majority size: -1, State: 0, Mode: NON_LEADER, active raft config: opid_index: 2 OBSOLETE_local: false peers { permanent_uuid: "7661aa71047b47a1bcce9a1a2c804803" member_type: VOTER last_known_addr { host: "127.16.65.65" port: 34083 } attrs { replace: true } } peers { permanent_uuid: "d923ec5c386041ebad813eab0af18dca" member_type: VOTER last_known_addr { host: "127.16.65.66" port: 38819 } } peers { permanent_uuid: "549999d025a24131913b2c47db61b3f9" member_type: VOTER last_known_addr { host: "127.16.65.67" port: 35459 } } peers { permanent_uuid: "d45e907a5a8f4bfcbe9a6cb302f9bad7" member_type: NON_VOTER last_known_addr { host: "127.16.65.68" port: 35563 } attrs { promote: true } }
I20260713 09:05:29.891754 18262 heartbeater.cc:499] Master 127.16.65.126:32859 was elected leader, sending a full tablet report...
I20260713 09:05:29.893085 18292 ts_tablet_manager.cc:1434] T 8cdf1051dcfc46bda2a5d92300202bf1 P d45e907a5a8f4bfcbe9a6cb302f9bad7: Time spent starting tablet: real 0.009s	user 0.005s	sys 0.003s
I20260713 09:05:29.898439 17960 tablet_copy_service.cc:342] P 549999d025a24131913b2c47db61b3f9: Request end of tablet copy session d45e907a5a8f4bfcbe9a6cb302f9bad7-8cdf1051dcfc46bda2a5d92300202bf1 received from {username='slave'} at 127.0.0.1:36934
I20260713 09:05:29.898972 17960 tablet_copy_service.cc:434] P 549999d025a24131913b2c47db61b3f9: ending tablet copy session d45e907a5a8f4bfcbe9a6cb302f9bad7-8cdf1051dcfc46bda2a5d92300202bf1 on tablet 8cdf1051dcfc46bda2a5d92300202bf1 with peer d45e907a5a8f4bfcbe9a6cb302f9bad7
I20260713 09:05:30.080170 18292 ts_tablet_manager.cc:933] T 7b8148280d764a7f8128155b5cfd1aa5 P d45e907a5a8f4bfcbe9a6cb302f9bad7: Initiating tablet copy from peer 7661aa71047b47a1bcce9a1a2c804803 (127.16.65.65:34083)
I20260713 09:05:30.086503 18292 tablet_copy_client.cc:323] T 7b8148280d764a7f8128155b5cfd1aa5 P d45e907a5a8f4bfcbe9a6cb302f9bad7: tablet copy: Beginning tablet copy session from remote peer at address 127.16.65.65:34083
I20260713 09:05:30.099833 17811 tablet_copy_service.cc:140] P 7661aa71047b47a1bcce9a1a2c804803: Received BeginTabletCopySession request for tablet 7b8148280d764a7f8128155b5cfd1aa5 from peer d45e907a5a8f4bfcbe9a6cb302f9bad7 ({username='slave'} at 127.0.0.1:60372)
I20260713 09:05:30.100495 17811 tablet_copy_service.cc:161] P 7661aa71047b47a1bcce9a1a2c804803: Beginning new tablet copy session on tablet 7b8148280d764a7f8128155b5cfd1aa5 from peer d45e907a5a8f4bfcbe9a6cb302f9bad7 at {username='slave'} at 127.0.0.1:60372: session id = d45e907a5a8f4bfcbe9a6cb302f9bad7-7b8148280d764a7f8128155b5cfd1aa5
I20260713 09:05:30.108819 17811 tablet_copy_source_session.cc:215] T 7b8148280d764a7f8128155b5cfd1aa5 P 7661aa71047b47a1bcce9a1a2c804803: Tablet Copy: opened 0 blocks and 1 log segments
I20260713 09:05:30.116685 18292 data_dirs.cc:400] Could only allocate 1 dirs of requested 3 for tablet 7b8148280d764a7f8128155b5cfd1aa5. 1 dirs total, 0 dirs full, 0 dirs failed
I20260713 09:05:30.136300 18292 tablet_copy_client.cc:806] T 7b8148280d764a7f8128155b5cfd1aa5 P d45e907a5a8f4bfcbe9a6cb302f9bad7: tablet copy: Starting download of 0 data blocks...
I20260713 09:05:30.136886 18292 tablet_copy_client.cc:670] T 7b8148280d764a7f8128155b5cfd1aa5 P d45e907a5a8f4bfcbe9a6cb302f9bad7: tablet copy: Starting download of 1 WAL segments...
I20260713 09:05:30.141122 18292 tablet_copy_client.cc:538] T 7b8148280d764a7f8128155b5cfd1aa5 P d45e907a5a8f4bfcbe9a6cb302f9bad7: tablet copy: Tablet Copy complete. Replacing tablet superblock.
I20260713 09:05:30.151335 18292 tablet_bootstrap.cc:492] T 7b8148280d764a7f8128155b5cfd1aa5 P d45e907a5a8f4bfcbe9a6cb302f9bad7: Bootstrap starting.
I20260713 09:05:30.173346 18292 tablet_bootstrap.cc:492] T 7b8148280d764a7f8128155b5cfd1aa5 P d45e907a5a8f4bfcbe9a6cb302f9bad7: Bootstrap replayed 1/1 log segments. Stats: ops{read=2 overwritten=0 applied=2 ignored=0} inserts{seen=0 ignored=0} mutations{seen=0 ignored=0} orphaned_commits=0. Pending: 0 replicates
I20260713 09:05:30.174279 18292 tablet_bootstrap.cc:492] T 7b8148280d764a7f8128155b5cfd1aa5 P d45e907a5a8f4bfcbe9a6cb302f9bad7: Bootstrap complete.
I20260713 09:05:30.174978 18292 ts_tablet_manager.cc:1403] T 7b8148280d764a7f8128155b5cfd1aa5 P d45e907a5a8f4bfcbe9a6cb302f9bad7: Time spent bootstrapping tablet: real 0.024s	user 0.016s	sys 0.006s
I20260713 09:05:30.178094 18292 raft_consensus.cc:359] T 7b8148280d764a7f8128155b5cfd1aa5 P d45e907a5a8f4bfcbe9a6cb302f9bad7 [term 1 LEARNER]: Replica starting. Triggering 0 pending ops. Active config: opid_index: 2 OBSOLETE_local: false peers { permanent_uuid: "7661aa71047b47a1bcce9a1a2c804803" member_type: VOTER last_known_addr { host: "127.16.65.65" port: 34083 } } peers { permanent_uuid: "d923ec5c386041ebad813eab0af18dca" member_type: VOTER last_known_addr { host: "127.16.65.66" port: 38819 } } peers { permanent_uuid: "549999d025a24131913b2c47db61b3f9" member_type: VOTER last_known_addr { host: "127.16.65.67" port: 35459 } attrs { replace: true } } peers { permanent_uuid: "d45e907a5a8f4bfcbe9a6cb302f9bad7" member_type: NON_VOTER last_known_addr { host: "127.16.65.68" port: 35563 } attrs { promote: true } }
I20260713 09:05:30.178998 18292 raft_consensus.cc:740] T 7b8148280d764a7f8128155b5cfd1aa5 P d45e907a5a8f4bfcbe9a6cb302f9bad7 [term 1 LEARNER]: Becoming Follower/Learner. State: Replica: d45e907a5a8f4bfcbe9a6cb302f9bad7, State: Initialized, Role: LEARNER
I20260713 09:05:30.179703 18292 consensus_queue.cc:260] T 7b8148280d764a7f8128155b5cfd1aa5 P d45e907a5a8f4bfcbe9a6cb302f9bad7 [NON_LEADER]: Queue going to NON_LEADER mode. State: All replicated index: 0, Majority replicated index: 0, Committed index: 2, Last appended: 1.2, Last appended by leader: 2, Current term: 0, Majority size: -1, State: 0, Mode: NON_LEADER, active raft config: opid_index: 2 OBSOLETE_local: false peers { permanent_uuid: "7661aa71047b47a1bcce9a1a2c804803" member_type: VOTER last_known_addr { host: "127.16.65.65" port: 34083 } } peers { permanent_uuid: "d923ec5c386041ebad813eab0af18dca" member_type: VOTER last_known_addr { host: "127.16.65.66" port: 38819 } } peers { permanent_uuid: "549999d025a24131913b2c47db61b3f9" member_type: VOTER last_known_addr { host: "127.16.65.67" port: 35459 } attrs { replace: true } } peers { permanent_uuid: "d45e907a5a8f4bfcbe9a6cb302f9bad7" member_type: NON_VOTER last_known_addr { host: "127.16.65.68" port: 35563 } attrs { promote: true } }
I20260713 09:05:30.183917 18292 ts_tablet_manager.cc:1434] T 7b8148280d764a7f8128155b5cfd1aa5 P d45e907a5a8f4bfcbe9a6cb302f9bad7: Time spent starting tablet: real 0.009s	user 0.007s	sys 0.001s
I20260713 09:05:30.185727 17811 tablet_copy_service.cc:342] P 7661aa71047b47a1bcce9a1a2c804803: Request end of tablet copy session d45e907a5a8f4bfcbe9a6cb302f9bad7-7b8148280d764a7f8128155b5cfd1aa5 received from {username='slave'} at 127.0.0.1:60372
I20260713 09:05:30.186164 17811 tablet_copy_service.cc:434] P 7661aa71047b47a1bcce9a1a2c804803: ending tablet copy session d45e907a5a8f4bfcbe9a6cb302f9bad7-7b8148280d764a7f8128155b5cfd1aa5 on tablet 7b8148280d764a7f8128155b5cfd1aa5 with peer d45e907a5a8f4bfcbe9a6cb302f9bad7
I20260713 09:05:30.195034 18292 ts_tablet_manager.cc:933] T 118fadc2e2a5410f9d714d8987dcfab5 P d45e907a5a8f4bfcbe9a6cb302f9bad7: Initiating tablet copy from peer 7661aa71047b47a1bcce9a1a2c804803 (127.16.65.65:34083)
I20260713 09:05:30.204162 18292 tablet_copy_client.cc:323] T 118fadc2e2a5410f9d714d8987dcfab5 P d45e907a5a8f4bfcbe9a6cb302f9bad7: tablet copy: Beginning tablet copy session from remote peer at address 127.16.65.65:34083
I20260713 09:05:30.205971 17811 tablet_copy_service.cc:140] P 7661aa71047b47a1bcce9a1a2c804803: Received BeginTabletCopySession request for tablet 118fadc2e2a5410f9d714d8987dcfab5 from peer d45e907a5a8f4bfcbe9a6cb302f9bad7 ({username='slave'} at 127.0.0.1:60372)
I20260713 09:05:30.206532 17811 tablet_copy_service.cc:161] P 7661aa71047b47a1bcce9a1a2c804803: Beginning new tablet copy session on tablet 118fadc2e2a5410f9d714d8987dcfab5 from peer d45e907a5a8f4bfcbe9a6cb302f9bad7 at {username='slave'} at 127.0.0.1:60372: session id = d45e907a5a8f4bfcbe9a6cb302f9bad7-118fadc2e2a5410f9d714d8987dcfab5
I20260713 09:05:30.213742 17811 tablet_copy_source_session.cc:215] T 118fadc2e2a5410f9d714d8987dcfab5 P 7661aa71047b47a1bcce9a1a2c804803: Tablet Copy: opened 0 blocks and 1 log segments
I20260713 09:05:30.218282 18292 data_dirs.cc:400] Could only allocate 1 dirs of requested 3 for tablet 118fadc2e2a5410f9d714d8987dcfab5. 1 dirs total, 0 dirs full, 0 dirs failed
I20260713 09:05:30.236017 18292 tablet_copy_client.cc:806] T 118fadc2e2a5410f9d714d8987dcfab5 P d45e907a5a8f4bfcbe9a6cb302f9bad7: tablet copy: Starting download of 0 data blocks...
I20260713 09:05:30.236572 18292 tablet_copy_client.cc:670] T 118fadc2e2a5410f9d714d8987dcfab5 P d45e907a5a8f4bfcbe9a6cb302f9bad7: tablet copy: Starting download of 1 WAL segments...
I20260713 09:05:30.248346 18301 ts_tablet_manager.cc:933] T 3e4b589aad644aaca960b07141b83a58 P d45e907a5a8f4bfcbe9a6cb302f9bad7: Initiating tablet copy from peer 7661aa71047b47a1bcce9a1a2c804803 (127.16.65.65:34083)
I20260713 09:05:30.265753 18292 tablet_copy_client.cc:538] T 118fadc2e2a5410f9d714d8987dcfab5 P d45e907a5a8f4bfcbe9a6cb302f9bad7: tablet copy: Tablet Copy complete. Replacing tablet superblock.
I20260713 09:05:30.275380 18292 tablet_bootstrap.cc:492] T 118fadc2e2a5410f9d714d8987dcfab5 P d45e907a5a8f4bfcbe9a6cb302f9bad7: Bootstrap starting.
I20260713 09:05:30.279744 18301 tablet_copy_client.cc:323] T 3e4b589aad644aaca960b07141b83a58 P d45e907a5a8f4bfcbe9a6cb302f9bad7: tablet copy: Beginning tablet copy session from remote peer at address 127.16.65.65:34083
I20260713 09:05:30.285743 17811 tablet_copy_service.cc:140] P 7661aa71047b47a1bcce9a1a2c804803: Received BeginTabletCopySession request for tablet 3e4b589aad644aaca960b07141b83a58 from peer d45e907a5a8f4bfcbe9a6cb302f9bad7 ({username='slave'} at 127.0.0.1:60372)
I20260713 09:05:30.286378 17811 tablet_copy_service.cc:161] P 7661aa71047b47a1bcce9a1a2c804803: Beginning new tablet copy session on tablet 3e4b589aad644aaca960b07141b83a58 from peer d45e907a5a8f4bfcbe9a6cb302f9bad7 at {username='slave'} at 127.0.0.1:60372: session id = d45e907a5a8f4bfcbe9a6cb302f9bad7-3e4b589aad644aaca960b07141b83a58
I20260713 09:05:30.299896 17811 tablet_copy_source_session.cc:215] T 3e4b589aad644aaca960b07141b83a58 P 7661aa71047b47a1bcce9a1a2c804803: Tablet Copy: opened 0 blocks and 1 log segments
I20260713 09:05:30.303746 18301 data_dirs.cc:400] Could only allocate 1 dirs of requested 3 for tablet 3e4b589aad644aaca960b07141b83a58. 1 dirs total, 0 dirs full, 0 dirs failed
I20260713 09:05:30.315537 18292 tablet_bootstrap.cc:492] T 118fadc2e2a5410f9d714d8987dcfab5 P d45e907a5a8f4bfcbe9a6cb302f9bad7: Bootstrap replayed 1/1 log segments. Stats: ops{read=2 overwritten=0 applied=2 ignored=0} inserts{seen=0 ignored=0} mutations{seen=0 ignored=0} orphaned_commits=0. Pending: 0 replicates
I20260713 09:05:30.316548 18292 tablet_bootstrap.cc:492] T 118fadc2e2a5410f9d714d8987dcfab5 P d45e907a5a8f4bfcbe9a6cb302f9bad7: Bootstrap complete.
I20260713 09:05:30.317237 18292 ts_tablet_manager.cc:1403] T 118fadc2e2a5410f9d714d8987dcfab5 P d45e907a5a8f4bfcbe9a6cb302f9bad7: Time spent bootstrapping tablet: real 0.042s	user 0.019s	sys 0.021s
I20260713 09:05:30.320307 18292 raft_consensus.cc:359] T 118fadc2e2a5410f9d714d8987dcfab5 P d45e907a5a8f4bfcbe9a6cb302f9bad7 [term 2 LEARNER]: Replica starting. Triggering 0 pending ops. Active config: opid_index: 2 OBSOLETE_local: false peers { permanent_uuid: "7661aa71047b47a1bcce9a1a2c804803" member_type: VOTER last_known_addr { host: "127.16.65.65" port: 34083 } } peers { permanent_uuid: "d923ec5c386041ebad813eab0af18dca" member_type: VOTER last_known_addr { host: "127.16.65.66" port: 38819 } attrs { replace: true } } peers { permanent_uuid: "549999d025a24131913b2c47db61b3f9" member_type: VOTER last_known_addr { host: "127.16.65.67" port: 35459 } } peers { permanent_uuid: "d45e907a5a8f4bfcbe9a6cb302f9bad7" member_type: NON_VOTER last_known_addr { host: "127.16.65.68" port: 35563 } attrs { promote: true } }
I20260713 09:05:30.321120 18292 raft_consensus.cc:740] T 118fadc2e2a5410f9d714d8987dcfab5 P d45e907a5a8f4bfcbe9a6cb302f9bad7 [term 2 LEARNER]: Becoming Follower/Learner. State: Replica: d45e907a5a8f4bfcbe9a6cb302f9bad7, State: Initialized, Role: LEARNER
I20260713 09:05:30.321516 18301 tablet_copy_client.cc:806] T 3e4b589aad644aaca960b07141b83a58 P d45e907a5a8f4bfcbe9a6cb302f9bad7: tablet copy: Starting download of 0 data blocks...
I20260713 09:05:30.322135 18301 tablet_copy_client.cc:670] T 3e4b589aad644aaca960b07141b83a58 P d45e907a5a8f4bfcbe9a6cb302f9bad7: tablet copy: Starting download of 1 WAL segments...
I20260713 09:05:30.321758 18292 consensus_queue.cc:260] T 118fadc2e2a5410f9d714d8987dcfab5 P d45e907a5a8f4bfcbe9a6cb302f9bad7 [NON_LEADER]: Queue going to NON_LEADER mode. State: All replicated index: 0, Majority replicated index: 0, Committed index: 2, Last appended: 2.2, Last appended by leader: 2, Current term: 0, Majority size: -1, State: 0, Mode: NON_LEADER, active raft config: opid_index: 2 OBSOLETE_local: false peers { permanent_uuid: "7661aa71047b47a1bcce9a1a2c804803" member_type: VOTER last_known_addr { host: "127.16.65.65" port: 34083 } } peers { permanent_uuid: "d923ec5c386041ebad813eab0af18dca" member_type: VOTER last_known_addr { host: "127.16.65.66" port: 38819 } attrs { replace: true } } peers { permanent_uuid: "549999d025a24131913b2c47db61b3f9" member_type: VOTER last_known_addr { host: "127.16.65.67" port: 35459 } } peers { permanent_uuid: "d45e907a5a8f4bfcbe9a6cb302f9bad7" member_type: NON_VOTER last_known_addr { host: "127.16.65.68" port: 35563 } attrs { promote: true } }
I20260713 09:05:30.328377 18292 ts_tablet_manager.cc:1434] T 118fadc2e2a5410f9d714d8987dcfab5 P d45e907a5a8f4bfcbe9a6cb302f9bad7: Time spent starting tablet: real 0.011s	user 0.005s	sys 0.000s
I20260713 09:05:30.329670 18301 tablet_copy_client.cc:538] T 3e4b589aad644aaca960b07141b83a58 P d45e907a5a8f4bfcbe9a6cb302f9bad7: tablet copy: Tablet Copy complete. Replacing tablet superblock.
I20260713 09:05:30.345960 17811 tablet_copy_service.cc:342] P 7661aa71047b47a1bcce9a1a2c804803: Request end of tablet copy session d45e907a5a8f4bfcbe9a6cb302f9bad7-118fadc2e2a5410f9d714d8987dcfab5 received from {username='slave'} at 127.0.0.1:60372
I20260713 09:05:30.346660 17811 tablet_copy_service.cc:434] P 7661aa71047b47a1bcce9a1a2c804803: ending tablet copy session d45e907a5a8f4bfcbe9a6cb302f9bad7-118fadc2e2a5410f9d714d8987dcfab5 on tablet 118fadc2e2a5410f9d714d8987dcfab5 with peer d45e907a5a8f4bfcbe9a6cb302f9bad7
I20260713 09:05:30.350222 18301 tablet_bootstrap.cc:492] T 3e4b589aad644aaca960b07141b83a58 P d45e907a5a8f4bfcbe9a6cb302f9bad7: Bootstrap starting.
I20260713 09:05:30.377734 18301 tablet_bootstrap.cc:492] T 3e4b589aad644aaca960b07141b83a58 P d45e907a5a8f4bfcbe9a6cb302f9bad7: Bootstrap replayed 1/1 log segments. Stats: ops{read=2 overwritten=0 applied=2 ignored=0} inserts{seen=0 ignored=0} mutations{seen=0 ignored=0} orphaned_commits=0. Pending: 0 replicates
I20260713 09:05:30.378639 18301 tablet_bootstrap.cc:492] T 3e4b589aad644aaca960b07141b83a58 P d45e907a5a8f4bfcbe9a6cb302f9bad7: Bootstrap complete.
I20260713 09:05:30.379328 18301 ts_tablet_manager.cc:1403] T 3e4b589aad644aaca960b07141b83a58 P d45e907a5a8f4bfcbe9a6cb302f9bad7: Time spent bootstrapping tablet: real 0.030s	user 0.020s	sys 0.004s
I20260713 09:05:30.382216 18301 raft_consensus.cc:359] T 3e4b589aad644aaca960b07141b83a58 P d45e907a5a8f4bfcbe9a6cb302f9bad7 [term 1 LEARNER]: Replica starting. Triggering 0 pending ops. Active config: opid_index: 2 OBSOLETE_local: false peers { permanent_uuid: "7661aa71047b47a1bcce9a1a2c804803" member_type: VOTER last_known_addr { host: "127.16.65.65" port: 34083 } } peers { permanent_uuid: "d923ec5c386041ebad813eab0af18dca" member_type: VOTER last_known_addr { host: "127.16.65.66" port: 38819 } attrs { replace: true } } peers { permanent_uuid: "549999d025a24131913b2c47db61b3f9" member_type: VOTER last_known_addr { host: "127.16.65.67" port: 35459 } } peers { permanent_uuid: "d45e907a5a8f4bfcbe9a6cb302f9bad7" member_type: NON_VOTER last_known_addr { host: "127.16.65.68" port: 35563 } attrs { promote: true } }
I20260713 09:05:30.383000 18301 raft_consensus.cc:740] T 3e4b589aad644aaca960b07141b83a58 P d45e907a5a8f4bfcbe9a6cb302f9bad7 [term 1 LEARNER]: Becoming Follower/Learner. State: Replica: d45e907a5a8f4bfcbe9a6cb302f9bad7, State: Initialized, Role: LEARNER
I20260713 09:05:30.383617 18301 consensus_queue.cc:260] T 3e4b589aad644aaca960b07141b83a58 P d45e907a5a8f4bfcbe9a6cb302f9bad7 [NON_LEADER]: Queue going to NON_LEADER mode. State: All replicated index: 0, Majority replicated index: 0, Committed index: 2, Last appended: 1.2, Last appended by leader: 2, Current term: 0, Majority size: -1, State: 0, Mode: NON_LEADER, active raft config: opid_index: 2 OBSOLETE_local: false peers { permanent_uuid: "7661aa71047b47a1bcce9a1a2c804803" member_type: VOTER last_known_addr { host: "127.16.65.65" port: 34083 } } peers { permanent_uuid: "d923ec5c386041ebad813eab0af18dca" member_type: VOTER last_known_addr { host: "127.16.65.66" port: 38819 } attrs { replace: true } } peers { permanent_uuid: "549999d025a24131913b2c47db61b3f9" member_type: VOTER last_known_addr { host: "127.16.65.67" port: 35459 } } peers { permanent_uuid: "d45e907a5a8f4bfcbe9a6cb302f9bad7" member_type: NON_VOTER last_known_addr { host: "127.16.65.68" port: 35563 } attrs { promote: true } }
I20260713 09:05:30.386234 18301 ts_tablet_manager.cc:1434] T 3e4b589aad644aaca960b07141b83a58 P d45e907a5a8f4bfcbe9a6cb302f9bad7: Time spent starting tablet: real 0.007s	user 0.007s	sys 0.000s
I20260713 09:05:30.388188 17811 tablet_copy_service.cc:342] P 7661aa71047b47a1bcce9a1a2c804803: Request end of tablet copy session d45e907a5a8f4bfcbe9a6cb302f9bad7-3e4b589aad644aaca960b07141b83a58 received from {username='slave'} at 127.0.0.1:60372
I20260713 09:05:30.388579 17811 tablet_copy_service.cc:434] P 7661aa71047b47a1bcce9a1a2c804803: ending tablet copy session d45e907a5a8f4bfcbe9a6cb302f9bad7-3e4b589aad644aaca960b07141b83a58 on tablet 3e4b589aad644aaca960b07141b83a58 with peer d45e907a5a8f4bfcbe9a6cb302f9bad7
I20260713 09:05:30.432657 18237 raft_consensus.cc:1217] T 8cdf1051dcfc46bda2a5d92300202bf1 P d45e907a5a8f4bfcbe9a6cb302f9bad7 [term 1 LEARNER]: Deduplicated request from leader. Original: 1.1->[1.2-1.2]   Dedup: 1.2->[]
I20260713 09:05:30.558907 18237 raft_consensus.cc:1217] T 7b8148280d764a7f8128155b5cfd1aa5 P d45e907a5a8f4bfcbe9a6cb302f9bad7 [term 1 LEARNER]: Deduplicated request from leader. Original: 1.1->[1.2-1.2]   Dedup: 1.2->[]
I20260713 09:05:30.778501 18237 raft_consensus.cc:1217] T 118fadc2e2a5410f9d714d8987dcfab5 P d45e907a5a8f4bfcbe9a6cb302f9bad7 [term 2 LEARNER]: Deduplicated request from leader. Original: 2.1->[2.2-2.2]   Dedup: 2.2->[]
I20260713 09:05:30.838203 18237 raft_consensus.cc:1217] T 3e4b589aad644aaca960b07141b83a58 P d45e907a5a8f4bfcbe9a6cb302f9bad7 [term 1 LEARNER]: Deduplicated request from leader. Original: 1.1->[1.2-1.2]   Dedup: 1.2->[]
I20260713 09:05:30.955804 18062 raft_consensus.cc:1064] T 7b8148280d764a7f8128155b5cfd1aa5 P 7661aa71047b47a1bcce9a1a2c804803: attempting to promote NON_VOTER d45e907a5a8f4bfcbe9a6cb302f9bad7 to VOTER
I20260713 09:05:30.958389 18062 consensus_queue.cc:237] T 7b8148280d764a7f8128155b5cfd1aa5 P 7661aa71047b47a1bcce9a1a2c804803 [LEADER]: Queue going to LEADER mode. State: All replicated index: 0, Majority replicated index: 2, Committed index: 2, Last appended: 1.2, Last appended by leader: 0, Current term: 1, Majority size: 3, State: 0, Mode: LEADER, active raft config: opid_index: 3 OBSOLETE_local: false peers { permanent_uuid: "7661aa71047b47a1bcce9a1a2c804803" member_type: VOTER last_known_addr { host: "127.16.65.65" port: 34083 } } peers { permanent_uuid: "d923ec5c386041ebad813eab0af18dca" member_type: VOTER last_known_addr { host: "127.16.65.66" port: 38819 } } peers { permanent_uuid: "549999d025a24131913b2c47db61b3f9" member_type: VOTER last_known_addr { host: "127.16.65.67" port: 35459 } attrs { replace: true } } peers { permanent_uuid: "d45e907a5a8f4bfcbe9a6cb302f9bad7" member_type: VOTER last_known_addr { host: "127.16.65.68" port: 35563 } attrs { promote: false } }
I20260713 09:05:30.966182 18237 raft_consensus.cc:1275] T 7b8148280d764a7f8128155b5cfd1aa5 P d45e907a5a8f4bfcbe9a6cb302f9bad7 [term 1 LEARNER]: Refusing update from remote peer 7661aa71047b47a1bcce9a1a2c804803: Log matching property violated. Preceding OpId in replica: term: 1 index: 2. Preceding OpId from leader: term: 1 index: 3. (index mismatch)
I20260713 09:05:30.974901 17876 raft_consensus.cc:1275] T 7b8148280d764a7f8128155b5cfd1aa5 P d923ec5c386041ebad813eab0af18dca [term 1 FOLLOWER]: Refusing update from remote peer 7661aa71047b47a1bcce9a1a2c804803: Log matching property violated. Preceding OpId in replica: term: 1 index: 2. Preceding OpId from leader: term: 1 index: 3. (index mismatch)
I20260713 09:05:30.978323 18288 consensus_queue.cc:1048] T 7b8148280d764a7f8128155b5cfd1aa5 P 7661aa71047b47a1bcce9a1a2c804803 [LEADER]: Connected to new peer: Peer: permanent_uuid: "d923ec5c386041ebad813eab0af18dca" member_type: VOTER last_known_addr { host: "127.16.65.66" port: 38819 }, Status: LMP_MISMATCH, Last received: 0.0, Next index: 3, Last known committed idx: 2, Time since last communication: 0.000s
I20260713 09:05:30.979303 18132 consensus_queue.cc:1048] T 7b8148280d764a7f8128155b5cfd1aa5 P 7661aa71047b47a1bcce9a1a2c804803 [LEADER]: Connected to new peer: Peer: permanent_uuid: "d45e907a5a8f4bfcbe9a6cb302f9bad7" member_type: VOTER last_known_addr { host: "127.16.65.68" port: 35563 } attrs { promote: false }, Status: LMP_MISMATCH, Last received: 0.0, Next index: 3, Last known committed idx: 2, Time since last communication: 0.000s
I20260713 09:05:30.983531 17945 raft_consensus.cc:1275] T 7b8148280d764a7f8128155b5cfd1aa5 P 549999d025a24131913b2c47db61b3f9 [term 1 FOLLOWER]: Refusing update from remote peer 7661aa71047b47a1bcce9a1a2c804803: Log matching property violated. Preceding OpId in replica: term: 1 index: 2. Preceding OpId from leader: term: 1 index: 3. (index mismatch)
I20260713 09:05:30.985723 18132 consensus_queue.cc:1048] T 7b8148280d764a7f8128155b5cfd1aa5 P 7661aa71047b47a1bcce9a1a2c804803 [LEADER]: Connected to new peer: Peer: permanent_uuid: "549999d025a24131913b2c47db61b3f9" member_type: VOTER last_known_addr { host: "127.16.65.67" port: 35459 } attrs { replace: true }, Status: LMP_MISMATCH, Last received: 0.0, Next index: 3, Last known committed idx: 2, Time since last communication: 0.000s
I20260713 09:05:31.004388 18288 raft_consensus.cc:2955] T 7b8148280d764a7f8128155b5cfd1aa5 P 7661aa71047b47a1bcce9a1a2c804803 [term 1 LEADER]: Committing config change with OpId 1.3: config changed from index 2 to 3, d45e907a5a8f4bfcbe9a6cb302f9bad7 (127.16.65.68) changed from NON_VOTER to VOTER. New config: { opid_index: 3 OBSOLETE_local: false peers { permanent_uuid: "7661aa71047b47a1bcce9a1a2c804803" member_type: VOTER last_known_addr { host: "127.16.65.65" port: 34083 } } peers { permanent_uuid: "d923ec5c386041ebad813eab0af18dca" member_type: VOTER last_known_addr { host: "127.16.65.66" port: 38819 } } peers { permanent_uuid: "549999d025a24131913b2c47db61b3f9" member_type: VOTER last_known_addr { host: "127.16.65.67" port: 35459 } attrs { replace: true } } peers { permanent_uuid: "d45e907a5a8f4bfcbe9a6cb302f9bad7" member_type: VOTER last_known_addr { host: "127.16.65.68" port: 35563 } attrs { promote: false } } }
I20260713 09:05:31.015501 17945 raft_consensus.cc:2955] T 7b8148280d764a7f8128155b5cfd1aa5 P 549999d025a24131913b2c47db61b3f9 [term 1 FOLLOWER]: Committing config change with OpId 1.3: config changed from index 2 to 3, d45e907a5a8f4bfcbe9a6cb302f9bad7 (127.16.65.68) changed from NON_VOTER to VOTER. New config: { opid_index: 3 OBSOLETE_local: false peers { permanent_uuid: "7661aa71047b47a1bcce9a1a2c804803" member_type: VOTER last_known_addr { host: "127.16.65.65" port: 34083 } } peers { permanent_uuid: "d923ec5c386041ebad813eab0af18dca" member_type: VOTER last_known_addr { host: "127.16.65.66" port: 38819 } } peers { permanent_uuid: "549999d025a24131913b2c47db61b3f9" member_type: VOTER last_known_addr { host: "127.16.65.67" port: 35459 } attrs { replace: true } } peers { permanent_uuid: "d45e907a5a8f4bfcbe9a6cb302f9bad7" member_type: VOTER last_known_addr { host: "127.16.65.68" port: 35563 } attrs { promote: false } } }
I20260713 09:05:31.016076 17876 raft_consensus.cc:2955] T 7b8148280d764a7f8128155b5cfd1aa5 P d923ec5c386041ebad813eab0af18dca [term 1 FOLLOWER]: Committing config change with OpId 1.3: config changed from index 2 to 3, d45e907a5a8f4bfcbe9a6cb302f9bad7 (127.16.65.68) changed from NON_VOTER to VOTER. New config: { opid_index: 3 OBSOLETE_local: false peers { permanent_uuid: "7661aa71047b47a1bcce9a1a2c804803" member_type: VOTER last_known_addr { host: "127.16.65.65" port: 34083 } } peers { permanent_uuid: "d923ec5c386041ebad813eab0af18dca" member_type: VOTER last_known_addr { host: "127.16.65.66" port: 38819 } } peers { permanent_uuid: "549999d025a24131913b2c47db61b3f9" member_type: VOTER last_known_addr { host: "127.16.65.67" port: 35459 } attrs { replace: true } } peers { permanent_uuid: "d45e907a5a8f4bfcbe9a6cb302f9bad7" member_type: VOTER last_known_addr { host: "127.16.65.68" port: 35563 } attrs { promote: false } } }
I20260713 09:05:31.033813 17699 catalog_manager.cc:5697] T 7b8148280d764a7f8128155b5cfd1aa5 P d923ec5c386041ebad813eab0af18dca reported cstate change: config changed from index 2 to 3, d45e907a5a8f4bfcbe9a6cb302f9bad7 (127.16.65.68) changed from NON_VOTER to VOTER. New cstate: current_term: 1 leader_uuid: "7661aa71047b47a1bcce9a1a2c804803" committed_config { opid_index: 3 OBSOLETE_local: false peers { permanent_uuid: "7661aa71047b47a1bcce9a1a2c804803" member_type: VOTER last_known_addr { host: "127.16.65.65" port: 34083 } } peers { permanent_uuid: "d923ec5c386041ebad813eab0af18dca" member_type: VOTER last_known_addr { host: "127.16.65.66" port: 38819 } } peers { permanent_uuid: "549999d025a24131913b2c47db61b3f9" member_type: VOTER last_known_addr { host: "127.16.65.67" port: 35459 } attrs { replace: true } } peers { permanent_uuid: "d45e907a5a8f4bfcbe9a6cb302f9bad7" member_type: VOTER last_known_addr { host: "127.16.65.68" port: 35563 } attrs { promote: false } } }
I20260713 09:05:31.033528 18237 raft_consensus.cc:2955] T 7b8148280d764a7f8128155b5cfd1aa5 P d45e907a5a8f4bfcbe9a6cb302f9bad7 [term 1 FOLLOWER]: Committing config change with OpId 1.3: config changed from index 2 to 3, d45e907a5a8f4bfcbe9a6cb302f9bad7 (127.16.65.68) changed from NON_VOTER to VOTER. New config: { opid_index: 3 OBSOLETE_local: false peers { permanent_uuid: "7661aa71047b47a1bcce9a1a2c804803" member_type: VOTER last_known_addr { host: "127.16.65.65" port: 34083 } } peers { permanent_uuid: "d923ec5c386041ebad813eab0af18dca" member_type: VOTER last_known_addr { host: "127.16.65.66" port: 38819 } } peers { permanent_uuid: "549999d025a24131913b2c47db61b3f9" member_type: VOTER last_known_addr { host: "127.16.65.67" port: 35459 } attrs { replace: true } } peers { permanent_uuid: "d45e907a5a8f4bfcbe9a6cb302f9bad7" member_type: VOTER last_known_addr { host: "127.16.65.68" port: 35563 } attrs { promote: false } } }
I20260713 09:05:31.049710 18306 raft_consensus.cc:1064] T 8cdf1051dcfc46bda2a5d92300202bf1 P 549999d025a24131913b2c47db61b3f9: attempting to promote NON_VOTER d45e907a5a8f4bfcbe9a6cb302f9bad7 to VOTER
I20260713 09:05:31.052378 18306 consensus_queue.cc:237] T 8cdf1051dcfc46bda2a5d92300202bf1 P 549999d025a24131913b2c47db61b3f9 [LEADER]: Queue going to LEADER mode. State: All replicated index: 0, Majority replicated index: 2, Committed index: 2, Last appended: 1.2, Last appended by leader: 0, Current term: 1, Majority size: 3, State: 0, Mode: LEADER, active raft config: opid_index: 3 OBSOLETE_local: false peers { permanent_uuid: "7661aa71047b47a1bcce9a1a2c804803" member_type: VOTER last_known_addr { host: "127.16.65.65" port: 34083 } attrs { replace: true } } peers { permanent_uuid: "d923ec5c386041ebad813eab0af18dca" member_type: VOTER last_known_addr { host: "127.16.65.66" port: 38819 } } peers { permanent_uuid: "549999d025a24131913b2c47db61b3f9" member_type: VOTER last_known_addr { host: "127.16.65.67" port: 35459 } } peers { permanent_uuid: "d45e907a5a8f4bfcbe9a6cb302f9bad7" member_type: VOTER last_known_addr { host: "127.16.65.68" port: 35563 } attrs { promote: false } }
I20260713 09:05:31.091917 17876 raft_consensus.cc:1275] T 8cdf1051dcfc46bda2a5d92300202bf1 P d923ec5c386041ebad813eab0af18dca [term 1 FOLLOWER]: Refusing update from remote peer 549999d025a24131913b2c47db61b3f9: Log matching property violated. Preceding OpId in replica: term: 1 index: 2. Preceding OpId from leader: term: 1 index: 3. (index mismatch)
I20260713 09:05:31.093585 18306 consensus_queue.cc:1048] T 8cdf1051dcfc46bda2a5d92300202bf1 P 549999d025a24131913b2c47db61b3f9 [LEADER]: Connected to new peer: Peer: permanent_uuid: "d923ec5c386041ebad813eab0af18dca" member_type: VOTER last_known_addr { host: "127.16.65.66" port: 38819 }, Status: LMP_MISMATCH, Last received: 0.0, Next index: 3, Last known committed idx: 2, Time since last communication: 0.000s
I20260713 09:05:31.094853 17799 raft_consensus.cc:1275] T 8cdf1051dcfc46bda2a5d92300202bf1 P 7661aa71047b47a1bcce9a1a2c804803 [term 1 FOLLOWER]: Refusing update from remote peer 549999d025a24131913b2c47db61b3f9: Log matching property violated. Preceding OpId in replica: term: 1 index: 2. Preceding OpId from leader: term: 1 index: 3. (index mismatch)
I20260713 09:05:31.096988 18306 consensus_queue.cc:1048] T 8cdf1051dcfc46bda2a5d92300202bf1 P 549999d025a24131913b2c47db61b3f9 [LEADER]: Connected to new peer: Peer: permanent_uuid: "7661aa71047b47a1bcce9a1a2c804803" member_type: VOTER last_known_addr { host: "127.16.65.65" port: 34083 } attrs { replace: true }, Status: LMP_MISMATCH, Last received: 0.0, Next index: 3, Last known committed idx: 2, Time since last communication: 0.000s
I20260713 09:05:31.100607 18237 raft_consensus.cc:1275] T 8cdf1051dcfc46bda2a5d92300202bf1 P d45e907a5a8f4bfcbe9a6cb302f9bad7 [term 1 LEARNER]: Refusing update from remote peer 549999d025a24131913b2c47db61b3f9: Log matching property violated. Preceding OpId in replica: term: 1 index: 2. Preceding OpId from leader: term: 1 index: 3. (index mismatch)
I20260713 09:05:31.103865 18306 consensus_queue.cc:1048] T 8cdf1051dcfc46bda2a5d92300202bf1 P 549999d025a24131913b2c47db61b3f9 [LEADER]: Connected to new peer: Peer: permanent_uuid: "d45e907a5a8f4bfcbe9a6cb302f9bad7" member_type: VOTER last_known_addr { host: "127.16.65.68" port: 35563 } attrs { promote: false }, Status: LMP_MISMATCH, Last received: 0.0, Next index: 3, Last known committed idx: 2, Time since last communication: 0.000s
I20260713 09:05:31.127852 17796 consensus_queue.cc:237] T 7b8148280d764a7f8128155b5cfd1aa5 P 7661aa71047b47a1bcce9a1a2c804803 [LEADER]: Queue going to LEADER mode. State: All replicated index: 0, Majority replicated index: 3, Committed index: 3, Last appended: 1.3, Last appended by leader: 0, Current term: 1, Majority size: 2, State: 0, Mode: LEADER, active raft config: opid_index: 4 OBSOLETE_local: false peers { permanent_uuid: "7661aa71047b47a1bcce9a1a2c804803" member_type: VOTER last_known_addr { host: "127.16.65.65" port: 34083 } } peers { permanent_uuid: "d923ec5c386041ebad813eab0af18dca" member_type: VOTER last_known_addr { host: "127.16.65.66" port: 38819 } } peers { permanent_uuid: "d45e907a5a8f4bfcbe9a6cb302f9bad7" member_type: VOTER last_known_addr { host: "127.16.65.68" port: 35563 } attrs { promote: false } }
I20260713 09:05:31.144898 18305 raft_consensus.cc:2955] T 8cdf1051dcfc46bda2a5d92300202bf1 P 549999d025a24131913b2c47db61b3f9 [term 1 LEADER]: Committing config change with OpId 1.3: config changed from index 2 to 3, d45e907a5a8f4bfcbe9a6cb302f9bad7 (127.16.65.68) changed from NON_VOTER to VOTER. New config: { opid_index: 3 OBSOLETE_local: false peers { permanent_uuid: "7661aa71047b47a1bcce9a1a2c804803" member_type: VOTER last_known_addr { host: "127.16.65.65" port: 34083 } attrs { replace: true } } peers { permanent_uuid: "d923ec5c386041ebad813eab0af18dca" member_type: VOTER last_known_addr { host: "127.16.65.66" port: 38819 } } peers { permanent_uuid: "549999d025a24131913b2c47db61b3f9" member_type: VOTER last_known_addr { host: "127.16.65.67" port: 35459 } } peers { permanent_uuid: "d45e907a5a8f4bfcbe9a6cb302f9bad7" member_type: VOTER last_known_addr { host: "127.16.65.68" port: 35563 } attrs { promote: false } } }
I20260713 09:05:31.147099 17797 raft_consensus.cc:2955] T 8cdf1051dcfc46bda2a5d92300202bf1 P 7661aa71047b47a1bcce9a1a2c804803 [term 1 FOLLOWER]: Committing config change with OpId 1.3: config changed from index 2 to 3, d45e907a5a8f4bfcbe9a6cb302f9bad7 (127.16.65.68) changed from NON_VOTER to VOTER. New config: { opid_index: 3 OBSOLETE_local: false peers { permanent_uuid: "7661aa71047b47a1bcce9a1a2c804803" member_type: VOTER last_known_addr { host: "127.16.65.65" port: 34083 } attrs { replace: true } } peers { permanent_uuid: "d923ec5c386041ebad813eab0af18dca" member_type: VOTER last_known_addr { host: "127.16.65.66" port: 38819 } } peers { permanent_uuid: "549999d025a24131913b2c47db61b3f9" member_type: VOTER last_known_addr { host: "127.16.65.67" port: 35459 } } peers { permanent_uuid: "d45e907a5a8f4bfcbe9a6cb302f9bad7" member_type: VOTER last_known_addr { host: "127.16.65.68" port: 35563 } attrs { promote: false } } }
I20260713 09:05:31.154210 18236 raft_consensus.cc:1275] T 7b8148280d764a7f8128155b5cfd1aa5 P d45e907a5a8f4bfcbe9a6cb302f9bad7 [term 1 FOLLOWER]: Refusing update from remote peer 7661aa71047b47a1bcce9a1a2c804803: Log matching property violated. Preceding OpId in replica: term: 1 index: 3. Preceding OpId from leader: term: 1 index: 4. (index mismatch)
I20260713 09:05:31.156473 18062 consensus_queue.cc:1048] T 7b8148280d764a7f8128155b5cfd1aa5 P 7661aa71047b47a1bcce9a1a2c804803 [LEADER]: Connected to new peer: Peer: permanent_uuid: "d45e907a5a8f4bfcbe9a6cb302f9bad7" member_type: VOTER last_known_addr { host: "127.16.65.68" port: 35563 } attrs { promote: false }, Status: LMP_MISMATCH, Last received: 0.0, Next index: 4, Last known committed idx: 3, Time since last communication: 0.000s
I20260713 09:05:31.157967 17873 raft_consensus.cc:2955] T 8cdf1051dcfc46bda2a5d92300202bf1 P d923ec5c386041ebad813eab0af18dca [term 1 FOLLOWER]: Committing config change with OpId 1.3: config changed from index 2 to 3, d45e907a5a8f4bfcbe9a6cb302f9bad7 (127.16.65.68) changed from NON_VOTER to VOTER. New config: { opid_index: 3 OBSOLETE_local: false peers { permanent_uuid: "7661aa71047b47a1bcce9a1a2c804803" member_type: VOTER last_known_addr { host: "127.16.65.65" port: 34083 } attrs { replace: true } } peers { permanent_uuid: "d923ec5c386041ebad813eab0af18dca" member_type: VOTER last_known_addr { host: "127.16.65.66" port: 38819 } } peers { permanent_uuid: "549999d025a24131913b2c47db61b3f9" member_type: VOTER last_known_addr { host: "127.16.65.67" port: 35459 } } peers { permanent_uuid: "d45e907a5a8f4bfcbe9a6cb302f9bad7" member_type: VOTER last_known_addr { host: "127.16.65.68" port: 35563 } attrs { promote: false } } }
I20260713 09:05:31.169188 18237 raft_consensus.cc:2955] T 8cdf1051dcfc46bda2a5d92300202bf1 P d45e907a5a8f4bfcbe9a6cb302f9bad7 [term 1 FOLLOWER]: Committing config change with OpId 1.3: config changed from index 2 to 3, d45e907a5a8f4bfcbe9a6cb302f9bad7 (127.16.65.68) changed from NON_VOTER to VOTER. New config: { opid_index: 3 OBSOLETE_local: false peers { permanent_uuid: "7661aa71047b47a1bcce9a1a2c804803" member_type: VOTER last_known_addr { host: "127.16.65.65" port: 34083 } attrs { replace: true } } peers { permanent_uuid: "d923ec5c386041ebad813eab0af18dca" member_type: VOTER last_known_addr { host: "127.16.65.66" port: 38819 } } peers { permanent_uuid: "549999d025a24131913b2c47db61b3f9" member_type: VOTER last_known_addr { host: "127.16.65.67" port: 35459 } } peers { permanent_uuid: "d45e907a5a8f4bfcbe9a6cb302f9bad7" member_type: VOTER last_known_addr { host: "127.16.65.68" port: 35563 } attrs { promote: false } } }
I20260713 09:05:31.171730 17696 catalog_manager.cc:5697] T 8cdf1051dcfc46bda2a5d92300202bf1 P 549999d025a24131913b2c47db61b3f9 reported cstate change: config changed from index 2 to 3, d45e907a5a8f4bfcbe9a6cb302f9bad7 (127.16.65.68) changed from NON_VOTER to VOTER. New cstate: current_term: 1 leader_uuid: "549999d025a24131913b2c47db61b3f9" committed_config { opid_index: 3 OBSOLETE_local: false peers { permanent_uuid: "7661aa71047b47a1bcce9a1a2c804803" member_type: VOTER last_known_addr { host: "127.16.65.65" port: 34083 } attrs { replace: true } health_report { overall_health: HEALTHY } } peers { permanent_uuid: "d923ec5c386041ebad813eab0af18dca" member_type: VOTER last_known_addr { host: "127.16.65.66" port: 38819 } health_report { overall_health: HEALTHY } } peers { permanent_uuid: "549999d025a24131913b2c47db61b3f9" member_type: VOTER last_known_addr { host: "127.16.65.67" port: 35459 } health_report { overall_health: HEALTHY } } peers { permanent_uuid: "d45e907a5a8f4bfcbe9a6cb302f9bad7" member_type: VOTER last_known_addr { host: "127.16.65.68" port: 35563 } attrs { promote: false } health_report { overall_health: UNKNOWN } } }
I20260713 09:05:31.184340 18132 raft_consensus.cc:2955] T 7b8148280d764a7f8128155b5cfd1aa5 P 7661aa71047b47a1bcce9a1a2c804803 [term 1 LEADER]: Committing config change with OpId 1.4: config changed from index 3 to 4, VOTER 549999d025a24131913b2c47db61b3f9 (127.16.65.67) evicted. New config: { opid_index: 4 OBSOLETE_local: false peers { permanent_uuid: "7661aa71047b47a1bcce9a1a2c804803" member_type: VOTER last_known_addr { host: "127.16.65.65" port: 34083 } } peers { permanent_uuid: "d923ec5c386041ebad813eab0af18dca" member_type: VOTER last_known_addr { host: "127.16.65.66" port: 38819 } } peers { permanent_uuid: "d45e907a5a8f4bfcbe9a6cb302f9bad7" member_type: VOTER last_known_addr { host: "127.16.65.68" port: 35563 } attrs { promote: false } } }
I20260713 09:05:31.186224 18236 raft_consensus.cc:2955] T 7b8148280d764a7f8128155b5cfd1aa5 P d45e907a5a8f4bfcbe9a6cb302f9bad7 [term 1 FOLLOWER]: Committing config change with OpId 1.4: config changed from index 3 to 4, VOTER 549999d025a24131913b2c47db61b3f9 (127.16.65.67) evicted. New config: { opid_index: 4 OBSOLETE_local: false peers { permanent_uuid: "7661aa71047b47a1bcce9a1a2c804803" member_type: VOTER last_known_addr { host: "127.16.65.65" port: 34083 } } peers { permanent_uuid: "d923ec5c386041ebad813eab0af18dca" member_type: VOTER last_known_addr { host: "127.16.65.66" port: 38819 } } peers { permanent_uuid: "d45e907a5a8f4bfcbe9a6cb302f9bad7" member_type: VOTER last_known_addr { host: "127.16.65.68" port: 35563 } attrs { promote: false } } }
I20260713 09:05:31.194706 17876 raft_consensus.cc:1275] T 7b8148280d764a7f8128155b5cfd1aa5 P d923ec5c386041ebad813eab0af18dca [term 1 FOLLOWER]: Refusing update from remote peer 7661aa71047b47a1bcce9a1a2c804803: Log matching property violated. Preceding OpId in replica: term: 1 index: 3. Preceding OpId from leader: term: 1 index: 4. (index mismatch)
I20260713 09:05:31.198810 18062 consensus_queue.cc:1048] T 7b8148280d764a7f8128155b5cfd1aa5 P 7661aa71047b47a1bcce9a1a2c804803 [LEADER]: Connected to new peer: Peer: permanent_uuid: "d923ec5c386041ebad813eab0af18dca" member_type: VOTER last_known_addr { host: "127.16.65.66" port: 38819 }, Status: LMP_MISMATCH, Last received: 0.0, Next index: 4, Last known committed idx: 3, Time since last communication: 0.000s
I20260713 09:05:31.206327 17698 catalog_manager.cc:5697] T 7b8148280d764a7f8128155b5cfd1aa5 P d45e907a5a8f4bfcbe9a6cb302f9bad7 reported cstate change: config changed from index 3 to 4, VOTER 549999d025a24131913b2c47db61b3f9 (127.16.65.67) evicted. New cstate: current_term: 1 leader_uuid: "7661aa71047b47a1bcce9a1a2c804803" committed_config { opid_index: 4 OBSOLETE_local: false peers { permanent_uuid: "7661aa71047b47a1bcce9a1a2c804803" member_type: VOTER last_known_addr { host: "127.16.65.65" port: 34083 } } peers { permanent_uuid: "d923ec5c386041ebad813eab0af18dca" member_type: VOTER last_known_addr { host: "127.16.65.66" port: 38819 } } peers { permanent_uuid: "d45e907a5a8f4bfcbe9a6cb302f9bad7" member_type: VOTER last_known_addr { host: "127.16.65.68" port: 35563 } attrs { promote: false } } }
I20260713 09:05:31.212580 17950 consensus_queue.cc:237] T 8cdf1051dcfc46bda2a5d92300202bf1 P 549999d025a24131913b2c47db61b3f9 [LEADER]: Queue going to LEADER mode. State: All replicated index: 0, Majority replicated index: 3, Committed index: 3, Last appended: 1.3, Last appended by leader: 0, Current term: 1, Majority size: 2, State: 0, Mode: LEADER, active raft config: opid_index: 4 OBSOLETE_local: false peers { permanent_uuid: "d923ec5c386041ebad813eab0af18dca" member_type: VOTER last_known_addr { host: "127.16.65.66" port: 38819 } } peers { permanent_uuid: "549999d025a24131913b2c47db61b3f9" member_type: VOTER last_known_addr { host: "127.16.65.67" port: 35459 } } peers { permanent_uuid: "d45e907a5a8f4bfcbe9a6cb302f9bad7" member_type: VOTER last_known_addr { host: "127.16.65.68" port: 35563 } attrs { promote: false } }
I20260713 09:05:31.215101 17876 raft_consensus.cc:2955] T 7b8148280d764a7f8128155b5cfd1aa5 P d923ec5c386041ebad813eab0af18dca [term 1 FOLLOWER]: Committing config change with OpId 1.4: config changed from index 3 to 4, VOTER 549999d025a24131913b2c47db61b3f9 (127.16.65.67) evicted. New config: { opid_index: 4 OBSOLETE_local: false peers { permanent_uuid: "7661aa71047b47a1bcce9a1a2c804803" member_type: VOTER last_known_addr { host: "127.16.65.65" port: 34083 } } peers { permanent_uuid: "d923ec5c386041ebad813eab0af18dca" member_type: VOTER last_known_addr { host: "127.16.65.66" port: 38819 } } peers { permanent_uuid: "d45e907a5a8f4bfcbe9a6cb302f9bad7" member_type: VOTER last_known_addr { host: "127.16.65.68" port: 35563 } attrs { promote: false } } }
I20260713 09:05:31.220592 17934 tablet_service.cc:1558] Processing DeleteTablet for tablet 7b8148280d764a7f8128155b5cfd1aa5 with delete_type TABLET_DATA_TOMBSTONED (TS 549999d025a24131913b2c47db61b3f9 not found in new config with opid_index 4) from {username='slave'} at 127.0.0.1:36904
I20260713 09:05:31.223542 18236 raft_consensus.cc:1275] T 8cdf1051dcfc46bda2a5d92300202bf1 P d45e907a5a8f4bfcbe9a6cb302f9bad7 [term 1 FOLLOWER]: Refusing update from remote peer 549999d025a24131913b2c47db61b3f9: Log matching property violated. Preceding OpId in replica: term: 1 index: 3. Preceding OpId from leader: term: 1 index: 4. (index mismatch)
I20260713 09:05:31.225534 18306 consensus_queue.cc:1048] T 8cdf1051dcfc46bda2a5d92300202bf1 P 549999d025a24131913b2c47db61b3f9 [LEADER]: Connected to new peer: Peer: permanent_uuid: "d45e907a5a8f4bfcbe9a6cb302f9bad7" member_type: VOTER last_known_addr { host: "127.16.65.68" port: 35563 } attrs { promote: false }, Status: LMP_MISMATCH, Last received: 0.0, Next index: 4, Last known committed idx: 3, Time since last communication: 0.000s
I20260713 09:05:31.234198 17685 catalog_manager.cc:5210] ChangeConfig:REMOVE_PEER RPC for tablet 7b8148280d764a7f8128155b5cfd1aa5 with cas_config_opid_index 3: ChangeConfig:REMOVE_PEER succeeded (attempt 1)
I20260713 09:05:31.233489 18314 raft_consensus.cc:2955] T 8cdf1051dcfc46bda2a5d92300202bf1 P 549999d025a24131913b2c47db61b3f9 [term 1 LEADER]: Committing config change with OpId 1.4: config changed from index 3 to 4, VOTER 7661aa71047b47a1bcce9a1a2c804803 (127.16.65.65) evicted. New config: { opid_index: 4 OBSOLETE_local: false peers { permanent_uuid: "d923ec5c386041ebad813eab0af18dca" member_type: VOTER last_known_addr { host: "127.16.65.66" port: 38819 } } peers { permanent_uuid: "549999d025a24131913b2c47db61b3f9" member_type: VOTER last_known_addr { host: "127.16.65.67" port: 35459 } } peers { permanent_uuid: "d45e907a5a8f4bfcbe9a6cb302f9bad7" member_type: VOTER last_known_addr { host: "127.16.65.68" port: 35563 } attrs { promote: false } } }
I20260713 09:05:31.236088 18236 raft_consensus.cc:2955] T 8cdf1051dcfc46bda2a5d92300202bf1 P d45e907a5a8f4bfcbe9a6cb302f9bad7 [term 1 FOLLOWER]: Committing config change with OpId 1.4: config changed from index 3 to 4, VOTER 7661aa71047b47a1bcce9a1a2c804803 (127.16.65.65) evicted. New config: { opid_index: 4 OBSOLETE_local: false peers { permanent_uuid: "d923ec5c386041ebad813eab0af18dca" member_type: VOTER last_known_addr { host: "127.16.65.66" port: 38819 } } peers { permanent_uuid: "549999d025a24131913b2c47db61b3f9" member_type: VOTER last_known_addr { host: "127.16.65.67" port: 35459 } } peers { permanent_uuid: "d45e907a5a8f4bfcbe9a6cb302f9bad7" member_type: VOTER last_known_addr { host: "127.16.65.68" port: 35563 } attrs { promote: false } } }
I20260713 09:05:31.244213 17684 catalog_manager.cc:5210] ChangeConfig:REMOVE_PEER RPC for tablet 8cdf1051dcfc46bda2a5d92300202bf1 with cas_config_opid_index 3: ChangeConfig:REMOVE_PEER succeeded (attempt 1)
I20260713 09:05:31.249099 17698 catalog_manager.cc:5697] T 8cdf1051dcfc46bda2a5d92300202bf1 P 549999d025a24131913b2c47db61b3f9 reported cstate change: config changed from index 3 to 4, VOTER 7661aa71047b47a1bcce9a1a2c804803 (127.16.65.65) evicted. New cstate: current_term: 1 leader_uuid: "549999d025a24131913b2c47db61b3f9" committed_config { opid_index: 4 OBSOLETE_local: false peers { permanent_uuid: "d923ec5c386041ebad813eab0af18dca" member_type: VOTER last_known_addr { host: "127.16.65.66" port: 38819 } health_report { overall_health: UNKNOWN } } peers { permanent_uuid: "549999d025a24131913b2c47db61b3f9" member_type: VOTER last_known_addr { host: "127.16.65.67" port: 35459 } health_report { overall_health: HEALTHY } } peers { permanent_uuid: "d45e907a5a8f4bfcbe9a6cb302f9bad7" member_type: VOTER last_known_addr { host: "127.16.65.68" port: 35563 } attrs { promote: false } health_report { overall_health: HEALTHY } } }
I20260713 09:05:31.259284 17872 raft_consensus.cc:1275] T 8cdf1051dcfc46bda2a5d92300202bf1 P d923ec5c386041ebad813eab0af18dca [term 1 FOLLOWER]: Refusing update from remote peer 549999d025a24131913b2c47db61b3f9: Log matching property violated. Preceding OpId in replica: term: 1 index: 3. Preceding OpId from leader: term: 1 index: 4. (index mismatch)
I20260713 09:05:31.263232 18324 tablet_replica.cc:333] T 7b8148280d764a7f8128155b5cfd1aa5 P 549999d025a24131913b2c47db61b3f9: stopping tablet replica
I20260713 09:05:31.264420 18324 raft_consensus.cc:2243] T 7b8148280d764a7f8128155b5cfd1aa5 P 549999d025a24131913b2c47db61b3f9 [term 1 FOLLOWER]: Raft consensus shutting down.
I20260713 09:05:31.265938 18314 consensus_queue.cc:1048] T 8cdf1051dcfc46bda2a5d92300202bf1 P 549999d025a24131913b2c47db61b3f9 [LEADER]: Connected to new peer: Peer: permanent_uuid: "d923ec5c386041ebad813eab0af18dca" member_type: VOTER last_known_addr { host: "127.16.65.66" port: 38819 }, Status: LMP_MISMATCH, Last received: 0.0, Next index: 4, Last known committed idx: 3, Time since last communication: 0.000s
I20260713 09:05:31.269475 18324 raft_consensus.cc:2272] T 7b8148280d764a7f8128155b5cfd1aa5 P 549999d025a24131913b2c47db61b3f9 [term 1 FOLLOWER]: Raft consensus is shut down!
I20260713 09:05:31.272486 17870 raft_consensus.cc:2955] T 8cdf1051dcfc46bda2a5d92300202bf1 P d923ec5c386041ebad813eab0af18dca [term 1 FOLLOWER]: Committing config change with OpId 1.4: config changed from index 3 to 4, VOTER 7661aa71047b47a1bcce9a1a2c804803 (127.16.65.65) evicted. New config: { opid_index: 4 OBSOLETE_local: false peers { permanent_uuid: "d923ec5c386041ebad813eab0af18dca" member_type: VOTER last_known_addr { host: "127.16.65.66" port: 38819 } } peers { permanent_uuid: "549999d025a24131913b2c47db61b3f9" member_type: VOTER last_known_addr { host: "127.16.65.67" port: 35459 } } peers { permanent_uuid: "d45e907a5a8f4bfcbe9a6cb302f9bad7" member_type: VOTER last_known_addr { host: "127.16.65.68" port: 35563 } attrs { promote: false } } }
I20260713 09:05:31.285507 17791 tablet_service.cc:1558] Processing DeleteTablet for tablet 8cdf1051dcfc46bda2a5d92300202bf1 with delete_type TABLET_DATA_TOMBSTONED (TS 7661aa71047b47a1bcce9a1a2c804803 not found in new config with opid_index 4) from {username='slave'} at 127.0.0.1:60350
I20260713 09:05:31.292299 18324 ts_tablet_manager.cc:1916] T 7b8148280d764a7f8128155b5cfd1aa5 P 549999d025a24131913b2c47db61b3f9: Deleting tablet data with delete state TABLET_DATA_TOMBSTONED
I20260713 09:05:31.309473 18325 tablet_replica.cc:333] T 8cdf1051dcfc46bda2a5d92300202bf1 P 7661aa71047b47a1bcce9a1a2c804803: stopping tablet replica
I20260713 09:05:31.314420 18312 raft_consensus.cc:1064] T 118fadc2e2a5410f9d714d8987dcfab5 P 7661aa71047b47a1bcce9a1a2c804803: attempting to promote NON_VOTER d45e907a5a8f4bfcbe9a6cb302f9bad7 to VOTER
I20260713 09:05:31.321997 18324 ts_tablet_manager.cc:1929] T 7b8148280d764a7f8128155b5cfd1aa5 P 549999d025a24131913b2c47db61b3f9: tablet deleted with delete type TABLET_DATA_TOMBSTONED: last-logged OpId 1.3
I20260713 09:05:31.322574 18325 raft_consensus.cc:2243] T 8cdf1051dcfc46bda2a5d92300202bf1 P 7661aa71047b47a1bcce9a1a2c804803 [term 1 FOLLOWER]: Raft consensus shutting down.
I20260713 09:05:31.322710 18324 log.cc:1199] T 7b8148280d764a7f8128155b5cfd1aa5 P 549999d025a24131913b2c47db61b3f9: Deleting WAL directory at /tmp/dist-test-taskGXxJ2S/test-tmp/auto_leader_rebalancer-test.0.LeaderRebalancerTest.AddTserver.1783933498667517-16645-0/minicluster-data/ts-2-root/wals/7b8148280d764a7f8128155b5cfd1aa5
