I20260713 09:05:23.129633 17780 ts_tablet_manager.cc:1434] T e750a936a96a46f482ed5a4f485b5aa7 P 35511c70c6f943efac9fa2b1cec70cfa: Time spent starting tablet: real 0.009s	user 0.005s	sys 0.000s
I20260713 09:05:23.133056 17780 tablet_bootstrap.cc:492] T 5eb2919f76cc4645a650dee62e65e3b1 P 35511c70c6f943efac9fa2b1cec70cfa: Bootstrap starting.
I20260713 09:05:23.130098 17781 consensus_queue.cc:260] T 7ba0dad88caa49d398d1f198088da06f P 4a4fa3b032bb414288243c05305145d1 [NON_LEADER]: Queue going to NON_LEADER mode. State: All replicated index: 0, Majority replicated index: 0, Committed index: 0, Last appended: 0.0, Last appended by leader: 0, Current term: 0, Majority size: -1, State: 0, Mode: NON_LEADER, active raft config: opid_index: -1 OBSOLETE_local: false peers { permanent_uuid: "4a4fa3b032bb414288243c05305145d1" member_type: VOTER last_known_addr { host: "127.16.27.1" port: 46535 } } peers { permanent_uuid: "b20419f75ccf4349ad0b63898466e9ac" member_type: VOTER last_known_addr { host: "127.16.27.2" port: 33097 } } peers { permanent_uuid: "35511c70c6f943efac9fa2b1cec70cfa" member_type: VOTER last_known_addr { host: "127.16.27.3" port: 44075 } }
I20260713 09:05:23.136053 17781 ts_tablet_manager.cc:1434] T 7ba0dad88caa49d398d1f198088da06f P 4a4fa3b032bb414288243c05305145d1: Time spent starting tablet: real 0.010s	user 0.003s	sys 0.001s
I20260713 09:05:23.136806 17781 tablet_bootstrap.cc:492] T 02c3c8d8292849bcb45ebb45f939e2b5 P 4a4fa3b032bb414288243c05305145d1: Bootstrap starting.
I20260713 09:05:23.141147 17781 tablet_bootstrap.cc:654] T 02c3c8d8292849bcb45ebb45f939e2b5 P 4a4fa3b032bb414288243c05305145d1: Neither blocks nor log segments found. Creating new log.
I20260713 09:05:23.148952 17780 tablet_bootstrap.cc:654] T 5eb2919f76cc4645a650dee62e65e3b1 P 35511c70c6f943efac9fa2b1cec70cfa: Neither blocks nor log segments found. Creating new log.
I20260713 09:05:23.151388 17846 raft_consensus.cc:493] T 5eb2919f76cc4645a650dee62e65e3b1 P b20419f75ccf4349ad0b63898466e9ac [term 0 FOLLOWER]: Starting pre-election (no leader contacted us within the election timeout)
I20260713 09:05:23.151851 17846 raft_consensus.cc:515] T 5eb2919f76cc4645a650dee62e65e3b1 P b20419f75ccf4349ad0b63898466e9ac [term 0 FOLLOWER]: Starting pre-election with config: opid_index: -1 OBSOLETE_local: false peers { permanent_uuid: "4a4fa3b032bb414288243c05305145d1" member_type: VOTER last_known_addr { host: "127.16.27.1" port: 46535 } } peers { permanent_uuid: "b20419f75ccf4349ad0b63898466e9ac" member_type: VOTER last_known_addr { host: "127.16.27.2" port: 33097 } } peers { permanent_uuid: "35511c70c6f943efac9fa2b1cec70cfa" member_type: VOTER last_known_addr { host: "127.16.27.3" port: 44075 } }
I20260713 09:05:23.153951 17846 leader_election.cc:290] T 5eb2919f76cc4645a650dee62e65e3b1 P b20419f75ccf4349ad0b63898466e9ac [CANDIDATE]: Term 1 pre-election: Requested pre-vote from peers 4a4fa3b032bb414288243c05305145d1 (127.16.27.1:46535), 35511c70c6f943efac9fa2b1cec70cfa (127.16.27.3:44075)
I20260713 09:05:23.154595 17587 tablet_service.cc:1917] Received RequestConsensusVote() RPC: tablet_id: "5eb2919f76cc4645a650dee62e65e3b1" candidate_uuid: "b20419f75ccf4349ad0b63898466e9ac" candidate_term: 1 candidate_status { last_received { term: 0 index: 0 } } ignore_live_leader: false dest_uuid: "4a4fa3b032bb414288243c05305145d1" is_pre_election: true
I20260713 09:05:23.154901 17738 tablet_service.cc:1917] Received RequestConsensusVote() RPC: tablet_id: "5eb2919f76cc4645a650dee62e65e3b1" candidate_uuid: "b20419f75ccf4349ad0b63898466e9ac" candidate_term: 1 candidate_status { last_received { term: 0 index: 0 } } ignore_live_leader: false dest_uuid: "35511c70c6f943efac9fa2b1cec70cfa" is_pre_election: true
W20260713 09:05:23.155629 17628 leader_election.cc:343] T 5eb2919f76cc4645a650dee62e65e3b1 P b20419f75ccf4349ad0b63898466e9ac [CANDIDATE]: Term 1 pre-election: Tablet error from VoteRequest() call to peer 4a4fa3b032bb414288243c05305145d1 (127.16.27.1:46535): Illegal state: must be running to vote when last-logged opid is not known
W20260713 09:05:23.156051 17629 leader_election.cc:343] T 5eb2919f76cc4645a650dee62e65e3b1 P b20419f75ccf4349ad0b63898466e9ac [CANDIDATE]: Term 1 pre-election: Tablet error from VoteRequest() call to peer 35511c70c6f943efac9fa2b1cec70cfa (127.16.27.3:44075): Illegal state: must be running to vote when last-logged opid is not known
I20260713 09:05:23.156483 17629 leader_election.cc:304] T 5eb2919f76cc4645a650dee62e65e3b1 P b20419f75ccf4349ad0b63898466e9ac [CANDIDATE]: Term 1 pre-election: Election decided. Result: candidate lost. Election summary: received 3 responses out of 3 voters: 1 yes votes; 2 no votes. yes voters: b20419f75ccf4349ad0b63898466e9ac; no voters: 35511c70c6f943efac9fa2b1cec70cfa, 4a4fa3b032bb414288243c05305145d1
I20260713 09:05:23.157153 17846 raft_consensus.cc:2749] T 5eb2919f76cc4645a650dee62e65e3b1 P b20419f75ccf4349ad0b63898466e9ac [term 0 FOLLOWER]: Leader pre-election lost for term 1. Reason: could not achieve majority
I20260713 09:05:23.193204 17781 tablet_bootstrap.cc:492] T 02c3c8d8292849bcb45ebb45f939e2b5 P 4a4fa3b032bb414288243c05305145d1: No bootstrap required, opened a new log
I20260713 09:05:23.193217 17780 tablet_bootstrap.cc:492] T 5eb2919f76cc4645a650dee62e65e3b1 P 35511c70c6f943efac9fa2b1cec70cfa: No bootstrap required, opened a new log
I20260713 09:05:23.193637 17781 ts_tablet_manager.cc:1403] T 02c3c8d8292849bcb45ebb45f939e2b5 P 4a4fa3b032bb414288243c05305145d1: Time spent bootstrapping tablet: real 0.057s	user 0.007s	sys 0.001s
I20260713 09:05:23.193677 17780 ts_tablet_manager.cc:1403] T 5eb2919f76cc4645a650dee62e65e3b1 P 35511c70c6f943efac9fa2b1cec70cfa: Time spent bootstrapping tablet: real 0.061s	user 0.008s	sys 0.002s
I20260713 09:05:23.195537 17781 raft_consensus.cc:359] T 02c3c8d8292849bcb45ebb45f939e2b5 P 4a4fa3b032bb414288243c05305145d1 [term 0 FOLLOWER]: Replica starting. Triggering 0 pending ops. Active config: opid_index: -1 OBSOLETE_local: false peers { permanent_uuid: "4a4fa3b032bb414288243c05305145d1" member_type: VOTER last_known_addr { host: "127.16.27.1" port: 46535 } } peers { permanent_uuid: "b20419f75ccf4349ad0b63898466e9ac" member_type: VOTER last_known_addr { host: "127.16.27.2" port: 33097 } } peers { permanent_uuid: "35511c70c6f943efac9fa2b1cec70cfa" member_type: VOTER last_known_addr { host: "127.16.27.3" port: 44075 } }
I20260713 09:05:23.195709 17780 raft_consensus.cc:359] T 5eb2919f76cc4645a650dee62e65e3b1 P 35511c70c6f943efac9fa2b1cec70cfa [term 0 FOLLOWER]: Replica starting. Triggering 0 pending ops. Active config: opid_index: -1 OBSOLETE_local: false peers { permanent_uuid: "4a4fa3b032bb414288243c05305145d1" member_type: VOTER last_known_addr { host: "127.16.27.1" port: 46535 } } peers { permanent_uuid: "b20419f75ccf4349ad0b63898466e9ac" member_type: VOTER last_known_addr { host: "127.16.27.2" port: 33097 } } peers { permanent_uuid: "35511c70c6f943efac9fa2b1cec70cfa" member_type: VOTER last_known_addr { host: "127.16.27.3" port: 44075 } }
I20260713 09:05:23.195998 17781 raft_consensus.cc:385] T 02c3c8d8292849bcb45ebb45f939e2b5 P 4a4fa3b032bb414288243c05305145d1 [term 0 FOLLOWER]: Consensus starting up: Expiring failure detector timer to make a prompt election more likely
I20260713 09:05:23.196221 17780 raft_consensus.cc:385] T 5eb2919f76cc4645a650dee62e65e3b1 P 35511c70c6f943efac9fa2b1cec70cfa [term 0 FOLLOWER]: Consensus starting up: Expiring failure detector timer to make a prompt election more likely
I20260713 09:05:23.196257 17781 raft_consensus.cc:740] T 02c3c8d8292849bcb45ebb45f939e2b5 P 4a4fa3b032bb414288243c05305145d1 [term 0 FOLLOWER]: Becoming Follower/Learner. State: Replica: 4a4fa3b032bb414288243c05305145d1, State: Initialized, Role: FOLLOWER
I20260713 09:05:23.196606 17780 raft_consensus.cc:740] T 5eb2919f76cc4645a650dee62e65e3b1 P 35511c70c6f943efac9fa2b1cec70cfa [term 0 FOLLOWER]: Becoming Follower/Learner. State: Replica: 35511c70c6f943efac9fa2b1cec70cfa, State: Initialized, Role: FOLLOWER
I20260713 09:05:23.197122 17781 consensus_queue.cc:260] T 02c3c8d8292849bcb45ebb45f939e2b5 P 4a4fa3b032bb414288243c05305145d1 [NON_LEADER]: Queue going to NON_LEADER mode. State: All replicated index: 0, Majority replicated index: 0, Committed index: 0, Last appended: 0.0, Last appended by leader: 0, Current term: 0, Majority size: -1, State: 0, Mode: NON_LEADER, active raft config: opid_index: -1 OBSOLETE_local: false peers { permanent_uuid: "4a4fa3b032bb414288243c05305145d1" member_type: VOTER last_known_addr { host: "127.16.27.1" port: 46535 } } peers { permanent_uuid: "b20419f75ccf4349ad0b63898466e9ac" member_type: VOTER last_known_addr { host: "127.16.27.2" port: 33097 } } peers { permanent_uuid: "35511c70c6f943efac9fa2b1cec70cfa" member_type: VOTER last_known_addr { host: "127.16.27.3" port: 44075 } }
I20260713 09:05:23.197254 17780 consensus_queue.cc:260] T 5eb2919f76cc4645a650dee62e65e3b1 P 35511c70c6f943efac9fa2b1cec70cfa [NON_LEADER]: Queue going to NON_LEADER mode. State: All replicated index: 0, Majority replicated index: 0, Committed index: 0, Last appended: 0.0, Last appended by leader: 0, Current term: 0, Majority size: -1, State: 0, Mode: NON_LEADER, active raft config: opid_index: -1 OBSOLETE_local: false peers { permanent_uuid: "4a4fa3b032bb414288243c05305145d1" member_type: VOTER last_known_addr { host: "127.16.27.1" port: 46535 } } peers { permanent_uuid: "b20419f75ccf4349ad0b63898466e9ac" member_type: VOTER last_known_addr { host: "127.16.27.2" port: 33097 } } peers { permanent_uuid: "35511c70c6f943efac9fa2b1cec70cfa" member_type: VOTER last_known_addr { host: "127.16.27.3" port: 44075 } }
I20260713 09:05:23.198763 17781 ts_tablet_manager.cc:1434] T 02c3c8d8292849bcb45ebb45f939e2b5 P 4a4fa3b032bb414288243c05305145d1: Time spent starting tablet: real 0.005s	user 0.004s	sys 0.000s
I20260713 09:05:23.199267 17780 ts_tablet_manager.cc:1434] T 5eb2919f76cc4645a650dee62e65e3b1 P 35511c70c6f943efac9fa2b1cec70cfa: Time spent starting tablet: real 0.005s	user 0.005s	sys 0.000s
I20260713 09:05:23.199991 17781 tablet_bootstrap.cc:492] T 4a55a4b729c44466b3f340425409c2ac P 4a4fa3b032bb414288243c05305145d1: Bootstrap starting.
I20260713 09:05:23.200117 17780 tablet_bootstrap.cc:492] T f1985d001a8e410987bbd03326561b5b P 35511c70c6f943efac9fa2b1cec70cfa: Bootstrap starting.
I20260713 09:05:23.206012 17781 tablet_bootstrap.cc:654] T 4a55a4b729c44466b3f340425409c2ac P 4a4fa3b032bb414288243c05305145d1: Neither blocks nor log segments found. Creating new log.
I20260713 09:05:23.206063 17780 tablet_bootstrap.cc:654] T f1985d001a8e410987bbd03326561b5b P 35511c70c6f943efac9fa2b1cec70cfa: Neither blocks nor log segments found. Creating new log.
I20260713 09:05:23.219785 17738 raft_consensus.cc:3060] T db3e6efac1ea4f22bb0beed350cd1aa0 P 35511c70c6f943efac9fa2b1cec70cfa [term 0 FOLLOWER]: Advancing to term 1
I20260713 09:05:23.220541 17780 tablet_bootstrap.cc:492] T f1985d001a8e410987bbd03326561b5b P 35511c70c6f943efac9fa2b1cec70cfa: No bootstrap required, opened a new log
I20260713 09:05:23.220889 17780 ts_tablet_manager.cc:1403] T f1985d001a8e410987bbd03326561b5b P 35511c70c6f943efac9fa2b1cec70cfa: Time spent bootstrapping tablet: real 0.021s	user 0.011s	sys 0.000s
I20260713 09:05:23.221436 17781 tablet_bootstrap.cc:492] T 4a55a4b729c44466b3f340425409c2ac P 4a4fa3b032bb414288243c05305145d1: No bootstrap required, opened a new log
I20260713 09:05:23.221854 17781 ts_tablet_manager.cc:1403] T 4a55a4b729c44466b3f340425409c2ac P 4a4fa3b032bb414288243c05305145d1: Time spent bootstrapping tablet: real 0.022s	user 0.009s	sys 0.010s
I20260713 09:05:23.223137 17780 raft_consensus.cc:359] T f1985d001a8e410987bbd03326561b5b P 35511c70c6f943efac9fa2b1cec70cfa [term 0 FOLLOWER]: Replica starting. Triggering 0 pending ops. Active config: opid_index: -1 OBSOLETE_local: false peers { permanent_uuid: "4a4fa3b032bb414288243c05305145d1" member_type: VOTER last_known_addr { host: "127.16.27.1" port: 46535 } } peers { permanent_uuid: "b20419f75ccf4349ad0b63898466e9ac" member_type: VOTER last_known_addr { host: "127.16.27.2" port: 33097 } } peers { permanent_uuid: "35511c70c6f943efac9fa2b1cec70cfa" member_type: VOTER last_known_addr { host: "127.16.27.3" port: 44075 } }
I20260713 09:05:23.223608 17780 raft_consensus.cc:385] T f1985d001a8e410987bbd03326561b5b P 35511c70c6f943efac9fa2b1cec70cfa [term 0 FOLLOWER]: Consensus starting up: Expiring failure detector timer to make a prompt election more likely
I20260713 09:05:23.223803 17780 raft_consensus.cc:740] T f1985d001a8e410987bbd03326561b5b P 35511c70c6f943efac9fa2b1cec70cfa [term 0 FOLLOWER]: Becoming Follower/Learner. State: Replica: 35511c70c6f943efac9fa2b1cec70cfa, State: Initialized, Role: FOLLOWER
I20260713 09:05:23.224188 17781 raft_consensus.cc:359] T 4a55a4b729c44466b3f340425409c2ac P 4a4fa3b032bb414288243c05305145d1 [term 0 FOLLOWER]: Replica starting. Triggering 0 pending ops. Active config: opid_index: -1 OBSOLETE_local: false peers { permanent_uuid: "4a4fa3b032bb414288243c05305145d1" member_type: VOTER last_known_addr { host: "127.16.27.1" port: 46535 } } peers { permanent_uuid: "b20419f75ccf4349ad0b63898466e9ac" member_type: VOTER last_known_addr { host: "127.16.27.2" port: 33097 } } peers { permanent_uuid: "35511c70c6f943efac9fa2b1cec70cfa" member_type: VOTER last_known_addr { host: "127.16.27.3" port: 44075 } }
I20260713 09:05:23.224367 17780 consensus_queue.cc:260] T f1985d001a8e410987bbd03326561b5b P 35511c70c6f943efac9fa2b1cec70cfa [NON_LEADER]: Queue going to NON_LEADER mode. State: All replicated index: 0, Majority replicated index: 0, Committed index: 0, Last appended: 0.0, Last appended by leader: 0, Current term: 0, Majority size: -1, State: 0, Mode: NON_LEADER, active raft config: opid_index: -1 OBSOLETE_local: false peers { permanent_uuid: "4a4fa3b032bb414288243c05305145d1" member_type: VOTER last_known_addr { host: "127.16.27.1" port: 46535 } } peers { permanent_uuid: "b20419f75ccf4349ad0b63898466e9ac" member_type: VOTER last_known_addr { host: "127.16.27.2" port: 33097 } } peers { permanent_uuid: "35511c70c6f943efac9fa2b1cec70cfa" member_type: VOTER last_known_addr { host: "127.16.27.3" port: 44075 } }
I20260713 09:05:23.224853 17781 raft_consensus.cc:385] T 4a55a4b729c44466b3f340425409c2ac P 4a4fa3b032bb414288243c05305145d1 [term 0 FOLLOWER]: Consensus starting up: Expiring failure detector timer to make a prompt election more likely
I20260713 09:05:23.225133 17781 raft_consensus.cc:740] T 4a55a4b729c44466b3f340425409c2ac P 4a4fa3b032bb414288243c05305145d1 [term 0 FOLLOWER]: Becoming Follower/Learner. State: Replica: 4a4fa3b032bb414288243c05305145d1, State: Initialized, Role: FOLLOWER
I20260713 09:05:23.226191 17780 ts_tablet_manager.cc:1434] T f1985d001a8e410987bbd03326561b5b P 35511c70c6f943efac9fa2b1cec70cfa: Time spent starting tablet: real 0.005s	user 0.005s	sys 0.000s
I20260713 09:05:23.225831 17781 consensus_queue.cc:260] T 4a55a4b729c44466b3f340425409c2ac P 4a4fa3b032bb414288243c05305145d1 [NON_LEADER]: Queue going to NON_LEADER mode. State: All replicated index: 0, Majority replicated index: 0, Committed index: 0, Last appended: 0.0, Last appended by leader: 0, Current term: 0, Majority size: -1, State: 0, Mode: NON_LEADER, active raft config: opid_index: -1 OBSOLETE_local: false peers { permanent_uuid: "4a4fa3b032bb414288243c05305145d1" member_type: VOTER last_known_addr { host: "127.16.27.1" port: 46535 } } peers { permanent_uuid: "b20419f75ccf4349ad0b63898466e9ac" member_type: VOTER last_known_addr { host: "127.16.27.2" port: 33097 } } peers { permanent_uuid: "35511c70c6f943efac9fa2b1cec70cfa" member_type: VOTER last_known_addr { host: "127.16.27.3" port: 44075 } }
I20260713 09:05:23.227758 17781 ts_tablet_manager.cc:1434] T 4a55a4b729c44466b3f340425409c2ac P 4a4fa3b032bb414288243c05305145d1: Time spent starting tablet: real 0.006s	user 0.005s	sys 0.001s
I20260713 09:05:23.228622 17780 tablet_bootstrap.cc:492] T b4a00c5b821c43439d253d340893f368 P 35511c70c6f943efac9fa2b1cec70cfa: Bootstrap starting.
I20260713 09:05:23.229768 17781 tablet_bootstrap.cc:492] T 5eb2919f76cc4645a650dee62e65e3b1 P 4a4fa3b032bb414288243c05305145d1: Bootstrap starting.
I20260713 09:05:23.229797 17819 raft_consensus.cc:493] T c5b2ff066958415aa5ec0b7415c01d3c P 35511c70c6f943efac9fa2b1cec70cfa [term 0 FOLLOWER]: Starting pre-election (no leader contacted us within the election timeout)
I20260713 09:05:23.230379 17819 raft_consensus.cc:515] T c5b2ff066958415aa5ec0b7415c01d3c P 35511c70c6f943efac9fa2b1cec70cfa [term 0 FOLLOWER]: Starting pre-election with config: opid_index: -1 OBSOLETE_local: false peers { permanent_uuid: "4a4fa3b032bb414288243c05305145d1" member_type: VOTER last_known_addr { host: "127.16.27.1" port: 46535 } } peers { permanent_uuid: "b20419f75ccf4349ad0b63898466e9ac" member_type: VOTER last_known_addr { host: "127.16.27.2" port: 33097 } } peers { permanent_uuid: "35511c70c6f943efac9fa2b1cec70cfa" member_type: VOTER last_known_addr { host: "127.16.27.3" port: 44075 } }
I20260713 09:05:23.232350 17819 leader_election.cc:290] T c5b2ff066958415aa5ec0b7415c01d3c P 35511c70c6f943efac9fa2b1cec70cfa [CANDIDATE]: Term 1 pre-election: Requested pre-vote from peers 4a4fa3b032bb414288243c05305145d1 (127.16.27.1:46535), b20419f75ccf4349ad0b63898466e9ac (127.16.27.2:33097)
I20260713 09:05:23.234159 17661 tablet_service.cc:1917] Received RequestConsensusVote() RPC: tablet_id: "c5b2ff066958415aa5ec0b7415c01d3c" candidate_uuid: "35511c70c6f943efac9fa2b1cec70cfa" candidate_term: 1 candidate_status { last_received { term: 0 index: 0 } } ignore_live_leader: false dest_uuid: "b20419f75ccf4349ad0b63898466e9ac" is_pre_election: true
I20260713 09:05:23.234447 17780 tablet_bootstrap.cc:654] T b4a00c5b821c43439d253d340893f368 P 35511c70c6f943efac9fa2b1cec70cfa: Neither blocks nor log segments found. Creating new log.
I20260713 09:05:23.235733 17781 tablet_bootstrap.cc:654] T 5eb2919f76cc4645a650dee62e65e3b1 P 4a4fa3b032bb414288243c05305145d1: Neither blocks nor log segments found. Creating new log.
I20260713 09:05:23.236065 17587 tablet_service.cc:1917] Received RequestConsensusVote() RPC: tablet_id: "c5b2ff066958415aa5ec0b7415c01d3c" candidate_uuid: "35511c70c6f943efac9fa2b1cec70cfa" candidate_term: 1 candidate_status { last_received { term: 0 index: 0 } } ignore_live_leader: false dest_uuid: "4a4fa3b032bb414288243c05305145d1" is_pre_election: true
I20260713 09:05:23.236801 17587 raft_consensus.cc:2393] T c5b2ff066958415aa5ec0b7415c01d3c P 4a4fa3b032bb414288243c05305145d1 [term 1 FOLLOWER]: Leader pre-election vote request: Denying vote to candidate 35511c70c6f943efac9fa2b1cec70cfa in current term 1: Already voted for candidate b20419f75ccf4349ad0b63898466e9ac in this term.
I20260713 09:05:23.238521 17702 leader_election.cc:304] T c5b2ff066958415aa5ec0b7415c01d3c P 35511c70c6f943efac9fa2b1cec70cfa [CANDIDATE]: Term 1 pre-election: Election decided. Result: candidate lost. Election summary: received 3 responses out of 3 voters: 1 yes votes; 2 no votes. yes voters: 35511c70c6f943efac9fa2b1cec70cfa; no voters: 4a4fa3b032bb414288243c05305145d1, b20419f75ccf4349ad0b63898466e9ac
I20260713 09:05:23.240612 17784 raft_consensus.cc:3060] T c5b2ff066958415aa5ec0b7415c01d3c P 35511c70c6f943efac9fa2b1cec70cfa [term 0 FOLLOWER]: Advancing to term 1
I20260713 09:05:23.248178 17784 raft_consensus.cc:2749] T c5b2ff066958415aa5ec0b7415c01d3c P 35511c70c6f943efac9fa2b1cec70cfa [term 1 FOLLOWER]: Leader pre-election lost for term 1. Reason: could not achieve majority
I20260713 09:05:23.252207 17780 tablet_bootstrap.cc:492] T b4a00c5b821c43439d253d340893f368 P 35511c70c6f943efac9fa2b1cec70cfa: No bootstrap required, opened a new log
I20260713 09:05:23.252619 17780 ts_tablet_manager.cc:1403] T b4a00c5b821c43439d253d340893f368 P 35511c70c6f943efac9fa2b1cec70cfa: Time spent bootstrapping tablet: real 0.024s	user 0.011s	sys 0.000s
I20260713 09:05:23.253083 17781 tablet_bootstrap.cc:492] T 5eb2919f76cc4645a650dee62e65e3b1 P 4a4fa3b032bb414288243c05305145d1: No bootstrap required, opened a new log
I20260713 09:05:23.253461 17781 ts_tablet_manager.cc:1403] T 5eb2919f76cc4645a650dee62e65e3b1 P 4a4fa3b032bb414288243c05305145d1: Time spent bootstrapping tablet: real 0.024s	user 0.010s	sys 0.001s
I20260713 09:05:23.254980 17780 raft_consensus.cc:359] T b4a00c5b821c43439d253d340893f368 P 35511c70c6f943efac9fa2b1cec70cfa [term 0 FOLLOWER]: Replica starting. Triggering 0 pending ops. Active config: opid_index: -1 OBSOLETE_local: false peers { permanent_uuid: "4a4fa3b032bb414288243c05305145d1" member_type: VOTER last_known_addr { host: "127.16.27.1" port: 46535 } } peers { permanent_uuid: "b20419f75ccf4349ad0b63898466e9ac" member_type: VOTER last_known_addr { host: "127.16.27.2" port: 33097 } } peers { permanent_uuid: "35511c70c6f943efac9fa2b1cec70cfa" member_type: VOTER last_known_addr { host: "127.16.27.3" port: 44075 } }
I20260713 09:05:23.255592 17780 raft_consensus.cc:385] T b4a00c5b821c43439d253d340893f368 P 35511c70c6f943efac9fa2b1cec70cfa [term 0 FOLLOWER]: Consensus starting up: Expiring failure detector timer to make a prompt election more likely
I20260713 09:05:23.255841 17780 raft_consensus.cc:740] T b4a00c5b821c43439d253d340893f368 P 35511c70c6f943efac9fa2b1cec70cfa [term 0 FOLLOWER]: Becoming Follower/Learner. State: Replica: 35511c70c6f943efac9fa2b1cec70cfa, State: Initialized, Role: FOLLOWER
I20260713 09:05:23.256531 17780 consensus_queue.cc:260] T b4a00c5b821c43439d253d340893f368 P 35511c70c6f943efac9fa2b1cec70cfa [NON_LEADER]: Queue going to NON_LEADER mode. State: All replicated index: 0, Majority replicated index: 0, Committed index: 0, Last appended: 0.0, Last appended by leader: 0, Current term: 0, Majority size: -1, State: 0, Mode: NON_LEADER, active raft config: opid_index: -1 OBSOLETE_local: false peers { permanent_uuid: "4a4fa3b032bb414288243c05305145d1" member_type: VOTER last_known_addr { host: "127.16.27.1" port: 46535 } } peers { permanent_uuid: "b20419f75ccf4349ad0b63898466e9ac" member_type: VOTER last_known_addr { host: "127.16.27.2" port: 33097 } } peers { permanent_uuid: "35511c70c6f943efac9fa2b1cec70cfa" member_type: VOTER last_known_addr { host: "127.16.27.3" port: 44075 } }
I20260713 09:05:23.256548 17781 raft_consensus.cc:359] T 5eb2919f76cc4645a650dee62e65e3b1 P 4a4fa3b032bb414288243c05305145d1 [term 0 FOLLOWER]: Replica starting. Triggering 0 pending ops. Active config: opid_index: -1 OBSOLETE_local: false peers { permanent_uuid: "4a4fa3b032bb414288243c05305145d1" member_type: VOTER last_known_addr { host: "127.16.27.1" port: 46535 } } peers { permanent_uuid: "b20419f75ccf4349ad0b63898466e9ac" member_type: VOTER last_known_addr { host: "127.16.27.2" port: 33097 } } peers { permanent_uuid: "35511c70c6f943efac9fa2b1cec70cfa" member_type: VOTER last_known_addr { host: "127.16.27.3" port: 44075 } }
I20260713 09:05:23.257365 17781 raft_consensus.cc:385] T 5eb2919f76cc4645a650dee62e65e3b1 P 4a4fa3b032bb414288243c05305145d1 [term 0 FOLLOWER]: Consensus starting up: Expiring failure detector timer to make a prompt election more likely
I20260713 09:05:23.257628 17781 raft_consensus.cc:740] T 5eb2919f76cc4645a650dee62e65e3b1 P 4a4fa3b032bb414288243c05305145d1 [term 0 FOLLOWER]: Becoming Follower/Learner. State: Replica: 4a4fa3b032bb414288243c05305145d1, State: Initialized, Role: FOLLOWER
I20260713 09:05:23.258510 17780 ts_tablet_manager.cc:1434] T b4a00c5b821c43439d253d340893f368 P 35511c70c6f943efac9fa2b1cec70cfa: Time spent starting tablet: real 0.006s	user 0.004s	sys 0.000s
I20260713 09:05:23.258599 17781 consensus_queue.cc:260] T 5eb2919f76cc4645a650dee62e65e3b1 P 4a4fa3b032bb414288243c05305145d1 [NON_LEADER]: Queue going to NON_LEADER mode. State: All replicated index: 0, Majority replicated index: 0, Committed index: 0, Last appended: 0.0, Last appended by leader: 0, Current term: 0, Majority size: -1, State: 0, Mode: NON_LEADER, active raft config: opid_index: -1 OBSOLETE_local: false peers { permanent_uuid: "4a4fa3b032bb414288243c05305145d1" member_type: VOTER last_known_addr { host: "127.16.27.1" port: 46535 } } peers { permanent_uuid: "b20419f75ccf4349ad0b63898466e9ac" member_type: VOTER last_known_addr { host: "127.16.27.2" port: 33097 } } peers { permanent_uuid: "35511c70c6f943efac9fa2b1cec70cfa" member_type: VOTER last_known_addr { host: "127.16.27.3" port: 44075 } }
I20260713 09:05:23.259356 17780 tablet_bootstrap.cc:492] T c1d2de061a594391a81613d5a22efd9d P 35511c70c6f943efac9fa2b1cec70cfa: Bootstrap starting.
I20260713 09:05:23.260732 17781 ts_tablet_manager.cc:1434] T 5eb2919f76cc4645a650dee62e65e3b1 P 4a4fa3b032bb414288243c05305145d1: Time spent starting tablet: real 0.006s	user 0.006s	sys 0.000s
I20260713 09:05:23.261535 17781 tablet_bootstrap.cc:492] T f1985d001a8e410987bbd03326561b5b P 4a4fa3b032bb414288243c05305145d1: Bootstrap starting.
I20260713 09:05:23.264907 17780 tablet_bootstrap.cc:654] T c1d2de061a594391a81613d5a22efd9d P 35511c70c6f943efac9fa2b1cec70cfa: Neither blocks nor log segments found. Creating new log.
I20260713 09:05:23.266645 17781 tablet_bootstrap.cc:654] T f1985d001a8e410987bbd03326561b5b P 4a4fa3b032bb414288243c05305145d1: Neither blocks nor log segments found. Creating new log.
I20260713 09:05:23.273268 17877 consensus_queue.cc:1048] T c5b2ff066958415aa5ec0b7415c01d3c P b20419f75ccf4349ad0b63898466e9ac [LEADER]: Connected to new peer: Peer: permanent_uuid: "35511c70c6f943efac9fa2b1cec70cfa" member_type: VOTER last_known_addr { host: "127.16.27.3" port: 44075 }, Status: LMP_MISMATCH, Last received: 0.0, Next index: 1, Last known committed idx: 0, Time since last communication: 0.000s
I20260713 09:05:23.279716 17780 tablet_bootstrap.cc:492] T c1d2de061a594391a81613d5a22efd9d P 35511c70c6f943efac9fa2b1cec70cfa: No bootstrap required, opened a new log
I20260713 09:05:23.280130 17780 ts_tablet_manager.cc:1403] T c1d2de061a594391a81613d5a22efd9d P 35511c70c6f943efac9fa2b1cec70cfa: Time spent bootstrapping tablet: real 0.021s	user 0.014s	sys 0.000s
I20260713 09:05:23.281229 17781 tablet_bootstrap.cc:492] T f1985d001a8e410987bbd03326561b5b P 4a4fa3b032bb414288243c05305145d1: No bootstrap required, opened a new log
I20260713 09:05:23.281622 17781 ts_tablet_manager.cc:1403] T f1985d001a8e410987bbd03326561b5b P 4a4fa3b032bb414288243c05305145d1: Time spent bootstrapping tablet: real 0.020s	user 0.013s	sys 0.000s
I20260713 09:05:23.282604 17780 raft_consensus.cc:359] T c1d2de061a594391a81613d5a22efd9d P 35511c70c6f943efac9fa2b1cec70cfa [term 0 FOLLOWER]: Replica starting. Triggering 0 pending ops. Active config: opid_index: -1 OBSOLETE_local: false peers { permanent_uuid: "4a4fa3b032bb414288243c05305145d1" member_type: VOTER last_known_addr { host: "127.16.27.1" port: 46535 } } peers { permanent_uuid: "b20419f75ccf4349ad0b63898466e9ac" member_type: VOTER last_known_addr { host: "127.16.27.2" port: 33097 } } peers { permanent_uuid: "35511c70c6f943efac9fa2b1cec70cfa" member_type: VOTER last_known_addr { host: "127.16.27.3" port: 44075 } }
I20260713 09:05:23.283215 17780 raft_consensus.cc:385] T c1d2de061a594391a81613d5a22efd9d P 35511c70c6f943efac9fa2b1cec70cfa [term 0 FOLLOWER]: Consensus starting up: Expiring failure detector timer to make a prompt election more likely
I20260713 09:05:23.283466 17780 raft_consensus.cc:740] T c1d2de061a594391a81613d5a22efd9d P 35511c70c6f943efac9fa2b1cec70cfa [term 0 FOLLOWER]: Becoming Follower/Learner. State: Replica: 35511c70c6f943efac9fa2b1cec70cfa, State: Initialized, Role: FOLLOWER
I20260713 09:05:23.284078 17780 consensus_queue.cc:260] T c1d2de061a594391a81613d5a22efd9d P 35511c70c6f943efac9fa2b1cec70cfa [NON_LEADER]: Queue going to NON_LEADER mode. State: All replicated index: 0, Majority replicated index: 0, Committed index: 0, Last appended: 0.0, Last appended by leader: 0, Current term: 0, Majority size: -1, State: 0, Mode: NON_LEADER, active raft config: opid_index: -1 OBSOLETE_local: false peers { permanent_uuid: "4a4fa3b032bb414288243c05305145d1" member_type: VOTER last_known_addr { host: "127.16.27.1" port: 46535 } } peers { permanent_uuid: "b20419f75ccf4349ad0b63898466e9ac" member_type: VOTER last_known_addr { host: "127.16.27.2" port: 33097 } } peers { permanent_uuid: "35511c70c6f943efac9fa2b1cec70cfa" member_type: VOTER last_known_addr { host: "127.16.27.3" port: 44075 } }
I20260713 09:05:23.284226 17781 raft_consensus.cc:359] T f1985d001a8e410987bbd03326561b5b P 4a4fa3b032bb414288243c05305145d1 [term 0 FOLLOWER]: Replica starting. Triggering 0 pending ops. Active config: opid_index: -1 OBSOLETE_local: false peers { permanent_uuid: "4a4fa3b032bb414288243c05305145d1" member_type: VOTER last_known_addr { host: "127.16.27.1" port: 46535 } } peers { permanent_uuid: "b20419f75ccf4349ad0b63898466e9ac" member_type: VOTER last_known_addr { host: "127.16.27.2" port: 33097 } } peers { permanent_uuid: "35511c70c6f943efac9fa2b1cec70cfa" member_type: VOTER last_known_addr { host: "127.16.27.3" port: 44075 } }
I20260713 09:05:23.284816 17781 raft_consensus.cc:385] T f1985d001a8e410987bbd03326561b5b P 4a4fa3b032bb414288243c05305145d1 [term 0 FOLLOWER]: Consensus starting up: Expiring failure detector timer to make a prompt election more likely
I20260713 09:05:23.285066 17781 raft_consensus.cc:740] T f1985d001a8e410987bbd03326561b5b P 4a4fa3b032bb414288243c05305145d1 [term 0 FOLLOWER]: Becoming Follower/Learner. State: Replica: 4a4fa3b032bb414288243c05305145d1, State: Initialized, Role: FOLLOWER
I20260713 09:05:23.286036 17780 ts_tablet_manager.cc:1434] T c1d2de061a594391a81613d5a22efd9d P 35511c70c6f943efac9fa2b1cec70cfa: Time spent starting tablet: real 0.006s	user 0.004s	sys 0.000s
I20260713 09:05:23.285808 17781 consensus_queue.cc:260] T f1985d001a8e410987bbd03326561b5b P 4a4fa3b032bb414288243c05305145d1 [NON_LEADER]: Queue going to NON_LEADER mode. State: All replicated index: 0, Majority replicated index: 0, Committed index: 0, Last appended: 0.0, Last appended by leader: 0, Current term: 0, Majority size: -1, State: 0, Mode: NON_LEADER, active raft config: opid_index: -1 OBSOLETE_local: false peers { permanent_uuid: "4a4fa3b032bb414288243c05305145d1" member_type: VOTER last_known_addr { host: "127.16.27.1" port: 46535 } } peers { permanent_uuid: "b20419f75ccf4349ad0b63898466e9ac" member_type: VOTER last_known_addr { host: "127.16.27.2" port: 33097 } } peers { permanent_uuid: "35511c70c6f943efac9fa2b1cec70cfa" member_type: VOTER last_known_addr { host: "127.16.27.3" port: 44075 } }
I20260713 09:05:23.286854 17780 tablet_bootstrap.cc:492] T e35ddca4ea9c4c1da393f2f6051d95dc P 35511c70c6f943efac9fa2b1cec70cfa: Bootstrap starting.
I20260713 09:05:23.287819 17781 ts_tablet_manager.cc:1434] T f1985d001a8e410987bbd03326561b5b P 4a4fa3b032bb414288243c05305145d1: Time spent starting tablet: real 0.006s	user 0.006s	sys 0.000s
I20260713 09:05:23.288885 17781 tablet_bootstrap.cc:492] T c1d2de061a594391a81613d5a22efd9d P 4a4fa3b032bb414288243c05305145d1: Bootstrap starting.
I20260713 09:05:23.297330 17838 raft_consensus.cc:493] T 4a55a4b729c44466b3f340425409c2ac P 4a4fa3b032bb414288243c05305145d1 [term 0 FOLLOWER]: Starting pre-election (no leader contacted us within the election timeout)
I20260713 09:05:23.297762 17838 raft_consensus.cc:515] T 4a55a4b729c44466b3f340425409c2ac P 4a4fa3b032bb414288243c05305145d1 [term 0 FOLLOWER]: Starting pre-election with config: opid_index: -1 OBSOLETE_local: false peers { permanent_uuid: "4a4fa3b032bb414288243c05305145d1" member_type: VOTER last_known_addr { host: "127.16.27.1" port: 46535 } } peers { permanent_uuid: "b20419f75ccf4349ad0b63898466e9ac" member_type: VOTER last_known_addr { host: "127.16.27.2" port: 33097 } } peers { permanent_uuid: "35511c70c6f943efac9fa2b1cec70cfa" member_type: VOTER last_known_addr { host: "127.16.27.3" port: 44075 } }
I20260713 09:05:23.299636 17838 leader_election.cc:290] T 4a55a4b729c44466b3f340425409c2ac P 4a4fa3b032bb414288243c05305145d1 [CANDIDATE]: Term 1 pre-election: Requested pre-vote from peers b20419f75ccf4349ad0b63898466e9ac (127.16.27.2:33097), 35511c70c6f943efac9fa2b1cec70cfa (127.16.27.3:44075)
I20260713 09:05:23.301075 17737 tablet_service.cc:1917] Received RequestConsensusVote() RPC: tablet_id: "4a55a4b729c44466b3f340425409c2ac" candidate_uuid: "4a4fa3b032bb414288243c05305145d1" candidate_term: 1 candidate_status { last_received { term: 0 index: 0 } } ignore_live_leader: false dest_uuid: "35511c70c6f943efac9fa2b1cec70cfa" is_pre_election: true
I20260713 09:05:23.301765 17737 raft_consensus.cc:2393] T 4a55a4b729c44466b3f340425409c2ac P 35511c70c6f943efac9fa2b1cec70cfa [term 1 FOLLOWER]: Leader pre-election vote request: Denying vote to candidate 4a4fa3b032bb414288243c05305145d1 in current term 1: Already voted for candidate b20419f75ccf4349ad0b63898466e9ac in this term.
I20260713 09:05:23.302009 17780 tablet_bootstrap.cc:654] T e35ddca4ea9c4c1da393f2f6051d95dc P 35511c70c6f943efac9fa2b1cec70cfa: Neither blocks nor log segments found. Creating new log.
I20260713 09:05:23.302155 17846 consensus_queue.cc:1048] T c5b2ff066958415aa5ec0b7415c01d3c P b20419f75ccf4349ad0b63898466e9ac [LEADER]: Connected to new peer: Peer: permanent_uuid: "4a4fa3b032bb414288243c05305145d1" member_type: VOTER last_known_addr { host: "127.16.27.1" port: 46535 }, Status: LMP_MISMATCH, Last received: 0.0, Next index: 1, Last known committed idx: 0, Time since last communication: 0.000s
I20260713 09:05:23.302591 17661 tablet_service.cc:1917] Received RequestConsensusVote() RPC: tablet_id: "4a55a4b729c44466b3f340425409c2ac" candidate_uuid: "4a4fa3b032bb414288243c05305145d1" candidate_term: 1 candidate_status { last_received { term: 0 index: 0 } } ignore_live_leader: false dest_uuid: "b20419f75ccf4349ad0b63898466e9ac" is_pre_election: true
I20260713 09:05:23.304152 17784 raft_consensus.cc:493] T b4a00c5b821c43439d253d340893f368 P 35511c70c6f943efac9fa2b1cec70cfa [term 0 FOLLOWER]: Starting pre-election (no leader contacted us within the election timeout)
I20260713 09:05:23.304602 17784 raft_consensus.cc:515] T b4a00c5b821c43439d253d340893f368 P 35511c70c6f943efac9fa2b1cec70cfa [term 0 FOLLOWER]: Starting pre-election with config: opid_index: -1 OBSOLETE_local: false peers { permanent_uuid: "4a4fa3b032bb414288243c05305145d1" member_type: VOTER last_known_addr { host: "127.16.27.1" port: 46535 } } peers { permanent_uuid: "b20419f75ccf4349ad0b63898466e9ac" member_type: VOTER last_known_addr { host: "127.16.27.2" port: 33097 } } peers { permanent_uuid: "35511c70c6f943efac9fa2b1cec70cfa" member_type: VOTER last_known_addr { host: "127.16.27.3" port: 44075 } }
I20260713 09:05:23.306463 17784 leader_election.cc:290] T b4a00c5b821c43439d253d340893f368 P 35511c70c6f943efac9fa2b1cec70cfa [CANDIDATE]: Term 1 pre-election: Requested pre-vote from peers 4a4fa3b032bb414288243c05305145d1 (127.16.27.1:46535), b20419f75ccf4349ad0b63898466e9ac (127.16.27.2:33097)
I20260713 09:05:23.308017 17588 tablet_service.cc:1917] Received RequestConsensusVote() RPC: tablet_id: "b4a00c5b821c43439d253d340893f368" candidate_uuid: "35511c70c6f943efac9fa2b1cec70cfa" candidate_term: 1 candidate_status { last_received { term: 0 index: 0 } } ignore_live_leader: false dest_uuid: "4a4fa3b032bb414288243c05305145d1" is_pre_election: true
I20260713 09:05:23.308622 17588 raft_consensus.cc:2468] T b4a00c5b821c43439d253d340893f368 P 4a4fa3b032bb414288243c05305145d1 [term 0 FOLLOWER]: Leader pre-election vote request: Granting yes vote for candidate 35511c70c6f943efac9fa2b1cec70cfa in term 0.
I20260713 09:05:23.308796 17553 leader_election.cc:304] T 4a55a4b729c44466b3f340425409c2ac P 4a4fa3b032bb414288243c05305145d1 [CANDIDATE]: Term 1 pre-election: Election decided. Result: candidate lost. Election summary: received 3 responses out of 3 voters: 1 yes votes; 2 no votes. yes voters: 4a4fa3b032bb414288243c05305145d1; no voters: 35511c70c6f943efac9fa2b1cec70cfa, b20419f75ccf4349ad0b63898466e9ac
I20260713 09:05:23.309798 17702 leader_election.cc:304] T b4a00c5b821c43439d253d340893f368 P 35511c70c6f943efac9fa2b1cec70cfa [CANDIDATE]: Term 1 pre-election: Election decided. Result: candidate won. Election summary: received 2 responses out of 3 voters: 2 yes votes; 0 no votes. yes voters: 35511c70c6f943efac9fa2b1cec70cfa, 4a4fa3b032bb414288243c05305145d1; no voters: 
I20260713 09:05:23.309957 17661 tablet_service.cc:1917] Received RequestConsensusVote() RPC: tablet_id: "b4a00c5b821c43439d253d340893f368" candidate_uuid: "35511c70c6f943efac9fa2b1cec70cfa" candidate_term: 1 candidate_status { last_received { term: 0 index: 0 } } ignore_live_leader: false dest_uuid: "b20419f75ccf4349ad0b63898466e9ac" is_pre_election: true
I20260713 09:05:23.310492 17661 raft_consensus.cc:2468] T b4a00c5b821c43439d253d340893f368 P b20419f75ccf4349ad0b63898466e9ac [term 0 FOLLOWER]: Leader pre-election vote request: Granting yes vote for candidate 35511c70c6f943efac9fa2b1cec70cfa in term 0.
I20260713 09:05:23.311436 17784 raft_consensus.cc:2804] T b4a00c5b821c43439d253d340893f368 P 35511c70c6f943efac9fa2b1cec70cfa [term 0 FOLLOWER]: Leader pre-election won for term 1
I20260713 09:05:23.311803 17784 raft_consensus.cc:493] T b4a00c5b821c43439d253d340893f368 P 35511c70c6f943efac9fa2b1cec70cfa [term 0 FOLLOWER]: Starting leader election (no leader contacted us within the election timeout)
I20260713 09:05:23.312104 17784 raft_consensus.cc:3060] T b4a00c5b821c43439d253d340893f368 P 35511c70c6f943efac9fa2b1cec70cfa [term 0 FOLLOWER]: Advancing to term 1
I20260713 09:05:23.314249 17781 tablet_bootstrap.cc:654] T c1d2de061a594391a81613d5a22efd9d P 4a4fa3b032bb414288243c05305145d1: Neither blocks nor log segments found. Creating new log.
I20260713 09:05:23.315451 17838 raft_consensus.cc:3060] T 4a55a4b729c44466b3f340425409c2ac P 4a4fa3b032bb414288243c05305145d1 [term 0 FOLLOWER]: Advancing to term 1
I20260713 09:05:23.337785 17834 raft_consensus.cc:493] T 7ba0dad88caa49d398d1f198088da06f P 4a4fa3b032bb414288243c05305145d1 [term 0 FOLLOWER]: Starting pre-election (no leader contacted us within the election timeout)
I20260713 09:05:23.338306 17834 raft_consensus.cc:515] T 7ba0dad88caa49d398d1f198088da06f P 4a4fa3b032bb414288243c05305145d1 [term 0 FOLLOWER]: Starting pre-election with config: opid_index: -1 OBSOLETE_local: false peers { permanent_uuid: "4a4fa3b032bb414288243c05305145d1" member_type: VOTER last_known_addr { host: "127.16.27.1" port: 46535 } } peers { permanent_uuid: "b20419f75ccf4349ad0b63898466e9ac" member_type: VOTER last_known_addr { host: "127.16.27.2" port: 33097 } } peers { permanent_uuid: "35511c70c6f943efac9fa2b1cec70cfa" member_type: VOTER last_known_addr { host: "127.16.27.3" port: 44075 } }
I20260713 09:05:23.340342 17834 leader_election.cc:290] T 7ba0dad88caa49d398d1f198088da06f P 4a4fa3b032bb414288243c05305145d1 [CANDIDATE]: Term 1 pre-election: Requested pre-vote from peers b20419f75ccf4349ad0b63898466e9ac (127.16.27.2:33097), 35511c70c6f943efac9fa2b1cec70cfa (127.16.27.3:44075)
I20260713 09:05:23.341850 17661 tablet_service.cc:1917] Received RequestConsensusVote() RPC: tablet_id: "7ba0dad88caa49d398d1f198088da06f" candidate_uuid: "4a4fa3b032bb414288243c05305145d1" candidate_term: 1 candidate_status { last_received { term: 0 index: 0 } } ignore_live_leader: false dest_uuid: "b20419f75ccf4349ad0b63898466e9ac" is_pre_election: true
I20260713 09:05:23.342468 17661 raft_consensus.cc:2468] T 7ba0dad88caa49d398d1f198088da06f P b20419f75ccf4349ad0b63898466e9ac [term 0 FOLLOWER]: Leader pre-election vote request: Granting yes vote for candidate 4a4fa3b032bb414288243c05305145d1 in term 0.
I20260713 09:05:23.342617 17737 tablet_service.cc:1917] Received RequestConsensusVote() RPC: tablet_id: "7ba0dad88caa49d398d1f198088da06f" candidate_uuid: "4a4fa3b032bb414288243c05305145d1" candidate_term: 1 candidate_status { last_received { term: 0 index: 0 } } ignore_live_leader: false dest_uuid: "35511c70c6f943efac9fa2b1cec70cfa" is_pre_election: true
I20260713 09:05:23.343978 17780 tablet_bootstrap.cc:492] T e35ddca4ea9c4c1da393f2f6051d95dc P 35511c70c6f943efac9fa2b1cec70cfa: No bootstrap required, opened a new log
W20260713 09:05:23.343859 17554 leader_election.cc:343] T 7ba0dad88caa49d398d1f198088da06f P 4a4fa3b032bb414288243c05305145d1 [CANDIDATE]: Term 1 pre-election: Tablet error from VoteRequest() call to peer 35511c70c6f943efac9fa2b1cec70cfa (127.16.27.3:44075): Illegal state: must be running to vote when last-logged opid is not known
I20260713 09:05:23.344436 17780 ts_tablet_manager.cc:1403] T e35ddca4ea9c4c1da393f2f6051d95dc P 35511c70c6f943efac9fa2b1cec70cfa: Time spent bootstrapping tablet: real 0.058s	user 0.020s	sys 0.027s
I20260713 09:05:23.344626 17553 leader_election.cc:304] T 7ba0dad88caa49d398d1f198088da06f P 4a4fa3b032bb414288243c05305145d1 [CANDIDATE]: Term 1 pre-election: Election decided. Result: candidate won. Election summary: received 3 responses out of 3 voters: 2 yes votes; 1 no votes. yes voters: 4a4fa3b032bb414288243c05305145d1, b20419f75ccf4349ad0b63898466e9ac; no voters: 35511c70c6f943efac9fa2b1cec70cfa
I20260713 09:05:23.345759 17834 raft_consensus.cc:2804] T 7ba0dad88caa49d398d1f198088da06f P 4a4fa3b032bb414288243c05305145d1 [term 0 FOLLOWER]: Leader pre-election won for term 1
I20260713 09:05:23.345602 17784 raft_consensus.cc:515] T b4a00c5b821c43439d253d340893f368 P 35511c70c6f943efac9fa2b1cec70cfa [term 1 FOLLOWER]: Starting leader election with config: opid_index: -1 OBSOLETE_local: false peers { permanent_uuid: "4a4fa3b032bb414288243c05305145d1" member_type: VOTER last_known_addr { host: "127.16.27.1" port: 46535 } } peers { permanent_uuid: "b20419f75ccf4349ad0b63898466e9ac" member_type: VOTER last_known_addr { host: "127.16.27.2" port: 33097 } } peers { permanent_uuid: "35511c70c6f943efac9fa2b1cec70cfa" member_type: VOTER last_known_addr { host: "127.16.27.3" port: 44075 } }
I20260713 09:05:23.346194 17834 raft_consensus.cc:493] T 7ba0dad88caa49d398d1f198088da06f P 4a4fa3b032bb414288243c05305145d1 [term 0 FOLLOWER]: Starting leader election (no leader contacted us within the election timeout)
I20260713 09:05:23.346598 17834 raft_consensus.cc:3060] T 7ba0dad88caa49d398d1f198088da06f P 4a4fa3b032bb414288243c05305145d1 [term 0 FOLLOWER]: Advancing to term 1
I20260713 09:05:23.347002 17838 raft_consensus.cc:2749] T 4a55a4b729c44466b3f340425409c2ac P 4a4fa3b032bb414288243c05305145d1 [term 1 FOLLOWER]: Leader pre-election lost for term 1. Reason: could not achieve majority
I20260713 09:05:23.346910 17780 raft_consensus.cc:359] T e35ddca4ea9c4c1da393f2f6051d95dc P 35511c70c6f943efac9fa2b1cec70cfa [term 0 FOLLOWER]: Replica starting. Triggering 0 pending ops. Active config: opid_index: -1 OBSOLETE_local: false peers { permanent_uuid: "4a4fa3b032bb414288243c05305145d1" member_type: VOTER last_known_addr { host: "127.16.27.1" port: 46535 } } peers { permanent_uuid: "b20419f75ccf4349ad0b63898466e9ac" member_type: VOTER last_known_addr { host: "127.16.27.2" port: 33097 } } peers { permanent_uuid: "35511c70c6f943efac9fa2b1cec70cfa" member_type: VOTER last_known_addr { host: "127.16.27.3" port: 44075 } }
I20260713 09:05:23.347581 17780 raft_consensus.cc:385] T e35ddca4ea9c4c1da393f2f6051d95dc P 35511c70c6f943efac9fa2b1cec70cfa [term 0 FOLLOWER]: Consensus starting up: Expiring failure detector timer to make a prompt election more likely
I20260713 09:05:23.347855 17780 raft_consensus.cc:740] T e35ddca4ea9c4c1da393f2f6051d95dc P 35511c70c6f943efac9fa2b1cec70cfa [term 0 FOLLOWER]: Becoming Follower/Learner. State: Replica: 35511c70c6f943efac9fa2b1cec70cfa, State: Initialized, Role: FOLLOWER
I20260713 09:05:23.348464 17780 consensus_queue.cc:260] T e35ddca4ea9c4c1da393f2f6051d95dc P 35511c70c6f943efac9fa2b1cec70cfa [NON_LEADER]: Queue going to NON_LEADER mode. State: All replicated index: 0, Majority replicated index: 0, Committed index: 0, Last appended: 0.0, Last appended by leader: 0, Current term: 0, Majority size: -1, State: 0, Mode: NON_LEADER, active raft config: opid_index: -1 OBSOLETE_local: false peers { permanent_uuid: "4a4fa3b032bb414288243c05305145d1" member_type: VOTER last_known_addr { host: "127.16.27.1" port: 46535 } } peers { permanent_uuid: "b20419f75ccf4349ad0b63898466e9ac" member_type: VOTER last_known_addr { host: "127.16.27.2" port: 33097 } } peers { permanent_uuid: "35511c70c6f943efac9fa2b1cec70cfa" member_type: VOTER last_known_addr { host: "127.16.27.3" port: 44075 } }
I20260713 09:05:23.348824 17784 leader_election.cc:290] T b4a00c5b821c43439d253d340893f368 P 35511c70c6f943efac9fa2b1cec70cfa [CANDIDATE]: Term 1 election: Requested vote from peers 4a4fa3b032bb414288243c05305145d1 (127.16.27.1:46535), b20419f75ccf4349ad0b63898466e9ac (127.16.27.2:33097)
I20260713 09:05:23.350376 17587 tablet_service.cc:1917] Received RequestConsensusVote() RPC: tablet_id: "b4a00c5b821c43439d253d340893f368" candidate_uuid: "35511c70c6f943efac9fa2b1cec70cfa" candidate_term: 1 candidate_status { last_received { term: 0 index: 0 } } ignore_live_leader: false dest_uuid: "4a4fa3b032bb414288243c05305145d1"
I20260713 09:05:23.350654 17780 ts_tablet_manager.cc:1434] T e35ddca4ea9c4c1da393f2f6051d95dc P 35511c70c6f943efac9fa2b1cec70cfa: Time spent starting tablet: real 0.006s	user 0.005s	sys 0.000s
I20260713 09:05:23.350953 17587 raft_consensus.cc:3060] T b4a00c5b821c43439d253d340893f368 P 4a4fa3b032bb414288243c05305145d1 [term 0 FOLLOWER]: Advancing to term 1
I20260713 09:05:23.351466 17781 tablet_bootstrap.cc:492] T c1d2de061a594391a81613d5a22efd9d P 4a4fa3b032bb414288243c05305145d1: No bootstrap required, opened a new log
I20260713 09:05:23.351481 17780 tablet_bootstrap.cc:492] T 7ba0dad88caa49d398d1f198088da06f P 35511c70c6f943efac9fa2b1cec70cfa: Bootstrap starting.
I20260713 09:05:23.351994 17781 ts_tablet_manager.cc:1403] T c1d2de061a594391a81613d5a22efd9d P 4a4fa3b032bb414288243c05305145d1: Time spent bootstrapping tablet: real 0.063s	user 0.018s	sys 0.010s
I20260713 09:05:23.354455 17781 raft_consensus.cc:359] T c1d2de061a594391a81613d5a22efd9d P 4a4fa3b032bb414288243c05305145d1 [term 0 FOLLOWER]: Replica starting. Triggering 0 pending ops. Active config: opid_index: -1 OBSOLETE_local: false peers { permanent_uuid: "4a4fa3b032bb414288243c05305145d1" member_type: VOTER last_known_addr { host: "127.16.27.1" port: 46535 } } peers { permanent_uuid: "b20419f75ccf4349ad0b63898466e9ac" member_type: VOTER last_known_addr { host: "127.16.27.2" port: 33097 } } peers { permanent_uuid: "35511c70c6f943efac9fa2b1cec70cfa" member_type: VOTER last_known_addr { host: "127.16.27.3" port: 44075 } }
I20260713 09:05:23.355077 17781 raft_consensus.cc:385] T c1d2de061a594391a81613d5a22efd9d P 4a4fa3b032bb414288243c05305145d1 [term 0 FOLLOWER]: Consensus starting up: Expiring failure detector timer to make a prompt election more likely
I20260713 09:05:23.355314 17781 raft_consensus.cc:740] T c1d2de061a594391a81613d5a22efd9d P 4a4fa3b032bb414288243c05305145d1 [term 0 FOLLOWER]: Becoming Follower/Learner. State: Replica: 4a4fa3b032bb414288243c05305145d1, State: Initialized, Role: FOLLOWER
I20260713 09:05:23.355858 17781 consensus_queue.cc:260] T c1d2de061a594391a81613d5a22efd9d P 4a4fa3b032bb414288243c05305145d1 [NON_LEADER]: Queue going to NON_LEADER mode. State: All replicated index: 0, Majority replicated index: 0, Committed index: 0, Last appended: 0.0, Last appended by leader: 0, Current term: 0, Majority size: -1, State: 0, Mode: NON_LEADER, active raft config: opid_index: -1 OBSOLETE_local: false peers { permanent_uuid: "4a4fa3b032bb414288243c05305145d1" member_type: VOTER last_known_addr { host: "127.16.27.1" port: 46535 } } peers { permanent_uuid: "b20419f75ccf4349ad0b63898466e9ac" member_type: VOTER last_known_addr { host: "127.16.27.2" port: 33097 } } peers { permanent_uuid: "35511c70c6f943efac9fa2b1cec70cfa" member_type: VOTER last_known_addr { host: "127.16.27.3" port: 44075 } }
I20260713 09:05:23.356563 17838 raft_consensus.cc:493] T c1d2de061a594391a81613d5a22efd9d P 4a4fa3b032bb414288243c05305145d1 [term 0 FOLLOWER]: Starting pre-election (no leader contacted us within the election timeout)
I20260713 09:05:23.356915 17780 tablet_bootstrap.cc:654] T 7ba0dad88caa49d398d1f198088da06f P 35511c70c6f943efac9fa2b1cec70cfa: Neither blocks nor log segments found. Creating new log.
I20260713 09:05:23.356958 17838 raft_consensus.cc:515] T c1d2de061a594391a81613d5a22efd9d P 4a4fa3b032bb414288243c05305145d1 [term 0 FOLLOWER]: Starting pre-election with config: opid_index: -1 OBSOLETE_local: false peers { permanent_uuid: "4a4fa3b032bb414288243c05305145d1" member_type: VOTER last_known_addr { host: "127.16.27.1" port: 46535 } } peers { permanent_uuid: "b20419f75ccf4349ad0b63898466e9ac" member_type: VOTER last_known_addr { host: "127.16.27.2" port: 33097 } } peers { permanent_uuid: "35511c70c6f943efac9fa2b1cec70cfa" member_type: VOTER last_known_addr { host: "127.16.27.3" port: 44075 } }
I20260713 09:05:23.358952 17838 leader_election.cc:290] T c1d2de061a594391a81613d5a22efd9d P 4a4fa3b032bb414288243c05305145d1 [CANDIDATE]: Term 1 pre-election: Requested pre-vote from peers b20419f75ccf4349ad0b63898466e9ac (127.16.27.2:33097), 35511c70c6f943efac9fa2b1cec70cfa (127.16.27.3:44075)
I20260713 09:05:23.350827 17661 tablet_service.cc:1917] Received RequestConsensusVote() RPC: tablet_id: "b4a00c5b821c43439d253d340893f368" candidate_uuid: "35511c70c6f943efac9fa2b1cec70cfa" candidate_term: 1 candidate_status { last_received { term: 0 index: 0 } } ignore_live_leader: false dest_uuid: "b20419f75ccf4349ad0b63898466e9ac"
I20260713 09:05:23.359824 17661 raft_consensus.cc:3060] T b4a00c5b821c43439d253d340893f368 P b20419f75ccf4349ad0b63898466e9ac [term 0 FOLLOWER]: Advancing to term 1
I20260713 09:05:23.361711 17737 tablet_service.cc:1917] Received RequestConsensusVote() RPC: tablet_id: "c1d2de061a594391a81613d5a22efd9d" candidate_uuid: "4a4fa3b032bb414288243c05305145d1" candidate_term: 1 candidate_status { last_received { term: 0 index: 0 } } ignore_live_leader: false dest_uuid: "35511c70c6f943efac9fa2b1cec70cfa" is_pre_election: true
