I20260713 09:05:33.385632 18350 consensus_queue.cc:1048] T 3650a1c6e1624eed98cb8f2248539d3b P 4ad7160b9e9545f89743bd50761210b1 [LEADER]: Connected to new peer: Peer: permanent_uuid: "2036c90cc4bf4c4a8aefb12da82e1309" member_type: VOTER last_known_addr { host: "127.16.73.193" port: 41731 } attrs { replace: true }, Status: LMP_MISMATCH, Last received: 0.0, Next index: 2, Last known committed idx: 1, Time since last communication: 0.000s
I20260713 09:05:33.386610 18352 consensus_queue.cc:1048] T 3650a1c6e1624eed98cb8f2248539d3b P 4ad7160b9e9545f89743bd50761210b1 [LEADER]: Connected to new peer: Peer: permanent_uuid: "a165ec48c129419a9299dbe95c4529ba" member_type: VOTER last_known_addr { host: "127.16.73.195" port: 33031 }, Status: LMP_MISMATCH, Last received: 0.0, Next index: 2, Last known committed idx: 1, Time since last communication: 0.000s
I20260713 09:05:33.402385 18350 raft_consensus.cc:2955] T 3650a1c6e1624eed98cb8f2248539d3b P 4ad7160b9e9545f89743bd50761210b1 [term 1 LEADER]: Committing config change with OpId 1.2: config changed from index -1 to 2, NON_VOTER 19073aa3b95c4f0b8909140d4862dcf0 (127.16.73.196) added. New config: { opid_index: 2 OBSOLETE_local: false peers { permanent_uuid: "2036c90cc4bf4c4a8aefb12da82e1309" member_type: VOTER last_known_addr { host: "127.16.73.193" port: 41731 } attrs { replace: true } } peers { permanent_uuid: "4ad7160b9e9545f89743bd50761210b1" member_type: VOTER last_known_addr { host: "127.16.73.194" port: 41339 } } peers { permanent_uuid: "a165ec48c129419a9299dbe95c4529ba" member_type: VOTER last_known_addr { host: "127.16.73.195" port: 33031 } } peers { permanent_uuid: "19073aa3b95c4f0b8909140d4862dcf0" member_type: NON_VOTER last_known_addr { host: "127.16.73.196" port: 33325 } attrs { promote: true } } }
I20260713 09:05:33.404060 17931 raft_consensus.cc:2955] T 3650a1c6e1624eed98cb8f2248539d3b P a165ec48c129419a9299dbe95c4529ba [term 1 FOLLOWER]: Committing config change with OpId 1.2: config changed from index -1 to 2, NON_VOTER 19073aa3b95c4f0b8909140d4862dcf0 (127.16.73.196) added. New config: { opid_index: 2 OBSOLETE_local: false peers { permanent_uuid: "2036c90cc4bf4c4a8aefb12da82e1309" member_type: VOTER last_known_addr { host: "127.16.73.193" port: 41731 } attrs { replace: true } } peers { permanent_uuid: "4ad7160b9e9545f89743bd50761210b1" member_type: VOTER last_known_addr { host: "127.16.73.194" port: 41339 } } peers { permanent_uuid: "a165ec48c129419a9299dbe95c4529ba" member_type: VOTER last_known_addr { host: "127.16.73.195" port: 33031 } } peers { permanent_uuid: "19073aa3b95c4f0b8909140d4862dcf0" member_type: NON_VOTER last_known_addr { host: "127.16.73.196" port: 33325 } attrs { promote: true } } }
I20260713 09:05:33.408504 17781 raft_consensus.cc:2955] T 3650a1c6e1624eed98cb8f2248539d3b P 2036c90cc4bf4c4a8aefb12da82e1309 [term 1 FOLLOWER]: Committing config change with OpId 1.2: config changed from index -1 to 2, NON_VOTER 19073aa3b95c4f0b8909140d4862dcf0 (127.16.73.196) added. New config: { opid_index: 2 OBSOLETE_local: false peers { permanent_uuid: "2036c90cc4bf4c4a8aefb12da82e1309" member_type: VOTER last_known_addr { host: "127.16.73.193" port: 41731 } attrs { replace: true } } peers { permanent_uuid: "4ad7160b9e9545f89743bd50761210b1" member_type: VOTER last_known_addr { host: "127.16.73.194" port: 41339 } } peers { permanent_uuid: "a165ec48c129419a9299dbe95c4529ba" member_type: VOTER last_known_addr { host: "127.16.73.195" port: 33031 } } peers { permanent_uuid: "19073aa3b95c4f0b8909140d4862dcf0" member_type: NON_VOTER last_known_addr { host: "127.16.73.196" port: 33325 } attrs { promote: true } } }
I20260713 09:05:33.422991 17683 catalog_manager.cc:5697] T 3650a1c6e1624eed98cb8f2248539d3b P a165ec48c129419a9299dbe95c4529ba reported cstate change: config changed from index -1 to 2, NON_VOTER 19073aa3b95c4f0b8909140d4862dcf0 (127.16.73.196) added. New cstate: current_term: 1 leader_uuid: "4ad7160b9e9545f89743bd50761210b1" committed_config { opid_index: 2 OBSOLETE_local: false peers { permanent_uuid: "2036c90cc4bf4c4a8aefb12da82e1309" member_type: VOTER last_known_addr { host: "127.16.73.193" port: 41731 } attrs { replace: true } } peers { permanent_uuid: "4ad7160b9e9545f89743bd50761210b1" member_type: VOTER last_known_addr { host: "127.16.73.194" port: 41339 } } peers { permanent_uuid: "a165ec48c129419a9299dbe95c4529ba" member_type: VOTER last_known_addr { host: "127.16.73.195" port: 33031 } } peers { permanent_uuid: "19073aa3b95c4f0b8909140d4862dcf0" member_type: NON_VOTER last_known_addr { host: "127.16.73.196" port: 33325 } attrs { promote: true } } }
I20260713 09:05:33.433547 17781 consensus_queue.cc:237] T 4d0adb1553fd404899bba325f779898e P 2036c90cc4bf4c4a8aefb12da82e1309 [LEADER]: Queue going to LEADER mode. State: All replicated index: 0, Majority replicated index: 1, Committed index: 1, Last appended: 1.1, Last appended by leader: 0, Current term: 1, Majority size: 2, State: 0, Mode: LEADER, active raft config: opid_index: 2 OBSOLETE_local: false peers { permanent_uuid: "2036c90cc4bf4c4a8aefb12da82e1309" member_type: VOTER last_known_addr { host: "127.16.73.193" port: 41731 } } peers { permanent_uuid: "4ad7160b9e9545f89743bd50761210b1" member_type: VOTER last_known_addr { host: "127.16.73.194" port: 41339 } } peers { permanent_uuid: "a165ec48c129419a9299dbe95c4529ba" member_type: VOTER last_known_addr { host: "127.16.73.195" port: 33031 } attrs { replace: true } } peers { permanent_uuid: "19073aa3b95c4f0b8909140d4862dcf0" member_type: NON_VOTER last_known_addr { host: "127.16.73.196" port: 33325 } attrs { promote: true } }
I20260713 09:05:33.442229 17931 raft_consensus.cc:1275] T 4d0adb1553fd404899bba325f779898e P a165ec48c129419a9299dbe95c4529ba [term 1 FOLLOWER]: Refusing update from remote peer 2036c90cc4bf4c4a8aefb12da82e1309: Log matching property violated. Preceding OpId in replica: term: 1 index: 1. Preceding OpId from leader: term: 1 index: 2. (index mismatch)
W20260713 09:05:33.443189 17750 consensus_peers.cc:597] T 4d0adb1553fd404899bba325f779898e P 2036c90cc4bf4c4a8aefb12da82e1309 -> Peer 19073aa3b95c4f0b8909140d4862dcf0 (127.16.73.196:33325): Couldn't send request to peer 19073aa3b95c4f0b8909140d4862dcf0. Error code: TABLET_NOT_FOUND (6). Status: Not found: Tablet not found: 4d0adb1553fd404899bba325f779898e. This is attempt 1: this message will repeat every 5th retry.
I20260713 09:05:33.443634 17857 raft_consensus.cc:1275] T 4d0adb1553fd404899bba325f779898e P 4ad7160b9e9545f89743bd50761210b1 [term 1 FOLLOWER]: Refusing update from remote peer 2036c90cc4bf4c4a8aefb12da82e1309: Log matching property violated. Preceding OpId in replica: term: 1 index: 1. Preceding OpId from leader: term: 1 index: 2. (index mismatch)
I20260713 09:05:33.443912 18374 consensus_queue.cc:1048] T 4d0adb1553fd404899bba325f779898e P 2036c90cc4bf4c4a8aefb12da82e1309 [LEADER]: Connected to new peer: Peer: permanent_uuid: "a165ec48c129419a9299dbe95c4529ba" member_type: VOTER last_known_addr { host: "127.16.73.195" port: 33031 } attrs { replace: true }, Status: LMP_MISMATCH, Last received: 0.0, Next index: 2, Last known committed idx: 1, Time since last communication: 0.000s
I20260713 09:05:33.445318 18387 consensus_queue.cc:1048] T 4d0adb1553fd404899bba325f779898e P 2036c90cc4bf4c4a8aefb12da82e1309 [LEADER]: Connected to new peer: Peer: permanent_uuid: "4ad7160b9e9545f89743bd50761210b1" member_type: VOTER last_known_addr { host: "127.16.73.194" port: 41339 }, Status: LMP_MISMATCH, Last received: 0.0, Next index: 2, Last known committed idx: 1, Time since last communication: 0.000s
I20260713 09:05:33.453141 18374 raft_consensus.cc:2955] T 4d0adb1553fd404899bba325f779898e P 2036c90cc4bf4c4a8aefb12da82e1309 [term 1 LEADER]: Committing config change with OpId 1.2: config changed from index -1 to 2, NON_VOTER 19073aa3b95c4f0b8909140d4862dcf0 (127.16.73.196) added. New config: { opid_index: 2 OBSOLETE_local: false peers { permanent_uuid: "2036c90cc4bf4c4a8aefb12da82e1309" member_type: VOTER last_known_addr { host: "127.16.73.193" port: 41731 } } peers { permanent_uuid: "4ad7160b9e9545f89743bd50761210b1" member_type: VOTER last_known_addr { host: "127.16.73.194" port: 41339 } } peers { permanent_uuid: "a165ec48c129419a9299dbe95c4529ba" member_type: VOTER last_known_addr { host: "127.16.73.195" port: 33031 } attrs { replace: true } } peers { permanent_uuid: "19073aa3b95c4f0b8909140d4862dcf0" member_type: NON_VOTER last_known_addr { host: "127.16.73.196" port: 33325 } attrs { promote: true } } }
I20260713 09:05:33.456346 17857 raft_consensus.cc:2955] T 4d0adb1553fd404899bba325f779898e P 4ad7160b9e9545f89743bd50761210b1 [term 1 FOLLOWER]: Committing config change with OpId 1.2: config changed from index -1 to 2, NON_VOTER 19073aa3b95c4f0b8909140d4862dcf0 (127.16.73.196) added. New config: { opid_index: 2 OBSOLETE_local: false peers { permanent_uuid: "2036c90cc4bf4c4a8aefb12da82e1309" member_type: VOTER last_known_addr { host: "127.16.73.193" port: 41731 } } peers { permanent_uuid: "4ad7160b9e9545f89743bd50761210b1" member_type: VOTER last_known_addr { host: "127.16.73.194" port: 41339 } } peers { permanent_uuid: "a165ec48c129419a9299dbe95c4529ba" member_type: VOTER last_known_addr { host: "127.16.73.195" port: 33031 } attrs { replace: true } } peers { permanent_uuid: "19073aa3b95c4f0b8909140d4862dcf0" member_type: NON_VOTER last_known_addr { host: "127.16.73.196" port: 33325 } attrs { promote: true } } }
I20260713 09:05:33.454705 17931 raft_consensus.cc:2955] T 4d0adb1553fd404899bba325f779898e P a165ec48c129419a9299dbe95c4529ba [term 1 FOLLOWER]: Committing config change with OpId 1.2: config changed from index -1 to 2, NON_VOTER 19073aa3b95c4f0b8909140d4862dcf0 (127.16.73.196) added. New config: { opid_index: 2 OBSOLETE_local: false peers { permanent_uuid: "2036c90cc4bf4c4a8aefb12da82e1309" member_type: VOTER last_known_addr { host: "127.16.73.193" port: 41731 } } peers { permanent_uuid: "4ad7160b9e9545f89743bd50761210b1" member_type: VOTER last_known_addr { host: "127.16.73.194" port: 41339 } } peers { permanent_uuid: "a165ec48c129419a9299dbe95c4529ba" member_type: VOTER last_known_addr { host: "127.16.73.195" port: 33031 } attrs { replace: true } } peers { permanent_uuid: "19073aa3b95c4f0b8909140d4862dcf0" member_type: NON_VOTER last_known_addr { host: "127.16.73.196" port: 33325 } attrs { promote: true } } }
I20260713 09:05:33.467245 17781 consensus_queue.cc:237] T c16409ead8d04a38affe50d83af67a04 P 2036c90cc4bf4c4a8aefb12da82e1309 [LEADER]: Queue going to LEADER mode. State: All replicated index: 0, Majority replicated index: 1, Committed index: 1, Last appended: 1.1, Last appended by leader: 0, Current term: 1, Majority size: 2, State: 0, Mode: LEADER, active raft config: opid_index: 2 OBSOLETE_local: false peers { permanent_uuid: "2036c90cc4bf4c4a8aefb12da82e1309" member_type: VOTER last_known_addr { host: "127.16.73.193" port: 41731 } } peers { permanent_uuid: "4ad7160b9e9545f89743bd50761210b1" member_type: VOTER last_known_addr { host: "127.16.73.194" port: 41339 } attrs { replace: true } } peers { permanent_uuid: "a165ec48c129419a9299dbe95c4529ba" member_type: VOTER last_known_addr { host: "127.16.73.195" port: 33031 } } peers { permanent_uuid: "19073aa3b95c4f0b8909140d4862dcf0" member_type: NON_VOTER last_known_addr { host: "127.16.73.196" port: 33325 } attrs { promote: true } }
I20260713 09:05:33.468591 17680 catalog_manager.cc:5697] T 4d0adb1553fd404899bba325f779898e P 2036c90cc4bf4c4a8aefb12da82e1309 reported cstate change: config changed from index -1 to 2, NON_VOTER 19073aa3b95c4f0b8909140d4862dcf0 (127.16.73.196) added. New cstate: current_term: 1 leader_uuid: "2036c90cc4bf4c4a8aefb12da82e1309" committed_config { opid_index: 2 OBSOLETE_local: false peers { permanent_uuid: "2036c90cc4bf4c4a8aefb12da82e1309" member_type: VOTER last_known_addr { host: "127.16.73.193" port: 41731 } health_report { overall_health: HEALTHY } } peers { permanent_uuid: "4ad7160b9e9545f89743bd50761210b1" member_type: VOTER last_known_addr { host: "127.16.73.194" port: 41339 } health_report { overall_health: HEALTHY } } peers { permanent_uuid: "a165ec48c129419a9299dbe95c4529ba" member_type: VOTER last_known_addr { host: "127.16.73.195" port: 33031 } attrs { replace: true } health_report { overall_health: HEALTHY } } peers { permanent_uuid: "19073aa3b95c4f0b8909140d4862dcf0" member_type: NON_VOTER last_known_addr { host: "127.16.73.196" port: 33325 } attrs { promote: true } health_report { overall_health: UNKNOWN } } }
W20260713 09:05:33.475201 17750 consensus_peers.cc:597] T c16409ead8d04a38affe50d83af67a04 P 2036c90cc4bf4c4a8aefb12da82e1309 -> Peer 19073aa3b95c4f0b8909140d4862dcf0 (127.16.73.196:33325): Couldn't send request to peer 19073aa3b95c4f0b8909140d4862dcf0. Error code: TABLET_NOT_FOUND (6). Status: Not found: Tablet not found: c16409ead8d04a38affe50d83af67a04. This is attempt 1: this message will repeat every 5th retry.
I20260713 09:05:33.474653 17931 raft_consensus.cc:1275] T c16409ead8d04a38affe50d83af67a04 P a165ec48c129419a9299dbe95c4529ba [term 1 FOLLOWER]: Refusing update from remote peer 2036c90cc4bf4c4a8aefb12da82e1309: Log matching property violated. Preceding OpId in replica: term: 1 index: 1. Preceding OpId from leader: term: 1 index: 2. (index mismatch)
I20260713 09:05:33.476193 17857 raft_consensus.cc:1275] T c16409ead8d04a38affe50d83af67a04 P 4ad7160b9e9545f89743bd50761210b1 [term 1 FOLLOWER]: Refusing update from remote peer 2036c90cc4bf4c4a8aefb12da82e1309: Log matching property violated. Preceding OpId in replica: term: 1 index: 1. Preceding OpId from leader: term: 1 index: 2. (index mismatch)
I20260713 09:05:33.476750 18374 consensus_queue.cc:1048] T c16409ead8d04a38affe50d83af67a04 P 2036c90cc4bf4c4a8aefb12da82e1309 [LEADER]: Connected to new peer: Peer: permanent_uuid: "a165ec48c129419a9299dbe95c4529ba" member_type: VOTER last_known_addr { host: "127.16.73.195" port: 33031 }, Status: LMP_MISMATCH, Last received: 0.0, Next index: 2, Last known committed idx: 1, Time since last communication: 0.000s
I20260713 09:05:33.477702 18387 consensus_queue.cc:1048] T c16409ead8d04a38affe50d83af67a04 P 2036c90cc4bf4c4a8aefb12da82e1309 [LEADER]: Connected to new peer: Peer: permanent_uuid: "4ad7160b9e9545f89743bd50761210b1" member_type: VOTER last_known_addr { host: "127.16.73.194" port: 41339 } attrs { replace: true }, Status: LMP_MISMATCH, Last received: 0.0, Next index: 2, Last known committed idx: 1, Time since last communication: 0.000s
I20260713 09:05:33.492355 18374 raft_consensus.cc:2955] T c16409ead8d04a38affe50d83af67a04 P 2036c90cc4bf4c4a8aefb12da82e1309 [term 1 LEADER]: Committing config change with OpId 1.2: config changed from index -1 to 2, NON_VOTER 19073aa3b95c4f0b8909140d4862dcf0 (127.16.73.196) added. New config: { opid_index: 2 OBSOLETE_local: false peers { permanent_uuid: "2036c90cc4bf4c4a8aefb12da82e1309" member_type: VOTER last_known_addr { host: "127.16.73.193" port: 41731 } } peers { permanent_uuid: "4ad7160b9e9545f89743bd50761210b1" member_type: VOTER last_known_addr { host: "127.16.73.194" port: 41339 } attrs { replace: true } } peers { permanent_uuid: "a165ec48c129419a9299dbe95c4529ba" member_type: VOTER last_known_addr { host: "127.16.73.195" port: 33031 } } peers { permanent_uuid: "19073aa3b95c4f0b8909140d4862dcf0" member_type: NON_VOTER last_known_addr { host: "127.16.73.196" port: 33325 } attrs { promote: true } } }
I20260713 09:05:33.493963 17931 raft_consensus.cc:2955] T c16409ead8d04a38affe50d83af67a04 P a165ec48c129419a9299dbe95c4529ba [term 1 FOLLOWER]: Committing config change with OpId 1.2: config changed from index -1 to 2, NON_VOTER 19073aa3b95c4f0b8909140d4862dcf0 (127.16.73.196) added. New config: { opid_index: 2 OBSOLETE_local: false peers { permanent_uuid: "2036c90cc4bf4c4a8aefb12da82e1309" member_type: VOTER last_known_addr { host: "127.16.73.193" port: 41731 } } peers { permanent_uuid: "4ad7160b9e9545f89743bd50761210b1" member_type: VOTER last_known_addr { host: "127.16.73.194" port: 41339 } attrs { replace: true } } peers { permanent_uuid: "a165ec48c129419a9299dbe95c4529ba" member_type: VOTER last_known_addr { host: "127.16.73.195" port: 33031 } } peers { permanent_uuid: "19073aa3b95c4f0b8909140d4862dcf0" member_type: NON_VOTER last_known_addr { host: "127.16.73.196" port: 33325 } attrs { promote: true } } }
I20260713 09:05:33.496268 17857 raft_consensus.cc:2955] T c16409ead8d04a38affe50d83af67a04 P 4ad7160b9e9545f89743bd50761210b1 [term 1 FOLLOWER]: Committing config change with OpId 1.2: config changed from index -1 to 2, NON_VOTER 19073aa3b95c4f0b8909140d4862dcf0 (127.16.73.196) added. New config: { opid_index: 2 OBSOLETE_local: false peers { permanent_uuid: "2036c90cc4bf4c4a8aefb12da82e1309" member_type: VOTER last_known_addr { host: "127.16.73.193" port: 41731 } } peers { permanent_uuid: "4ad7160b9e9545f89743bd50761210b1" member_type: VOTER last_known_addr { host: "127.16.73.194" port: 41339 } attrs { replace: true } } peers { permanent_uuid: "a165ec48c129419a9299dbe95c4529ba" member_type: VOTER last_known_addr { host: "127.16.73.195" port: 33031 } } peers { permanent_uuid: "19073aa3b95c4f0b8909140d4862dcf0" member_type: NON_VOTER last_known_addr { host: "127.16.73.196" port: 33325 } attrs { promote: true } } }
I20260713 09:05:33.509348 17683 catalog_manager.cc:5697] T c16409ead8d04a38affe50d83af67a04 P 2036c90cc4bf4c4a8aefb12da82e1309 reported cstate change: config changed from index -1 to 2, NON_VOTER 19073aa3b95c4f0b8909140d4862dcf0 (127.16.73.196) added. New cstate: current_term: 1 leader_uuid: "2036c90cc4bf4c4a8aefb12da82e1309" committed_config { opid_index: 2 OBSOLETE_local: false peers { permanent_uuid: "2036c90cc4bf4c4a8aefb12da82e1309" member_type: VOTER last_known_addr { host: "127.16.73.193" port: 41731 } health_report { overall_health: HEALTHY } } peers { permanent_uuid: "4ad7160b9e9545f89743bd50761210b1" member_type: VOTER last_known_addr { host: "127.16.73.194" port: 41339 } attrs { replace: true } health_report { overall_health: HEALTHY } } peers { permanent_uuid: "a165ec48c129419a9299dbe95c4529ba" member_type: VOTER last_known_addr { host: "127.16.73.195" port: 33031 } health_report { overall_health: HEALTHY } } peers { permanent_uuid: "19073aa3b95c4f0b8909140d4862dcf0" member_type: NON_VOTER last_known_addr { host: "127.16.73.196" port: 33325 } attrs { promote: true } health_report { overall_health: UNKNOWN } } }
I20260713 09:05:33.822896 18405 ts_tablet_manager.cc:933] T cee7c568338744d797e0dc4a500096ac P 19073aa3b95c4f0b8909140d4862dcf0: Initiating tablet copy from peer 2036c90cc4bf4c4a8aefb12da82e1309 (127.16.73.193:41731)
I20260713 09:05:33.824920 18405 tablet_copy_client.cc:323] T cee7c568338744d797e0dc4a500096ac P 19073aa3b95c4f0b8909140d4862dcf0: tablet copy: Beginning tablet copy session from remote peer at address 127.16.73.193:41731
I20260713 09:05:33.826571 17795 tablet_copy_service.cc:140] P 2036c90cc4bf4c4a8aefb12da82e1309: Received BeginTabletCopySession request for tablet cee7c568338744d797e0dc4a500096ac from peer 19073aa3b95c4f0b8909140d4862dcf0 ({username='slave'} at 127.0.0.1:54672)
I20260713 09:05:33.827056 17795 tablet_copy_service.cc:161] P 2036c90cc4bf4c4a8aefb12da82e1309: Beginning new tablet copy session on tablet cee7c568338744d797e0dc4a500096ac from peer 19073aa3b95c4f0b8909140d4862dcf0 at {username='slave'} at 127.0.0.1:54672: session id = 19073aa3b95c4f0b8909140d4862dcf0-cee7c568338744d797e0dc4a500096ac
I20260713 09:05:33.833305 17795 tablet_copy_source_session.cc:215] T cee7c568338744d797e0dc4a500096ac P 2036c90cc4bf4c4a8aefb12da82e1309: Tablet Copy: opened 0 blocks and 1 log segments
I20260713 09:05:33.836242 18405 data_dirs.cc:400] Could only allocate 1 dirs of requested 3 for tablet cee7c568338744d797e0dc4a500096ac. 1 dirs total, 0 dirs full, 0 dirs failed
I20260713 09:05:33.850382 18405 tablet_copy_client.cc:806] T cee7c568338744d797e0dc4a500096ac P 19073aa3b95c4f0b8909140d4862dcf0: tablet copy: Starting download of 0 data blocks...
I20260713 09:05:33.851038 18405 tablet_copy_client.cc:670] T cee7c568338744d797e0dc4a500096ac P 19073aa3b95c4f0b8909140d4862dcf0: tablet copy: Starting download of 1 WAL segments...
I20260713 09:05:33.854956 18405 tablet_copy_client.cc:538] T cee7c568338744d797e0dc4a500096ac P 19073aa3b95c4f0b8909140d4862dcf0: tablet copy: Tablet Copy complete. Replacing tablet superblock.
I20260713 09:05:33.861563 18405 tablet_bootstrap.cc:492] T cee7c568338744d797e0dc4a500096ac P 19073aa3b95c4f0b8909140d4862dcf0: Bootstrap starting.
I20260713 09:05:33.879511 18405 tablet_bootstrap.cc:492] T cee7c568338744d797e0dc4a500096ac P 19073aa3b95c4f0b8909140d4862dcf0: Bootstrap replayed 1/1 log segments. Stats: ops{read=2 overwritten=0 applied=2 ignored=0} inserts{seen=0 ignored=0} mutations{seen=0 ignored=0} orphaned_commits=0. Pending: 0 replicates
I20260713 09:05:33.880362 18405 tablet_bootstrap.cc:492] T cee7c568338744d797e0dc4a500096ac P 19073aa3b95c4f0b8909140d4862dcf0: Bootstrap complete.
I20260713 09:05:33.881083 18405 ts_tablet_manager.cc:1403] T cee7c568338744d797e0dc4a500096ac P 19073aa3b95c4f0b8909140d4862dcf0: Time spent bootstrapping tablet: real 0.020s	user 0.008s	sys 0.011s
I20260713 09:05:33.883698 18405 raft_consensus.cc:359] T cee7c568338744d797e0dc4a500096ac P 19073aa3b95c4f0b8909140d4862dcf0 [term 1 LEARNER]: Replica starting. Triggering 0 pending ops. Active config: opid_index: 2 OBSOLETE_local: false peers { permanent_uuid: "2036c90cc4bf4c4a8aefb12da82e1309" member_type: VOTER last_known_addr { host: "127.16.73.193" port: 41731 } } peers { permanent_uuid: "4ad7160b9e9545f89743bd50761210b1" member_type: VOTER last_known_addr { host: "127.16.73.194" port: 41339 } } peers { permanent_uuid: "a165ec48c129419a9299dbe95c4529ba" member_type: VOTER last_known_addr { host: "127.16.73.195" port: 33031 } attrs { replace: true } } peers { permanent_uuid: "19073aa3b95c4f0b8909140d4862dcf0" member_type: NON_VOTER last_known_addr { host: "127.16.73.196" port: 33325 } attrs { promote: true } }
I20260713 09:05:33.884480 18405 raft_consensus.cc:740] T cee7c568338744d797e0dc4a500096ac P 19073aa3b95c4f0b8909140d4862dcf0 [term 1 LEARNER]: Becoming Follower/Learner. State: Replica: 19073aa3b95c4f0b8909140d4862dcf0, State: Initialized, Role: LEARNER
I20260713 09:05:33.885226 18405 consensus_queue.cc:260] T cee7c568338744d797e0dc4a500096ac P 19073aa3b95c4f0b8909140d4862dcf0 [NON_LEADER]: Queue going to NON_LEADER mode. State: All replicated index: 0, Majority replicated index: 0, Committed index: 2, Last appended: 1.2, Last appended by leader: 2, Current term: 0, Majority size: -1, State: 0, Mode: NON_LEADER, active raft config: opid_index: 2 OBSOLETE_local: false peers { permanent_uuid: "2036c90cc4bf4c4a8aefb12da82e1309" member_type: VOTER last_known_addr { host: "127.16.73.193" port: 41731 } } peers { permanent_uuid: "4ad7160b9e9545f89743bd50761210b1" member_type: VOTER last_known_addr { host: "127.16.73.194" port: 41339 } } peers { permanent_uuid: "a165ec48c129419a9299dbe95c4529ba" member_type: VOTER last_known_addr { host: "127.16.73.195" port: 33031 } attrs { replace: true } } peers { permanent_uuid: "19073aa3b95c4f0b8909140d4862dcf0" member_type: NON_VOTER last_known_addr { host: "127.16.73.196" port: 33325 } attrs { promote: true } }
I20260713 09:05:33.893559 18405 ts_tablet_manager.cc:1434] T cee7c568338744d797e0dc4a500096ac P 19073aa3b95c4f0b8909140d4862dcf0: Time spent starting tablet: real 0.012s	user 0.010s	sys 0.001s
I20260713 09:05:33.895782 17795 tablet_copy_service.cc:342] P 2036c90cc4bf4c4a8aefb12da82e1309: Request end of tablet copy session 19073aa3b95c4f0b8909140d4862dcf0-cee7c568338744d797e0dc4a500096ac received from {username='slave'} at 127.0.0.1:54672
I20260713 09:05:33.896253 17795 tablet_copy_service.cc:434] P 2036c90cc4bf4c4a8aefb12da82e1309: ending tablet copy session 19073aa3b95c4f0b8909140d4862dcf0-cee7c568338744d797e0dc4a500096ac on tablet cee7c568338744d797e0dc4a500096ac with peer 19073aa3b95c4f0b8909140d4862dcf0
I20260713 09:05:33.978412 18405 ts_tablet_manager.cc:933] T 4d0adb1553fd404899bba325f779898e P 19073aa3b95c4f0b8909140d4862dcf0: Initiating tablet copy from peer 2036c90cc4bf4c4a8aefb12da82e1309 (127.16.73.193:41731)
I20260713 09:05:33.980310 18405 tablet_copy_client.cc:323] T 4d0adb1553fd404899bba325f779898e P 19073aa3b95c4f0b8909140d4862dcf0: tablet copy: Beginning tablet copy session from remote peer at address 127.16.73.193:41731
I20260713 09:05:33.981930 17795 tablet_copy_service.cc:140] P 2036c90cc4bf4c4a8aefb12da82e1309: Received BeginTabletCopySession request for tablet 4d0adb1553fd404899bba325f779898e from peer 19073aa3b95c4f0b8909140d4862dcf0 ({username='slave'} at 127.0.0.1:54672)
I20260713 09:05:33.982401 17795 tablet_copy_service.cc:161] P 2036c90cc4bf4c4a8aefb12da82e1309: Beginning new tablet copy session on tablet 4d0adb1553fd404899bba325f779898e from peer 19073aa3b95c4f0b8909140d4862dcf0 at {username='slave'} at 127.0.0.1:54672: session id = 19073aa3b95c4f0b8909140d4862dcf0-4d0adb1553fd404899bba325f779898e
I20260713 09:05:33.987681 17795 tablet_copy_source_session.cc:215] T 4d0adb1553fd404899bba325f779898e P 2036c90cc4bf4c4a8aefb12da82e1309: Tablet Copy: opened 0 blocks and 1 log segments
I20260713 09:05:33.990538 18405 data_dirs.cc:400] Could only allocate 1 dirs of requested 3 for tablet 4d0adb1553fd404899bba325f779898e. 1 dirs total, 0 dirs full, 0 dirs failed
I20260713 09:05:34.008069 18405 tablet_copy_client.cc:806] T 4d0adb1553fd404899bba325f779898e P 19073aa3b95c4f0b8909140d4862dcf0: tablet copy: Starting download of 0 data blocks...
I20260713 09:05:34.008946 18405 tablet_copy_client.cc:670] T 4d0adb1553fd404899bba325f779898e P 19073aa3b95c4f0b8909140d4862dcf0: tablet copy: Starting download of 1 WAL segments...
I20260713 09:05:34.013584 18411 ts_tablet_manager.cc:933] T 3650a1c6e1624eed98cb8f2248539d3b P 19073aa3b95c4f0b8909140d4862dcf0: Initiating tablet copy from peer 4ad7160b9e9545f89743bd50761210b1 (127.16.73.194:41339)
I20260713 09:05:34.014595 18405 tablet_copy_client.cc:538] T 4d0adb1553fd404899bba325f779898e P 19073aa3b95c4f0b8909140d4862dcf0: tablet copy: Tablet Copy complete. Replacing tablet superblock.
I20260713 09:05:34.016776 18411 tablet_copy_client.cc:323] T 3650a1c6e1624eed98cb8f2248539d3b P 19073aa3b95c4f0b8909140d4862dcf0: tablet copy: Beginning tablet copy session from remote peer at address 127.16.73.194:41339
I20260713 09:05:34.018819 17870 tablet_copy_service.cc:140] P 4ad7160b9e9545f89743bd50761210b1: Received BeginTabletCopySession request for tablet 3650a1c6e1624eed98cb8f2248539d3b from peer 19073aa3b95c4f0b8909140d4862dcf0 ({username='slave'} at 127.0.0.1:43824)
I20260713 09:05:34.019426 17870 tablet_copy_service.cc:161] P 4ad7160b9e9545f89743bd50761210b1: Beginning new tablet copy session on tablet 3650a1c6e1624eed98cb8f2248539d3b from peer 19073aa3b95c4f0b8909140d4862dcf0 at {username='slave'} at 127.0.0.1:43824: session id = 19073aa3b95c4f0b8909140d4862dcf0-3650a1c6e1624eed98cb8f2248539d3b
I20260713 09:05:34.027722 17870 tablet_copy_source_session.cc:215] T 3650a1c6e1624eed98cb8f2248539d3b P 4ad7160b9e9545f89743bd50761210b1: Tablet Copy: opened 0 blocks and 1 log segments
I20260713 09:05:34.032766 18405 tablet_bootstrap.cc:492] T 4d0adb1553fd404899bba325f779898e P 19073aa3b95c4f0b8909140d4862dcf0: Bootstrap starting.
I20260713 09:05:34.035066 18411 data_dirs.cc:400] Could only allocate 1 dirs of requested 3 for tablet 3650a1c6e1624eed98cb8f2248539d3b. 1 dirs total, 0 dirs full, 0 dirs failed
I20260713 09:05:34.053706 18411 tablet_copy_client.cc:806] T 3650a1c6e1624eed98cb8f2248539d3b P 19073aa3b95c4f0b8909140d4862dcf0: tablet copy: Starting download of 0 data blocks...
I20260713 09:05:34.054427 18411 tablet_copy_client.cc:670] T 3650a1c6e1624eed98cb8f2248539d3b P 19073aa3b95c4f0b8909140d4862dcf0: tablet copy: Starting download of 1 WAL segments...
I20260713 09:05:34.058683 18411 tablet_copy_client.cc:538] T 3650a1c6e1624eed98cb8f2248539d3b P 19073aa3b95c4f0b8909140d4862dcf0: tablet copy: Tablet Copy complete. Replacing tablet superblock.
I20260713 09:05:34.063102 18405 tablet_bootstrap.cc:492] T 4d0adb1553fd404899bba325f779898e P 19073aa3b95c4f0b8909140d4862dcf0: Bootstrap replayed 1/1 log segments. Stats: ops{read=2 overwritten=0 applied=2 ignored=0} inserts{seen=0 ignored=0} mutations{seen=0 ignored=0} orphaned_commits=0. Pending: 0 replicates
I20260713 09:05:34.064114 18405 tablet_bootstrap.cc:492] T 4d0adb1553fd404899bba325f779898e P 19073aa3b95c4f0b8909140d4862dcf0: Bootstrap complete.
I20260713 09:05:34.064873 18405 ts_tablet_manager.cc:1403] T 4d0adb1553fd404899bba325f779898e P 19073aa3b95c4f0b8909140d4862dcf0: Time spent bootstrapping tablet: real 0.036s	user 0.025s	sys 0.004s
I20260713 09:05:34.068504 18411 tablet_bootstrap.cc:492] T 3650a1c6e1624eed98cb8f2248539d3b P 19073aa3b95c4f0b8909140d4862dcf0: Bootstrap starting.
I20260713 09:05:34.068097 18405 raft_consensus.cc:359] T 4d0adb1553fd404899bba325f779898e P 19073aa3b95c4f0b8909140d4862dcf0 [term 1 LEARNER]: Replica starting. Triggering 0 pending ops. Active config: opid_index: 2 OBSOLETE_local: false peers { permanent_uuid: "2036c90cc4bf4c4a8aefb12da82e1309" member_type: VOTER last_known_addr { host: "127.16.73.193" port: 41731 } } peers { permanent_uuid: "4ad7160b9e9545f89743bd50761210b1" member_type: VOTER last_known_addr { host: "127.16.73.194" port: 41339 } } peers { permanent_uuid: "a165ec48c129419a9299dbe95c4529ba" member_type: VOTER last_known_addr { host: "127.16.73.195" port: 33031 } attrs { replace: true } } peers { permanent_uuid: "19073aa3b95c4f0b8909140d4862dcf0" member_type: NON_VOTER last_known_addr { host: "127.16.73.196" port: 33325 } attrs { promote: true } }
I20260713 09:05:34.069061 18405 raft_consensus.cc:740] T 4d0adb1553fd404899bba325f779898e P 19073aa3b95c4f0b8909140d4862dcf0 [term 1 LEARNER]: Becoming Follower/Learner. State: Replica: 19073aa3b95c4f0b8909140d4862dcf0, State: Initialized, Role: LEARNER
I20260713 09:05:34.069806 18405 consensus_queue.cc:260] T 4d0adb1553fd404899bba325f779898e P 19073aa3b95c4f0b8909140d4862dcf0 [NON_LEADER]: Queue going to NON_LEADER mode. State: All replicated index: 0, Majority replicated index: 0, Committed index: 2, Last appended: 1.2, Last appended by leader: 2, Current term: 0, Majority size: -1, State: 0, Mode: NON_LEADER, active raft config: opid_index: 2 OBSOLETE_local: false peers { permanent_uuid: "2036c90cc4bf4c4a8aefb12da82e1309" member_type: VOTER last_known_addr { host: "127.16.73.193" port: 41731 } } peers { permanent_uuid: "4ad7160b9e9545f89743bd50761210b1" member_type: VOTER last_known_addr { host: "127.16.73.194" port: 41339 } } peers { permanent_uuid: "a165ec48c129419a9299dbe95c4529ba" member_type: VOTER last_known_addr { host: "127.16.73.195" port: 33031 } attrs { replace: true } } peers { permanent_uuid: "19073aa3b95c4f0b8909140d4862dcf0" member_type: NON_VOTER last_known_addr { host: "127.16.73.196" port: 33325 } attrs { promote: true } }
I20260713 09:05:34.072475 18405 ts_tablet_manager.cc:1434] T 4d0adb1553fd404899bba325f779898e P 19073aa3b95c4f0b8909140d4862dcf0: Time spent starting tablet: real 0.007s	user 0.008s	sys 0.000s
I20260713 09:05:34.074687 17795 tablet_copy_service.cc:342] P 2036c90cc4bf4c4a8aefb12da82e1309: Request end of tablet copy session 19073aa3b95c4f0b8909140d4862dcf0-4d0adb1553fd404899bba325f779898e received from {username='slave'} at 127.0.0.1:54672
I20260713 09:05:34.075136 17795 tablet_copy_service.cc:434] P 2036c90cc4bf4c4a8aefb12da82e1309: ending tablet copy session 19073aa3b95c4f0b8909140d4862dcf0-4d0adb1553fd404899bba325f779898e on tablet 4d0adb1553fd404899bba325f779898e with peer 19073aa3b95c4f0b8909140d4862dcf0
I20260713 09:05:34.091019 18405 ts_tablet_manager.cc:933] T c16409ead8d04a38affe50d83af67a04 P 19073aa3b95c4f0b8909140d4862dcf0: Initiating tablet copy from peer 2036c90cc4bf4c4a8aefb12da82e1309 (127.16.73.193:41731)
I20260713 09:05:34.092748 18405 tablet_copy_client.cc:323] T c16409ead8d04a38affe50d83af67a04 P 19073aa3b95c4f0b8909140d4862dcf0: tablet copy: Beginning tablet copy session from remote peer at address 127.16.73.193:41731
I20260713 09:05:34.094218 17795 tablet_copy_service.cc:140] P 2036c90cc4bf4c4a8aefb12da82e1309: Received BeginTabletCopySession request for tablet c16409ead8d04a38affe50d83af67a04 from peer 19073aa3b95c4f0b8909140d4862dcf0 ({username='slave'} at 127.0.0.1:54672)
I20260713 09:05:34.094597 18411 tablet_bootstrap.cc:492] T 3650a1c6e1624eed98cb8f2248539d3b P 19073aa3b95c4f0b8909140d4862dcf0: Bootstrap replayed 1/1 log segments. Stats: ops{read=2 overwritten=0 applied=2 ignored=0} inserts{seen=0 ignored=0} mutations{seen=0 ignored=0} orphaned_commits=0. Pending: 0 replicates
I20260713 09:05:34.094810 17795 tablet_copy_service.cc:161] P 2036c90cc4bf4c4a8aefb12da82e1309: Beginning new tablet copy session on tablet c16409ead8d04a38affe50d83af67a04 from peer 19073aa3b95c4f0b8909140d4862dcf0 at {username='slave'} at 127.0.0.1:54672: session id = 19073aa3b95c4f0b8909140d4862dcf0-c16409ead8d04a38affe50d83af67a04
I20260713 09:05:34.095588 18411 tablet_bootstrap.cc:492] T 3650a1c6e1624eed98cb8f2248539d3b P 19073aa3b95c4f0b8909140d4862dcf0: Bootstrap complete.
I20260713 09:05:34.096297 18411 ts_tablet_manager.cc:1403] T 3650a1c6e1624eed98cb8f2248539d3b P 19073aa3b95c4f0b8909140d4862dcf0: Time spent bootstrapping tablet: real 0.028s	user 0.021s	sys 0.003s
I20260713 09:05:34.099483 18411 raft_consensus.cc:359] T 3650a1c6e1624eed98cb8f2248539d3b P 19073aa3b95c4f0b8909140d4862dcf0 [term 1 LEARNER]: Replica starting. Triggering 0 pending ops. Active config: opid_index: 2 OBSOLETE_local: false peers { permanent_uuid: "2036c90cc4bf4c4a8aefb12da82e1309" member_type: VOTER last_known_addr { host: "127.16.73.193" port: 41731 } attrs { replace: true } } peers { permanent_uuid: "4ad7160b9e9545f89743bd50761210b1" member_type: VOTER last_known_addr { host: "127.16.73.194" port: 41339 } } peers { permanent_uuid: "a165ec48c129419a9299dbe95c4529ba" member_type: VOTER last_known_addr { host: "127.16.73.195" port: 33031 } } peers { permanent_uuid: "19073aa3b95c4f0b8909140d4862dcf0" member_type: NON_VOTER last_known_addr { host: "127.16.73.196" port: 33325 } attrs { promote: true } }
I20260713 09:05:34.100123 17795 tablet_copy_source_session.cc:215] T c16409ead8d04a38affe50d83af67a04 P 2036c90cc4bf4c4a8aefb12da82e1309: Tablet Copy: opened 0 blocks and 1 log segments
I20260713 09:05:34.100395 18411 raft_consensus.cc:740] T 3650a1c6e1624eed98cb8f2248539d3b P 19073aa3b95c4f0b8909140d4862dcf0 [term 1 LEARNER]: Becoming Follower/Learner. State: Replica: 19073aa3b95c4f0b8909140d4862dcf0, State: Initialized, Role: LEARNER
I20260713 09:05:34.101760 18411 consensus_queue.cc:260] T 3650a1c6e1624eed98cb8f2248539d3b P 19073aa3b95c4f0b8909140d4862dcf0 [NON_LEADER]: Queue going to NON_LEADER mode. State: All replicated index: 0, Majority replicated index: 0, Committed index: 2, Last appended: 1.2, Last appended by leader: 2, Current term: 0, Majority size: -1, State: 0, Mode: NON_LEADER, active raft config: opid_index: 2 OBSOLETE_local: false peers { permanent_uuid: "2036c90cc4bf4c4a8aefb12da82e1309" member_type: VOTER last_known_addr { host: "127.16.73.193" port: 41731 } attrs { replace: true } } peers { permanent_uuid: "4ad7160b9e9545f89743bd50761210b1" member_type: VOTER last_known_addr { host: "127.16.73.194" port: 41339 } } peers { permanent_uuid: "a165ec48c129419a9299dbe95c4529ba" member_type: VOTER last_known_addr { host: "127.16.73.195" port: 33031 } } peers { permanent_uuid: "19073aa3b95c4f0b8909140d4862dcf0" member_type: NON_VOTER last_known_addr { host: "127.16.73.196" port: 33325 } attrs { promote: true } }
I20260713 09:05:34.107441 18411 ts_tablet_manager.cc:1434] T 3650a1c6e1624eed98cb8f2248539d3b P 19073aa3b95c4f0b8909140d4862dcf0: Time spent starting tablet: real 0.011s	user 0.006s	sys 0.000s
I20260713 09:05:34.108780 18405 data_dirs.cc:400] Could only allocate 1 dirs of requested 3 for tablet c16409ead8d04a38affe50d83af67a04. 1 dirs total, 0 dirs full, 0 dirs failed
I20260713 09:05:34.109361 17870 tablet_copy_service.cc:342] P 4ad7160b9e9545f89743bd50761210b1: Request end of tablet copy session 19073aa3b95c4f0b8909140d4862dcf0-3650a1c6e1624eed98cb8f2248539d3b received from {username='slave'} at 127.0.0.1:43824
I20260713 09:05:34.109876 17870 tablet_copy_service.cc:434] P 4ad7160b9e9545f89743bd50761210b1: ending tablet copy session 19073aa3b95c4f0b8909140d4862dcf0-3650a1c6e1624eed98cb8f2248539d3b on tablet 3650a1c6e1624eed98cb8f2248539d3b with peer 19073aa3b95c4f0b8909140d4862dcf0
I20260713 09:05:34.127249 18405 tablet_copy_client.cc:806] T c16409ead8d04a38affe50d83af67a04 P 19073aa3b95c4f0b8909140d4862dcf0: tablet copy: Starting download of 0 data blocks...
I20260713 09:05:34.127879 18405 tablet_copy_client.cc:670] T c16409ead8d04a38affe50d83af67a04 P 19073aa3b95c4f0b8909140d4862dcf0: tablet copy: Starting download of 1 WAL segments...
I20260713 09:05:34.131789 18405 tablet_copy_client.cc:538] T c16409ead8d04a38affe50d83af67a04 P 19073aa3b95c4f0b8909140d4862dcf0: tablet copy: Tablet Copy complete. Replacing tablet superblock.
I20260713 09:05:34.140625 18405 tablet_bootstrap.cc:492] T c16409ead8d04a38affe50d83af67a04 P 19073aa3b95c4f0b8909140d4862dcf0: Bootstrap starting.
I20260713 09:05:34.154038 18405 tablet_bootstrap.cc:492] T c16409ead8d04a38affe50d83af67a04 P 19073aa3b95c4f0b8909140d4862dcf0: Bootstrap replayed 1/1 log segments. Stats: ops{read=2 overwritten=0 applied=2 ignored=0} inserts{seen=0 ignored=0} mutations{seen=0 ignored=0} orphaned_commits=0. Pending: 0 replicates
I20260713 09:05:34.154693 18405 tablet_bootstrap.cc:492] T c16409ead8d04a38affe50d83af67a04 P 19073aa3b95c4f0b8909140d4862dcf0: Bootstrap complete.
I20260713 09:05:34.155191 18405 ts_tablet_manager.cc:1403] T c16409ead8d04a38affe50d83af67a04 P 19073aa3b95c4f0b8909140d4862dcf0: Time spent bootstrapping tablet: real 0.015s	user 0.005s	sys 0.008s
I20260713 09:05:34.157235 18405 raft_consensus.cc:359] T c16409ead8d04a38affe50d83af67a04 P 19073aa3b95c4f0b8909140d4862dcf0 [term 1 LEARNER]: Replica starting. Triggering 0 pending ops. Active config: opid_index: 2 OBSOLETE_local: false peers { permanent_uuid: "2036c90cc4bf4c4a8aefb12da82e1309" member_type: VOTER last_known_addr { host: "127.16.73.193" port: 41731 } } peers { permanent_uuid: "4ad7160b9e9545f89743bd50761210b1" member_type: VOTER last_known_addr { host: "127.16.73.194" port: 41339 } attrs { replace: true } } peers { permanent_uuid: "a165ec48c129419a9299dbe95c4529ba" member_type: VOTER last_known_addr { host: "127.16.73.195" port: 33031 } } peers { permanent_uuid: "19073aa3b95c4f0b8909140d4862dcf0" member_type: NON_VOTER last_known_addr { host: "127.16.73.196" port: 33325 } attrs { promote: true } }
I20260713 09:05:34.157910 18405 raft_consensus.cc:740] T c16409ead8d04a38affe50d83af67a04 P 19073aa3b95c4f0b8909140d4862dcf0 [term 1 LEARNER]: Becoming Follower/Learner. State: Replica: 19073aa3b95c4f0b8909140d4862dcf0, State: Initialized, Role: LEARNER
I20260713 09:05:34.158413 18405 consensus_queue.cc:260] T c16409ead8d04a38affe50d83af67a04 P 19073aa3b95c4f0b8909140d4862dcf0 [NON_LEADER]: Queue going to NON_LEADER mode. State: All replicated index: 0, Majority replicated index: 0, Committed index: 2, Last appended: 1.2, Last appended by leader: 2, Current term: 0, Majority size: -1, State: 0, Mode: NON_LEADER, active raft config: opid_index: 2 OBSOLETE_local: false peers { permanent_uuid: "2036c90cc4bf4c4a8aefb12da82e1309" member_type: VOTER last_known_addr { host: "127.16.73.193" port: 41731 } } peers { permanent_uuid: "4ad7160b9e9545f89743bd50761210b1" member_type: VOTER last_known_addr { host: "127.16.73.194" port: 41339 } attrs { replace: true } } peers { permanent_uuid: "a165ec48c129419a9299dbe95c4529ba" member_type: VOTER last_known_addr { host: "127.16.73.195" port: 33031 } } peers { permanent_uuid: "19073aa3b95c4f0b8909140d4862dcf0" member_type: NON_VOTER last_known_addr { host: "127.16.73.196" port: 33325 } attrs { promote: true } }
I20260713 09:05:34.160356 18405 ts_tablet_manager.cc:1434] T c16409ead8d04a38affe50d83af67a04 P 19073aa3b95c4f0b8909140d4862dcf0: Time spent starting tablet: real 0.005s	user 0.004s	sys 0.000s
I20260713 09:05:34.162636 17795 tablet_copy_service.cc:342] P 2036c90cc4bf4c4a8aefb12da82e1309: Request end of tablet copy session 19073aa3b95c4f0b8909140d4862dcf0-c16409ead8d04a38affe50d83af67a04 received from {username='slave'} at 127.0.0.1:54672
I20260713 09:05:34.163024 17795 tablet_copy_service.cc:434] P 2036c90cc4bf4c4a8aefb12da82e1309: ending tablet copy session 19073aa3b95c4f0b8909140d4862dcf0-c16409ead8d04a38affe50d83af67a04 on tablet c16409ead8d04a38affe50d83af67a04 with peer 19073aa3b95c4f0b8909140d4862dcf0
I20260713 09:05:34.199661 18199 raft_consensus.cc:1217] T cee7c568338744d797e0dc4a500096ac P 19073aa3b95c4f0b8909140d4862dcf0 [term 1 LEARNER]: Deduplicated request from leader. Original: 1.1->[1.2-1.2]   Dedup: 1.2->[]
I20260713 09:05:34.426365 18200 raft_consensus.cc:1217] T 4d0adb1553fd404899bba325f779898e P 19073aa3b95c4f0b8909140d4862dcf0 [term 1 LEARNER]: Deduplicated request from leader. Original: 1.1->[1.2-1.2]   Dedup: 1.2->[]
I20260713 09:05:34.466571 18200 raft_consensus.cc:1217] T 3650a1c6e1624eed98cb8f2248539d3b P 19073aa3b95c4f0b8909140d4862dcf0 [term 1 LEARNER]: Deduplicated request from leader. Original: 1.1->[1.2-1.2]   Dedup: 1.2->[]
I20260713 09:05:34.506772 18200 raft_consensus.cc:1217] T c16409ead8d04a38affe50d83af67a04 P 19073aa3b95c4f0b8909140d4862dcf0 [term 1 LEARNER]: Deduplicated request from leader. Original: 1.1->[1.2-1.2]   Dedup: 1.2->[]
I20260713 09:05:34.732702 18417 raft_consensus.cc:1064] T cee7c568338744d797e0dc4a500096ac P 2036c90cc4bf4c4a8aefb12da82e1309: attempting to promote NON_VOTER 19073aa3b95c4f0b8909140d4862dcf0 to VOTER
I20260713 09:05:34.734951 18417 consensus_queue.cc:237] T cee7c568338744d797e0dc4a500096ac P 2036c90cc4bf4c4a8aefb12da82e1309 [LEADER]: Queue going to LEADER mode. State: All replicated index: 0, Majority replicated index: 2, Committed index: 2, Last appended: 1.2, Last appended by leader: 0, Current term: 1, Majority size: 3, State: 0, Mode: LEADER, active raft config: opid_index: 3 OBSOLETE_local: false peers { permanent_uuid: "2036c90cc4bf4c4a8aefb12da82e1309" member_type: VOTER last_known_addr { host: "127.16.73.193" port: 41731 } } peers { permanent_uuid: "4ad7160b9e9545f89743bd50761210b1" member_type: VOTER last_known_addr { host: "127.16.73.194" port: 41339 } } peers { permanent_uuid: "a165ec48c129419a9299dbe95c4529ba" member_type: VOTER last_known_addr { host: "127.16.73.195" port: 33031 } attrs { replace: true } } peers { permanent_uuid: "19073aa3b95c4f0b8909140d4862dcf0" member_type: VOTER last_known_addr { host: "127.16.73.196" port: 33325 } attrs { promote: false } }
I20260713 09:05:34.741811 18200 raft_consensus.cc:1275] T cee7c568338744d797e0dc4a500096ac P 19073aa3b95c4f0b8909140d4862dcf0 [term 1 LEARNER]: Refusing update from remote peer 2036c90cc4bf4c4a8aefb12da82e1309: Log matching property violated. Preceding OpId in replica: term: 1 index: 2. Preceding OpId from leader: term: 1 index: 3. (index mismatch)
I20260713 09:05:34.742910 17857 raft_consensus.cc:1275] T cee7c568338744d797e0dc4a500096ac P 4ad7160b9e9545f89743bd50761210b1 [term 1 FOLLOWER]: Refusing update from remote peer 2036c90cc4bf4c4a8aefb12da82e1309: Log matching property violated. Preceding OpId in replica: term: 1 index: 2. Preceding OpId from leader: term: 1 index: 3. (index mismatch)
I20260713 09:05:34.743352 18387 consensus_queue.cc:1048] T cee7c568338744d797e0dc4a500096ac P 2036c90cc4bf4c4a8aefb12da82e1309 [LEADER]: Connected to new peer: Peer: permanent_uuid: "19073aa3b95c4f0b8909140d4862dcf0" member_type: VOTER last_known_addr { host: "127.16.73.196" port: 33325 } attrs { promote: false }, Status: LMP_MISMATCH, Last received: 0.0, Next index: 3, Last known committed idx: 2, Time since last communication: 0.000s
I20260713 09:05:34.744946 18420 consensus_queue.cc:1048] T cee7c568338744d797e0dc4a500096ac P 2036c90cc4bf4c4a8aefb12da82e1309 [LEADER]: Connected to new peer: Peer: permanent_uuid: "4ad7160b9e9545f89743bd50761210b1" member_type: VOTER last_known_addr { host: "127.16.73.194" port: 41339 }, Status: LMP_MISMATCH, Last received: 0.0, Next index: 3, Last known committed idx: 2, Time since last communication: 0.000s
I20260713 09:05:34.745254 17932 raft_consensus.cc:1275] T cee7c568338744d797e0dc4a500096ac P a165ec48c129419a9299dbe95c4529ba [term 1 FOLLOWER]: Refusing update from remote peer 2036c90cc4bf4c4a8aefb12da82e1309: Log matching property violated. Preceding OpId in replica: term: 1 index: 2. Preceding OpId from leader: term: 1 index: 3. (index mismatch)
I20260713 09:05:34.747087 18420 consensus_queue.cc:1048] T cee7c568338744d797e0dc4a500096ac P 2036c90cc4bf4c4a8aefb12da82e1309 [LEADER]: Connected to new peer: Peer: permanent_uuid: "a165ec48c129419a9299dbe95c4529ba" member_type: VOTER last_known_addr { host: "127.16.73.195" port: 33031 } attrs { replace: true }, Status: LMP_MISMATCH, Last received: 0.0, Next index: 3, Last known committed idx: 2, Time since last communication: 0.000s
I20260713 09:05:34.756431 18387 raft_consensus.cc:2955] T cee7c568338744d797e0dc4a500096ac P 2036c90cc4bf4c4a8aefb12da82e1309 [term 1 LEADER]: Committing config change with OpId 1.3: config changed from index 2 to 3, 19073aa3b95c4f0b8909140d4862dcf0 (127.16.73.196) changed from NON_VOTER to VOTER. New config: { opid_index: 3 OBSOLETE_local: false peers { permanent_uuid: "2036c90cc4bf4c4a8aefb12da82e1309" member_type: VOTER last_known_addr { host: "127.16.73.193" port: 41731 } } peers { permanent_uuid: "4ad7160b9e9545f89743bd50761210b1" member_type: VOTER last_known_addr { host: "127.16.73.194" port: 41339 } } peers { permanent_uuid: "a165ec48c129419a9299dbe95c4529ba" member_type: VOTER last_known_addr { host: "127.16.73.195" port: 33031 } attrs { replace: true } } peers { permanent_uuid: "19073aa3b95c4f0b8909140d4862dcf0" member_type: VOTER last_known_addr { host: "127.16.73.196" port: 33325 } attrs { promote: false } } }
I20260713 09:05:34.758826 17857 raft_consensus.cc:2955] T cee7c568338744d797e0dc4a500096ac P 4ad7160b9e9545f89743bd50761210b1 [term 1 FOLLOWER]: Committing config change with OpId 1.3: config changed from index 2 to 3, 19073aa3b95c4f0b8909140d4862dcf0 (127.16.73.196) changed from NON_VOTER to VOTER. New config: { opid_index: 3 OBSOLETE_local: false peers { permanent_uuid: "2036c90cc4bf4c4a8aefb12da82e1309" member_type: VOTER last_known_addr { host: "127.16.73.193" port: 41731 } } peers { permanent_uuid: "4ad7160b9e9545f89743bd50761210b1" member_type: VOTER last_known_addr { host: "127.16.73.194" port: 41339 } } peers { permanent_uuid: "a165ec48c129419a9299dbe95c4529ba" member_type: VOTER last_known_addr { host: "127.16.73.195" port: 33031 } attrs { replace: true } } peers { permanent_uuid: "19073aa3b95c4f0b8909140d4862dcf0" member_type: VOTER last_known_addr { host: "127.16.73.196" port: 33325 } attrs { promote: false } } }
I20260713 09:05:34.759989 17931 raft_consensus.cc:2955] T cee7c568338744d797e0dc4a500096ac P a165ec48c129419a9299dbe95c4529ba [term 1 FOLLOWER]: Committing config change with OpId 1.3: config changed from index 2 to 3, 19073aa3b95c4f0b8909140d4862dcf0 (127.16.73.196) changed from NON_VOTER to VOTER. New config: { opid_index: 3 OBSOLETE_local: false peers { permanent_uuid: "2036c90cc4bf4c4a8aefb12da82e1309" member_type: VOTER last_known_addr { host: "127.16.73.193" port: 41731 } } peers { permanent_uuid: "4ad7160b9e9545f89743bd50761210b1" member_type: VOTER last_known_addr { host: "127.16.73.194" port: 41339 } } peers { permanent_uuid: "a165ec48c129419a9299dbe95c4529ba" member_type: VOTER last_known_addr { host: "127.16.73.195" port: 33031 } attrs { replace: true } } peers { permanent_uuid: "19073aa3b95c4f0b8909140d4862dcf0" member_type: VOTER last_known_addr { host: "127.16.73.196" port: 33325 } attrs { promote: false } } }
I20260713 09:05:34.769042 18200 raft_consensus.cc:2955] T cee7c568338744d797e0dc4a500096ac P 19073aa3b95c4f0b8909140d4862dcf0 [term 1 FOLLOWER]: Committing config change with OpId 1.3: config changed from index 2 to 3, 19073aa3b95c4f0b8909140d4862dcf0 (127.16.73.196) changed from NON_VOTER to VOTER. New config: { opid_index: 3 OBSOLETE_local: false peers { permanent_uuid: "2036c90cc4bf4c4a8aefb12da82e1309" member_type: VOTER last_known_addr { host: "127.16.73.193" port: 41731 } } peers { permanent_uuid: "4ad7160b9e9545f89743bd50761210b1" member_type: VOTER last_known_addr { host: "127.16.73.194" port: 41339 } } peers { permanent_uuid: "a165ec48c129419a9299dbe95c4529ba" member_type: VOTER last_known_addr { host: "127.16.73.195" port: 33031 } attrs { replace: true } } peers { permanent_uuid: "19073aa3b95c4f0b8909140d4862dcf0" member_type: VOTER last_known_addr { host: "127.16.73.196" port: 33325 } attrs { promote: false } } }
I20260713 09:05:34.779245 17680 catalog_manager.cc:5697] T cee7c568338744d797e0dc4a500096ac P a165ec48c129419a9299dbe95c4529ba reported cstate change: config changed from index 2 to 3, 19073aa3b95c4f0b8909140d4862dcf0 (127.16.73.196) changed from NON_VOTER to VOTER. New cstate: current_term: 1 leader_uuid: "2036c90cc4bf4c4a8aefb12da82e1309" committed_config { opid_index: 3 OBSOLETE_local: false peers { permanent_uuid: "2036c90cc4bf4c4a8aefb12da82e1309" member_type: VOTER last_known_addr { host: "127.16.73.193" port: 41731 } } peers { permanent_uuid: "4ad7160b9e9545f89743bd50761210b1" member_type: VOTER last_known_addr { host: "127.16.73.194" port: 41339 } } peers { permanent_uuid: "a165ec48c129419a9299dbe95c4529ba" member_type: VOTER last_known_addr { host: "127.16.73.195" port: 33031 } attrs { replace: true } } peers { permanent_uuid: "19073aa3b95c4f0b8909140d4862dcf0" member_type: VOTER last_known_addr { host: "127.16.73.196" port: 33325 } attrs { promote: false } } }
