I20260713 09:05:08.777854 11549 raft_consensus.cc:3060] T de3c2efa07bc41ff85ffa4e934cc9628 P 085a0aedff944e4ab7b907fc2f8f04b2 [term 2 FOLLOWER]: Advancing to term 3
I20260713 09:05:08.777853 11550 raft_consensus.cc:2468] T bba1fa45d78945febe955d14b100b695 P 085a0aedff944e4ab7b907fc2f8f04b2 [term 5 FOLLOWER]: Leader election vote request: Granting yes vote for candidate c386455deae64ef49a81765eefb17406 in term 5.
I20260713 09:05:08.779587 11365 leader_election.cc:304] T bba1fa45d78945febe955d14b100b695 P c386455deae64ef49a81765eefb17406 [CANDIDATE]: Term 5 election: Election decided. Result: candidate won. Election summary: received 2 responses out of 3 voters: 2 yes votes; 0 no votes. yes voters: 085a0aedff944e4ab7b907fc2f8f04b2, c386455deae64ef49a81765eefb17406; no voters: 
I20260713 09:05:08.780437 11476 raft_consensus.cc:2468] T bba1fa45d78945febe955d14b100b695 P d7d9ce15f0fb44ee8ea8340f4a37e025 [term 5 FOLLOWER]: Leader election vote request: Granting yes vote for candidate c386455deae64ef49a81765eefb17406 in term 5.
I20260713 09:05:08.782493 11740 raft_consensus.cc:2804] T bba1fa45d78945febe955d14b100b695 P c386455deae64ef49a81765eefb17406 [term 5 FOLLOWER]: Leader election won for term 5
I20260713 09:05:08.783588 11740 raft_consensus.cc:697] T bba1fa45d78945febe955d14b100b695 P c386455deae64ef49a81765eefb17406 [term 5 LEADER]: Becoming Leader. State: Replica: c386455deae64ef49a81765eefb17406, State: Running, Role: LEADER
I20260713 09:05:08.784540 11740 consensus_queue.cc:237] T bba1fa45d78945febe955d14b100b695 P c386455deae64ef49a81765eefb17406 [LEADER]: Queue going to LEADER mode. State: All replicated index: 0, Majority replicated index: 4, Committed index: 4, Last appended: 4.4, Last appended by leader: 4, Current term: 5, Majority size: 2, State: 0, Mode: LEADER, active raft config: opid_index: -1 OBSOLETE_local: false peers { permanent_uuid: "d7d9ce15f0fb44ee8ea8340f4a37e025" member_type: VOTER last_known_addr { host: "127.11.0.130" port: 37081 } } peers { permanent_uuid: "085a0aedff944e4ab7b907fc2f8f04b2" member_type: VOTER last_known_addr { host: "127.11.0.131" port: 44813 } } peers { permanent_uuid: "c386455deae64ef49a81765eefb17406" member_type: VOTER last_known_addr { host: "127.11.0.129" port: 43915 } }
I20260713 09:05:08.785013 11549 raft_consensus.cc:515] T de3c2efa07bc41ff85ffa4e934cc9628 P 085a0aedff944e4ab7b907fc2f8f04b2 [term 3 FOLLOWER]: Starting forced leader election with config: opid_index: -1 OBSOLETE_local: false peers { permanent_uuid: "c386455deae64ef49a81765eefb17406" member_type: VOTER last_known_addr { host: "127.11.0.129" port: 43915 } } peers { permanent_uuid: "d7d9ce15f0fb44ee8ea8340f4a37e025" member_type: VOTER last_known_addr { host: "127.11.0.130" port: 37081 } } peers { permanent_uuid: "085a0aedff944e4ab7b907fc2f8f04b2" member_type: VOTER last_known_addr { host: "127.11.0.131" port: 44813 } }
I20260713 09:05:08.787303 11549 leader_election.cc:290] T de3c2efa07bc41ff85ffa4e934cc9628 P 085a0aedff944e4ab7b907fc2f8f04b2 [CANDIDATE]: Term 3 election: Requested vote from peers c386455deae64ef49a81765eefb17406 (127.11.0.129:43915), d7d9ce15f0fb44ee8ea8340f4a37e025 (127.11.0.130:37081)
I20260713 09:05:08.789213 11476 tablet_service.cc:1917] Received RequestConsensusVote() RPC: tablet_id: "de3c2efa07bc41ff85ffa4e934cc9628" candidate_uuid: "085a0aedff944e4ab7b907fc2f8f04b2" candidate_term: 3 candidate_status { last_received { term: 2 index: 2 } } ignore_live_leader: true dest_uuid: "d7d9ce15f0fb44ee8ea8340f4a37e025"
I20260713 09:05:08.789973 11476 raft_consensus.cc:3055] T de3c2efa07bc41ff85ffa4e934cc9628 P d7d9ce15f0fb44ee8ea8340f4a37e025 [term 2 LEADER]: Stepping down as leader of term 2
I20260713 09:05:08.790319 11476 raft_consensus.cc:740] T de3c2efa07bc41ff85ffa4e934cc9628 P d7d9ce15f0fb44ee8ea8340f4a37e025 [term 2 LEADER]: Becoming Follower/Learner. State: Replica: d7d9ce15f0fb44ee8ea8340f4a37e025, State: Running, Role: LEADER
I20260713 09:05:08.790266 11400 tablet_service.cc:1917] Received RequestConsensusVote() RPC: tablet_id: "de3c2efa07bc41ff85ffa4e934cc9628" candidate_uuid: "085a0aedff944e4ab7b907fc2f8f04b2" candidate_term: 3 candidate_status { last_received { term: 2 index: 2 } } ignore_live_leader: true dest_uuid: "c386455deae64ef49a81765eefb17406"
I20260713 09:05:08.791143 11400 raft_consensus.cc:3060] T de3c2efa07bc41ff85ffa4e934cc9628 P c386455deae64ef49a81765eefb17406 [term 2 FOLLOWER]: Advancing to term 3
I20260713 09:05:08.791388 11476 consensus_queue.cc:260] T de3c2efa07bc41ff85ffa4e934cc9628 P d7d9ce15f0fb44ee8ea8340f4a37e025 [NON_LEADER]: Queue going to NON_LEADER mode. State: All replicated index: 0, Majority replicated index: 2, Committed index: 2, Last appended: 2.2, Last appended by leader: 2, Current term: 2, Majority size: -1, State: 0, Mode: NON_LEADER, active raft config: opid_index: -1 OBSOLETE_local: false peers { permanent_uuid: "c386455deae64ef49a81765eefb17406" member_type: VOTER last_known_addr { host: "127.11.0.129" port: 43915 } } peers { permanent_uuid: "d7d9ce15f0fb44ee8ea8340f4a37e025" member_type: VOTER last_known_addr { host: "127.11.0.130" port: 37081 } } peers { permanent_uuid: "085a0aedff944e4ab7b907fc2f8f04b2" member_type: VOTER last_known_addr { host: "127.11.0.131" port: 44813 } }
I20260713 09:05:08.792788 11476 raft_consensus.cc:3060] T de3c2efa07bc41ff85ffa4e934cc9628 P d7d9ce15f0fb44ee8ea8340f4a37e025 [term 2 FOLLOWER]: Advancing to term 3
I20260713 09:05:08.793063 11297 catalog_manager.cc:5697] T bba1fa45d78945febe955d14b100b695 P c386455deae64ef49a81765eefb17406 reported cstate change: term changed from 4 to 5, leader changed from d7d9ce15f0fb44ee8ea8340f4a37e025 (127.11.0.130) to c386455deae64ef49a81765eefb17406 (127.11.0.129). New cstate: current_term: 5 leader_uuid: "c386455deae64ef49a81765eefb17406" committed_config { opid_index: -1 OBSOLETE_local: false peers { permanent_uuid: "d7d9ce15f0fb44ee8ea8340f4a37e025" member_type: VOTER last_known_addr { host: "127.11.0.130" port: 37081 } health_report { overall_health: UNKNOWN } } peers { permanent_uuid: "085a0aedff944e4ab7b907fc2f8f04b2" member_type: VOTER last_known_addr { host: "127.11.0.131" port: 44813 } health_report { overall_health: UNKNOWN } } peers { permanent_uuid: "c386455deae64ef49a81765eefb17406" member_type: VOTER last_known_addr { host: "127.11.0.129" port: 43915 } health_report { overall_health: HEALTHY } } }
I20260713 09:05:08.797618 11400 raft_consensus.cc:2468] T de3c2efa07bc41ff85ffa4e934cc9628 P c386455deae64ef49a81765eefb17406 [term 3 FOLLOWER]: Leader election vote request: Granting yes vote for candidate 085a0aedff944e4ab7b907fc2f8f04b2 in term 3.
I20260713 09:05:08.799182 11515 leader_election.cc:304] T de3c2efa07bc41ff85ffa4e934cc9628 P 085a0aedff944e4ab7b907fc2f8f04b2 [CANDIDATE]: Term 3 election: Election decided. Result: candidate won. Election summary: received 2 responses out of 3 voters: 2 yes votes; 0 no votes. yes voters: 085a0aedff944e4ab7b907fc2f8f04b2, c386455deae64ef49a81765eefb17406; no voters: 
I20260713 09:05:08.799271 11476 raft_consensus.cc:2468] T de3c2efa07bc41ff85ffa4e934cc9628 P d7d9ce15f0fb44ee8ea8340f4a37e025 [term 3 FOLLOWER]: Leader election vote request: Granting yes vote for candidate 085a0aedff944e4ab7b907fc2f8f04b2 in term 3.
I20260713 09:05:08.800263 11712 raft_consensus.cc:2804] T de3c2efa07bc41ff85ffa4e934cc9628 P 085a0aedff944e4ab7b907fc2f8f04b2 [term 3 FOLLOWER]: Leader election won for term 3
I20260713 09:05:08.801932 11712 raft_consensus.cc:697] T de3c2efa07bc41ff85ffa4e934cc9628 P 085a0aedff944e4ab7b907fc2f8f04b2 [term 3 LEADER]: Becoming Leader. State: Replica: 085a0aedff944e4ab7b907fc2f8f04b2, State: Running, Role: LEADER
I20260713 09:05:08.802803 11712 consensus_queue.cc:237] T de3c2efa07bc41ff85ffa4e934cc9628 P 085a0aedff944e4ab7b907fc2f8f04b2 [LEADER]: Queue going to LEADER mode. State: All replicated index: 0, Majority replicated index: 2, Committed index: 2, Last appended: 2.2, Last appended by leader: 2, Current term: 3, Majority size: 2, State: 0, Mode: LEADER, active raft config: opid_index: -1 OBSOLETE_local: false peers { permanent_uuid: "c386455deae64ef49a81765eefb17406" member_type: VOTER last_known_addr { host: "127.11.0.129" port: 43915 } } peers { permanent_uuid: "d7d9ce15f0fb44ee8ea8340f4a37e025" member_type: VOTER last_known_addr { host: "127.11.0.130" port: 37081 } } peers { permanent_uuid: "085a0aedff944e4ab7b907fc2f8f04b2" member_type: VOTER last_known_addr { host: "127.11.0.131" port: 44813 } }
I20260713 09:05:08.812213 11298 catalog_manager.cc:5697] T de3c2efa07bc41ff85ffa4e934cc9628 P 085a0aedff944e4ab7b907fc2f8f04b2 reported cstate change: term changed from 2 to 3, leader changed from d7d9ce15f0fb44ee8ea8340f4a37e025 (127.11.0.130) to 085a0aedff944e4ab7b907fc2f8f04b2 (127.11.0.131). New cstate: current_term: 3 leader_uuid: "085a0aedff944e4ab7b907fc2f8f04b2" committed_config { opid_index: -1 OBSOLETE_local: false peers { permanent_uuid: "c386455deae64ef49a81765eefb17406" member_type: VOTER last_known_addr { host: "127.11.0.129" port: 43915 } health_report { overall_health: UNKNOWN } } peers { permanent_uuid: "d7d9ce15f0fb44ee8ea8340f4a37e025" member_type: VOTER last_known_addr { host: "127.11.0.130" port: 37081 } health_report { overall_health: UNKNOWN } } peers { permanent_uuid: "085a0aedff944e4ab7b907fc2f8f04b2" member_type: VOTER last_known_addr { host: "127.11.0.131" port: 44813 } health_report { overall_health: HEALTHY } } }
I20260713 09:05:08.847652 11739 raft_consensus.cc:993] T f268c30d5fef4a35a0aa17ff32e435c4 P d7d9ce15f0fb44ee8ea8340f4a37e025: : Instructing follower c386455deae64ef49a81765eefb17406 to start an election
I20260713 09:05:08.848136 11708 raft_consensus.cc:1081] T f268c30d5fef4a35a0aa17ff32e435c4 P d7d9ce15f0fb44ee8ea8340f4a37e025 [term 3 LEADER]: Signalling peer c386455deae64ef49a81765eefb17406 to start an election
I20260713 09:05:08.849661 11400 tablet_service.cc:2044] Received Run Leader Election RPC: tablet_id: "f268c30d5fef4a35a0aa17ff32e435c4"
dest_uuid: "c386455deae64ef49a81765eefb17406"
 from {username='slave'} at 127.0.0.1:47304
I20260713 09:05:08.850171 11400 raft_consensus.cc:493] T f268c30d5fef4a35a0aa17ff32e435c4 P c386455deae64ef49a81765eefb17406 [term 3 FOLLOWER]: Starting forced leader election (received explicit request)
I20260713 09:05:08.850454 11400 raft_consensus.cc:3060] T f268c30d5fef4a35a0aa17ff32e435c4 P c386455deae64ef49a81765eefb17406 [term 3 FOLLOWER]: Advancing to term 4
I20260713 09:05:08.854889 11400 raft_consensus.cc:515] T f268c30d5fef4a35a0aa17ff32e435c4 P c386455deae64ef49a81765eefb17406 [term 4 FOLLOWER]: Starting forced leader election with config: opid_index: -1 OBSOLETE_local: false peers { permanent_uuid: "c386455deae64ef49a81765eefb17406" member_type: VOTER last_known_addr { host: "127.11.0.129" port: 43915 } } peers { permanent_uuid: "d7d9ce15f0fb44ee8ea8340f4a37e025" member_type: VOTER last_known_addr { host: "127.11.0.130" port: 37081 } } peers { permanent_uuid: "085a0aedff944e4ab7b907fc2f8f04b2" member_type: VOTER last_known_addr { host: "127.11.0.131" port: 44813 } }
I20260713 09:05:08.856431 11400 leader_election.cc:290] T f268c30d5fef4a35a0aa17ff32e435c4 P c386455deae64ef49a81765eefb17406 [CANDIDATE]: Term 4 election: Requested vote from peers d7d9ce15f0fb44ee8ea8340f4a37e025 (127.11.0.130:37081), 085a0aedff944e4ab7b907fc2f8f04b2 (127.11.0.131:44813)
I20260713 09:05:08.857507 11476 tablet_service.cc:1917] Received RequestConsensusVote() RPC: tablet_id: "f268c30d5fef4a35a0aa17ff32e435c4" candidate_uuid: "c386455deae64ef49a81765eefb17406" candidate_term: 4 candidate_status { last_received { term: 3 index: 3 } } ignore_live_leader: true dest_uuid: "d7d9ce15f0fb44ee8ea8340f4a37e025"
I20260713 09:05:08.857507 11549 tablet_service.cc:1917] Received RequestConsensusVote() RPC: tablet_id: "f268c30d5fef4a35a0aa17ff32e435c4" candidate_uuid: "c386455deae64ef49a81765eefb17406" candidate_term: 4 candidate_status { last_received { term: 3 index: 3 } } ignore_live_leader: true dest_uuid: "085a0aedff944e4ab7b907fc2f8f04b2"
I20260713 09:05:08.858295 11549 raft_consensus.cc:3060] T f268c30d5fef4a35a0aa17ff32e435c4 P 085a0aedff944e4ab7b907fc2f8f04b2 [term 3 FOLLOWER]: Advancing to term 4
I20260713 09:05:08.858281 11476 raft_consensus.cc:3055] T f268c30d5fef4a35a0aa17ff32e435c4 P d7d9ce15f0fb44ee8ea8340f4a37e025 [term 3 LEADER]: Stepping down as leader of term 3
I20260713 09:05:08.858793 11476 raft_consensus.cc:740] T f268c30d5fef4a35a0aa17ff32e435c4 P d7d9ce15f0fb44ee8ea8340f4a37e025 [term 3 LEADER]: Becoming Follower/Learner. State: Replica: d7d9ce15f0fb44ee8ea8340f4a37e025, State: Running, Role: LEADER
I20260713 09:05:08.859635 11476 consensus_queue.cc:260] T f268c30d5fef4a35a0aa17ff32e435c4 P d7d9ce15f0fb44ee8ea8340f4a37e025 [NON_LEADER]: Queue going to NON_LEADER mode. State: All replicated index: 0, Majority replicated index: 3, Committed index: 3, Last appended: 3.3, Last appended by leader: 3, Current term: 3, Majority size: -1, State: 0, Mode: NON_LEADER, active raft config: opid_index: -1 OBSOLETE_local: false peers { permanent_uuid: "c386455deae64ef49a81765eefb17406" member_type: VOTER last_known_addr { host: "127.11.0.129" port: 43915 } } peers { permanent_uuid: "d7d9ce15f0fb44ee8ea8340f4a37e025" member_type: VOTER last_known_addr { host: "127.11.0.130" port: 37081 } } peers { permanent_uuid: "085a0aedff944e4ab7b907fc2f8f04b2" member_type: VOTER last_known_addr { host: "127.11.0.131" port: 44813 } }
I20260713 09:05:08.860792 11476 raft_consensus.cc:3060] T f268c30d5fef4a35a0aa17ff32e435c4 P d7d9ce15f0fb44ee8ea8340f4a37e025 [term 3 FOLLOWER]: Advancing to term 4
I20260713 09:05:08.865061 11549 raft_consensus.cc:2468] T f268c30d5fef4a35a0aa17ff32e435c4 P 085a0aedff944e4ab7b907fc2f8f04b2 [term 4 FOLLOWER]: Leader election vote request: Granting yes vote for candidate c386455deae64ef49a81765eefb17406 in term 4.
I20260713 09:05:08.866058 11365 leader_election.cc:304] T f268c30d5fef4a35a0aa17ff32e435c4 P c386455deae64ef49a81765eefb17406 [CANDIDATE]: Term 4 election: Election decided. Result: candidate won. Election summary: received 2 responses out of 3 voters: 2 yes votes; 0 no votes. yes voters: 085a0aedff944e4ab7b907fc2f8f04b2, c386455deae64ef49a81765eefb17406; no voters: 
I20260713 09:05:08.866855 11740 raft_consensus.cc:2804] T f268c30d5fef4a35a0aa17ff32e435c4 P c386455deae64ef49a81765eefb17406 [term 4 FOLLOWER]: Leader election won for term 4
I20260713 09:05:08.867264 11476 raft_consensus.cc:2468] T f268c30d5fef4a35a0aa17ff32e435c4 P d7d9ce15f0fb44ee8ea8340f4a37e025 [term 4 FOLLOWER]: Leader election vote request: Granting yes vote for candidate c386455deae64ef49a81765eefb17406 in term 4.
I20260713 09:05:08.867421 11740 raft_consensus.cc:697] T f268c30d5fef4a35a0aa17ff32e435c4 P c386455deae64ef49a81765eefb17406 [term 4 LEADER]: Becoming Leader. State: Replica: c386455deae64ef49a81765eefb17406, State: Running, Role: LEADER
I20260713 09:05:08.868803 11740 consensus_queue.cc:237] T f268c30d5fef4a35a0aa17ff32e435c4 P c386455deae64ef49a81765eefb17406 [LEADER]: Queue going to LEADER mode. State: All replicated index: 0, Majority replicated index: 3, Committed index: 3, Last appended: 3.3, Last appended by leader: 3, Current term: 4, Majority size: 2, State: 0, Mode: LEADER, active raft config: opid_index: -1 OBSOLETE_local: false peers { permanent_uuid: "c386455deae64ef49a81765eefb17406" member_type: VOTER last_known_addr { host: "127.11.0.129" port: 43915 } } peers { permanent_uuid: "d7d9ce15f0fb44ee8ea8340f4a37e025" member_type: VOTER last_known_addr { host: "127.11.0.130" port: 37081 } } peers { permanent_uuid: "085a0aedff944e4ab7b907fc2f8f04b2" member_type: VOTER last_known_addr { host: "127.11.0.131" port: 44813 } }
I20260713 09:05:08.878575 11298 catalog_manager.cc:5697] T f268c30d5fef4a35a0aa17ff32e435c4 P c386455deae64ef49a81765eefb17406 reported cstate change: term changed from 3 to 4, leader changed from d7d9ce15f0fb44ee8ea8340f4a37e025 (127.11.0.130) to c386455deae64ef49a81765eefb17406 (127.11.0.129). New cstate: current_term: 4 leader_uuid: "c386455deae64ef49a81765eefb17406" committed_config { opid_index: -1 OBSOLETE_local: false peers { permanent_uuid: "c386455deae64ef49a81765eefb17406" member_type: VOTER last_known_addr { host: "127.11.0.129" port: 43915 } health_report { overall_health: HEALTHY } } peers { permanent_uuid: "d7d9ce15f0fb44ee8ea8340f4a37e025" member_type: VOTER last_known_addr { host: "127.11.0.130" port: 37081 } health_report { overall_health: UNKNOWN } } peers { permanent_uuid: "085a0aedff944e4ab7b907fc2f8f04b2" member_type: VOTER last_known_addr { host: "127.11.0.131" port: 44813 } health_report { overall_health: UNKNOWN } } }
I20260713 09:05:08.936417 11739 raft_consensus.cc:993] T f3035cbc89db4a51a3fbd03c9a0a2d6d P d7d9ce15f0fb44ee8ea8340f4a37e025: : Instructing follower c386455deae64ef49a81765eefb17406 to start an election
I20260713 09:05:08.936942 11708 raft_consensus.cc:1081] T f3035cbc89db4a51a3fbd03c9a0a2d6d P d7d9ce15f0fb44ee8ea8340f4a37e025 [term 1 LEADER]: Signalling peer c386455deae64ef49a81765eefb17406 to start an election
I20260713 09:05:08.938521 11400 tablet_service.cc:2044] Received Run Leader Election RPC: tablet_id: "f3035cbc89db4a51a3fbd03c9a0a2d6d"
dest_uuid: "c386455deae64ef49a81765eefb17406"
 from {username='slave'} at 127.0.0.1:47304
I20260713 09:05:08.939019 11400 raft_consensus.cc:493] T f3035cbc89db4a51a3fbd03c9a0a2d6d P c386455deae64ef49a81765eefb17406 [term 1 FOLLOWER]: Starting forced leader election (received explicit request)
I20260713 09:05:08.939254 11400 raft_consensus.cc:3060] T f3035cbc89db4a51a3fbd03c9a0a2d6d P c386455deae64ef49a81765eefb17406 [term 1 FOLLOWER]: Advancing to term 2
I20260713 09:05:08.943770 11400 raft_consensus.cc:515] T f3035cbc89db4a51a3fbd03c9a0a2d6d P c386455deae64ef49a81765eefb17406 [term 2 FOLLOWER]: Starting forced leader election with config: opid_index: -1 OBSOLETE_local: false peers { permanent_uuid: "c386455deae64ef49a81765eefb17406" member_type: VOTER last_known_addr { host: "127.11.0.129" port: 43915 } } peers { permanent_uuid: "d7d9ce15f0fb44ee8ea8340f4a37e025" member_type: VOTER last_known_addr { host: "127.11.0.130" port: 37081 } } peers { permanent_uuid: "085a0aedff944e4ab7b907fc2f8f04b2" member_type: VOTER last_known_addr { host: "127.11.0.131" port: 44813 } }
I20260713 09:05:08.945519 11400 leader_election.cc:290] T f3035cbc89db4a51a3fbd03c9a0a2d6d P c386455deae64ef49a81765eefb17406 [CANDIDATE]: Term 2 election: Requested vote from peers d7d9ce15f0fb44ee8ea8340f4a37e025 (127.11.0.130:37081), 085a0aedff944e4ab7b907fc2f8f04b2 (127.11.0.131:44813)
I20260713 09:05:08.946251 11476 tablet_service.cc:1917] Received RequestConsensusVote() RPC: tablet_id: "f3035cbc89db4a51a3fbd03c9a0a2d6d" candidate_uuid: "c386455deae64ef49a81765eefb17406" candidate_term: 2 candidate_status { last_received { term: 1 index: 1 } } ignore_live_leader: true dest_uuid: "d7d9ce15f0fb44ee8ea8340f4a37e025"
I20260713 09:05:08.946612 11549 tablet_service.cc:1917] Received RequestConsensusVote() RPC: tablet_id: "f3035cbc89db4a51a3fbd03c9a0a2d6d" candidate_uuid: "c386455deae64ef49a81765eefb17406" candidate_term: 2 candidate_status { last_received { term: 1 index: 1 } } ignore_live_leader: true dest_uuid: "085a0aedff944e4ab7b907fc2f8f04b2"
I20260713 09:05:08.946875 11476 raft_consensus.cc:3055] T f3035cbc89db4a51a3fbd03c9a0a2d6d P d7d9ce15f0fb44ee8ea8340f4a37e025 [term 1 LEADER]: Stepping down as leader of term 1
I20260713 09:05:08.947121 11549 raft_consensus.cc:3060] T f3035cbc89db4a51a3fbd03c9a0a2d6d P 085a0aedff944e4ab7b907fc2f8f04b2 [term 1 FOLLOWER]: Advancing to term 2
I20260713 09:05:08.947221 11476 raft_consensus.cc:740] T f3035cbc89db4a51a3fbd03c9a0a2d6d P d7d9ce15f0fb44ee8ea8340f4a37e025 [term 1 LEADER]: Becoming Follower/Learner. State: Replica: d7d9ce15f0fb44ee8ea8340f4a37e025, State: Running, Role: LEADER
I20260713 09:05:08.948158 11476 consensus_queue.cc:260] T f3035cbc89db4a51a3fbd03c9a0a2d6d P d7d9ce15f0fb44ee8ea8340f4a37e025 [NON_LEADER]: Queue going to NON_LEADER mode. State: All replicated index: 0, Majority replicated index: 1, Committed index: 1, Last appended: 1.1, Last appended by leader: 1, Current term: 1, Majority size: -1, State: 0, Mode: NON_LEADER, active raft config: opid_index: -1 OBSOLETE_local: false peers { permanent_uuid: "c386455deae64ef49a81765eefb17406" member_type: VOTER last_known_addr { host: "127.11.0.129" port: 43915 } } peers { permanent_uuid: "d7d9ce15f0fb44ee8ea8340f4a37e025" member_type: VOTER last_known_addr { host: "127.11.0.130" port: 37081 } } peers { permanent_uuid: "085a0aedff944e4ab7b907fc2f8f04b2" member_type: VOTER last_known_addr { host: "127.11.0.131" port: 44813 } }
I20260713 09:05:08.949107 11476 raft_consensus.cc:3060] T f3035cbc89db4a51a3fbd03c9a0a2d6d P d7d9ce15f0fb44ee8ea8340f4a37e025 [term 1 FOLLOWER]: Advancing to term 2
I20260713 09:05:08.951804 11549 raft_consensus.cc:2468] T f3035cbc89db4a51a3fbd03c9a0a2d6d P 085a0aedff944e4ab7b907fc2f8f04b2 [term 2 FOLLOWER]: Leader election vote request: Granting yes vote for candidate c386455deae64ef49a81765eefb17406 in term 2.
I20260713 09:05:08.952961 11365 leader_election.cc:304] T f3035cbc89db4a51a3fbd03c9a0a2d6d P c386455deae64ef49a81765eefb17406 [CANDIDATE]: Term 2 election: Election decided. Result: candidate won. Election summary: received 2 responses out of 3 voters: 2 yes votes; 0 no votes. yes voters: 085a0aedff944e4ab7b907fc2f8f04b2, c386455deae64ef49a81765eefb17406; no voters: 
I20260713 09:05:08.953604 11740 raft_consensus.cc:2804] T f3035cbc89db4a51a3fbd03c9a0a2d6d P c386455deae64ef49a81765eefb17406 [term 2 FOLLOWER]: Leader election won for term 2
I20260713 09:05:08.954010 11476 raft_consensus.cc:2468] T f3035cbc89db4a51a3fbd03c9a0a2d6d P d7d9ce15f0fb44ee8ea8340f4a37e025 [term 2 FOLLOWER]: Leader election vote request: Granting yes vote for candidate c386455deae64ef49a81765eefb17406 in term 2.
I20260713 09:05:08.954098 11740 raft_consensus.cc:697] T f3035cbc89db4a51a3fbd03c9a0a2d6d P c386455deae64ef49a81765eefb17406 [term 2 LEADER]: Becoming Leader. State: Replica: c386455deae64ef49a81765eefb17406, State: Running, Role: LEADER
I20260713 09:05:08.955204 11740 consensus_queue.cc:237] T f3035cbc89db4a51a3fbd03c9a0a2d6d P c386455deae64ef49a81765eefb17406 [LEADER]: Queue going to LEADER mode. State: All replicated index: 0, Majority replicated index: 1, Committed index: 1, Last appended: 1.1, Last appended by leader: 1, Current term: 2, Majority size: 2, State: 0, Mode: LEADER, active raft config: opid_index: -1 OBSOLETE_local: false peers { permanent_uuid: "c386455deae64ef49a81765eefb17406" member_type: VOTER last_known_addr { host: "127.11.0.129" port: 43915 } } peers { permanent_uuid: "d7d9ce15f0fb44ee8ea8340f4a37e025" member_type: VOTER last_known_addr { host: "127.11.0.130" port: 37081 } } peers { permanent_uuid: "085a0aedff944e4ab7b907fc2f8f04b2" member_type: VOTER last_known_addr { host: "127.11.0.131" port: 44813 } }
I20260713 09:05:08.962762 11298 catalog_manager.cc:5697] T f3035cbc89db4a51a3fbd03c9a0a2d6d P c386455deae64ef49a81765eefb17406 reported cstate change: term changed from 1 to 2, leader changed from d7d9ce15f0fb44ee8ea8340f4a37e025 (127.11.0.130) to c386455deae64ef49a81765eefb17406 (127.11.0.129). New cstate: current_term: 2 leader_uuid: "c386455deae64ef49a81765eefb17406" committed_config { opid_index: -1 OBSOLETE_local: false peers { permanent_uuid: "c386455deae64ef49a81765eefb17406" member_type: VOTER last_known_addr { host: "127.11.0.129" port: 43915 } health_report { overall_health: HEALTHY } } peers { permanent_uuid: "d7d9ce15f0fb44ee8ea8340f4a37e025" member_type: VOTER last_known_addr { host: "127.11.0.130" port: 37081 } health_report { overall_health: UNKNOWN } } peers { permanent_uuid: "085a0aedff944e4ab7b907fc2f8f04b2" member_type: VOTER last_known_addr { host: "127.11.0.131" port: 44813 } health_report { overall_health: UNKNOWN } } }
I20260713 09:05:08.980568 11739 raft_consensus.cc:993] T 19ce9990beb445d1aee7fc6fcd77c87a P d7d9ce15f0fb44ee8ea8340f4a37e025: : Instructing follower 085a0aedff944e4ab7b907fc2f8f04b2 to start an election
I20260713 09:05:08.981043 11708 raft_consensus.cc:1081] T 19ce9990beb445d1aee7fc6fcd77c87a P d7d9ce15f0fb44ee8ea8340f4a37e025 [term 3 LEADER]: Signalling peer 085a0aedff944e4ab7b907fc2f8f04b2 to start an election
I20260713 09:05:08.982611 11549 tablet_service.cc:2044] Received Run Leader Election RPC: tablet_id: "19ce9990beb445d1aee7fc6fcd77c87a"
dest_uuid: "085a0aedff944e4ab7b907fc2f8f04b2"
 from {username='slave'} at 127.0.0.1:38778
I20260713 09:05:08.983014 11549 raft_consensus.cc:493] T 19ce9990beb445d1aee7fc6fcd77c87a P 085a0aedff944e4ab7b907fc2f8f04b2 [term 3 FOLLOWER]: Starting forced leader election (received explicit request)
I20260713 09:05:08.983247 11549 raft_consensus.cc:3060] T 19ce9990beb445d1aee7fc6fcd77c87a P 085a0aedff944e4ab7b907fc2f8f04b2 [term 3 FOLLOWER]: Advancing to term 4
I20260713 09:05:08.987679 11549 raft_consensus.cc:515] T 19ce9990beb445d1aee7fc6fcd77c87a P 085a0aedff944e4ab7b907fc2f8f04b2 [term 4 FOLLOWER]: Starting forced leader election with config: opid_index: -1 OBSOLETE_local: false peers { permanent_uuid: "c386455deae64ef49a81765eefb17406" member_type: VOTER last_known_addr { host: "127.11.0.129" port: 43915 } } peers { permanent_uuid: "d7d9ce15f0fb44ee8ea8340f4a37e025" member_type: VOTER last_known_addr { host: "127.11.0.130" port: 37081 } } peers { permanent_uuid: "085a0aedff944e4ab7b907fc2f8f04b2" member_type: VOTER last_known_addr { host: "127.11.0.131" port: 44813 } }
I20260713 09:05:08.989102 11549 leader_election.cc:290] T 19ce9990beb445d1aee7fc6fcd77c87a P 085a0aedff944e4ab7b907fc2f8f04b2 [CANDIDATE]: Term 4 election: Requested vote from peers c386455deae64ef49a81765eefb17406 (127.11.0.129:43915), d7d9ce15f0fb44ee8ea8340f4a37e025 (127.11.0.130:37081)
I20260713 09:05:08.990108 11400 tablet_service.cc:1917] Received RequestConsensusVote() RPC: tablet_id: "19ce9990beb445d1aee7fc6fcd77c87a" candidate_uuid: "085a0aedff944e4ab7b907fc2f8f04b2" candidate_term: 4 candidate_status { last_received { term: 3 index: 3 } } ignore_live_leader: true dest_uuid: "c386455deae64ef49a81765eefb17406"
I20260713 09:05:08.990222 11476 tablet_service.cc:1917] Received RequestConsensusVote() RPC: tablet_id: "19ce9990beb445d1aee7fc6fcd77c87a" candidate_uuid: "085a0aedff944e4ab7b907fc2f8f04b2" candidate_term: 4 candidate_status { last_received { term: 3 index: 3 } } ignore_live_leader: true dest_uuid: "d7d9ce15f0fb44ee8ea8340f4a37e025"
I20260713 09:05:08.990772 11400 raft_consensus.cc:3060] T 19ce9990beb445d1aee7fc6fcd77c87a P c386455deae64ef49a81765eefb17406 [term 3 FOLLOWER]: Advancing to term 4
I20260713 09:05:08.990787 11476 raft_consensus.cc:3055] T 19ce9990beb445d1aee7fc6fcd77c87a P d7d9ce15f0fb44ee8ea8340f4a37e025 [term 3 LEADER]: Stepping down as leader of term 3
I20260713 09:05:08.991279 11476 raft_consensus.cc:740] T 19ce9990beb445d1aee7fc6fcd77c87a P d7d9ce15f0fb44ee8ea8340f4a37e025 [term 3 LEADER]: Becoming Follower/Learner. State: Replica: d7d9ce15f0fb44ee8ea8340f4a37e025, State: Running, Role: LEADER
I20260713 09:05:08.992002 11476 consensus_queue.cc:260] T 19ce9990beb445d1aee7fc6fcd77c87a P d7d9ce15f0fb44ee8ea8340f4a37e025 [NON_LEADER]: Queue going to NON_LEADER mode. State: All replicated index: 0, Majority replicated index: 3, Committed index: 3, Last appended: 3.3, Last appended by leader: 3, Current term: 3, Majority size: -1, State: 0, Mode: NON_LEADER, active raft config: opid_index: -1 OBSOLETE_local: false peers { permanent_uuid: "c386455deae64ef49a81765eefb17406" member_type: VOTER last_known_addr { host: "127.11.0.129" port: 43915 } } peers { permanent_uuid: "d7d9ce15f0fb44ee8ea8340f4a37e025" member_type: VOTER last_known_addr { host: "127.11.0.130" port: 37081 } } peers { permanent_uuid: "085a0aedff944e4ab7b907fc2f8f04b2" member_type: VOTER last_known_addr { host: "127.11.0.131" port: 44813 } }
I20260713 09:05:08.993098 11476 raft_consensus.cc:3060] T 19ce9990beb445d1aee7fc6fcd77c87a P d7d9ce15f0fb44ee8ea8340f4a37e025 [term 3 FOLLOWER]: Advancing to term 4
I20260713 09:05:08.997248 11400 raft_consensus.cc:2468] T 19ce9990beb445d1aee7fc6fcd77c87a P c386455deae64ef49a81765eefb17406 [term 4 FOLLOWER]: Leader election vote request: Granting yes vote for candidate 085a0aedff944e4ab7b907fc2f8f04b2 in term 4.
I20260713 09:05:08.998400 11515 leader_election.cc:304] T 19ce9990beb445d1aee7fc6fcd77c87a P 085a0aedff944e4ab7b907fc2f8f04b2 [CANDIDATE]: Term 4 election: Election decided. Result: candidate won. Election summary: received 2 responses out of 3 voters: 2 yes votes; 0 no votes. yes voters: 085a0aedff944e4ab7b907fc2f8f04b2, c386455deae64ef49a81765eefb17406; no voters: 
I20260713 09:05:08.999171 11712 raft_consensus.cc:2804] T 19ce9990beb445d1aee7fc6fcd77c87a P 085a0aedff944e4ab7b907fc2f8f04b2 [term 4 FOLLOWER]: Leader election won for term 4
I20260713 09:05:08.999110 11476 raft_consensus.cc:2468] T 19ce9990beb445d1aee7fc6fcd77c87a P d7d9ce15f0fb44ee8ea8340f4a37e025 [term 4 FOLLOWER]: Leader election vote request: Granting yes vote for candidate 085a0aedff944e4ab7b907fc2f8f04b2 in term 4.
I20260713 09:05:08.999719 11712 raft_consensus.cc:697] T 19ce9990beb445d1aee7fc6fcd77c87a P 085a0aedff944e4ab7b907fc2f8f04b2 [term 4 LEADER]: Becoming Leader. State: Replica: 085a0aedff944e4ab7b907fc2f8f04b2, State: Running, Role: LEADER
I20260713 09:05:09.000649 11712 consensus_queue.cc:237] T 19ce9990beb445d1aee7fc6fcd77c87a P 085a0aedff944e4ab7b907fc2f8f04b2 [LEADER]: Queue going to LEADER mode. State: All replicated index: 0, Majority replicated index: 3, Committed index: 3, Last appended: 3.3, Last appended by leader: 3, Current term: 4, Majority size: 2, State: 0, Mode: LEADER, active raft config: opid_index: -1 OBSOLETE_local: false peers { permanent_uuid: "c386455deae64ef49a81765eefb17406" member_type: VOTER last_known_addr { host: "127.11.0.129" port: 43915 } } peers { permanent_uuid: "d7d9ce15f0fb44ee8ea8340f4a37e025" member_type: VOTER last_known_addr { host: "127.11.0.130" port: 37081 } } peers { permanent_uuid: "085a0aedff944e4ab7b907fc2f8f04b2" member_type: VOTER last_known_addr { host: "127.11.0.131" port: 44813 } }
I20260713 09:05:09.008072 11298 catalog_manager.cc:5697] T 19ce9990beb445d1aee7fc6fcd77c87a P 085a0aedff944e4ab7b907fc2f8f04b2 reported cstate change: term changed from 3 to 4, leader changed from d7d9ce15f0fb44ee8ea8340f4a37e025 (127.11.0.130) to 085a0aedff944e4ab7b907fc2f8f04b2 (127.11.0.131). New cstate: current_term: 4 leader_uuid: "085a0aedff944e4ab7b907fc2f8f04b2" committed_config { opid_index: -1 OBSOLETE_local: false peers { permanent_uuid: "c386455deae64ef49a81765eefb17406" member_type: VOTER last_known_addr { host: "127.11.0.129" port: 43915 } health_report { overall_health: UNKNOWN } } peers { permanent_uuid: "d7d9ce15f0fb44ee8ea8340f4a37e025" member_type: VOTER last_known_addr { host: "127.11.0.130" port: 37081 } health_report { overall_health: UNKNOWN } } peers { permanent_uuid: "085a0aedff944e4ab7b907fc2f8f04b2" member_type: VOTER last_known_addr { host: "127.11.0.131" port: 44813 } health_report { overall_health: HEALTHY } } }
I20260713 09:05:09.226015 11476 raft_consensus.cc:1275] T bba1fa45d78945febe955d14b100b695 P d7d9ce15f0fb44ee8ea8340f4a37e025 [term 5 FOLLOWER]: Refusing update from remote peer c386455deae64ef49a81765eefb17406: Log matching property violated. Preceding OpId in replica: term: 4 index: 4. Preceding OpId from leader: term: 5 index: 5. (index mismatch)
I20260713 09:05:09.226291 11475 raft_consensus.cc:1275] T de3c2efa07bc41ff85ffa4e934cc9628 P d7d9ce15f0fb44ee8ea8340f4a37e025 [term 3 FOLLOWER]: Refusing update from remote peer 085a0aedff944e4ab7b907fc2f8f04b2: Log matching property violated. Preceding OpId in replica: term: 2 index: 2. Preceding OpId from leader: term: 3 index: 3. (index mismatch)
I20260713 09:05:09.227527 11740 consensus_queue.cc:1048] T bba1fa45d78945febe955d14b100b695 P c386455deae64ef49a81765eefb17406 [LEADER]: Connected to new peer: Peer: permanent_uuid: "d7d9ce15f0fb44ee8ea8340f4a37e025" member_type: VOTER last_known_addr { host: "127.11.0.130" port: 37081 }, Status: LMP_MISMATCH, Last received: 0.0, Next index: 5, Last known committed idx: 4, Time since last communication: 0.001s
I20260713 09:05:09.227726 11712 consensus_queue.cc:1048] T de3c2efa07bc41ff85ffa4e934cc9628 P 085a0aedff944e4ab7b907fc2f8f04b2 [LEADER]: Connected to new peer: Peer: permanent_uuid: "d7d9ce15f0fb44ee8ea8340f4a37e025" member_type: VOTER last_known_addr { host: "127.11.0.130" port: 37081 }, Status: LMP_MISMATCH, Last received: 0.0, Next index: 3, Last known committed idx: 2, Time since last communication: 0.000s
I20260713 09:05:09.243981 11400 raft_consensus.cc:1275] T de3c2efa07bc41ff85ffa4e934cc9628 P c386455deae64ef49a81765eefb17406 [term 3 FOLLOWER]: Refusing update from remote peer 085a0aedff944e4ab7b907fc2f8f04b2: Log matching property violated. Preceding OpId in replica: term: 2 index: 2. Preceding OpId from leader: term: 3 index: 3. (index mismatch)
I20260713 09:05:09.245843 11744 consensus_queue.cc:1048] T de3c2efa07bc41ff85ffa4e934cc9628 P 085a0aedff944e4ab7b907fc2f8f04b2 [LEADER]: Connected to new peer: Peer: permanent_uuid: "c386455deae64ef49a81765eefb17406" member_type: VOTER last_known_addr { host: "127.11.0.129" port: 43915 }, Status: LMP_MISMATCH, Last received: 0.0, Next index: 3, Last known committed idx: 2, Time since last communication: 0.001s
I20260713 09:05:09.259183 11549 raft_consensus.cc:1275] T bba1fa45d78945febe955d14b100b695 P 085a0aedff944e4ab7b907fc2f8f04b2 [term 5 FOLLOWER]: Refusing update from remote peer c386455deae64ef49a81765eefb17406: Log matching property violated. Preceding OpId in replica: term: 4 index: 4. Preceding OpId from leader: term: 5 index: 5. (index mismatch)
I20260713 09:05:09.260988 11740 consensus_queue.cc:1048] T bba1fa45d78945febe955d14b100b695 P c386455deae64ef49a81765eefb17406 [LEADER]: Connected to new peer: Peer: permanent_uuid: "085a0aedff944e4ab7b907fc2f8f04b2" member_type: VOTER last_known_addr { host: "127.11.0.131" port: 44813 }, Status: LMP_MISMATCH, Last received: 0.0, Next index: 5, Last known committed idx: 4, Time since last communication: 0.000s
I20260713 09:05:09.317278 11475 raft_consensus.cc:1275] T f268c30d5fef4a35a0aa17ff32e435c4 P d7d9ce15f0fb44ee8ea8340f4a37e025 [term 4 FOLLOWER]: Refusing update from remote peer c386455deae64ef49a81765eefb17406: Log matching property violated. Preceding OpId in replica: term: 3 index: 3. Preceding OpId from leader: term: 4 index: 4. (index mismatch)
I20260713 09:05:09.318682 11740 consensus_queue.cc:1048] T f268c30d5fef4a35a0aa17ff32e435c4 P c386455deae64ef49a81765eefb17406 [LEADER]: Connected to new peer: Peer: permanent_uuid: "d7d9ce15f0fb44ee8ea8340f4a37e025" member_type: VOTER last_known_addr { host: "127.11.0.130" port: 37081 }, Status: LMP_MISMATCH, Last received: 0.0, Next index: 4, Last known committed idx: 3, Time since last communication: 0.000s
I20260713 09:05:09.329085 11549 raft_consensus.cc:1275] T f268c30d5fef4a35a0aa17ff32e435c4 P 085a0aedff944e4ab7b907fc2f8f04b2 [term 4 FOLLOWER]: Refusing update from remote peer c386455deae64ef49a81765eefb17406: Log matching property violated. Preceding OpId in replica: term: 3 index: 3. Preceding OpId from leader: term: 4 index: 4. (index mismatch)
I20260713 09:05:09.330687 11741 consensus_queue.cc:1048] T f268c30d5fef4a35a0aa17ff32e435c4 P c386455deae64ef49a81765eefb17406 [LEADER]: Connected to new peer: Peer: permanent_uuid: "085a0aedff944e4ab7b907fc2f8f04b2" member_type: VOTER last_known_addr { host: "127.11.0.131" port: 44813 }, Status: LMP_MISMATCH, Last received: 0.0, Next index: 4, Last known committed idx: 3, Time since last communication: 0.001s
I20260713 09:05:09.440912 11549 raft_consensus.cc:1275] T f3035cbc89db4a51a3fbd03c9a0a2d6d P 085a0aedff944e4ab7b907fc2f8f04b2 [term 2 FOLLOWER]: Refusing update from remote peer c386455deae64ef49a81765eefb17406: Log matching property violated. Preceding OpId in replica: term: 1 index: 1. Preceding OpId from leader: term: 2 index: 2. (index mismatch)
I20260713 09:05:09.442335 11762 consensus_queue.cc:1048] T f3035cbc89db4a51a3fbd03c9a0a2d6d P c386455deae64ef49a81765eefb17406 [LEADER]: Connected to new peer: Peer: permanent_uuid: "085a0aedff944e4ab7b907fc2f8f04b2" member_type: VOTER last_known_addr { host: "127.11.0.131" port: 44813 }, Status: LMP_MISMATCH, Last received: 0.0, Next index: 2, Last known committed idx: 1, Time since last communication: 0.000s
I20260713 09:05:09.452641 11475 raft_consensus.cc:1275] T f3035cbc89db4a51a3fbd03c9a0a2d6d P d7d9ce15f0fb44ee8ea8340f4a37e025 [term 2 FOLLOWER]: Refusing update from remote peer c386455deae64ef49a81765eefb17406: Log matching property violated. Preceding OpId in replica: term: 1 index: 1. Preceding OpId from leader: term: 2 index: 2. (index mismatch)
I20260713 09:05:09.454421 11740 consensus_queue.cc:1048] T f3035cbc89db4a51a3fbd03c9a0a2d6d P c386455deae64ef49a81765eefb17406 [LEADER]: Connected to new peer: Peer: permanent_uuid: "d7d9ce15f0fb44ee8ea8340f4a37e025" member_type: VOTER last_known_addr { host: "127.11.0.130" port: 37081 }, Status: LMP_MISMATCH, Last received: 0.0, Next index: 2, Last known committed idx: 1, Time since last communication: 0.000s
I20260713 09:05:09.541100 11400 raft_consensus.cc:1275] T 19ce9990beb445d1aee7fc6fcd77c87a P c386455deae64ef49a81765eefb17406 [term 4 FOLLOWER]: Refusing update from remote peer 085a0aedff944e4ab7b907fc2f8f04b2: Log matching property violated. Preceding OpId in replica: term: 3 index: 3. Preceding OpId from leader: term: 4 index: 4. (index mismatch)
I20260713 09:05:09.542414 11712 consensus_queue.cc:1048] T 19ce9990beb445d1aee7fc6fcd77c87a P 085a0aedff944e4ab7b907fc2f8f04b2 [LEADER]: Connected to new peer: Peer: permanent_uuid: "c386455deae64ef49a81765eefb17406" member_type: VOTER last_known_addr { host: "127.11.0.129" port: 43915 }, Status: LMP_MISMATCH, Last received: 0.0, Next index: 4, Last known committed idx: 3, Time since last communication: 0.000s
I20260713 09:05:09.552595 11475 raft_consensus.cc:1275] T 19ce9990beb445d1aee7fc6fcd77c87a P d7d9ce15f0fb44ee8ea8340f4a37e025 [term 4 FOLLOWER]: Refusing update from remote peer 085a0aedff944e4ab7b907fc2f8f04b2: Log matching property violated. Preceding OpId in replica: term: 3 index: 3. Preceding OpId from leader: term: 4 index: 4. (index mismatch)
I20260713 09:05:09.554338 11756 consensus_queue.cc:1048] T 19ce9990beb445d1aee7fc6fcd77c87a P 085a0aedff944e4ab7b907fc2f8f04b2 [LEADER]: Connected to new peer: Peer: permanent_uuid: "d7d9ce15f0fb44ee8ea8340f4a37e025" member_type: VOTER last_known_addr { host: "127.11.0.130" port: 37081 }, Status: LMP_MISMATCH, Last received: 0.0, Next index: 4, Last known committed idx: 3, Time since last communication: 0.000s
I20260713 09:05:09.663349 11266 auto_leader_rebalancer.cc:141] leader rebalance for table test-workload
I20260713 09:05:09.668812 11266 tablet_server.cc:179] TabletServer@127.11.0.129:0 shutting down...
W20260713 09:05:09.689604 11515 proxy.cc:239] Call had error, refreshing address and retrying: Remote error: Service unavailable: service kudu.consensus.ConsensusService not registered on TabletServer
W20260713 09:05:09.697547 11515 consensus_peers.cc:597] T de3c2efa07bc41ff85ffa4e934cc9628 P 085a0aedff944e4ab7b907fc2f8f04b2 -> Peer c386455deae64ef49a81765eefb17406 (127.11.0.129:43915): Couldn't send request to peer c386455deae64ef49a81765eefb17406. Status: Remote error: Service unavailable: service kudu.consensus.ConsensusService not registered on TabletServer. This is attempt 1: this message will repeat every 5th retry.
I20260713 09:05:09.704788 11266 ts_tablet_manager.cc:1507] Shutting down tablet manager...
I20260713 09:05:09.705607 11266 tablet_replica.cc:333] T 4e07cb2b48be4a2695f8c92505e3e62c P c386455deae64ef49a81765eefb17406: stopping tablet replica
I20260713 09:05:09.706501 11266 raft_consensus.cc:2243] T 4e07cb2b48be4a2695f8c92505e3e62c P c386455deae64ef49a81765eefb17406 [term 4 FOLLOWER]: Raft consensus shutting down.
I20260713 09:05:09.707131 11266 raft_consensus.cc:2272] T 4e07cb2b48be4a2695f8c92505e3e62c P c386455deae64ef49a81765eefb17406 [term 4 FOLLOWER]: Raft consensus is shut down!
I20260713 09:05:09.709622 11266 tablet_replica.cc:333] T 58c1088be5b44539a8bd2db0367c27cc P c386455deae64ef49a81765eefb17406: stopping tablet replica
I20260713 09:05:09.710199 11266 raft_consensus.cc:2243] T 58c1088be5b44539a8bd2db0367c27cc P c386455deae64ef49a81765eefb17406 [term 2 FOLLOWER]: Raft consensus shutting down.
I20260713 09:05:09.710618 11266 raft_consensus.cc:2272] T 58c1088be5b44539a8bd2db0367c27cc P c386455deae64ef49a81765eefb17406 [term 2 FOLLOWER]: Raft consensus is shut down!
I20260713 09:05:09.712265 11266 tablet_replica.cc:333] T f3035cbc89db4a51a3fbd03c9a0a2d6d P c386455deae64ef49a81765eefb17406: stopping tablet replica
I20260713 09:05:09.712795 11266 raft_consensus.cc:2243] T f3035cbc89db4a51a3fbd03c9a0a2d6d P c386455deae64ef49a81765eefb17406 [term 2 LEADER]: Raft consensus shutting down.
I20260713 09:05:09.713567 11266 raft_consensus.cc:2272] T f3035cbc89db4a51a3fbd03c9a0a2d6d P c386455deae64ef49a81765eefb17406 [term 2 FOLLOWER]: Raft consensus is shut down!
I20260713 09:05:09.716322 11266 tablet_replica.cc:333] T de3c2efa07bc41ff85ffa4e934cc9628 P c386455deae64ef49a81765eefb17406: stopping tablet replica
I20260713 09:05:09.716886 11266 raft_consensus.cc:2243] T de3c2efa07bc41ff85ffa4e934cc9628 P c386455deae64ef49a81765eefb17406 [term 3 FOLLOWER]: Raft consensus shutting down.
I20260713 09:05:09.717334 11266 raft_consensus.cc:2272] T de3c2efa07bc41ff85ffa4e934cc9628 P c386455deae64ef49a81765eefb17406 [term 3 FOLLOWER]: Raft consensus is shut down!
I20260713 09:05:09.719579 11266 tablet_replica.cc:333] T f268c30d5fef4a35a0aa17ff32e435c4 P c386455deae64ef49a81765eefb17406: stopping tablet replica
I20260713 09:05:09.720103 11266 raft_consensus.cc:2243] T f268c30d5fef4a35a0aa17ff32e435c4 P c386455deae64ef49a81765eefb17406 [term 4 LEADER]: Raft consensus shutting down.
I20260713 09:05:09.720878 11266 raft_consensus.cc:2272] T f268c30d5fef4a35a0aa17ff32e435c4 P c386455deae64ef49a81765eefb17406 [term 4 FOLLOWER]: Raft consensus is shut down!
I20260713 09:05:09.723192 11266 tablet_replica.cc:333] T 19ce9990beb445d1aee7fc6fcd77c87a P c386455deae64ef49a81765eefb17406: stopping tablet replica
I20260713 09:05:09.723716 11266 raft_consensus.cc:2243] T 19ce9990beb445d1aee7fc6fcd77c87a P c386455deae64ef49a81765eefb17406 [term 4 FOLLOWER]: Raft consensus shutting down.
I20260713 09:05:09.724295 11266 raft_consensus.cc:2272] T 19ce9990beb445d1aee7fc6fcd77c87a P c386455deae64ef49a81765eefb17406 [term 4 FOLLOWER]: Raft consensus is shut down!
I20260713 09:05:09.726500 11266 tablet_replica.cc:333] T 18bdde2cfdc34a638f9a1dcb42fc7af4 P c386455deae64ef49a81765eefb17406: stopping tablet replica
I20260713 09:05:09.727018 11266 raft_consensus.cc:2243] T 18bdde2cfdc34a638f9a1dcb42fc7af4 P c386455deae64ef49a81765eefb17406 [term 1 FOLLOWER]: Raft consensus shutting down.
I20260713 09:05:09.727506 11266 raft_consensus.cc:2272] T 18bdde2cfdc34a638f9a1dcb42fc7af4 P c386455deae64ef49a81765eefb17406 [term 1 FOLLOWER]: Raft consensus is shut down!
I20260713 09:05:09.729331 11266 tablet_replica.cc:333] T bba1fa45d78945febe955d14b100b695 P c386455deae64ef49a81765eefb17406: stopping tablet replica
I20260713 09:05:09.729882 11266 raft_consensus.cc:2243] T bba1fa45d78945febe955d14b100b695 P c386455deae64ef49a81765eefb17406 [term 5 LEADER]: Raft consensus shutting down.
I20260713 09:05:09.730696 11266 raft_consensus.cc:2272] T bba1fa45d78945febe955d14b100b695 P c386455deae64ef49a81765eefb17406 [term 5 FOLLOWER]: Raft consensus is shut down!
I20260713 09:05:09.732573 11266 tablet_replica.cc:333] T 86b160ba25be45b28c1d87a635236d57 P c386455deae64ef49a81765eefb17406: stopping tablet replica
I20260713 09:05:09.733060 11266 raft_consensus.cc:2243] T 86b160ba25be45b28c1d87a635236d57 P c386455deae64ef49a81765eefb17406 [term 2 FOLLOWER]: Raft consensus shutting down.
I20260713 09:05:09.733515 11266 raft_consensus.cc:2272] T 86b160ba25be45b28c1d87a635236d57 P c386455deae64ef49a81765eefb17406 [term 2 FOLLOWER]: Raft consensus is shut down!
I20260713 09:05:09.860363 11266 tablet_server.cc:196] TabletServer@127.11.0.129:0 shutdown complete.
W20260713 09:05:09.861392 11441 consensus_peers.cc:597] T 4e07cb2b48be4a2695f8c92505e3e62c P d7d9ce15f0fb44ee8ea8340f4a37e025 -> Peer c386455deae64ef49a81765eefb17406 (127.11.0.129:43915): Couldn't send request to peer c386455deae64ef49a81765eefb17406. Status: Network error: Client connection negotiation failed: client connection to 127.11.0.129:43915: connect: Connection refused (error 111). This is attempt 1: this message will repeat every 5th retry.
W20260713 09:05:09.872583 11441 consensus_peers.cc:597] T 18bdde2cfdc34a638f9a1dcb42fc7af4 P d7d9ce15f0fb44ee8ea8340f4a37e025 -> Peer c386455deae64ef49a81765eefb17406 (127.11.0.129:43915): Couldn't send request to peer c386455deae64ef49a81765eefb17406. Status: Network error: Client connection negotiation failed: client connection to 127.11.0.129:43915: connect: Connection refused (error 111). This is attempt 1: this message will repeat every 5th retry.
I20260713 09:05:09.882356 11266 tablet_server.cc:179] TabletServer@127.11.0.130:0 shutting down...
I20260713 09:05:09.911087 11266 ts_tablet_manager.cc:1507] Shutting down tablet manager...
I20260713 09:05:09.911808 11266 tablet_replica.cc:333] T f3035cbc89db4a51a3fbd03c9a0a2d6d P d7d9ce15f0fb44ee8ea8340f4a37e025: stopping tablet replica
I20260713 09:05:09.912464 11266 raft_consensus.cc:2243] T f3035cbc89db4a51a3fbd03c9a0a2d6d P d7d9ce15f0fb44ee8ea8340f4a37e025 [term 2 FOLLOWER]: Raft consensus shutting down.
I20260713 09:05:09.912946 11266 raft_consensus.cc:2272] T f3035cbc89db4a51a3fbd03c9a0a2d6d P d7d9ce15f0fb44ee8ea8340f4a37e025 [term 2 FOLLOWER]: Raft consensus is shut down!
I20260713 09:05:09.915396 11266 tablet_replica.cc:333] T de3c2efa07bc41ff85ffa4e934cc9628 P d7d9ce15f0fb44ee8ea8340f4a37e025: stopping tablet replica
I20260713 09:05:09.916023 11266 raft_consensus.cc:2243] T de3c2efa07bc41ff85ffa4e934cc9628 P d7d9ce15f0fb44ee8ea8340f4a37e025 [term 3 FOLLOWER]: Raft consensus shutting down.
I20260713 09:05:09.916512 11266 raft_consensus.cc:2272] T de3c2efa07bc41ff85ffa4e934cc9628 P d7d9ce15f0fb44ee8ea8340f4a37e025 [term 3 FOLLOWER]: Raft consensus is shut down!
I20260713 09:05:09.920055 11266 tablet_replica.cc:333] T 18bdde2cfdc34a638f9a1dcb42fc7af4 P d7d9ce15f0fb44ee8ea8340f4a37e025: stopping tablet replica
I20260713 09:05:09.920929 11266 raft_consensus.cc:2243] T 18bdde2cfdc34a638f9a1dcb42fc7af4 P d7d9ce15f0fb44ee8ea8340f4a37e025 [term 1 LEADER]: Raft consensus shutting down.
I20260713 09:05:09.922231 11266 raft_consensus.cc:2272] T 18bdde2cfdc34a638f9a1dcb42fc7af4 P d7d9ce15f0fb44ee8ea8340f4a37e025 [term 1 FOLLOWER]: Raft consensus is shut down!
I20260713 09:05:09.924695 11266 tablet_replica.cc:333] T 19ce9990beb445d1aee7fc6fcd77c87a P d7d9ce15f0fb44ee8ea8340f4a37e025: stopping tablet replica
I20260713 09:05:09.925213 11266 raft_consensus.cc:2243] T 19ce9990beb445d1aee7fc6fcd77c87a P d7d9ce15f0fb44ee8ea8340f4a37e025 [term 4 FOLLOWER]: Raft consensus shutting down.
I20260713 09:05:09.925686 11266 raft_consensus.cc:2272] T 19ce9990beb445d1aee7fc6fcd77c87a P d7d9ce15f0fb44ee8ea8340f4a37e025 [term 4 FOLLOWER]: Raft consensus is shut down!
I20260713 09:05:09.928012 11266 tablet_replica.cc:333] T 58c1088be5b44539a8bd2db0367c27cc P d7d9ce15f0fb44ee8ea8340f4a37e025: stopping tablet replica
I20260713 09:05:09.928450 11266 raft_consensus.cc:2243] T 58c1088be5b44539a8bd2db0367c27cc P d7d9ce15f0fb44ee8ea8340f4a37e025 [term 2 LEADER]: Raft consensus shutting down.
I20260713 09:05:09.929322 11266 raft_consensus.cc:2272] T 58c1088be5b44539a8bd2db0367c27cc P d7d9ce15f0fb44ee8ea8340f4a37e025 [term 2 FOLLOWER]: Raft consensus is shut down!
I20260713 09:05:09.931085 11266 tablet_replica.cc:333] T 86b160ba25be45b28c1d87a635236d57 P d7d9ce15f0fb44ee8ea8340f4a37e025: stopping tablet replica
I20260713 09:05:09.931540 11266 raft_consensus.cc:2243] T 86b160ba25be45b28c1d87a635236d57 P d7d9ce15f0fb44ee8ea8340f4a37e025 [term 2 FOLLOWER]: Raft consensus shutting down.
I20260713 09:05:09.931905 11266 raft_consensus.cc:2272] T 86b160ba25be45b28c1d87a635236d57 P d7d9ce15f0fb44ee8ea8340f4a37e025 [term 2 FOLLOWER]: Raft consensus is shut down!
I20260713 09:05:09.933352 11266 tablet_replica.cc:333] T bba1fa45d78945febe955d14b100b695 P d7d9ce15f0fb44ee8ea8340f4a37e025: stopping tablet replica
I20260713 09:05:09.933755 11266 raft_consensus.cc:2243] T bba1fa45d78945febe955d14b100b695 P d7d9ce15f0fb44ee8ea8340f4a37e025 [term 5 FOLLOWER]: Raft consensus shutting down.
I20260713 09:05:09.934167 11266 raft_consensus.cc:2272] T bba1fa45d78945febe955d14b100b695 P d7d9ce15f0fb44ee8ea8340f4a37e025 [term 5 FOLLOWER]: Raft consensus is shut down!
I20260713 09:05:09.936627 11266 tablet_replica.cc:333] T 4e07cb2b48be4a2695f8c92505e3e62c P d7d9ce15f0fb44ee8ea8340f4a37e025: stopping tablet replica
I20260713 09:05:09.937256 11266 raft_consensus.cc:2243] T 4e07cb2b48be4a2695f8c92505e3e62c P d7d9ce15f0fb44ee8ea8340f4a37e025 [term 4 LEADER]: Raft consensus shutting down.
I20260713 09:05:09.938262 11266 raft_consensus.cc:2272] T 4e07cb2b48be4a2695f8c92505e3e62c P d7d9ce15f0fb44ee8ea8340f4a37e025 [term 4 FOLLOWER]: Raft consensus is shut down!
I20260713 09:05:09.940635 11266 tablet_replica.cc:333] T f268c30d5fef4a35a0aa17ff32e435c4 P d7d9ce15f0fb44ee8ea8340f4a37e025: stopping tablet replica
I20260713 09:05:09.941241 11266 raft_consensus.cc:2243] T f268c30d5fef4a35a0aa17ff32e435c4 P d7d9ce15f0fb44ee8ea8340f4a37e025 [term 4 FOLLOWER]: Raft consensus shutting down.
I20260713 09:05:09.941704 11266 raft_consensus.cc:2272] T f268c30d5fef4a35a0aa17ff32e435c4 P d7d9ce15f0fb44ee8ea8340f4a37e025 [term 4 FOLLOWER]: Raft consensus is shut down!
I20260713 09:05:09.973083 11266 tablet_server.cc:196] TabletServer@127.11.0.130:0 shutdown complete.
