I20260713 09:05:20.097636 12529 raft_consensus.cc:359] T da7fb5a5151f4c28841bf42afe7e0da7 P d2dedd458db942d3aaefb9ced474880f [term 0 FOLLOWER]: Replica starting. Triggering 0 pending ops. Active config: opid_index: -1 OBSOLETE_local: false peers { permanent_uuid: "5441b1610608480eac1fff84835ddcfe" member_type: VOTER last_known_addr { host: "127.10.248.1" port: 34437 } } peers { permanent_uuid: "1498163c71ed41e68bbd1460cce69b23" member_type: VOTER last_known_addr { host: "127.10.248.2" port: 36595 } } peers { permanent_uuid: "d2dedd458db942d3aaefb9ced474880f" member_type: VOTER last_known_addr { host: "127.10.248.3" port: 33777 } }
I20260713 09:05:20.111819 12529 raft_consensus.cc:385] T da7fb5a5151f4c28841bf42afe7e0da7 P d2dedd458db942d3aaefb9ced474880f [term 0 FOLLOWER]: Consensus starting up: Expiring failure detector timer to make a prompt election more likely
I20260713 09:05:20.112808 12529 raft_consensus.cc:740] T da7fb5a5151f4c28841bf42afe7e0da7 P d2dedd458db942d3aaefb9ced474880f [term 0 FOLLOWER]: Becoming Follower/Learner. State: Replica: d2dedd458db942d3aaefb9ced474880f, State: Initialized, Role: FOLLOWER
I20260713 09:05:20.113664 12529 consensus_queue.cc:260] T da7fb5a5151f4c28841bf42afe7e0da7 P d2dedd458db942d3aaefb9ced474880f [NON_LEADER]: Queue going to NON_LEADER mode. State: All replicated index: 0, Majority replicated index: 0, Committed index: 0, Last appended: 0.0, Last appended by leader: 0, Current term: 0, Majority size: -1, State: 0, Mode: NON_LEADER, active raft config: opid_index: -1 OBSOLETE_local: false peers { permanent_uuid: "5441b1610608480eac1fff84835ddcfe" member_type: VOTER last_known_addr { host: "127.10.248.1" port: 34437 } } peers { permanent_uuid: "1498163c71ed41e68bbd1460cce69b23" member_type: VOTER last_known_addr { host: "127.10.248.2" port: 36595 } } peers { permanent_uuid: "d2dedd458db942d3aaefb9ced474880f" member_type: VOTER last_known_addr { host: "127.10.248.3" port: 33777 } }
I20260713 09:05:20.116535 12511 heartbeater.cc:499] Master 127.10.248.62:37639 was elected leader, sending a full tablet report...
I20260713 09:05:20.117220 12529 ts_tablet_manager.cc:1434] T da7fb5a5151f4c28841bf42afe7e0da7 P d2dedd458db942d3aaefb9ced474880f: Time spent starting tablet: real 0.027s	user 0.003s	sys 0.005s
I20260713 09:05:20.118184 12529 tablet_bootstrap.cc:492] T cf3f9f29d66a447da8f176fbf7500f54 P d2dedd458db942d3aaefb9ced474880f: Bootstrap starting.
I20260713 09:05:20.123035 12412 tablet_service.cc:1917] Received RequestConsensusVote() RPC: tablet_id: "3140044350604f3d8db29aa8cb5a2e32" candidate_uuid: "5441b1610608480eac1fff84835ddcfe" candidate_term: 1 candidate_status { last_received { term: 0 index: 0 } } ignore_live_leader: false dest_uuid: "1498163c71ed41e68bbd1460cce69b23" is_pre_election: true
I20260713 09:05:20.123800 12527 tablet_bootstrap.cc:492] T d242eff672af4170911e7ac3be9afef9 P 1498163c71ed41e68bbd1460cce69b23: Bootstrap starting.
I20260713 09:05:20.123754 12412 raft_consensus.cc:2468] T 3140044350604f3d8db29aa8cb5a2e32 P 1498163c71ed41e68bbd1460cce69b23 [term 0 FOLLOWER]: Leader pre-election vote request: Granting yes vote for candidate 5441b1610608480eac1fff84835ddcfe in term 0.
I20260713 09:05:20.124524 12529 tablet_bootstrap.cc:654] T cf3f9f29d66a447da8f176fbf7500f54 P d2dedd458db942d3aaefb9ced474880f: Neither blocks nor log segments found. Creating new log.
I20260713 09:05:20.127004 12486 tablet_service.cc:1917] Received RequestConsensusVote() RPC: tablet_id: "3140044350604f3d8db29aa8cb5a2e32" candidate_uuid: "5441b1610608480eac1fff84835ddcfe" candidate_term: 1 candidate_status { last_received { term: 0 index: 0 } } ignore_live_leader: false dest_uuid: "d2dedd458db942d3aaefb9ced474880f" is_pre_election: true
I20260713 09:05:20.127128 12301 leader_election.cc:304] T 3140044350604f3d8db29aa8cb5a2e32 P 5441b1610608480eac1fff84835ddcfe [CANDIDATE]: Term 1 pre-election: Election decided. Result: candidate won. Election summary: received 2 responses out of 3 voters: 2 yes votes; 0 no votes. yes voters: 1498163c71ed41e68bbd1460cce69b23, 5441b1610608480eac1fff84835ddcfe; no voters: 
W20260713 09:05:20.128733 12302 leader_election.cc:343] T 3140044350604f3d8db29aa8cb5a2e32 P 5441b1610608480eac1fff84835ddcfe [CANDIDATE]: Term 1 pre-election: Tablet error from VoteRequest() call to peer d2dedd458db942d3aaefb9ced474880f (127.10.248.3:33777): Illegal state: must be running to vote when last-logged opid is not known
I20260713 09:05:20.129092 12526 tablet_bootstrap.cc:492] T 14e99a882932406496bdb30ab50c673f P 5441b1610608480eac1fff84835ddcfe: No bootstrap required, opened a new log
I20260713 09:05:20.129554 12526 ts_tablet_manager.cc:1403] T 14e99a882932406496bdb30ab50c673f P 5441b1610608480eac1fff84835ddcfe: Time spent bootstrapping tablet: real 0.082s	user 0.015s	sys 0.005s
I20260713 09:05:20.130309 12532 raft_consensus.cc:2804] T 3140044350604f3d8db29aa8cb5a2e32 P 5441b1610608480eac1fff84835ddcfe [term 0 FOLLOWER]: Leader pre-election won for term 1
I20260713 09:05:20.130493 12527 tablet_bootstrap.cc:654] T d242eff672af4170911e7ac3be9afef9 P 1498163c71ed41e68bbd1460cce69b23: Neither blocks nor log segments found. Creating new log.
I20260713 09:05:20.130697 12532 raft_consensus.cc:493] T 3140044350604f3d8db29aa8cb5a2e32 P 5441b1610608480eac1fff84835ddcfe [term 0 FOLLOWER]: Starting leader election (no leader contacted us within the election timeout)
I20260713 09:05:20.131091 12532 raft_consensus.cc:3060] T 3140044350604f3d8db29aa8cb5a2e32 P 5441b1610608480eac1fff84835ddcfe [term 0 FOLLOWER]: Advancing to term 1
I20260713 09:05:20.133251 12526 raft_consensus.cc:359] T 14e99a882932406496bdb30ab50c673f P 5441b1610608480eac1fff84835ddcfe [term 0 FOLLOWER]: Replica starting. Triggering 0 pending ops. Active config: opid_index: -1 OBSOLETE_local: false peers { permanent_uuid: "5441b1610608480eac1fff84835ddcfe" member_type: VOTER last_known_addr { host: "127.10.248.1" port: 34437 } } peers { permanent_uuid: "1498163c71ed41e68bbd1460cce69b23" member_type: VOTER last_known_addr { host: "127.10.248.2" port: 36595 } } peers { permanent_uuid: "d2dedd458db942d3aaefb9ced474880f" member_type: VOTER last_known_addr { host: "127.10.248.3" port: 33777 } }
I20260713 09:05:20.134018 12526 raft_consensus.cc:385] T 14e99a882932406496bdb30ab50c673f P 5441b1610608480eac1fff84835ddcfe [term 0 FOLLOWER]: Consensus starting up: Expiring failure detector timer to make a prompt election more likely
I20260713 09:05:20.134323 12526 raft_consensus.cc:740] T 14e99a882932406496bdb30ab50c673f P 5441b1610608480eac1fff84835ddcfe [term 0 FOLLOWER]: Becoming Follower/Learner. State: Replica: 5441b1610608480eac1fff84835ddcfe, State: Initialized, Role: FOLLOWER
I20260713 09:05:20.135136 12526 consensus_queue.cc:260] T 14e99a882932406496bdb30ab50c673f P 5441b1610608480eac1fff84835ddcfe [NON_LEADER]: Queue going to NON_LEADER mode. State: All replicated index: 0, Majority replicated index: 0, Committed index: 0, Last appended: 0.0, Last appended by leader: 0, Current term: 0, Majority size: -1, State: 0, Mode: NON_LEADER, active raft config: opid_index: -1 OBSOLETE_local: false peers { permanent_uuid: "5441b1610608480eac1fff84835ddcfe" member_type: VOTER last_known_addr { host: "127.10.248.1" port: 34437 } } peers { permanent_uuid: "1498163c71ed41e68bbd1460cce69b23" member_type: VOTER last_known_addr { host: "127.10.248.2" port: 36595 } } peers { permanent_uuid: "d2dedd458db942d3aaefb9ced474880f" member_type: VOTER last_known_addr { host: "127.10.248.3" port: 33777 } }
I20260713 09:05:20.138129 12526 ts_tablet_manager.cc:1434] T 14e99a882932406496bdb30ab50c673f P 5441b1610608480eac1fff84835ddcfe: Time spent starting tablet: real 0.008s	user 0.004s	sys 0.003s
I20260713 09:05:20.139098 12526 tablet_bootstrap.cc:492] T 571e7f4f582f4ddda1138b035d0ecbfc P 5441b1610608480eac1fff84835ddcfe: Bootstrap starting.
I20260713 09:05:20.142582 12527 tablet_bootstrap.cc:492] T d242eff672af4170911e7ac3be9afef9 P 1498163c71ed41e68bbd1460cce69b23: No bootstrap required, opened a new log
I20260713 09:05:20.143157 12527 ts_tablet_manager.cc:1403] T d242eff672af4170911e7ac3be9afef9 P 1498163c71ed41e68bbd1460cce69b23: Time spent bootstrapping tablet: real 0.030s	user 0.012s	sys 0.000s
I20260713 09:05:20.146394 12527 raft_consensus.cc:359] T d242eff672af4170911e7ac3be9afef9 P 1498163c71ed41e68bbd1460cce69b23 [term 0 FOLLOWER]: Replica starting. Triggering 0 pending ops. Active config: opid_index: -1 OBSOLETE_local: false peers { permanent_uuid: "5441b1610608480eac1fff84835ddcfe" member_type: VOTER last_known_addr { host: "127.10.248.1" port: 34437 } } peers { permanent_uuid: "1498163c71ed41e68bbd1460cce69b23" member_type: VOTER last_known_addr { host: "127.10.248.2" port: 36595 } } peers { permanent_uuid: "d2dedd458db942d3aaefb9ced474880f" member_type: VOTER last_known_addr { host: "127.10.248.3" port: 33777 } }
I20260713 09:05:20.147217 12527 raft_consensus.cc:385] T d242eff672af4170911e7ac3be9afef9 P 1498163c71ed41e68bbd1460cce69b23 [term 0 FOLLOWER]: Consensus starting up: Expiring failure detector timer to make a prompt election more likely
I20260713 09:05:20.147554 12527 raft_consensus.cc:740] T d242eff672af4170911e7ac3be9afef9 P 1498163c71ed41e68bbd1460cce69b23 [term 0 FOLLOWER]: Becoming Follower/Learner. State: Replica: 1498163c71ed41e68bbd1460cce69b23, State: Initialized, Role: FOLLOWER
I20260713 09:05:20.148705 12526 tablet_bootstrap.cc:654] T 571e7f4f582f4ddda1138b035d0ecbfc P 5441b1610608480eac1fff84835ddcfe: Neither blocks nor log segments found. Creating new log.
I20260713 09:05:20.148499 12527 consensus_queue.cc:260] T d242eff672af4170911e7ac3be9afef9 P 1498163c71ed41e68bbd1460cce69b23 [NON_LEADER]: Queue going to NON_LEADER mode. State: All replicated index: 0, Majority replicated index: 0, Committed index: 0, Last appended: 0.0, Last appended by leader: 0, Current term: 0, Majority size: -1, State: 0, Mode: NON_LEADER, active raft config: opid_index: -1 OBSOLETE_local: false peers { permanent_uuid: "5441b1610608480eac1fff84835ddcfe" member_type: VOTER last_known_addr { host: "127.10.248.1" port: 34437 } } peers { permanent_uuid: "1498163c71ed41e68bbd1460cce69b23" member_type: VOTER last_known_addr { host: "127.10.248.2" port: 36595 } } peers { permanent_uuid: "d2dedd458db942d3aaefb9ced474880f" member_type: VOTER last_known_addr { host: "127.10.248.3" port: 33777 } }
I20260713 09:05:20.148631 12532 raft_consensus.cc:515] T 3140044350604f3d8db29aa8cb5a2e32 P 5441b1610608480eac1fff84835ddcfe [term 1 FOLLOWER]: Starting leader election with config: opid_index: -1 OBSOLETE_local: false peers { permanent_uuid: "5441b1610608480eac1fff84835ddcfe" member_type: VOTER last_known_addr { host: "127.10.248.1" port: 34437 } } peers { permanent_uuid: "d2dedd458db942d3aaefb9ced474880f" member_type: VOTER last_known_addr { host: "127.10.248.3" port: 33777 } } peers { permanent_uuid: "1498163c71ed41e68bbd1460cce69b23" member_type: VOTER last_known_addr { host: "127.10.248.2" port: 36595 } }
I20260713 09:05:20.151392 12527 ts_tablet_manager.cc:1434] T d242eff672af4170911e7ac3be9afef9 P 1498163c71ed41e68bbd1460cce69b23: Time spent starting tablet: real 0.008s	user 0.006s	sys 0.000s
I20260713 09:05:20.152226 12486 tablet_service.cc:1917] Received RequestConsensusVote() RPC: tablet_id: "3140044350604f3d8db29aa8cb5a2e32" candidate_uuid: "5441b1610608480eac1fff84835ddcfe" candidate_term: 1 candidate_status { last_received { term: 0 index: 0 } } ignore_live_leader: false dest_uuid: "d2dedd458db942d3aaefb9ced474880f"
I20260713 09:05:20.152513 12527 tablet_bootstrap.cc:492] T a7098136649242aba02f8d2a8f533dc8 P 1498163c71ed41e68bbd1460cce69b23: Bootstrap starting.
I20260713 09:05:20.152349 12412 tablet_service.cc:1917] Received RequestConsensusVote() RPC: tablet_id: "3140044350604f3d8db29aa8cb5a2e32" candidate_uuid: "5441b1610608480eac1fff84835ddcfe" candidate_term: 1 candidate_status { last_received { term: 0 index: 0 } } ignore_live_leader: false dest_uuid: "1498163c71ed41e68bbd1460cce69b23"
I20260713 09:05:20.152923 12532 leader_election.cc:290] T 3140044350604f3d8db29aa8cb5a2e32 P 5441b1610608480eac1fff84835ddcfe [CANDIDATE]: Term 1 election: Requested vote from peers d2dedd458db942d3aaefb9ced474880f (127.10.248.3:33777), 1498163c71ed41e68bbd1460cce69b23 (127.10.248.2:36595)
I20260713 09:05:20.153400 12412 raft_consensus.cc:3060] T 3140044350604f3d8db29aa8cb5a2e32 P 1498163c71ed41e68bbd1460cce69b23 [term 0 FOLLOWER]: Advancing to term 1
W20260713 09:05:20.154230 12302 leader_election.cc:343] T 3140044350604f3d8db29aa8cb5a2e32 P 5441b1610608480eac1fff84835ddcfe [CANDIDATE]: Term 1 election: Tablet error from VoteRequest() call to peer d2dedd458db942d3aaefb9ced474880f (127.10.248.3:33777): Illegal state: must be running to vote when last-logged opid is not known
I20260713 09:05:20.160784 12527 tablet_bootstrap.cc:654] T a7098136649242aba02f8d2a8f533dc8 P 1498163c71ed41e68bbd1460cce69b23: Neither blocks nor log segments found. Creating new log.
I20260713 09:05:20.160743 12412 raft_consensus.cc:2468] T 3140044350604f3d8db29aa8cb5a2e32 P 1498163c71ed41e68bbd1460cce69b23 [term 1 FOLLOWER]: Leader election vote request: Granting yes vote for candidate 5441b1610608480eac1fff84835ddcfe in term 1.
I20260713 09:05:20.162235 12301 leader_election.cc:304] T 3140044350604f3d8db29aa8cb5a2e32 P 5441b1610608480eac1fff84835ddcfe [CANDIDATE]: Term 1 election: Election decided. Result: candidate won. Election summary: received 3 responses out of 3 voters: 2 yes votes; 1 no votes. yes voters: 1498163c71ed41e68bbd1460cce69b23, 5441b1610608480eac1fff84835ddcfe; no voters: d2dedd458db942d3aaefb9ced474880f
I20260713 09:05:20.162931 12532 raft_consensus.cc:2804] T 3140044350604f3d8db29aa8cb5a2e32 P 5441b1610608480eac1fff84835ddcfe [term 1 FOLLOWER]: Leader election won for term 1
I20260713 09:05:20.164525 12532 raft_consensus.cc:697] T 3140044350604f3d8db29aa8cb5a2e32 P 5441b1610608480eac1fff84835ddcfe [term 1 LEADER]: Becoming Leader. State: Replica: 5441b1610608480eac1fff84835ddcfe, State: Running, Role: LEADER
I20260713 09:05:20.165716 12529 tablet_bootstrap.cc:492] T cf3f9f29d66a447da8f176fbf7500f54 P d2dedd458db942d3aaefb9ced474880f: No bootstrap required, opened a new log
I20260713 09:05:20.165359 12532 consensus_queue.cc:237] T 3140044350604f3d8db29aa8cb5a2e32 P 5441b1610608480eac1fff84835ddcfe [LEADER]: Queue going to LEADER mode. State: All replicated index: 0, Majority replicated index: 0, Committed index: 0, Last appended: 0.0, Last appended by leader: 0, Current term: 1, Majority size: 2, State: 0, Mode: LEADER, active raft config: opid_index: -1 OBSOLETE_local: false peers { permanent_uuid: "5441b1610608480eac1fff84835ddcfe" member_type: VOTER last_known_addr { host: "127.10.248.1" port: 34437 } } peers { permanent_uuid: "d2dedd458db942d3aaefb9ced474880f" member_type: VOTER last_known_addr { host: "127.10.248.3" port: 33777 } } peers { permanent_uuid: "1498163c71ed41e68bbd1460cce69b23" member_type: VOTER last_known_addr { host: "127.10.248.2" port: 36595 } }
I20260713 09:05:20.167199 12529 ts_tablet_manager.cc:1403] T cf3f9f29d66a447da8f176fbf7500f54 P d2dedd458db942d3aaefb9ced474880f: Time spent bootstrapping tablet: real 0.049s	user 0.014s	sys 0.001s
I20260713 09:05:20.170236 12529 raft_consensus.cc:359] T cf3f9f29d66a447da8f176fbf7500f54 P d2dedd458db942d3aaefb9ced474880f [term 0 FOLLOWER]: Replica starting. Triggering 0 pending ops. Active config: opid_index: -1 OBSOLETE_local: false peers { permanent_uuid: "5441b1610608480eac1fff84835ddcfe" member_type: VOTER last_known_addr { host: "127.10.248.1" port: 34437 } } peers { permanent_uuid: "1498163c71ed41e68bbd1460cce69b23" member_type: VOTER last_known_addr { host: "127.10.248.2" port: 36595 } } peers { permanent_uuid: "d2dedd458db942d3aaefb9ced474880f" member_type: VOTER last_known_addr { host: "127.10.248.3" port: 33777 } }
I20260713 09:05:20.171018 12529 raft_consensus.cc:385] T cf3f9f29d66a447da8f176fbf7500f54 P d2dedd458db942d3aaefb9ced474880f [term 0 FOLLOWER]: Consensus starting up: Expiring failure detector timer to make a prompt election more likely
I20260713 09:05:20.171329 12529 raft_consensus.cc:740] T cf3f9f29d66a447da8f176fbf7500f54 P d2dedd458db942d3aaefb9ced474880f [term 0 FOLLOWER]: Becoming Follower/Learner. State: Replica: d2dedd458db942d3aaefb9ced474880f, State: Initialized, Role: FOLLOWER
I20260713 09:05:20.172348 12529 consensus_queue.cc:260] T cf3f9f29d66a447da8f176fbf7500f54 P d2dedd458db942d3aaefb9ced474880f [NON_LEADER]: Queue going to NON_LEADER mode. State: All replicated index: 0, Majority replicated index: 0, Committed index: 0, Last appended: 0.0, Last appended by leader: 0, Current term: 0, Majority size: -1, State: 0, Mode: NON_LEADER, active raft config: opid_index: -1 OBSOLETE_local: false peers { permanent_uuid: "5441b1610608480eac1fff84835ddcfe" member_type: VOTER last_known_addr { host: "127.10.248.1" port: 34437 } } peers { permanent_uuid: "1498163c71ed41e68bbd1460cce69b23" member_type: VOTER last_known_addr { host: "127.10.248.2" port: 36595 } } peers { permanent_uuid: "d2dedd458db942d3aaefb9ced474880f" member_type: VOTER last_known_addr { host: "127.10.248.3" port: 33777 } }
I20260713 09:05:20.172919 12526 tablet_bootstrap.cc:492] T 571e7f4f582f4ddda1138b035d0ecbfc P 5441b1610608480eac1fff84835ddcfe: No bootstrap required, opened a new log
I20260713 09:05:20.173424 12526 ts_tablet_manager.cc:1403] T 571e7f4f582f4ddda1138b035d0ecbfc P 5441b1610608480eac1fff84835ddcfe: Time spent bootstrapping tablet: real 0.035s	user 0.009s	sys 0.008s
I20260713 09:05:20.174165 12527 tablet_bootstrap.cc:492] T a7098136649242aba02f8d2a8f533dc8 P 1498163c71ed41e68bbd1460cce69b23: No bootstrap required, opened a new log
I20260713 09:05:20.174587 12529 ts_tablet_manager.cc:1434] T cf3f9f29d66a447da8f176fbf7500f54 P d2dedd458db942d3aaefb9ced474880f: Time spent starting tablet: real 0.007s	user 0.006s	sys 0.000s
I20260713 09:05:20.174660 12527 ts_tablet_manager.cc:1403] T a7098136649242aba02f8d2a8f533dc8 P 1498163c71ed41e68bbd1460cce69b23: Time spent bootstrapping tablet: real 0.022s	user 0.008s	sys 0.004s
I20260713 09:05:20.175669 12529 tablet_bootstrap.cc:492] T 571e7f4f582f4ddda1138b035d0ecbfc P d2dedd458db942d3aaefb9ced474880f: Bootstrap starting.
I20260713 09:05:20.176494 12526 raft_consensus.cc:359] T 571e7f4f582f4ddda1138b035d0ecbfc P 5441b1610608480eac1fff84835ddcfe [term 0 FOLLOWER]: Replica starting. Triggering 0 pending ops. Active config: opid_index: -1 OBSOLETE_local: false peers { permanent_uuid: "5441b1610608480eac1fff84835ddcfe" member_type: VOTER last_known_addr { host: "127.10.248.1" port: 34437 } } peers { permanent_uuid: "1498163c71ed41e68bbd1460cce69b23" member_type: VOTER last_known_addr { host: "127.10.248.2" port: 36595 } } peers { permanent_uuid: "d2dedd458db942d3aaefb9ced474880f" member_type: VOTER last_known_addr { host: "127.10.248.3" port: 33777 } }
I20260713 09:05:20.177213 12526 raft_consensus.cc:385] T 571e7f4f582f4ddda1138b035d0ecbfc P 5441b1610608480eac1fff84835ddcfe [term 0 FOLLOWER]: Consensus starting up: Expiring failure detector timer to make a prompt election more likely
I20260713 09:05:20.177533 12526 raft_consensus.cc:740] T 571e7f4f582f4ddda1138b035d0ecbfc P 5441b1610608480eac1fff84835ddcfe [term 0 FOLLOWER]: Becoming Follower/Learner. State: Replica: 5441b1610608480eac1fff84835ddcfe, State: Initialized, Role: FOLLOWER
I20260713 09:05:20.178485 12526 consensus_queue.cc:260] T 571e7f4f582f4ddda1138b035d0ecbfc P 5441b1610608480eac1fff84835ddcfe [NON_LEADER]: Queue going to NON_LEADER mode. State: All replicated index: 0, Majority replicated index: 0, Committed index: 0, Last appended: 0.0, Last appended by leader: 0, Current term: 0, Majority size: -1, State: 0, Mode: NON_LEADER, active raft config: opid_index: -1 OBSOLETE_local: false peers { permanent_uuid: "5441b1610608480eac1fff84835ddcfe" member_type: VOTER last_known_addr { host: "127.10.248.1" port: 34437 } } peers { permanent_uuid: "1498163c71ed41e68bbd1460cce69b23" member_type: VOTER last_known_addr { host: "127.10.248.2" port: 36595 } } peers { permanent_uuid: "d2dedd458db942d3aaefb9ced474880f" member_type: VOTER last_known_addr { host: "127.10.248.3" port: 33777 } }
I20260713 09:05:20.178718 12527 raft_consensus.cc:359] T a7098136649242aba02f8d2a8f533dc8 P 1498163c71ed41e68bbd1460cce69b23 [term 0 FOLLOWER]: Replica starting. Triggering 0 pending ops. Active config: opid_index: -1 OBSOLETE_local: false peers { permanent_uuid: "5441b1610608480eac1fff84835ddcfe" member_type: VOTER last_known_addr { host: "127.10.248.1" port: 34437 } } peers { permanent_uuid: "1498163c71ed41e68bbd1460cce69b23" member_type: VOTER last_known_addr { host: "127.10.248.2" port: 36595 } } peers { permanent_uuid: "d2dedd458db942d3aaefb9ced474880f" member_type: VOTER last_known_addr { host: "127.10.248.3" port: 33777 } }
I20260713 09:05:20.180940 12527 raft_consensus.cc:385] T a7098136649242aba02f8d2a8f533dc8 P 1498163c71ed41e68bbd1460cce69b23 [term 0 FOLLOWER]: Consensus starting up: Expiring failure detector timer to make a prompt election more likely
I20260713 09:05:20.181002 12526 ts_tablet_manager.cc:1434] T 571e7f4f582f4ddda1138b035d0ecbfc P 5441b1610608480eac1fff84835ddcfe: Time spent starting tablet: real 0.007s	user 0.006s	sys 0.000s
I20260713 09:05:20.181419 12527 raft_consensus.cc:740] T a7098136649242aba02f8d2a8f533dc8 P 1498163c71ed41e68bbd1460cce69b23 [term 0 FOLLOWER]: Becoming Follower/Learner. State: Replica: 1498163c71ed41e68bbd1460cce69b23, State: Initialized, Role: FOLLOWER
I20260713 09:05:20.182284 12526 tablet_bootstrap.cc:492] T a7098136649242aba02f8d2a8f533dc8 P 5441b1610608480eac1fff84835ddcfe: Bootstrap starting.
I20260713 09:05:20.182771 12529 tablet_bootstrap.cc:654] T 571e7f4f582f4ddda1138b035d0ecbfc P d2dedd458db942d3aaefb9ced474880f: Neither blocks nor log segments found. Creating new log.
I20260713 09:05:20.182367 12527 consensus_queue.cc:260] T a7098136649242aba02f8d2a8f533dc8 P 1498163c71ed41e68bbd1460cce69b23 [NON_LEADER]: Queue going to NON_LEADER mode. State: All replicated index: 0, Majority replicated index: 0, Committed index: 0, Last appended: 0.0, Last appended by leader: 0, Current term: 0, Majority size: -1, State: 0, Mode: NON_LEADER, active raft config: opid_index: -1 OBSOLETE_local: false peers { permanent_uuid: "5441b1610608480eac1fff84835ddcfe" member_type: VOTER last_known_addr { host: "127.10.248.1" port: 34437 } } peers { permanent_uuid: "1498163c71ed41e68bbd1460cce69b23" member_type: VOTER last_known_addr { host: "127.10.248.2" port: 36595 } } peers { permanent_uuid: "d2dedd458db942d3aaefb9ced474880f" member_type: VOTER last_known_addr { host: "127.10.248.3" port: 33777 } }
I20260713 09:05:20.189165 12527 ts_tablet_manager.cc:1434] T a7098136649242aba02f8d2a8f533dc8 P 1498163c71ed41e68bbd1460cce69b23: Time spent starting tablet: real 0.014s	user 0.006s	sys 0.000s
I20260713 09:05:20.189330 12526 tablet_bootstrap.cc:654] T a7098136649242aba02f8d2a8f533dc8 P 5441b1610608480eac1fff84835ddcfe: Neither blocks nor log segments found. Creating new log.
I20260713 09:05:20.190366 12527 tablet_bootstrap.cc:492] T cf3f9f29d66a447da8f176fbf7500f54 P 1498163c71ed41e68bbd1460cce69b23: Bootstrap starting.
I20260713 09:05:20.198784 12527 tablet_bootstrap.cc:654] T cf3f9f29d66a447da8f176fbf7500f54 P 1498163c71ed41e68bbd1460cce69b23: Neither blocks nor log segments found. Creating new log.
I20260713 09:05:20.201867 12529 tablet_bootstrap.cc:492] T 571e7f4f582f4ddda1138b035d0ecbfc P d2dedd458db942d3aaefb9ced474880f: No bootstrap required, opened a new log
I20260713 09:05:20.202392 12529 ts_tablet_manager.cc:1403] T 571e7f4f582f4ddda1138b035d0ecbfc P d2dedd458db942d3aaefb9ced474880f: Time spent bootstrapping tablet: real 0.027s	user 0.013s	sys 0.013s
I20260713 09:05:20.205377 12529 raft_consensus.cc:359] T 571e7f4f582f4ddda1138b035d0ecbfc P d2dedd458db942d3aaefb9ced474880f [term 0 FOLLOWER]: Replica starting. Triggering 0 pending ops. Active config: opid_index: -1 OBSOLETE_local: false peers { permanent_uuid: "5441b1610608480eac1fff84835ddcfe" member_type: VOTER last_known_addr { host: "127.10.248.1" port: 34437 } } peers { permanent_uuid: "1498163c71ed41e68bbd1460cce69b23" member_type: VOTER last_known_addr { host: "127.10.248.2" port: 36595 } } peers { permanent_uuid: "d2dedd458db942d3aaefb9ced474880f" member_type: VOTER last_known_addr { host: "127.10.248.3" port: 33777 } }
I20260713 09:05:20.206183 12529 raft_consensus.cc:385] T 571e7f4f582f4ddda1138b035d0ecbfc P d2dedd458db942d3aaefb9ced474880f [term 0 FOLLOWER]: Consensus starting up: Expiring failure detector timer to make a prompt election more likely
I20260713 09:05:20.206473 12529 raft_consensus.cc:740] T 571e7f4f582f4ddda1138b035d0ecbfc P d2dedd458db942d3aaefb9ced474880f [term 0 FOLLOWER]: Becoming Follower/Learner. State: Replica: d2dedd458db942d3aaefb9ced474880f, State: Initialized, Role: FOLLOWER
I20260713 09:05:20.207324 12529 consensus_queue.cc:260] T 571e7f4f582f4ddda1138b035d0ecbfc P d2dedd458db942d3aaefb9ced474880f [NON_LEADER]: Queue going to NON_LEADER mode. State: All replicated index: 0, Majority replicated index: 0, Committed index: 0, Last appended: 0.0, Last appended by leader: 0, Current term: 0, Majority size: -1, State: 0, Mode: NON_LEADER, active raft config: opid_index: -1 OBSOLETE_local: false peers { permanent_uuid: "5441b1610608480eac1fff84835ddcfe" member_type: VOTER last_known_addr { host: "127.10.248.1" port: 34437 } } peers { permanent_uuid: "1498163c71ed41e68bbd1460cce69b23" member_type: VOTER last_known_addr { host: "127.10.248.2" port: 36595 } } peers { permanent_uuid: "d2dedd458db942d3aaefb9ced474880f" member_type: VOTER last_known_addr { host: "127.10.248.3" port: 33777 } }
I20260713 09:05:20.209806 12529 ts_tablet_manager.cc:1434] T 571e7f4f582f4ddda1138b035d0ecbfc P d2dedd458db942d3aaefb9ced474880f: Time spent starting tablet: real 0.007s	user 0.008s	sys 0.000s
I20260713 09:05:20.210214 12526 tablet_bootstrap.cc:492] T a7098136649242aba02f8d2a8f533dc8 P 5441b1610608480eac1fff84835ddcfe: No bootstrap required, opened a new log
I20260713 09:05:20.210798 12529 tablet_bootstrap.cc:492] T 4ce81c00673f48dc87d0e446d9c69210 P d2dedd458db942d3aaefb9ced474880f: Bootstrap starting.
I20260713 09:05:20.210860 12526 ts_tablet_manager.cc:1403] T a7098136649242aba02f8d2a8f533dc8 P 5441b1610608480eac1fff84835ddcfe: Time spent bootstrapping tablet: real 0.029s	user 0.019s	sys 0.000s
I20260713 09:05:20.210167 12235 catalog_manager.cc:5697] T 3140044350604f3d8db29aa8cb5a2e32 P 5441b1610608480eac1fff84835ddcfe reported cstate change: term changed from 0 to 1, leader changed from <none> to 5441b1610608480eac1fff84835ddcfe (127.10.248.1). New cstate: current_term: 1 leader_uuid: "5441b1610608480eac1fff84835ddcfe" committed_config { opid_index: -1 OBSOLETE_local: false peers { permanent_uuid: "5441b1610608480eac1fff84835ddcfe" member_type: VOTER last_known_addr { host: "127.10.248.1" port: 34437 } health_report { overall_health: HEALTHY } } peers { permanent_uuid: "d2dedd458db942d3aaefb9ced474880f" member_type: VOTER last_known_addr { host: "127.10.248.3" port: 33777 } health_report { overall_health: UNKNOWN } } peers { permanent_uuid: "1498163c71ed41e68bbd1460cce69b23" member_type: VOTER last_known_addr { host: "127.10.248.2" port: 36595 } health_report { overall_health: UNKNOWN } } }
I20260713 09:05:20.212594 12527 tablet_bootstrap.cc:492] T cf3f9f29d66a447da8f176fbf7500f54 P 1498163c71ed41e68bbd1460cce69b23: No bootstrap required, opened a new log
I20260713 09:05:20.213120 12527 ts_tablet_manager.cc:1403] T cf3f9f29d66a447da8f176fbf7500f54 P 1498163c71ed41e68bbd1460cce69b23: Time spent bootstrapping tablet: real 0.023s	user 0.015s	sys 0.005s
I20260713 09:05:20.214246 12526 raft_consensus.cc:359] T a7098136649242aba02f8d2a8f533dc8 P 5441b1610608480eac1fff84835ddcfe [term 0 FOLLOWER]: Replica starting. Triggering 0 pending ops. Active config: opid_index: -1 OBSOLETE_local: false peers { permanent_uuid: "5441b1610608480eac1fff84835ddcfe" member_type: VOTER last_known_addr { host: "127.10.248.1" port: 34437 } } peers { permanent_uuid: "1498163c71ed41e68bbd1460cce69b23" member_type: VOTER last_known_addr { host: "127.10.248.2" port: 36595 } } peers { permanent_uuid: "d2dedd458db942d3aaefb9ced474880f" member_type: VOTER last_known_addr { host: "127.10.248.3" port: 33777 } }
I20260713 09:05:20.215023 12526 raft_consensus.cc:385] T a7098136649242aba02f8d2a8f533dc8 P 5441b1610608480eac1fff84835ddcfe [term 0 FOLLOWER]: Consensus starting up: Expiring failure detector timer to make a prompt election more likely
I20260713 09:05:20.215353 12526 raft_consensus.cc:740] T a7098136649242aba02f8d2a8f533dc8 P 5441b1610608480eac1fff84835ddcfe [term 0 FOLLOWER]: Becoming Follower/Learner. State: Replica: 5441b1610608480eac1fff84835ddcfe, State: Initialized, Role: FOLLOWER
I20260713 09:05:20.216360 12527 raft_consensus.cc:359] T cf3f9f29d66a447da8f176fbf7500f54 P 1498163c71ed41e68bbd1460cce69b23 [term 0 FOLLOWER]: Replica starting. Triggering 0 pending ops. Active config: opid_index: -1 OBSOLETE_local: false peers { permanent_uuid: "5441b1610608480eac1fff84835ddcfe" member_type: VOTER last_known_addr { host: "127.10.248.1" port: 34437 } } peers { permanent_uuid: "1498163c71ed41e68bbd1460cce69b23" member_type: VOTER last_known_addr { host: "127.10.248.2" port: 36595 } } peers { permanent_uuid: "d2dedd458db942d3aaefb9ced474880f" member_type: VOTER last_known_addr { host: "127.10.248.3" port: 33777 } }
I20260713 09:05:20.216310 12526 consensus_queue.cc:260] T a7098136649242aba02f8d2a8f533dc8 P 5441b1610608480eac1fff84835ddcfe [NON_LEADER]: Queue going to NON_LEADER mode. State: All replicated index: 0, Majority replicated index: 0, Committed index: 0, Last appended: 0.0, Last appended by leader: 0, Current term: 0, Majority size: -1, State: 0, Mode: NON_LEADER, active raft config: opid_index: -1 OBSOLETE_local: false peers { permanent_uuid: "5441b1610608480eac1fff84835ddcfe" member_type: VOTER last_known_addr { host: "127.10.248.1" port: 34437 } } peers { permanent_uuid: "1498163c71ed41e68bbd1460cce69b23" member_type: VOTER last_known_addr { host: "127.10.248.2" port: 36595 } } peers { permanent_uuid: "d2dedd458db942d3aaefb9ced474880f" member_type: VOTER last_known_addr { host: "127.10.248.3" port: 33777 } }
I20260713 09:05:20.217197 12527 raft_consensus.cc:385] T cf3f9f29d66a447da8f176fbf7500f54 P 1498163c71ed41e68bbd1460cce69b23 [term 0 FOLLOWER]: Consensus starting up: Expiring failure detector timer to make a prompt election more likely
I20260713 09:05:20.217535 12527 raft_consensus.cc:740] T cf3f9f29d66a447da8f176fbf7500f54 P 1498163c71ed41e68bbd1460cce69b23 [term 0 FOLLOWER]: Becoming Follower/Learner. State: Replica: 1498163c71ed41e68bbd1460cce69b23, State: Initialized, Role: FOLLOWER
I20260713 09:05:20.217911 12529 tablet_bootstrap.cc:654] T 4ce81c00673f48dc87d0e446d9c69210 P d2dedd458db942d3aaefb9ced474880f: Neither blocks nor log segments found. Creating new log.
I20260713 09:05:20.218505 12527 consensus_queue.cc:260] T cf3f9f29d66a447da8f176fbf7500f54 P 1498163c71ed41e68bbd1460cce69b23 [NON_LEADER]: Queue going to NON_LEADER mode. State: All replicated index: 0, Majority replicated index: 0, Committed index: 0, Last appended: 0.0, Last appended by leader: 0, Current term: 0, Majority size: -1, State: 0, Mode: NON_LEADER, active raft config: opid_index: -1 OBSOLETE_local: false peers { permanent_uuid: "5441b1610608480eac1fff84835ddcfe" member_type: VOTER last_known_addr { host: "127.10.248.1" port: 34437 } } peers { permanent_uuid: "1498163c71ed41e68bbd1460cce69b23" member_type: VOTER last_known_addr { host: "127.10.248.2" port: 36595 } } peers { permanent_uuid: "d2dedd458db942d3aaefb9ced474880f" member_type: VOTER last_known_addr { host: "127.10.248.3" port: 33777 } }
I20260713 09:05:20.219172 12526 ts_tablet_manager.cc:1434] T a7098136649242aba02f8d2a8f533dc8 P 5441b1610608480eac1fff84835ddcfe: Time spent starting tablet: real 0.008s	user 0.006s	sys 0.000s
I20260713 09:05:20.220222 12526 tablet_bootstrap.cc:492] T d242eff672af4170911e7ac3be9afef9 P 5441b1610608480eac1fff84835ddcfe: Bootstrap starting.
I20260713 09:05:20.224200 12527 ts_tablet_manager.cc:1434] T cf3f9f29d66a447da8f176fbf7500f54 P 1498163c71ed41e68bbd1460cce69b23: Time spent starting tablet: real 0.011s	user 0.000s	sys 0.006s
I20260713 09:05:20.225270 12527 tablet_bootstrap.cc:492] T 14e99a882932406496bdb30ab50c673f P 1498163c71ed41e68bbd1460cce69b23: Bootstrap starting.
I20260713 09:05:20.233091 12526 tablet_bootstrap.cc:654] T d242eff672af4170911e7ac3be9afef9 P 5441b1610608480eac1fff84835ddcfe: Neither blocks nor log segments found. Creating new log.
I20260713 09:05:20.236673 12529 tablet_bootstrap.cc:492] T 4ce81c00673f48dc87d0e446d9c69210 P d2dedd458db942d3aaefb9ced474880f: No bootstrap required, opened a new log
I20260713 09:05:20.237310 12529 ts_tablet_manager.cc:1403] T 4ce81c00673f48dc87d0e446d9c69210 P d2dedd458db942d3aaefb9ced474880f: Time spent bootstrapping tablet: real 0.027s	user 0.011s	sys 0.009s
I20260713 09:05:20.233094 12527 tablet_bootstrap.cc:654] T 14e99a882932406496bdb30ab50c673f P 1498163c71ed41e68bbd1460cce69b23: Neither blocks nor log segments found. Creating new log.
I20260713 09:05:20.240677 12529 raft_consensus.cc:359] T 4ce81c00673f48dc87d0e446d9c69210 P d2dedd458db942d3aaefb9ced474880f [term 0 FOLLOWER]: Replica starting. Triggering 0 pending ops. Active config: opid_index: -1 OBSOLETE_local: false peers { permanent_uuid: "5441b1610608480eac1fff84835ddcfe" member_type: VOTER last_known_addr { host: "127.10.248.1" port: 34437 } } peers { permanent_uuid: "1498163c71ed41e68bbd1460cce69b23" member_type: VOTER last_known_addr { host: "127.10.248.2" port: 36595 } } peers { permanent_uuid: "d2dedd458db942d3aaefb9ced474880f" member_type: VOTER last_known_addr { host: "127.10.248.3" port: 33777 } }
I20260713 09:05:20.241505 12529 raft_consensus.cc:385] T 4ce81c00673f48dc87d0e446d9c69210 P d2dedd458db942d3aaefb9ced474880f [term 0 FOLLOWER]: Consensus starting up: Expiring failure detector timer to make a prompt election more likely
I20260713 09:05:20.241828 12529 raft_consensus.cc:740] T 4ce81c00673f48dc87d0e446d9c69210 P d2dedd458db942d3aaefb9ced474880f [term 0 FOLLOWER]: Becoming Follower/Learner. State: Replica: d2dedd458db942d3aaefb9ced474880f, State: Initialized, Role: FOLLOWER
I20260713 09:05:20.242156 12533 raft_consensus.cc:493] T da7fb5a5151f4c28841bf42afe7e0da7 P 1498163c71ed41e68bbd1460cce69b23 [term 0 FOLLOWER]: Starting pre-election (no leader contacted us within the election timeout)
I20260713 09:05:20.242764 12533 raft_consensus.cc:515] T da7fb5a5151f4c28841bf42afe7e0da7 P 1498163c71ed41e68bbd1460cce69b23 [term 0 FOLLOWER]: Starting pre-election with config: opid_index: -1 OBSOLETE_local: false peers { permanent_uuid: "5441b1610608480eac1fff84835ddcfe" member_type: VOTER last_known_addr { host: "127.10.248.1" port: 34437 } } peers { permanent_uuid: "1498163c71ed41e68bbd1460cce69b23" member_type: VOTER last_known_addr { host: "127.10.248.2" port: 36595 } } peers { permanent_uuid: "d2dedd458db942d3aaefb9ced474880f" member_type: VOTER last_known_addr { host: "127.10.248.3" port: 33777 } }
I20260713 09:05:20.242722 12529 consensus_queue.cc:260] T 4ce81c00673f48dc87d0e446d9c69210 P d2dedd458db942d3aaefb9ced474880f [NON_LEADER]: Queue going to NON_LEADER mode. State: All replicated index: 0, Majority replicated index: 0, Committed index: 0, Last appended: 0.0, Last appended by leader: 0, Current term: 0, Majority size: -1, State: 0, Mode: NON_LEADER, active raft config: opid_index: -1 OBSOLETE_local: false peers { permanent_uuid: "5441b1610608480eac1fff84835ddcfe" member_type: VOTER last_known_addr { host: "127.10.248.1" port: 34437 } } peers { permanent_uuid: "1498163c71ed41e68bbd1460cce69b23" member_type: VOTER last_known_addr { host: "127.10.248.2" port: 36595 } } peers { permanent_uuid: "d2dedd458db942d3aaefb9ced474880f" member_type: VOTER last_known_addr { host: "127.10.248.3" port: 33777 } }
I20260713 09:05:20.246270 12529 ts_tablet_manager.cc:1434] T 4ce81c00673f48dc87d0e446d9c69210 P d2dedd458db942d3aaefb9ced474880f: Time spent starting tablet: real 0.009s	user 0.007s	sys 0.001s
I20260713 09:05:20.247623 12529 tablet_bootstrap.cc:492] T 3140044350604f3d8db29aa8cb5a2e32 P d2dedd458db942d3aaefb9ced474880f: Bootstrap starting.
I20260713 09:05:20.254961 12526 tablet_bootstrap.cc:492] T d242eff672af4170911e7ac3be9afef9 P 5441b1610608480eac1fff84835ddcfe: No bootstrap required, opened a new log
I20260713 09:05:20.255515 12526 ts_tablet_manager.cc:1403] T d242eff672af4170911e7ac3be9afef9 P 5441b1610608480eac1fff84835ddcfe: Time spent bootstrapping tablet: real 0.035s	user 0.013s	sys 0.003s
I20260713 09:05:20.256822 12533 leader_election.cc:290] T da7fb5a5151f4c28841bf42afe7e0da7 P 1498163c71ed41e68bbd1460cce69b23 [CANDIDATE]: Term 1 pre-election: Requested pre-vote from peers 5441b1610608480eac1fff84835ddcfe (127.10.248.1:34437), d2dedd458db942d3aaefb9ced474880f (127.10.248.3:33777)
I20260713 09:05:20.258602 12526 raft_consensus.cc:359] T d242eff672af4170911e7ac3be9afef9 P 5441b1610608480eac1fff84835ddcfe [term 0 FOLLOWER]: Replica starting. Triggering 0 pending ops. Active config: opid_index: -1 OBSOLETE_local: false peers { permanent_uuid: "5441b1610608480eac1fff84835ddcfe" member_type: VOTER last_known_addr { host: "127.10.248.1" port: 34437 } } peers { permanent_uuid: "1498163c71ed41e68bbd1460cce69b23" member_type: VOTER last_known_addr { host: "127.10.248.2" port: 36595 } } peers { permanent_uuid: "d2dedd458db942d3aaefb9ced474880f" member_type: VOTER last_known_addr { host: "127.10.248.3" port: 33777 } }
I20260713 09:05:20.260567 12529 tablet_bootstrap.cc:654] T 3140044350604f3d8db29aa8cb5a2e32 P d2dedd458db942d3aaefb9ced474880f: Neither blocks nor log segments found. Creating new log.
I20260713 09:05:20.263188 12526 raft_consensus.cc:385] T d242eff672af4170911e7ac3be9afef9 P 5441b1610608480eac1fff84835ddcfe [term 0 FOLLOWER]: Consensus starting up: Expiring failure detector timer to make a prompt election more likely
I20260713 09:05:20.263685 12526 raft_consensus.cc:740] T d242eff672af4170911e7ac3be9afef9 P 5441b1610608480eac1fff84835ddcfe [term 0 FOLLOWER]: Becoming Follower/Learner. State: Replica: 5441b1610608480eac1fff84835ddcfe, State: Initialized, Role: FOLLOWER
I20260713 09:05:20.264606 12526 consensus_queue.cc:260] T d242eff672af4170911e7ac3be9afef9 P 5441b1610608480eac1fff84835ddcfe [NON_LEADER]: Queue going to NON_LEADER mode. State: All replicated index: 0, Majority replicated index: 0, Committed index: 0, Last appended: 0.0, Last appended by leader: 0, Current term: 0, Majority size: -1, State: 0, Mode: NON_LEADER, active raft config: opid_index: -1 OBSOLETE_local: false peers { permanent_uuid: "5441b1610608480eac1fff84835ddcfe" member_type: VOTER last_known_addr { host: "127.10.248.1" port: 34437 } } peers { permanent_uuid: "1498163c71ed41e68bbd1460cce69b23" member_type: VOTER last_known_addr { host: "127.10.248.2" port: 36595 } } peers { permanent_uuid: "d2dedd458db942d3aaefb9ced474880f" member_type: VOTER last_known_addr { host: "127.10.248.3" port: 33777 } }
I20260713 09:05:20.267166 12526 ts_tablet_manager.cc:1434] T d242eff672af4170911e7ac3be9afef9 P 5441b1610608480eac1fff84835ddcfe: Time spent starting tablet: real 0.011s	user 0.007s	sys 0.000s
I20260713 09:05:20.275282 12526 tablet_bootstrap.cc:492] T a96544c97249422b8af6ac0dee9f93cc P 5441b1610608480eac1fff84835ddcfe: Bootstrap starting.
I20260713 09:05:20.276859 12529 tablet_bootstrap.cc:492] T 3140044350604f3d8db29aa8cb5a2e32 P d2dedd458db942d3aaefb9ced474880f: No bootstrap required, opened a new log
I20260713 09:05:20.277426 12529 ts_tablet_manager.cc:1403] T 3140044350604f3d8db29aa8cb5a2e32 P d2dedd458db942d3aaefb9ced474880f: Time spent bootstrapping tablet: real 0.030s	user 0.014s	sys 0.002s
I20260713 09:05:20.281430 12337 tablet_service.cc:1917] Received RequestConsensusVote() RPC: tablet_id: "da7fb5a5151f4c28841bf42afe7e0da7" candidate_uuid: "1498163c71ed41e68bbd1460cce69b23" candidate_term: 1 candidate_status { last_received { term: 0 index: 0 } } ignore_live_leader: false dest_uuid: "5441b1610608480eac1fff84835ddcfe" is_pre_election: true
I20260713 09:05:20.281817 12526 tablet_bootstrap.cc:654] T a96544c97249422b8af6ac0dee9f93cc P 5441b1610608480eac1fff84835ddcfe: Neither blocks nor log segments found. Creating new log.
W20260713 09:05:20.283214 12377 leader_election.cc:343] T da7fb5a5151f4c28841bf42afe7e0da7 P 1498163c71ed41e68bbd1460cce69b23 [CANDIDATE]: Term 1 pre-election: Tablet error from VoteRequest() call to peer 5441b1610608480eac1fff84835ddcfe (127.10.248.1:34437): Illegal state: must be running to vote when last-logged opid is not known
I20260713 09:05:20.280478 12529 raft_consensus.cc:359] T 3140044350604f3d8db29aa8cb5a2e32 P d2dedd458db942d3aaefb9ced474880f [term 0 FOLLOWER]: Replica starting. Triggering 0 pending ops. Active config: opid_index: -1 OBSOLETE_local: false peers { permanent_uuid: "5441b1610608480eac1fff84835ddcfe" member_type: VOTER last_known_addr { host: "127.10.248.1" port: 34437 } } peers { permanent_uuid: "d2dedd458db942d3aaefb9ced474880f" member_type: VOTER last_known_addr { host: "127.10.248.3" port: 33777 } } peers { permanent_uuid: "1498163c71ed41e68bbd1460cce69b23" member_type: VOTER last_known_addr { host: "127.10.248.2" port: 36595 } }
I20260713 09:05:20.287452 12529 raft_consensus.cc:385] T 3140044350604f3d8db29aa8cb5a2e32 P d2dedd458db942d3aaefb9ced474880f [term 0 FOLLOWER]: Consensus starting up: Expiring failure detector timer to make a prompt election more likely
I20260713 09:05:20.292582 12529 raft_consensus.cc:740] T 3140044350604f3d8db29aa8cb5a2e32 P d2dedd458db942d3aaefb9ced474880f [term 0 FOLLOWER]: Becoming Follower/Learner. State: Replica: d2dedd458db942d3aaefb9ced474880f, State: Initialized, Role: FOLLOWER
I20260713 09:05:20.293498 12526 tablet_bootstrap.cc:492] T a96544c97249422b8af6ac0dee9f93cc P 5441b1610608480eac1fff84835ddcfe: No bootstrap required, opened a new log
I20260713 09:05:20.294108 12526 ts_tablet_manager.cc:1403] T a96544c97249422b8af6ac0dee9f93cc P 5441b1610608480eac1fff84835ddcfe: Time spent bootstrapping tablet: real 0.019s	user 0.016s	sys 0.002s
I20260713 09:05:20.293556 12529 consensus_queue.cc:260] T 3140044350604f3d8db29aa8cb5a2e32 P d2dedd458db942d3aaefb9ced474880f [NON_LEADER]: Queue going to NON_LEADER mode. State: All replicated index: 0, Majority replicated index: 0, Committed index: 0, Last appended: 0.0, Last appended by leader: 0, Current term: 0, Majority size: -1, State: 0, Mode: NON_LEADER, active raft config: opid_index: -1 OBSOLETE_local: false peers { permanent_uuid: "5441b1610608480eac1fff84835ddcfe" member_type: VOTER last_known_addr { host: "127.10.248.1" port: 34437 } } peers { permanent_uuid: "d2dedd458db942d3aaefb9ced474880f" member_type: VOTER last_known_addr { host: "127.10.248.3" port: 33777 } } peers { permanent_uuid: "1498163c71ed41e68bbd1460cce69b23" member_type: VOTER last_known_addr { host: "127.10.248.2" port: 36595 } }
I20260713 09:05:20.296311 12529 ts_tablet_manager.cc:1434] T 3140044350604f3d8db29aa8cb5a2e32 P d2dedd458db942d3aaefb9ced474880f: Time spent starting tablet: real 0.019s	user 0.005s	sys 0.001s
I20260713 09:05:20.299274 12529 tablet_bootstrap.cc:492] T 6ef647ed143e4816bdc845b00399cf9d P d2dedd458db942d3aaefb9ced474880f: Bootstrap starting.
I20260713 09:05:20.300225 12486 tablet_service.cc:1917] Received RequestConsensusVote() RPC: tablet_id: "da7fb5a5151f4c28841bf42afe7e0da7" candidate_uuid: "1498163c71ed41e68bbd1460cce69b23" candidate_term: 1 candidate_status { last_received { term: 0 index: 0 } } ignore_live_leader: false dest_uuid: "d2dedd458db942d3aaefb9ced474880f" is_pre_election: true
I20260713 09:05:20.300887 12486 raft_consensus.cc:2468] T da7fb5a5151f4c28841bf42afe7e0da7 P d2dedd458db942d3aaefb9ced474880f [term 0 FOLLOWER]: Leader pre-election vote request: Granting yes vote for candidate 1498163c71ed41e68bbd1460cce69b23 in term 0.
I20260713 09:05:20.301966 12377 leader_election.cc:304] T da7fb5a5151f4c28841bf42afe7e0da7 P 1498163c71ed41e68bbd1460cce69b23 [CANDIDATE]: Term 1 pre-election: Election decided. Result: candidate won. Election summary: received 3 responses out of 3 voters: 2 yes votes; 1 no votes. yes voters: 1498163c71ed41e68bbd1460cce69b23, d2dedd458db942d3aaefb9ced474880f; no voters: 5441b1610608480eac1fff84835ddcfe
I20260713 09:05:20.297098 12526 raft_consensus.cc:359] T a96544c97249422b8af6ac0dee9f93cc P 5441b1610608480eac1fff84835ddcfe [term 0 FOLLOWER]: Replica starting. Triggering 0 pending ops. Active config: opid_index: -1 OBSOLETE_local: false peers { permanent_uuid: "5441b1610608480eac1fff84835ddcfe" member_type: VOTER last_known_addr { host: "127.10.248.1" port: 34437 } } peers { permanent_uuid: "1498163c71ed41e68bbd1460cce69b23" member_type: VOTER last_known_addr { host: "127.10.248.2" port: 36595 } } peers { permanent_uuid: "d2dedd458db942d3aaefb9ced474880f" member_type: VOTER last_known_addr { host: "127.10.248.3" port: 33777 } }
I20260713 09:05:20.302804 12526 raft_consensus.cc:385] T a96544c97249422b8af6ac0dee9f93cc P 5441b1610608480eac1fff84835ddcfe [term 0 FOLLOWER]: Consensus starting up: Expiring failure detector timer to make a prompt election more likely
I20260713 09:05:20.303109 12526 raft_consensus.cc:740] T a96544c97249422b8af6ac0dee9f93cc P 5441b1610608480eac1fff84835ddcfe [term 0 FOLLOWER]: Becoming Follower/Learner. State: Replica: 5441b1610608480eac1fff84835ddcfe, State: Initialized, Role: FOLLOWER
I20260713 09:05:20.303035 12533 raft_consensus.cc:2804] T da7fb5a5151f4c28841bf42afe7e0da7 P 1498163c71ed41e68bbd1460cce69b23 [term 0 FOLLOWER]: Leader pre-election won for term 1
I20260713 09:05:20.304104 12526 consensus_queue.cc:260] T a96544c97249422b8af6ac0dee9f93cc P 5441b1610608480eac1fff84835ddcfe [NON_LEADER]: Queue going to NON_LEADER mode. State: All replicated index: 0, Majority replicated index: 0, Committed index: 0, Last appended: 0.0, Last appended by leader: 0, Current term: 0, Majority size: -1, State: 0, Mode: NON_LEADER, active raft config: opid_index: -1 OBSOLETE_local: false peers { permanent_uuid: "5441b1610608480eac1fff84835ddcfe" member_type: VOTER last_known_addr { host: "127.10.248.1" port: 34437 } } peers { permanent_uuid: "1498163c71ed41e68bbd1460cce69b23" member_type: VOTER last_known_addr { host: "127.10.248.2" port: 36595 } } peers { permanent_uuid: "d2dedd458db942d3aaefb9ced474880f" member_type: VOTER last_known_addr { host: "127.10.248.3" port: 33777 } }
I20260713 09:05:20.306897 12526 ts_tablet_manager.cc:1434] T a96544c97249422b8af6ac0dee9f93cc P 5441b1610608480eac1fff84835ddcfe: Time spent starting tablet: real 0.012s	user 0.004s	sys 0.003s
I20260713 09:05:20.307601 12529 tablet_bootstrap.cc:654] T 6ef647ed143e4816bdc845b00399cf9d P d2dedd458db942d3aaefb9ced474880f: Neither blocks nor log segments found. Creating new log.
I20260713 09:05:20.307921 12526 tablet_bootstrap.cc:492] T ce96a6eb3a1d4cbf943f74fca48d48b4 P 5441b1610608480eac1fff84835ddcfe: Bootstrap starting.
I20260713 09:05:20.312726 12532 raft_consensus.cc:493] T a7098136649242aba02f8d2a8f533dc8 P 5441b1610608480eac1fff84835ddcfe [term 0 FOLLOWER]: Starting pre-election (no leader contacted us within the election timeout)
I20260713 09:05:20.313400 12532 raft_consensus.cc:515] T a7098136649242aba02f8d2a8f533dc8 P 5441b1610608480eac1fff84835ddcfe [term 0 FOLLOWER]: Starting pre-election with config: opid_index: -1 OBSOLETE_local: false peers { permanent_uuid: "5441b1610608480eac1fff84835ddcfe" member_type: VOTER last_known_addr { host: "127.10.248.1" port: 34437 } } peers { permanent_uuid: "1498163c71ed41e68bbd1460cce69b23" member_type: VOTER last_known_addr { host: "127.10.248.2" port: 36595 } } peers { permanent_uuid: "d2dedd458db942d3aaefb9ced474880f" member_type: VOTER last_known_addr { host: "127.10.248.3" port: 33777 } }
I20260713 09:05:20.314076 12533 raft_consensus.cc:493] T da7fb5a5151f4c28841bf42afe7e0da7 P 1498163c71ed41e68bbd1460cce69b23 [term 0 FOLLOWER]: Starting leader election (no leader contacted us within the election timeout)
I20260713 09:05:20.314667 12533 raft_consensus.cc:3060] T da7fb5a5151f4c28841bf42afe7e0da7 P 1498163c71ed41e68bbd1460cce69b23 [term 0 FOLLOWER]: Advancing to term 1
I20260713 09:05:20.317029 12412 tablet_service.cc:1917] Received RequestConsensusVote() RPC: tablet_id: "a7098136649242aba02f8d2a8f533dc8" candidate_uuid: "5441b1610608480eac1fff84835ddcfe" candidate_term: 1 candidate_status { last_received { term: 0 index: 0 } } ignore_live_leader: false dest_uuid: "1498163c71ed41e68bbd1460cce69b23" is_pre_election: true
I20260713 09:05:20.317735 12412 raft_consensus.cc:2468] T a7098136649242aba02f8d2a8f533dc8 P 1498163c71ed41e68bbd1460cce69b23 [term 0 FOLLOWER]: Leader pre-election vote request: Granting yes vote for candidate 5441b1610608480eac1fff84835ddcfe in term 0.
I20260713 09:05:20.317842 12532 leader_election.cc:290] T a7098136649242aba02f8d2a8f533dc8 P 5441b1610608480eac1fff84835ddcfe [CANDIDATE]: Term 1 pre-election: Requested pre-vote from peers 1498163c71ed41e68bbd1460cce69b23 (127.10.248.2:36595), d2dedd458db942d3aaefb9ced474880f (127.10.248.3:33777)
I20260713 09:05:20.317727 12486 tablet_service.cc:1917] Received RequestConsensusVote() RPC: tablet_id: "a7098136649242aba02f8d2a8f533dc8" candidate_uuid: "5441b1610608480eac1fff84835ddcfe" candidate_term: 1 candidate_status { last_received { term: 0 index: 0 } } ignore_live_leader: false dest_uuid: "d2dedd458db942d3aaefb9ced474880f" is_pre_election: true
I20260713 09:05:20.319969 12301 leader_election.cc:304] T a7098136649242aba02f8d2a8f533dc8 P 5441b1610608480eac1fff84835ddcfe [CANDIDATE]: Term 1 pre-election: Election decided. Result: candidate won. Election summary: received 2 responses out of 3 voters: 2 yes votes; 0 no votes. yes voters: 1498163c71ed41e68bbd1460cce69b23, 5441b1610608480eac1fff84835ddcfe; no voters: 
