I20260713 09:05:16.884369 17752 raft_consensus.cc:515] T 12ef00c1dfe44dd88ac4494d2b1586e6 P 93d223c364a647b69645c73026066a29 [term 0 FOLLOWER]: Starting pre-election with config: opid_index: -1 OBSOLETE_local: false peers { permanent_uuid: "93d223c364a647b69645c73026066a29" member_type: VOTER last_known_addr { host: "127.16.19.193" port: 44725 } } peers { permanent_uuid: "809e5fecd6b44bea96a27fc883035d0a" member_type: VOTER last_known_addr { host: "127.16.19.195" port: 43437 } } peers { permanent_uuid: "d9657c177c2240a899feb8d79998eb48" member_type: VOTER last_known_addr { host: "127.16.19.194" port: 32809 } }
I20260713 09:05:16.886382 17752 leader_election.cc:290] T 12ef00c1dfe44dd88ac4494d2b1586e6 P 93d223c364a647b69645c73026066a29 [CANDIDATE]: Term 1 pre-election: Requested pre-vote from peers 809e5fecd6b44bea96a27fc883035d0a (127.16.19.195:43437), d9657c177c2240a899feb8d79998eb48 (127.16.19.194:32809)
I20260713 09:05:16.887655 17748 ts_tablet_manager.cc:1434] T 34647f2436714a39bdb0cfdabc492b19 P 809e5fecd6b44bea96a27fc883035d0a: Time spent starting tablet: real 0.009s	user 0.008s	sys 0.000s
I20260713 09:05:16.887854 17557 tablet_service.cc:1917] Received RequestConsensusVote() RPC: tablet_id: "a7165b919d404e8ca78f6e718db2f1fb" candidate_uuid: "d9657c177c2240a899feb8d79998eb48" candidate_term: 1 candidate_status { last_received { term: 0 index: 0 } } ignore_live_leader: false dest_uuid: "93d223c364a647b69645c73026066a29" is_pre_election: true
I20260713 09:05:16.888710 17748 tablet_bootstrap.cc:492] T b49755d741fb4608bae1b9df520f3f96 P 809e5fecd6b44bea96a27fc883035d0a: Bootstrap starting.
I20260713 09:05:16.888933 17523 leader_election.cc:304] T bac7459444cc4e8c837d99bb3e8cec26 P 93d223c364a647b69645c73026066a29 [CANDIDATE]: Term 1 pre-election: Election decided. Result: candidate won. Election summary: received 2 responses out of 3 voters: 2 yes votes; 0 no votes. yes voters: 93d223c364a647b69645c73026066a29, d9657c177c2240a899feb8d79998eb48; no voters: 
I20260713 09:05:16.889771 17752 raft_consensus.cc:2804] T bac7459444cc4e8c837d99bb3e8cec26 P 93d223c364a647b69645c73026066a29 [term 0 FOLLOWER]: Leader pre-election won for term 1
I20260713 09:05:16.890125 17752 raft_consensus.cc:493] T bac7459444cc4e8c837d99bb3e8cec26 P 93d223c364a647b69645c73026066a29 [term 0 FOLLOWER]: Starting leader election (no leader contacted us within the election timeout)
I20260713 09:05:16.890429 17752 raft_consensus.cc:3060] T bac7459444cc4e8c837d99bb3e8cec26 P 93d223c364a647b69645c73026066a29 [term 0 FOLLOWER]: Advancing to term 1
W20260713 09:05:16.895414 17598 leader_election.cc:343] T a7165b919d404e8ca78f6e718db2f1fb P d9657c177c2240a899feb8d79998eb48 [CANDIDATE]: Term 1 pre-election: Tablet error from VoteRequest() call to peer 93d223c364a647b69645c73026066a29 (127.16.19.193:44725): Illegal state: must be running to vote when last-logged opid is not known
I20260713 09:05:16.895604 17748 tablet_bootstrap.cc:654] T b49755d741fb4608bae1b9df520f3f96 P 809e5fecd6b44bea96a27fc883035d0a: Neither blocks nor log segments found. Creating new log.
I20260713 09:05:16.895915 17598 leader_election.cc:304] T a7165b919d404e8ca78f6e718db2f1fb P d9657c177c2240a899feb8d79998eb48 [CANDIDATE]: Term 1 pre-election: Election decided. Result: candidate lost. Election summary: received 3 responses out of 3 voters: 1 yes votes; 2 no votes. yes voters: d9657c177c2240a899feb8d79998eb48; no voters: 809e5fecd6b44bea96a27fc883035d0a, 93d223c364a647b69645c73026066a29
I20260713 09:05:16.897168 17751 raft_consensus.cc:2749] T a7165b919d404e8ca78f6e718db2f1fb P d9657c177c2240a899feb8d79998eb48 [term 0 FOLLOWER]: Leader pre-election lost for term 1. Reason: could not achieve majority
I20260713 09:05:16.898828 17632 tablet_service.cc:1917] Received RequestConsensusVote() RPC: tablet_id: "12ef00c1dfe44dd88ac4494d2b1586e6" candidate_uuid: "93d223c364a647b69645c73026066a29" candidate_term: 1 candidate_status { last_received { term: 0 index: 0 } } ignore_live_leader: false dest_uuid: "d9657c177c2240a899feb8d79998eb48" is_pre_election: true
W20260713 09:05:16.900534 17523 leader_election.cc:343] T 12ef00c1dfe44dd88ac4494d2b1586e6 P 93d223c364a647b69645c73026066a29 [CANDIDATE]: Term 1 pre-election: Tablet error from VoteRequest() call to peer d9657c177c2240a899feb8d79998eb48 (127.16.19.194:32809): Illegal state: must be running to vote when last-logged opid is not known
I20260713 09:05:16.907240 17748 tablet_bootstrap.cc:492] T b49755d741fb4608bae1b9df520f3f96 P 809e5fecd6b44bea96a27fc883035d0a: No bootstrap required, opened a new log
I20260713 09:05:16.907337 17752 raft_consensus.cc:515] T bac7459444cc4e8c837d99bb3e8cec26 P 93d223c364a647b69645c73026066a29 [term 1 FOLLOWER]: Starting leader election with config: opid_index: -1 OBSOLETE_local: false peers { permanent_uuid: "93d223c364a647b69645c73026066a29" member_type: VOTER last_known_addr { host: "127.16.19.193" port: 44725 } } peers { permanent_uuid: "d9657c177c2240a899feb8d79998eb48" member_type: VOTER last_known_addr { host: "127.16.19.194" port: 32809 } } peers { permanent_uuid: "809e5fecd6b44bea96a27fc883035d0a" member_type: VOTER last_known_addr { host: "127.16.19.195" port: 43437 } }
I20260713 09:05:16.907790 17748 ts_tablet_manager.cc:1403] T b49755d741fb4608bae1b9df520f3f96 P 809e5fecd6b44bea96a27fc883035d0a: Time spent bootstrapping tablet: real 0.019s	user 0.010s	sys 0.007s
I20260713 09:05:16.909991 17632 tablet_service.cc:1917] Received RequestConsensusVote() RPC: tablet_id: "bac7459444cc4e8c837d99bb3e8cec26" candidate_uuid: "93d223c364a647b69645c73026066a29" candidate_term: 1 candidate_status { last_received { term: 0 index: 0 } } ignore_live_leader: false dest_uuid: "d9657c177c2240a899feb8d79998eb48"
I20260713 09:05:16.910492 17632 raft_consensus.cc:3060] T bac7459444cc4e8c837d99bb3e8cec26 P d9657c177c2240a899feb8d79998eb48 [term 0 FOLLOWER]: Advancing to term 1
I20260713 09:05:16.910678 17748 raft_consensus.cc:359] T b49755d741fb4608bae1b9df520f3f96 P 809e5fecd6b44bea96a27fc883035d0a [term 0 FOLLOWER]: Replica starting. Triggering 0 pending ops. Active config: opid_index: -1 OBSOLETE_local: false peers { permanent_uuid: "93d223c364a647b69645c73026066a29" member_type: VOTER last_known_addr { host: "127.16.19.193" port: 44725 } } peers { permanent_uuid: "d9657c177c2240a899feb8d79998eb48" member_type: VOTER last_known_addr { host: "127.16.19.194" port: 32809 } } peers { permanent_uuid: "809e5fecd6b44bea96a27fc883035d0a" member_type: VOTER last_known_addr { host: "127.16.19.195" port: 43437 } }
I20260713 09:05:16.911423 17748 raft_consensus.cc:385] T b49755d741fb4608bae1b9df520f3f96 P 809e5fecd6b44bea96a27fc883035d0a [term 0 FOLLOWER]: Consensus starting up: Expiring failure detector timer to make a prompt election more likely
I20260713 09:05:16.911736 17748 raft_consensus.cc:740] T b49755d741fb4608bae1b9df520f3f96 P 809e5fecd6b44bea96a27fc883035d0a [term 0 FOLLOWER]: Becoming Follower/Learner. State: Replica: 809e5fecd6b44bea96a27fc883035d0a, State: Initialized, Role: FOLLOWER
I20260713 09:05:16.912566 17748 consensus_queue.cc:260] T b49755d741fb4608bae1b9df520f3f96 P 809e5fecd6b44bea96a27fc883035d0a [NON_LEADER]: Queue going to NON_LEADER mode. State: All replicated index: 0, Majority replicated index: 0, Committed index: 0, Last appended: 0.0, Last appended by leader: 0, Current term: 0, Majority size: -1, State: 0, Mode: NON_LEADER, active raft config: opid_index: -1 OBSOLETE_local: false peers { permanent_uuid: "93d223c364a647b69645c73026066a29" member_type: VOTER last_known_addr { host: "127.16.19.193" port: 44725 } } peers { permanent_uuid: "d9657c177c2240a899feb8d79998eb48" member_type: VOTER last_known_addr { host: "127.16.19.194" port: 32809 } } peers { permanent_uuid: "809e5fecd6b44bea96a27fc883035d0a" member_type: VOTER last_known_addr { host: "127.16.19.195" port: 43437 } }
I20260713 09:05:16.917834 17632 raft_consensus.cc:2468] T bac7459444cc4e8c837d99bb3e8cec26 P d9657c177c2240a899feb8d79998eb48 [term 1 FOLLOWER]: Leader election vote request: Granting yes vote for candidate 93d223c364a647b69645c73026066a29 in term 1.
I20260713 09:05:16.918756 17748 ts_tablet_manager.cc:1434] T b49755d741fb4608bae1b9df520f3f96 P 809e5fecd6b44bea96a27fc883035d0a: Time spent starting tablet: real 0.011s	user 0.006s	sys 0.000s
I20260713 09:05:16.919153 17523 leader_election.cc:304] T bac7459444cc4e8c837d99bb3e8cec26 P 93d223c364a647b69645c73026066a29 [CANDIDATE]: Term 1 election: Election decided. Result: candidate won. Election summary: received 2 responses out of 3 voters: 2 yes votes; 0 no votes. yes voters: 93d223c364a647b69645c73026066a29, d9657c177c2240a899feb8d79998eb48; no voters: 
I20260713 09:05:16.919713 17748 tablet_bootstrap.cc:492] T a7165b919d404e8ca78f6e718db2f1fb P 809e5fecd6b44bea96a27fc883035d0a: Bootstrap starting.
I20260713 09:05:16.922932 17752 leader_election.cc:290] T bac7459444cc4e8c837d99bb3e8cec26 P 93d223c364a647b69645c73026066a29 [CANDIDATE]: Term 1 election: Requested vote from peers d9657c177c2240a899feb8d79998eb48 (127.16.19.194:32809), 809e5fecd6b44bea96a27fc883035d0a (127.16.19.195:43437)
I20260713 09:05:16.924424 17752 raft_consensus.cc:2804] T bac7459444cc4e8c837d99bb3e8cec26 P 93d223c364a647b69645c73026066a29 [term 1 FOLLOWER]: Leader election won for term 1
I20260713 09:05:16.924862 17752 raft_consensus.cc:697] T bac7459444cc4e8c837d99bb3e8cec26 P 93d223c364a647b69645c73026066a29 [term 1 LEADER]: Becoming Leader. State: Replica: 93d223c364a647b69645c73026066a29, State: Running, Role: LEADER
I20260713 09:05:16.926255 17706 tablet_service.cc:1917] Received RequestConsensusVote() RPC: tablet_id: "bac7459444cc4e8c837d99bb3e8cec26" candidate_uuid: "93d223c364a647b69645c73026066a29" candidate_term: 1 candidate_status { last_received { term: 0 index: 0 } } ignore_live_leader: false dest_uuid: "809e5fecd6b44bea96a27fc883035d0a" is_pre_election: true
I20260713 09:05:16.925798 17752 consensus_queue.cc:237] T bac7459444cc4e8c837d99bb3e8cec26 P 93d223c364a647b69645c73026066a29 [LEADER]: Queue going to LEADER mode. State: All replicated index: 0, Majority replicated index: 0, Committed index: 0, Last appended: 0.0, Last appended by leader: 0, Current term: 1, Majority size: 2, State: 0, Mode: LEADER, active raft config: opid_index: -1 OBSOLETE_local: false peers { permanent_uuid: "93d223c364a647b69645c73026066a29" member_type: VOTER last_known_addr { host: "127.16.19.193" port: 44725 } } peers { permanent_uuid: "d9657c177c2240a899feb8d79998eb48" member_type: VOTER last_known_addr { host: "127.16.19.194" port: 32809 } } peers { permanent_uuid: "809e5fecd6b44bea96a27fc883035d0a" member_type: VOTER last_known_addr { host: "127.16.19.195" port: 43437 } }
I20260713 09:05:16.927016 17746 tablet_bootstrap.cc:492] T a7165b919d404e8ca78f6e718db2f1fb P 93d223c364a647b69645c73026066a29: No bootstrap required, opened a new log
I20260713 09:05:16.926923 17706 raft_consensus.cc:2468] T bac7459444cc4e8c837d99bb3e8cec26 P 809e5fecd6b44bea96a27fc883035d0a [term 0 FOLLOWER]: Leader pre-election vote request: Granting yes vote for candidate 93d223c364a647b69645c73026066a29 in term 0.
I20260713 09:05:16.928030 17746 ts_tablet_manager.cc:1403] T a7165b919d404e8ca78f6e718db2f1fb P 93d223c364a647b69645c73026066a29: Time spent bootstrapping tablet: real 0.119s	user 0.043s	sys 0.059s
I20260713 09:05:16.928714 17704 tablet_service.cc:1917] Received RequestConsensusVote() RPC: tablet_id: "bac7459444cc4e8c837d99bb3e8cec26" candidate_uuid: "93d223c364a647b69645c73026066a29" candidate_term: 1 candidate_status { last_received { term: 0 index: 0 } } ignore_live_leader: false dest_uuid: "809e5fecd6b44bea96a27fc883035d0a"
I20260713 09:05:16.927842 17705 tablet_service.cc:1917] Received RequestConsensusVote() RPC: tablet_id: "12ef00c1dfe44dd88ac4494d2b1586e6" candidate_uuid: "93d223c364a647b69645c73026066a29" candidate_term: 1 candidate_status { last_received { term: 0 index: 0 } } ignore_live_leader: false dest_uuid: "809e5fecd6b44bea96a27fc883035d0a" is_pre_election: true
I20260713 09:05:16.930550 17705 raft_consensus.cc:2468] T 12ef00c1dfe44dd88ac4494d2b1586e6 P 809e5fecd6b44bea96a27fc883035d0a [term 0 FOLLOWER]: Leader pre-election vote request: Granting yes vote for candidate 93d223c364a647b69645c73026066a29 in term 0.
I20260713 09:05:16.929678 17748 tablet_bootstrap.cc:654] T a7165b919d404e8ca78f6e718db2f1fb P 809e5fecd6b44bea96a27fc883035d0a: Neither blocks nor log segments found. Creating new log.
I20260713 09:05:16.929319 17704 raft_consensus.cc:3060] T bac7459444cc4e8c837d99bb3e8cec26 P 809e5fecd6b44bea96a27fc883035d0a [term 0 FOLLOWER]: Advancing to term 1
I20260713 09:05:16.932861 17521 leader_election.cc:304] T 12ef00c1dfe44dd88ac4494d2b1586e6 P 93d223c364a647b69645c73026066a29 [CANDIDATE]: Term 1 pre-election: Election decided. Result: candidate won. Election summary: received 3 responses out of 3 voters: 2 yes votes; 1 no votes. yes voters: 809e5fecd6b44bea96a27fc883035d0a, 93d223c364a647b69645c73026066a29; no voters: d9657c177c2240a899feb8d79998eb48
I20260713 09:05:16.933161 17746 raft_consensus.cc:359] T a7165b919d404e8ca78f6e718db2f1fb P 93d223c364a647b69645c73026066a29 [term 0 FOLLOWER]: Replica starting. Triggering 0 pending ops. Active config: opid_index: -1 OBSOLETE_local: false peers { permanent_uuid: "93d223c364a647b69645c73026066a29" member_type: VOTER last_known_addr { host: "127.16.19.193" port: 44725 } } peers { permanent_uuid: "d9657c177c2240a899feb8d79998eb48" member_type: VOTER last_known_addr { host: "127.16.19.194" port: 32809 } } peers { permanent_uuid: "809e5fecd6b44bea96a27fc883035d0a" member_type: VOTER last_known_addr { host: "127.16.19.195" port: 43437 } }
I20260713 09:05:16.934540 17746 raft_consensus.cc:385] T a7165b919d404e8ca78f6e718db2f1fb P 93d223c364a647b69645c73026066a29 [term 0 FOLLOWER]: Consensus starting up: Expiring failure detector timer to make a prompt election more likely
I20260713 09:05:16.934895 17746 raft_consensus.cc:740] T a7165b919d404e8ca78f6e718db2f1fb P 93d223c364a647b69645c73026066a29 [term 0 FOLLOWER]: Becoming Follower/Learner. State: Replica: 93d223c364a647b69645c73026066a29, State: Initialized, Role: FOLLOWER
I20260713 09:05:16.935540 17746 consensus_queue.cc:260] T a7165b919d404e8ca78f6e718db2f1fb P 93d223c364a647b69645c73026066a29 [NON_LEADER]: Queue going to NON_LEADER mode. State: All replicated index: 0, Majority replicated index: 0, Committed index: 0, Last appended: 0.0, Last appended by leader: 0, Current term: 0, Majority size: -1, State: 0, Mode: NON_LEADER, active raft config: opid_index: -1 OBSOLETE_local: false peers { permanent_uuid: "93d223c364a647b69645c73026066a29" member_type: VOTER last_known_addr { host: "127.16.19.193" port: 44725 } } peers { permanent_uuid: "d9657c177c2240a899feb8d79998eb48" member_type: VOTER last_known_addr { host: "127.16.19.194" port: 32809 } } peers { permanent_uuid: "809e5fecd6b44bea96a27fc883035d0a" member_type: VOTER last_known_addr { host: "127.16.19.195" port: 43437 } }
I20260713 09:05:16.937058 17747 tablet_bootstrap.cc:492] T 12ef00c1dfe44dd88ac4494d2b1586e6 P d9657c177c2240a899feb8d79998eb48: No bootstrap required, opened a new log
I20260713 09:05:16.937541 17747 ts_tablet_manager.cc:1403] T 12ef00c1dfe44dd88ac4494d2b1586e6 P d9657c177c2240a899feb8d79998eb48: Time spent bootstrapping tablet: real 0.130s	user 0.020s	sys 0.026s
I20260713 09:05:16.939499 17704 raft_consensus.cc:2468] T bac7459444cc4e8c837d99bb3e8cec26 P 809e5fecd6b44bea96a27fc883035d0a [term 1 FOLLOWER]: Leader election vote request: Granting yes vote for candidate 93d223c364a647b69645c73026066a29 in term 1.
I20260713 09:05:16.940348 17771 raft_consensus.cc:2804] T 12ef00c1dfe44dd88ac4494d2b1586e6 P 93d223c364a647b69645c73026066a29 [term 0 FOLLOWER]: Leader pre-election won for term 1
I20260713 09:05:16.940764 17771 raft_consensus.cc:493] T 12ef00c1dfe44dd88ac4494d2b1586e6 P 93d223c364a647b69645c73026066a29 [term 0 FOLLOWER]: Starting leader election (no leader contacted us within the election timeout)
I20260713 09:05:16.940442 17747 raft_consensus.cc:359] T 12ef00c1dfe44dd88ac4494d2b1586e6 P d9657c177c2240a899feb8d79998eb48 [term 0 FOLLOWER]: Replica starting. Triggering 0 pending ops. Active config: opid_index: -1 OBSOLETE_local: false peers { permanent_uuid: "93d223c364a647b69645c73026066a29" member_type: VOTER last_known_addr { host: "127.16.19.193" port: 44725 } } peers { permanent_uuid: "809e5fecd6b44bea96a27fc883035d0a" member_type: VOTER last_known_addr { host: "127.16.19.195" port: 43437 } } peers { permanent_uuid: "d9657c177c2240a899feb8d79998eb48" member_type: VOTER last_known_addr { host: "127.16.19.194" port: 32809 } }
I20260713 09:05:16.941093 17771 raft_consensus.cc:3060] T 12ef00c1dfe44dd88ac4494d2b1586e6 P 93d223c364a647b69645c73026066a29 [term 0 FOLLOWER]: Advancing to term 1
I20260713 09:05:16.941139 17747 raft_consensus.cc:385] T 12ef00c1dfe44dd88ac4494d2b1586e6 P d9657c177c2240a899feb8d79998eb48 [term 0 FOLLOWER]: Consensus starting up: Expiring failure detector timer to make a prompt election more likely
I20260713 09:05:16.941785 17747 raft_consensus.cc:740] T 12ef00c1dfe44dd88ac4494d2b1586e6 P d9657c177c2240a899feb8d79998eb48 [term 0 FOLLOWER]: Becoming Follower/Learner. State: Replica: d9657c177c2240a899feb8d79998eb48, State: Initialized, Role: FOLLOWER
I20260713 09:05:16.943535 17747 consensus_queue.cc:260] T 12ef00c1dfe44dd88ac4494d2b1586e6 P d9657c177c2240a899feb8d79998eb48 [NON_LEADER]: Queue going to NON_LEADER mode. State: All replicated index: 0, Majority replicated index: 0, Committed index: 0, Last appended: 0.0, Last appended by leader: 0, Current term: 0, Majority size: -1, State: 0, Mode: NON_LEADER, active raft config: opid_index: -1 OBSOLETE_local: false peers { permanent_uuid: "93d223c364a647b69645c73026066a29" member_type: VOTER last_known_addr { host: "127.16.19.193" port: 44725 } } peers { permanent_uuid: "809e5fecd6b44bea96a27fc883035d0a" member_type: VOTER last_known_addr { host: "127.16.19.195" port: 43437 } } peers { permanent_uuid: "d9657c177c2240a899feb8d79998eb48" member_type: VOTER last_known_addr { host: "127.16.19.194" port: 32809 } }
I20260713 09:05:16.946929 17747 ts_tablet_manager.cc:1434] T 12ef00c1dfe44dd88ac4494d2b1586e6 P d9657c177c2240a899feb8d79998eb48: Time spent starting tablet: real 0.009s	user 0.004s	sys 0.005s
I20260713 09:05:16.948077 17747 tablet_bootstrap.cc:492] T 7f2f68413028492e9eaac827a4726e0d P d9657c177c2240a899feb8d79998eb48: Bootstrap starting.
I20260713 09:05:16.949666 17751 raft_consensus.cc:493] T 12ef00c1dfe44dd88ac4494d2b1586e6 P d9657c177c2240a899feb8d79998eb48 [term 0 FOLLOWER]: Starting pre-election (no leader contacted us within the election timeout)
I20260713 09:05:16.949824 17752 raft_consensus.cc:493] T 7f2f68413028492e9eaac827a4726e0d P 93d223c364a647b69645c73026066a29 [term 0 FOLLOWER]: Starting pre-election (no leader contacted us within the election timeout)
I20260713 09:05:16.950217 17751 raft_consensus.cc:515] T 12ef00c1dfe44dd88ac4494d2b1586e6 P d9657c177c2240a899feb8d79998eb48 [term 0 FOLLOWER]: Starting pre-election with config: opid_index: -1 OBSOLETE_local: false peers { permanent_uuid: "93d223c364a647b69645c73026066a29" member_type: VOTER last_known_addr { host: "127.16.19.193" port: 44725 } } peers { permanent_uuid: "809e5fecd6b44bea96a27fc883035d0a" member_type: VOTER last_known_addr { host: "127.16.19.195" port: 43437 } } peers { permanent_uuid: "d9657c177c2240a899feb8d79998eb48" member_type: VOTER last_known_addr { host: "127.16.19.194" port: 32809 } }
I20260713 09:05:16.950465 17453 catalog_manager.cc:5697] T bac7459444cc4e8c837d99bb3e8cec26 P 93d223c364a647b69645c73026066a29 reported cstate change: term changed from 0 to 1, leader changed from <none> to 93d223c364a647b69645c73026066a29 (127.16.19.193). New cstate: current_term: 1 leader_uuid: "93d223c364a647b69645c73026066a29" committed_config { opid_index: -1 OBSOLETE_local: false peers { permanent_uuid: "93d223c364a647b69645c73026066a29" member_type: VOTER last_known_addr { host: "127.16.19.193" port: 44725 } health_report { overall_health: HEALTHY } } peers { permanent_uuid: "d9657c177c2240a899feb8d79998eb48" member_type: VOTER last_known_addr { host: "127.16.19.194" port: 32809 } health_report { overall_health: UNKNOWN } } peers { permanent_uuid: "809e5fecd6b44bea96a27fc883035d0a" member_type: VOTER last_known_addr { host: "127.16.19.195" port: 43437 } health_report { overall_health: UNKNOWN } } }
I20260713 09:05:16.950539 17752 raft_consensus.cc:515] T 7f2f68413028492e9eaac827a4726e0d P 93d223c364a647b69645c73026066a29 [term 0 FOLLOWER]: Starting pre-election with config: opid_index: -1 OBSOLETE_local: false peers { permanent_uuid: "93d223c364a647b69645c73026066a29" member_type: VOTER last_known_addr { host: "127.16.19.193" port: 44725 } } peers { permanent_uuid: "d9657c177c2240a899feb8d79998eb48" member_type: VOTER last_known_addr { host: "127.16.19.194" port: 32809 } } peers { permanent_uuid: "809e5fecd6b44bea96a27fc883035d0a" member_type: VOTER last_known_addr { host: "127.16.19.195" port: 43437 } }
I20260713 09:05:16.957388 17632 tablet_service.cc:1917] Received RequestConsensusVote() RPC: tablet_id: "7f2f68413028492e9eaac827a4726e0d" candidate_uuid: "93d223c364a647b69645c73026066a29" candidate_term: 1 candidate_status { last_received { term: 0 index: 0 } } ignore_live_leader: false dest_uuid: "d9657c177c2240a899feb8d79998eb48" is_pre_election: true
I20260713 09:05:16.957804 17752 leader_election.cc:290] T 7f2f68413028492e9eaac827a4726e0d P 93d223c364a647b69645c73026066a29 [CANDIDATE]: Term 1 pre-election: Requested pre-vote from peers d9657c177c2240a899feb8d79998eb48 (127.16.19.194:32809), 809e5fecd6b44bea96a27fc883035d0a (127.16.19.195:43437)
W20260713 09:05:16.959012 17523 leader_election.cc:343] T 7f2f68413028492e9eaac827a4726e0d P 93d223c364a647b69645c73026066a29 [CANDIDATE]: Term 1 pre-election: Tablet error from VoteRequest() call to peer d9657c177c2240a899feb8d79998eb48 (127.16.19.194:32809): Illegal state: must be running to vote when last-logged opid is not known
I20260713 09:05:16.959537 17751 leader_election.cc:290] T 12ef00c1dfe44dd88ac4494d2b1586e6 P d9657c177c2240a899feb8d79998eb48 [CANDIDATE]: Term 1 pre-election: Requested pre-vote from peers 93d223c364a647b69645c73026066a29 (127.16.19.193:44725), 809e5fecd6b44bea96a27fc883035d0a (127.16.19.195:43437)
I20260713 09:05:16.960532 17557 tablet_service.cc:1917] Received RequestConsensusVote() RPC: tablet_id: "12ef00c1dfe44dd88ac4494d2b1586e6" candidate_uuid: "d9657c177c2240a899feb8d79998eb48" candidate_term: 1 candidate_status { last_received { term: 0 index: 0 } } ignore_live_leader: false dest_uuid: "93d223c364a647b69645c73026066a29" is_pre_election: true
I20260713 09:05:16.961007 17705 tablet_service.cc:1917] Received RequestConsensusVote() RPC: tablet_id: "12ef00c1dfe44dd88ac4494d2b1586e6" candidate_uuid: "d9657c177c2240a899feb8d79998eb48" candidate_term: 1 candidate_status { last_received { term: 0 index: 0 } } ignore_live_leader: false dest_uuid: "809e5fecd6b44bea96a27fc883035d0a" is_pre_election: true
I20260713 09:05:16.961779 17705 raft_consensus.cc:2468] T 12ef00c1dfe44dd88ac4494d2b1586e6 P 809e5fecd6b44bea96a27fc883035d0a [term 0 FOLLOWER]: Leader pre-election vote request: Granting yes vote for candidate d9657c177c2240a899feb8d79998eb48 in term 0.
I20260713 09:05:16.961946 17704 tablet_service.cc:1917] Received RequestConsensusVote() RPC: tablet_id: "7f2f68413028492e9eaac827a4726e0d" candidate_uuid: "93d223c364a647b69645c73026066a29" candidate_term: 1 candidate_status { last_received { term: 0 index: 0 } } ignore_live_leader: false dest_uuid: "809e5fecd6b44bea96a27fc883035d0a" is_pre_election: true
I20260713 09:05:16.962762 17704 raft_consensus.cc:2468] T 7f2f68413028492e9eaac827a4726e0d P 809e5fecd6b44bea96a27fc883035d0a [term 0 FOLLOWER]: Leader pre-election vote request: Granting yes vote for candidate 93d223c364a647b69645c73026066a29 in term 0.
I20260713 09:05:16.963387 17596 leader_election.cc:304] T 12ef00c1dfe44dd88ac4494d2b1586e6 P d9657c177c2240a899feb8d79998eb48 [CANDIDATE]: Term 1 pre-election: Election decided. Result: candidate won. Election summary: received 2 responses out of 3 voters: 2 yes votes; 0 no votes. yes voters: 809e5fecd6b44bea96a27fc883035d0a, d9657c177c2240a899feb8d79998eb48; no voters: 
I20260713 09:05:16.964231 17521 leader_election.cc:304] T 7f2f68413028492e9eaac827a4726e0d P 93d223c364a647b69645c73026066a29 [CANDIDATE]: Term 1 pre-election: Election decided. Result: candidate won. Election summary: received 3 responses out of 3 voters: 2 yes votes; 1 no votes. yes voters: 809e5fecd6b44bea96a27fc883035d0a, 93d223c364a647b69645c73026066a29; no voters: d9657c177c2240a899feb8d79998eb48
I20260713 09:05:16.965660 17752 raft_consensus.cc:2804] T 7f2f68413028492e9eaac827a4726e0d P 93d223c364a647b69645c73026066a29 [term 0 FOLLOWER]: Leader pre-election won for term 1
I20260713 09:05:16.966154 17752 raft_consensus.cc:493] T 7f2f68413028492e9eaac827a4726e0d P 93d223c364a647b69645c73026066a29 [term 0 FOLLOWER]: Starting leader election (no leader contacted us within the election timeout)
I20260713 09:05:16.966327 17751 raft_consensus.cc:2804] T 12ef00c1dfe44dd88ac4494d2b1586e6 P d9657c177c2240a899feb8d79998eb48 [term 0 FOLLOWER]: Leader pre-election won for term 1
I20260713 09:05:16.966660 17752 raft_consensus.cc:3060] T 7f2f68413028492e9eaac827a4726e0d P 93d223c364a647b69645c73026066a29 [term 0 FOLLOWER]: Advancing to term 1
I20260713 09:05:16.966943 17751 raft_consensus.cc:493] T 12ef00c1dfe44dd88ac4494d2b1586e6 P d9657c177c2240a899feb8d79998eb48 [term 0 FOLLOWER]: Starting leader election (no leader contacted us within the election timeout)
I20260713 09:05:16.967525 17751 raft_consensus.cc:3060] T 12ef00c1dfe44dd88ac4494d2b1586e6 P d9657c177c2240a899feb8d79998eb48 [term 0 FOLLOWER]: Advancing to term 1
I20260713 09:05:16.972843 17748 tablet_bootstrap.cc:492] T a7165b919d404e8ca78f6e718db2f1fb P 809e5fecd6b44bea96a27fc883035d0a: No bootstrap required, opened a new log
I20260713 09:05:16.973343 17748 ts_tablet_manager.cc:1403] T a7165b919d404e8ca78f6e718db2f1fb P 809e5fecd6b44bea96a27fc883035d0a: Time spent bootstrapping tablet: real 0.054s	user 0.008s	sys 0.010s
I20260713 09:05:16.976619 17748 raft_consensus.cc:359] T a7165b919d404e8ca78f6e718db2f1fb P 809e5fecd6b44bea96a27fc883035d0a [term 0 FOLLOWER]: Replica starting. Triggering 0 pending ops. Active config: opid_index: -1 OBSOLETE_local: false peers { permanent_uuid: "93d223c364a647b69645c73026066a29" member_type: VOTER last_known_addr { host: "127.16.19.193" port: 44725 } } peers { permanent_uuid: "d9657c177c2240a899feb8d79998eb48" member_type: VOTER last_known_addr { host: "127.16.19.194" port: 32809 } } peers { permanent_uuid: "809e5fecd6b44bea96a27fc883035d0a" member_type: VOTER last_known_addr { host: "127.16.19.195" port: 43437 } }
I20260713 09:05:16.977432 17748 raft_consensus.cc:385] T a7165b919d404e8ca78f6e718db2f1fb P 809e5fecd6b44bea96a27fc883035d0a [term 0 FOLLOWER]: Consensus starting up: Expiring failure detector timer to make a prompt election more likely
I20260713 09:05:16.977797 17748 raft_consensus.cc:740] T a7165b919d404e8ca78f6e718db2f1fb P 809e5fecd6b44bea96a27fc883035d0a [term 0 FOLLOWER]: Becoming Follower/Learner. State: Replica: 809e5fecd6b44bea96a27fc883035d0a, State: Initialized, Role: FOLLOWER
I20260713 09:05:16.978104 17747 tablet_bootstrap.cc:654] T 7f2f68413028492e9eaac827a4726e0d P d9657c177c2240a899feb8d79998eb48: Neither blocks nor log segments found. Creating new log.
I20260713 09:05:16.978916 17748 consensus_queue.cc:260] T a7165b919d404e8ca78f6e718db2f1fb P 809e5fecd6b44bea96a27fc883035d0a [NON_LEADER]: Queue going to NON_LEADER mode. State: All replicated index: 0, Majority replicated index: 0, Committed index: 0, Last appended: 0.0, Last appended by leader: 0, Current term: 0, Majority size: -1, State: 0, Mode: NON_LEADER, active raft config: opid_index: -1 OBSOLETE_local: false peers { permanent_uuid: "93d223c364a647b69645c73026066a29" member_type: VOTER last_known_addr { host: "127.16.19.193" port: 44725 } } peers { permanent_uuid: "d9657c177c2240a899feb8d79998eb48" member_type: VOTER last_known_addr { host: "127.16.19.194" port: 32809 } } peers { permanent_uuid: "809e5fecd6b44bea96a27fc883035d0a" member_type: VOTER last_known_addr { host: "127.16.19.195" port: 43437 } }
I20260713 09:05:16.979517 17757 raft_consensus.cc:493] T 34647f2436714a39bdb0cfdabc492b19 P 809e5fecd6b44bea96a27fc883035d0a [term 0 FOLLOWER]: Starting pre-election (no leader contacted us within the election timeout)
I20260713 09:05:16.980024 17757 raft_consensus.cc:515] T 34647f2436714a39bdb0cfdabc492b19 P 809e5fecd6b44bea96a27fc883035d0a [term 0 FOLLOWER]: Starting pre-election with config: opid_index: -1 OBSOLETE_local: false peers { permanent_uuid: "93d223c364a647b69645c73026066a29" member_type: VOTER last_known_addr { host: "127.16.19.193" port: 44725 } } peers { permanent_uuid: "d9657c177c2240a899feb8d79998eb48" member_type: VOTER last_known_addr { host: "127.16.19.194" port: 32809 } } peers { permanent_uuid: "809e5fecd6b44bea96a27fc883035d0a" member_type: VOTER last_known_addr { host: "127.16.19.195" port: 43437 } }
I20260713 09:05:16.985052 17757 leader_election.cc:290] T 34647f2436714a39bdb0cfdabc492b19 P 809e5fecd6b44bea96a27fc883035d0a [CANDIDATE]: Term 1 pre-election: Requested pre-vote from peers 93d223c364a647b69645c73026066a29 (127.16.19.193:44725), d9657c177c2240a899feb8d79998eb48 (127.16.19.194:32809)
I20260713 09:05:16.988394 17746 ts_tablet_manager.cc:1434] T a7165b919d404e8ca78f6e718db2f1fb P 93d223c364a647b69645c73026066a29: Time spent starting tablet: real 0.060s	user 0.012s	sys 0.030s
I20260713 09:05:16.989478 17746 tablet_bootstrap.cc:492] T b6f28a37d44a4e489f8a54b2cc82e6ba P 93d223c364a647b69645c73026066a29: Bootstrap starting.
I20260713 09:05:16.993307 17752 raft_consensus.cc:515] T 7f2f68413028492e9eaac827a4726e0d P 93d223c364a647b69645c73026066a29 [term 1 FOLLOWER]: Starting leader election with config: opid_index: -1 OBSOLETE_local: false peers { permanent_uuid: "93d223c364a647b69645c73026066a29" member_type: VOTER last_known_addr { host: "127.16.19.193" port: 44725 } } peers { permanent_uuid: "d9657c177c2240a899feb8d79998eb48" member_type: VOTER last_known_addr { host: "127.16.19.194" port: 32809 } } peers { permanent_uuid: "809e5fecd6b44bea96a27fc883035d0a" member_type: VOTER last_known_addr { host: "127.16.19.195" port: 43437 } }
I20260713 09:05:16.995365 17751 raft_consensus.cc:515] T 12ef00c1dfe44dd88ac4494d2b1586e6 P d9657c177c2240a899feb8d79998eb48 [term 1 FOLLOWER]: Starting leader election with config: opid_index: -1 OBSOLETE_local: false peers { permanent_uuid: "93d223c364a647b69645c73026066a29" member_type: VOTER last_known_addr { host: "127.16.19.193" port: 44725 } } peers { permanent_uuid: "809e5fecd6b44bea96a27fc883035d0a" member_type: VOTER last_known_addr { host: "127.16.19.195" port: 43437 } } peers { permanent_uuid: "d9657c177c2240a899feb8d79998eb48" member_type: VOTER last_known_addr { host: "127.16.19.194" port: 32809 } }
I20260713 09:05:16.996423 17746 tablet_bootstrap.cc:654] T b6f28a37d44a4e489f8a54b2cc82e6ba P 93d223c364a647b69645c73026066a29: Neither blocks nor log segments found. Creating new log.
I20260713 09:05:16.999680 17556 tablet_service.cc:1917] Received RequestConsensusVote() RPC: tablet_id: "12ef00c1dfe44dd88ac4494d2b1586e6" candidate_uuid: "d9657c177c2240a899feb8d79998eb48" candidate_term: 1 candidate_status { last_received { term: 0 index: 0 } } ignore_live_leader: false dest_uuid: "93d223c364a647b69645c73026066a29"
I20260713 09:05:16.999779 17704 tablet_service.cc:1917] Received RequestConsensusVote() RPC: tablet_id: "7f2f68413028492e9eaac827a4726e0d" candidate_uuid: "93d223c364a647b69645c73026066a29" candidate_term: 1 candidate_status { last_received { term: 0 index: 0 } } ignore_live_leader: false dest_uuid: "809e5fecd6b44bea96a27fc883035d0a"
I20260713 09:05:17.000638 17704 raft_consensus.cc:3060] T 7f2f68413028492e9eaac827a4726e0d P 809e5fecd6b44bea96a27fc883035d0a [term 0 FOLLOWER]: Advancing to term 1
I20260713 09:05:17.001876 17632 tablet_service.cc:1917] Received RequestConsensusVote() RPC: tablet_id: "7f2f68413028492e9eaac827a4726e0d" candidate_uuid: "93d223c364a647b69645c73026066a29" candidate_term: 1 candidate_status { last_received { term: 0 index: 0 } } ignore_live_leader: false dest_uuid: "d9657c177c2240a899feb8d79998eb48"
W20260713 09:05:17.003974 17523 leader_election.cc:343] T 7f2f68413028492e9eaac827a4726e0d P 93d223c364a647b69645c73026066a29 [CANDIDATE]: Term 1 election: Tablet error from VoteRequest() call to peer d9657c177c2240a899feb8d79998eb48 (127.16.19.194:32809): Illegal state: must be running to vote when last-logged opid is not known
I20260713 09:05:17.008881 17751 leader_election.cc:290] T 12ef00c1dfe44dd88ac4494d2b1586e6 P d9657c177c2240a899feb8d79998eb48 [CANDIDATE]: Term 1 election: Requested vote from peers 93d223c364a647b69645c73026066a29 (127.16.19.193:44725), 809e5fecd6b44bea96a27fc883035d0a (127.16.19.195:43437)
I20260713 09:05:17.013835 17771 raft_consensus.cc:515] T 12ef00c1dfe44dd88ac4494d2b1586e6 P 93d223c364a647b69645c73026066a29 [term 1 FOLLOWER]: Starting leader election with config: opid_index: -1 OBSOLETE_local: false peers { permanent_uuid: "93d223c364a647b69645c73026066a29" member_type: VOTER last_known_addr { host: "127.16.19.193" port: 44725 } } peers { permanent_uuid: "809e5fecd6b44bea96a27fc883035d0a" member_type: VOTER last_known_addr { host: "127.16.19.195" port: 43437 } } peers { permanent_uuid: "d9657c177c2240a899feb8d79998eb48" member_type: VOTER last_known_addr { host: "127.16.19.194" port: 32809 } }
I20260713 09:05:17.015878 17705 tablet_service.cc:1917] Received RequestConsensusVote() RPC: tablet_id: "12ef00c1dfe44dd88ac4494d2b1586e6" candidate_uuid: "d9657c177c2240a899feb8d79998eb48" candidate_term: 1 candidate_status { last_received { term: 0 index: 0 } } ignore_live_leader: false dest_uuid: "809e5fecd6b44bea96a27fc883035d0a"
I20260713 09:05:17.016510 17557 raft_consensus.cc:2393] T 12ef00c1dfe44dd88ac4494d2b1586e6 P 93d223c364a647b69645c73026066a29 [term 1 FOLLOWER]: Leader pre-election vote request: Denying vote to candidate d9657c177c2240a899feb8d79998eb48 in current term 1: Already voted for candidate 93d223c364a647b69645c73026066a29 in this term.
I20260713 09:05:17.016736 17705 raft_consensus.cc:3060] T 12ef00c1dfe44dd88ac4494d2b1586e6 P 809e5fecd6b44bea96a27fc883035d0a [term 0 FOLLOWER]: Advancing to term 1
I20260713 09:05:17.017134 17704 raft_consensus.cc:2468] T 7f2f68413028492e9eaac827a4726e0d P 809e5fecd6b44bea96a27fc883035d0a [term 1 FOLLOWER]: Leader election vote request: Granting yes vote for candidate 93d223c364a647b69645c73026066a29 in term 1.
I20260713 09:05:17.018877 17521 leader_election.cc:304] T 7f2f68413028492e9eaac827a4726e0d P 93d223c364a647b69645c73026066a29 [CANDIDATE]: Term 1 election: Election decided. Result: candidate won. Election summary: received 3 responses out of 3 voters: 2 yes votes; 1 no votes. yes voters: 809e5fecd6b44bea96a27fc883035d0a, 93d223c364a647b69645c73026066a29; no voters: d9657c177c2240a899feb8d79998eb48
I20260713 09:05:17.019883 17774 raft_consensus.cc:2804] T 7f2f68413028492e9eaac827a4726e0d P 93d223c364a647b69645c73026066a29 [term 1 FOLLOWER]: Leader election won for term 1
I20260713 09:05:17.005681 17752 leader_election.cc:290] T 7f2f68413028492e9eaac827a4726e0d P 93d223c364a647b69645c73026066a29 [CANDIDATE]: Term 1 election: Requested vote from peers d9657c177c2240a899feb8d79998eb48 (127.16.19.194:32809), 809e5fecd6b44bea96a27fc883035d0a (127.16.19.195:43437)
I20260713 09:05:17.023676 17632 tablet_service.cc:1917] Received RequestConsensusVote() RPC: tablet_id: "12ef00c1dfe44dd88ac4494d2b1586e6" candidate_uuid: "93d223c364a647b69645c73026066a29" candidate_term: 1 candidate_status { last_received { term: 0 index: 0 } } ignore_live_leader: false dest_uuid: "d9657c177c2240a899feb8d79998eb48"
I20260713 09:05:17.024492 17632 raft_consensus.cc:2393] T 12ef00c1dfe44dd88ac4494d2b1586e6 P d9657c177c2240a899feb8d79998eb48 [term 1 FOLLOWER]: Leader election vote request: Denying vote to candidate 93d223c364a647b69645c73026066a29 in current term 1: Already voted for candidate d9657c177c2240a899feb8d79998eb48 in this term.
I20260713 09:05:17.024778 17771 leader_election.cc:290] T 12ef00c1dfe44dd88ac4494d2b1586e6 P 93d223c364a647b69645c73026066a29 [CANDIDATE]: Term 1 election: Requested vote from peers 809e5fecd6b44bea96a27fc883035d0a (127.16.19.195:43437), d9657c177c2240a899feb8d79998eb48 (127.16.19.194:32809)
I20260713 09:05:17.024518 17704 tablet_service.cc:1917] Received RequestConsensusVote() RPC: tablet_id: "12ef00c1dfe44dd88ac4494d2b1586e6" candidate_uuid: "93d223c364a647b69645c73026066a29" candidate_term: 1 candidate_status { last_received { term: 0 index: 0 } } ignore_live_leader: false dest_uuid: "809e5fecd6b44bea96a27fc883035d0a"
I20260713 09:05:17.028364 17521 leader_election.cc:304] T 12ef00c1dfe44dd88ac4494d2b1586e6 P 93d223c364a647b69645c73026066a29 [CANDIDATE]: Term 1 election: Election decided. Result: candidate lost. Election summary: received 3 responses out of 3 voters: 1 yes votes; 2 no votes. yes voters: 93d223c364a647b69645c73026066a29; no voters: 809e5fecd6b44bea96a27fc883035d0a, d9657c177c2240a899feb8d79998eb48
I20260713 09:05:17.029335 17771 raft_consensus.cc:2749] T 12ef00c1dfe44dd88ac4494d2b1586e6 P 93d223c364a647b69645c73026066a29 [term 1 FOLLOWER]: Leader election lost for term 1. Reason: could not achieve majority
I20260713 09:05:17.029862 17748 ts_tablet_manager.cc:1434] T a7165b919d404e8ca78f6e718db2f1fb P 809e5fecd6b44bea96a27fc883035d0a: Time spent starting tablet: real 0.056s	user 0.011s	sys 0.007s
I20260713 09:05:17.031116 17748 tablet_bootstrap.cc:492] T 617ee766ffb7412781b9f2f4e6f280d1 P 809e5fecd6b44bea96a27fc883035d0a: Bootstrap starting.
I20260713 09:05:17.038257 17705 raft_consensus.cc:2468] T 12ef00c1dfe44dd88ac4494d2b1586e6 P 809e5fecd6b44bea96a27fc883035d0a [term 1 FOLLOWER]: Leader election vote request: Granting yes vote for candidate d9657c177c2240a899feb8d79998eb48 in term 1.
I20260713 09:05:17.051813 17596 leader_election.cc:304] T 12ef00c1dfe44dd88ac4494d2b1586e6 P d9657c177c2240a899feb8d79998eb48 [CANDIDATE]: Term 1 election: Election decided. Result: candidate won. Election summary: received 3 responses out of 3 voters: 2 yes votes; 1 no votes. yes voters: 809e5fecd6b44bea96a27fc883035d0a, d9657c177c2240a899feb8d79998eb48; no voters: 93d223c364a647b69645c73026066a29
I20260713 09:05:17.052124 17557 tablet_service.cc:1917] Received RequestConsensusVote() RPC: tablet_id: "34647f2436714a39bdb0cfdabc492b19" candidate_uuid: "809e5fecd6b44bea96a27fc883035d0a" candidate_term: 1 candidate_status { last_received { term: 0 index: 0 } } ignore_live_leader: false dest_uuid: "93d223c364a647b69645c73026066a29" is_pre_election: true
I20260713 09:05:17.052373 17746 tablet_bootstrap.cc:492] T b6f28a37d44a4e489f8a54b2cc82e6ba P 93d223c364a647b69645c73026066a29: No bootstrap required, opened a new log
I20260713 09:05:17.052862 17746 ts_tablet_manager.cc:1403] T b6f28a37d44a4e489f8a54b2cc82e6ba P 93d223c364a647b69645c73026066a29: Time spent bootstrapping tablet: real 0.064s	user 0.015s	sys 0.010s
I20260713 09:05:17.052925 17751 raft_consensus.cc:2804] T 12ef00c1dfe44dd88ac4494d2b1586e6 P d9657c177c2240a899feb8d79998eb48 [term 1 FOLLOWER]: Leader election won for term 1
I20260713 09:05:17.062453 17751 raft_consensus.cc:697] T 12ef00c1dfe44dd88ac4494d2b1586e6 P d9657c177c2240a899feb8d79998eb48 [term 1 LEADER]: Becoming Leader. State: Replica: d9657c177c2240a899feb8d79998eb48, State: Running, Role: LEADER
I20260713 09:05:17.063354 17751 consensus_queue.cc:237] T 12ef00c1dfe44dd88ac4494d2b1586e6 P d9657c177c2240a899feb8d79998eb48 [LEADER]: Queue going to LEADER mode. State: All replicated index: 0, Majority replicated index: 0, Committed index: 0, Last appended: 0.0, Last appended by leader: 0, Current term: 1, Majority size: 2, State: 0, Mode: LEADER, active raft config: opid_index: -1 OBSOLETE_local: false peers { permanent_uuid: "93d223c364a647b69645c73026066a29" member_type: VOTER last_known_addr { host: "127.16.19.193" port: 44725 } } peers { permanent_uuid: "809e5fecd6b44bea96a27fc883035d0a" member_type: VOTER last_known_addr { host: "127.16.19.195" port: 43437 } } peers { permanent_uuid: "d9657c177c2240a899feb8d79998eb48" member_type: VOTER last_known_addr { host: "127.16.19.194" port: 32809 } }
I20260713 09:05:17.050504 17774 raft_consensus.cc:697] T 7f2f68413028492e9eaac827a4726e0d P 93d223c364a647b69645c73026066a29 [term 1 LEADER]: Becoming Leader. State: Replica: 93d223c364a647b69645c73026066a29, State: Running, Role: LEADER
W20260713 09:05:17.053557 17672 leader_election.cc:343] T 34647f2436714a39bdb0cfdabc492b19 P 809e5fecd6b44bea96a27fc883035d0a [CANDIDATE]: Term 1 pre-election: Tablet error from VoteRequest() call to peer 93d223c364a647b69645c73026066a29 (127.16.19.193:44725): Illegal state: must be running to vote when last-logged opid is not known
I20260713 09:05:17.064448 17747 tablet_bootstrap.cc:492] T 7f2f68413028492e9eaac827a4726e0d P d9657c177c2240a899feb8d79998eb48: No bootstrap required, opened a new log
I20260713 09:05:17.065237 17747 ts_tablet_manager.cc:1403] T 7f2f68413028492e9eaac827a4726e0d P d9657c177c2240a899feb8d79998eb48: Time spent bootstrapping tablet: real 0.117s	user 0.009s	sys 0.017s
I20260713 09:05:17.064746 17746 raft_consensus.cc:359] T b6f28a37d44a4e489f8a54b2cc82e6ba P 93d223c364a647b69645c73026066a29 [term 0 FOLLOWER]: Replica starting. Triggering 0 pending ops. Active config: opid_index: -1 OBSOLETE_local: false peers { permanent_uuid: "93d223c364a647b69645c73026066a29" member_type: VOTER last_known_addr { host: "127.16.19.193" port: 44725 } } peers { permanent_uuid: "d9657c177c2240a899feb8d79998eb48" member_type: VOTER last_known_addr { host: "127.16.19.194" port: 32809 } } peers { permanent_uuid: "809e5fecd6b44bea96a27fc883035d0a" member_type: VOTER last_known_addr { host: "127.16.19.195" port: 43437 } }
I20260713 09:05:17.065321 17774 consensus_queue.cc:237] T 7f2f68413028492e9eaac827a4726e0d P 93d223c364a647b69645c73026066a29 [LEADER]: Queue going to LEADER mode. State: All replicated index: 0, Majority replicated index: 0, Committed index: 0, Last appended: 0.0, Last appended by leader: 0, Current term: 1, Majority size: 2, State: 0, Mode: LEADER, active raft config: opid_index: -1 OBSOLETE_local: false peers { permanent_uuid: "93d223c364a647b69645c73026066a29" member_type: VOTER last_known_addr { host: "127.16.19.193" port: 44725 } } peers { permanent_uuid: "d9657c177c2240a899feb8d79998eb48" member_type: VOTER last_known_addr { host: "127.16.19.194" port: 32809 } } peers { permanent_uuid: "809e5fecd6b44bea96a27fc883035d0a" member_type: VOTER last_known_addr { host: "127.16.19.195" port: 43437 } }
I20260713 09:05:17.066377 17632 tablet_service.cc:1917] Received RequestConsensusVote() RPC: tablet_id: "34647f2436714a39bdb0cfdabc492b19" candidate_uuid: "809e5fecd6b44bea96a27fc883035d0a" candidate_term: 1 candidate_status { last_received { term: 0 index: 0 } } ignore_live_leader: false dest_uuid: "d9657c177c2240a899feb8d79998eb48" is_pre_election: true
I20260713 09:05:17.066344 17746 raft_consensus.cc:385] T b6f28a37d44a4e489f8a54b2cc82e6ba P 93d223c364a647b69645c73026066a29 [term 0 FOLLOWER]: Consensus starting up: Expiring failure detector timer to make a prompt election more likely
W20260713 09:05:17.068558 17672 leader_election.cc:343] T 34647f2436714a39bdb0cfdabc492b19 P 809e5fecd6b44bea96a27fc883035d0a [CANDIDATE]: Term 1 pre-election: Tablet error from VoteRequest() call to peer d9657c177c2240a899feb8d79998eb48 (127.16.19.194:32809): Illegal state: must be running to vote when last-logged opid is not known
I20260713 09:05:17.068667 17746 raft_consensus.cc:740] T b6f28a37d44a4e489f8a54b2cc82e6ba P 93d223c364a647b69645c73026066a29 [term 0 FOLLOWER]: Becoming Follower/Learner. State: Replica: 93d223c364a647b69645c73026066a29, State: Initialized, Role: FOLLOWER
I20260713 09:05:17.069200 17672 leader_election.cc:304] T 34647f2436714a39bdb0cfdabc492b19 P 809e5fecd6b44bea96a27fc883035d0a [CANDIDATE]: Term 1 pre-election: Election decided. Result: candidate lost. Election summary: received 3 responses out of 3 voters: 1 yes votes; 2 no votes. yes voters: 809e5fecd6b44bea96a27fc883035d0a; no voters: 93d223c364a647b69645c73026066a29, d9657c177c2240a899feb8d79998eb48
I20260713 09:05:17.069664 17746 consensus_queue.cc:260] T b6f28a37d44a4e489f8a54b2cc82e6ba P 93d223c364a647b69645c73026066a29 [NON_LEADER]: Queue going to NON_LEADER mode. State: All replicated index: 0, Majority replicated index: 0, Committed index: 0, Last appended: 0.0, Last appended by leader: 0, Current term: 0, Majority size: -1, State: 0, Mode: NON_LEADER, active raft config: opid_index: -1 OBSOLETE_local: false peers { permanent_uuid: "93d223c364a647b69645c73026066a29" member_type: VOTER last_known_addr { host: "127.16.19.193" port: 44725 } } peers { permanent_uuid: "d9657c177c2240a899feb8d79998eb48" member_type: VOTER last_known_addr { host: "127.16.19.194" port: 32809 } } peers { permanent_uuid: "809e5fecd6b44bea96a27fc883035d0a" member_type: VOTER last_known_addr { host: "127.16.19.195" port: 43437 } }
I20260713 09:05:17.070257 17776 raft_consensus.cc:2749] T 34647f2436714a39bdb0cfdabc492b19 P 809e5fecd6b44bea96a27fc883035d0a [term 0 FOLLOWER]: Leader pre-election lost for term 1. Reason: could not achieve majority
I20260713 09:05:17.071566 17747 raft_consensus.cc:359] T 7f2f68413028492e9eaac827a4726e0d P d9657c177c2240a899feb8d79998eb48 [term 0 FOLLOWER]: Replica starting. Triggering 0 pending ops. Active config: opid_index: -1 OBSOLETE_local: false peers { permanent_uuid: "93d223c364a647b69645c73026066a29" member_type: VOTER last_known_addr { host: "127.16.19.193" port: 44725 } } peers { permanent_uuid: "d9657c177c2240a899feb8d79998eb48" member_type: VOTER last_known_addr { host: "127.16.19.194" port: 32809 } } peers { permanent_uuid: "809e5fecd6b44bea96a27fc883035d0a" member_type: VOTER last_known_addr { host: "127.16.19.195" port: 43437 } }
I20260713 09:05:17.072300 17747 raft_consensus.cc:385] T 7f2f68413028492e9eaac827a4726e0d P d9657c177c2240a899feb8d79998eb48 [term 0 FOLLOWER]: Consensus starting up: Expiring failure detector timer to make a prompt election more likely
I20260713 09:05:17.072516 17746 ts_tablet_manager.cc:1434] T b6f28a37d44a4e489f8a54b2cc82e6ba P 93d223c364a647b69645c73026066a29: Time spent starting tablet: real 0.019s	user 0.006s	sys 0.002s
I20260713 09:05:17.072636 17747 raft_consensus.cc:740] T 7f2f68413028492e9eaac827a4726e0d P d9657c177c2240a899feb8d79998eb48 [term 0 FOLLOWER]: Becoming Follower/Learner. State: Replica: d9657c177c2240a899feb8d79998eb48, State: Initialized, Role: FOLLOWER
I20260713 09:05:17.073452 17748 tablet_bootstrap.cc:654] T 617ee766ffb7412781b9f2f4e6f280d1 P 809e5fecd6b44bea96a27fc883035d0a: Neither blocks nor log segments found. Creating new log.
I20260713 09:05:17.078140 17746 tablet_bootstrap.cc:492] T b49755d741fb4608bae1b9df520f3f96 P 93d223c364a647b69645c73026066a29: Bootstrap starting.
I20260713 09:05:17.078023 17747 consensus_queue.cc:260] T 7f2f68413028492e9eaac827a4726e0d P d9657c177c2240a899feb8d79998eb48 [NON_LEADER]: Queue going to NON_LEADER mode. State: All replicated index: 0, Majority replicated index: 0, Committed index: 0, Last appended: 0.0, Last appended by leader: 0, Current term: 0, Majority size: -1, State: 0, Mode: NON_LEADER, active raft config: opid_index: -1 OBSOLETE_local: false peers { permanent_uuid: "93d223c364a647b69645c73026066a29" member_type: VOTER last_known_addr { host: "127.16.19.193" port: 44725 } } peers { permanent_uuid: "d9657c177c2240a899feb8d79998eb48" member_type: VOTER last_known_addr { host: "127.16.19.194" port: 32809 } } peers { permanent_uuid: "809e5fecd6b44bea96a27fc883035d0a" member_type: VOTER last_known_addr { host: "127.16.19.195" port: 43437 } }
I20260713 09:05:17.079427 17455 catalog_manager.cc:5697] T 12ef00c1dfe44dd88ac4494d2b1586e6 P d9657c177c2240a899feb8d79998eb48 reported cstate change: term changed from 0 to 1, leader changed from <none> to d9657c177c2240a899feb8d79998eb48 (127.16.19.194). New cstate: current_term: 1 leader_uuid: "d9657c177c2240a899feb8d79998eb48" committed_config { opid_index: -1 OBSOLETE_local: false peers { permanent_uuid: "93d223c364a647b69645c73026066a29" member_type: VOTER last_known_addr { host: "127.16.19.193" port: 44725 } health_report { overall_health: UNKNOWN } } peers { permanent_uuid: "809e5fecd6b44bea96a27fc883035d0a" member_type: VOTER last_known_addr { host: "127.16.19.195" port: 43437 } health_report { overall_health: UNKNOWN } } peers { permanent_uuid: "d9657c177c2240a899feb8d79998eb48" member_type: VOTER last_known_addr { host: "127.16.19.194" port: 32809 } health_report { overall_health: HEALTHY } } }
I20260713 09:05:17.080962 17747 ts_tablet_manager.cc:1434] T 7f2f68413028492e9eaac827a4726e0d P d9657c177c2240a899feb8d79998eb48: Time spent starting tablet: real 0.015s	user 0.006s	sys 0.001s
I20260713 09:05:17.081760 17776 raft_consensus.cc:493] T a7165b919d404e8ca78f6e718db2f1fb P 809e5fecd6b44bea96a27fc883035d0a [term 0 FOLLOWER]: Starting pre-election (no leader contacted us within the election timeout)
I20260713 09:05:17.081984 17747 tablet_bootstrap.cc:492] T 2f2c77a9a9ee4dbb9a83303ea5806455 P d9657c177c2240a899feb8d79998eb48: Bootstrap starting.
