I20260713 09:04:45.708652 16801 tablet_bootstrap.cc:654] T 97b109197ad74c799d38e210e44dcc86 P 4a31eab714d34b0494fb899b2255b2f8: Neither blocks nor log segments found. Creating new log.
I20260713 09:04:45.713151 16782 heartbeater.cc:499] Master 127.16.22.126:39121 was elected leader, sending a full tablet report...
I20260713 09:04:45.698215 16802 raft_consensus.cc:740] T 1c302a51d78c4253b4cf1ce6ae83e3fe P 187b1d7008744a4cac5833f6a75ac332 [term 0 FOLLOWER]: Becoming Follower/Learner. State: Replica: 187b1d7008744a4cac5833f6a75ac332, State: Initialized, Role: FOLLOWER
I20260713 09:04:45.715826 16802 consensus_queue.cc:260] T 1c302a51d78c4253b4cf1ce6ae83e3fe P 187b1d7008744a4cac5833f6a75ac332 [NON_LEADER]: Queue going to NON_LEADER mode. State: All replicated index: 0, Majority replicated index: 0, Committed index: 0, Last appended: 0.0, Last appended by leader: 0, Current term: 0, Majority size: -1, State: 0, Mode: NON_LEADER, active raft config: opid_index: -1 OBSOLETE_local: false peers { permanent_uuid: "187b1d7008744a4cac5833f6a75ac332" member_type: VOTER last_known_addr { host: "127.16.22.65" port: 38119 } } peers { permanent_uuid: "4a31eab714d34b0494fb899b2255b2f8" member_type: VOTER last_known_addr { host: "127.16.22.66" port: 39641 } } peers { permanent_uuid: "81c68bd716cd47d39dc89a37d464b82b" member_type: VOTER last_known_addr { host: "127.16.22.67" port: 45989 } }
I20260713 09:04:45.716675 16801 tablet_bootstrap.cc:492] T 97b109197ad74c799d38e210e44dcc86 P 4a31eab714d34b0494fb899b2255b2f8: No bootstrap required, opened a new log
I20260713 09:04:45.717119 16801 ts_tablet_manager.cc:1403] T 97b109197ad74c799d38e210e44dcc86 P 4a31eab714d34b0494fb899b2255b2f8: Time spent bootstrapping tablet: real 0.015s	user 0.003s	sys 0.008s
I20260713 09:04:45.718451 16800 ts_tablet_manager.cc:1434] T 7dfea628940d4d23b1ecc4947abf81cc P 81c68bd716cd47d39dc89a37d464b82b: Time spent starting tablet: real 0.030s	user 0.017s	sys 0.004s
I20260713 09:04:45.719592 16800 tablet_bootstrap.cc:492] T 2c7b8c9e5daf4eeda9bdebaba904e0c8 P 81c68bd716cd47d39dc89a37d464b82b: Bootstrap starting.
I20260713 09:04:45.720021 16801 raft_consensus.cc:359] T 97b109197ad74c799d38e210e44dcc86 P 4a31eab714d34b0494fb899b2255b2f8 [term 0 FOLLOWER]: Replica starting. Triggering 0 pending ops. Active config: opid_index: -1 OBSOLETE_local: false peers { permanent_uuid: "187b1d7008744a4cac5833f6a75ac332" member_type: VOTER last_known_addr { host: "127.16.22.65" port: 38119 } } peers { permanent_uuid: "4a31eab714d34b0494fb899b2255b2f8" member_type: VOTER last_known_addr { host: "127.16.22.66" port: 39641 } } peers { permanent_uuid: "81c68bd716cd47d39dc89a37d464b82b" member_type: VOTER last_known_addr { host: "127.16.22.67" port: 45989 } }
I20260713 09:04:45.720742 16801 raft_consensus.cc:385] T 97b109197ad74c799d38e210e44dcc86 P 4a31eab714d34b0494fb899b2255b2f8 [term 0 FOLLOWER]: Consensus starting up: Expiring failure detector timer to make a prompt election more likely
I20260713 09:04:45.721077 16801 raft_consensus.cc:740] T 97b109197ad74c799d38e210e44dcc86 P 4a31eab714d34b0494fb899b2255b2f8 [term 0 FOLLOWER]: Becoming Follower/Learner. State: Replica: 4a31eab714d34b0494fb899b2255b2f8, State: Initialized, Role: FOLLOWER
I20260713 09:04:45.721801 16801 consensus_queue.cc:260] T 97b109197ad74c799d38e210e44dcc86 P 4a31eab714d34b0494fb899b2255b2f8 [NON_LEADER]: Queue going to NON_LEADER mode. State: All replicated index: 0, Majority replicated index: 0, Committed index: 0, Last appended: 0.0, Last appended by leader: 0, Current term: 0, Majority size: -1, State: 0, Mode: NON_LEADER, active raft config: opid_index: -1 OBSOLETE_local: false peers { permanent_uuid: "187b1d7008744a4cac5833f6a75ac332" member_type: VOTER last_known_addr { host: "127.16.22.65" port: 38119 } } peers { permanent_uuid: "4a31eab714d34b0494fb899b2255b2f8" member_type: VOTER last_known_addr { host: "127.16.22.66" port: 39641 } } peers { permanent_uuid: "81c68bd716cd47d39dc89a37d464b82b" member_type: VOTER last_known_addr { host: "127.16.22.67" port: 45989 } }
I20260713 09:04:45.724236 16801 ts_tablet_manager.cc:1434] T 97b109197ad74c799d38e210e44dcc86 P 4a31eab714d34b0494fb899b2255b2f8: Time spent starting tablet: real 0.007s	user 0.005s	sys 0.003s
I20260713 09:04:45.725172 16801 tablet_bootstrap.cc:492] T 2c7b8c9e5daf4eeda9bdebaba904e0c8 P 4a31eab714d34b0494fb899b2255b2f8: Bootstrap starting.
W20260713 09:04:45.727412 16709 tablet.cc:2406] T 7dfea628940d4d23b1ecc4947abf81cc P 4a31eab714d34b0494fb899b2255b2f8: Can't schedule compaction. Clean time has not been advanced past its initial value.
I20260713 09:04:45.728215 16800 tablet_bootstrap.cc:654] T 2c7b8c9e5daf4eeda9bdebaba904e0c8 P 81c68bd716cd47d39dc89a37d464b82b: Neither blocks nor log segments found. Creating new log.
I20260713 09:04:45.731741 16801 tablet_bootstrap.cc:654] T 2c7b8c9e5daf4eeda9bdebaba904e0c8 P 4a31eab714d34b0494fb899b2255b2f8: Neither blocks nor log segments found. Creating new log.
I20260713 09:04:45.743990 16801 tablet_bootstrap.cc:492] T 2c7b8c9e5daf4eeda9bdebaba904e0c8 P 4a31eab714d34b0494fb899b2255b2f8: No bootstrap required, opened a new log
I20260713 09:04:45.744489 16801 ts_tablet_manager.cc:1403] T 2c7b8c9e5daf4eeda9bdebaba904e0c8 P 4a31eab714d34b0494fb899b2255b2f8: Time spent bootstrapping tablet: real 0.019s	user 0.010s	sys 0.007s
I20260713 09:04:45.747473 16801 raft_consensus.cc:359] T 2c7b8c9e5daf4eeda9bdebaba904e0c8 P 4a31eab714d34b0494fb899b2255b2f8 [term 0 FOLLOWER]: Replica starting. Triggering 0 pending ops. Active config: opid_index: -1 OBSOLETE_local: false peers { permanent_uuid: "187b1d7008744a4cac5833f6a75ac332" member_type: VOTER last_known_addr { host: "127.16.22.65" port: 38119 } } peers { permanent_uuid: "4a31eab714d34b0494fb899b2255b2f8" member_type: VOTER last_known_addr { host: "127.16.22.66" port: 39641 } } peers { permanent_uuid: "81c68bd716cd47d39dc89a37d464b82b" member_type: VOTER last_known_addr { host: "127.16.22.67" port: 45989 } }
I20260713 09:04:45.748222 16801 raft_consensus.cc:385] T 2c7b8c9e5daf4eeda9bdebaba904e0c8 P 4a31eab714d34b0494fb899b2255b2f8 [term 0 FOLLOWER]: Consensus starting up: Expiring failure detector timer to make a prompt election more likely
I20260713 09:04:45.748517 16801 raft_consensus.cc:740] T 2c7b8c9e5daf4eeda9bdebaba904e0c8 P 4a31eab714d34b0494fb899b2255b2f8 [term 0 FOLLOWER]: Becoming Follower/Learner. State: Replica: 4a31eab714d34b0494fb899b2255b2f8, State: Initialized, Role: FOLLOWER
I20260713 09:04:45.749297 16801 consensus_queue.cc:260] T 2c7b8c9e5daf4eeda9bdebaba904e0c8 P 4a31eab714d34b0494fb899b2255b2f8 [NON_LEADER]: Queue going to NON_LEADER mode. State: All replicated index: 0, Majority replicated index: 0, Committed index: 0, Last appended: 0.0, Last appended by leader: 0, Current term: 0, Majority size: -1, State: 0, Mode: NON_LEADER, active raft config: opid_index: -1 OBSOLETE_local: false peers { permanent_uuid: "187b1d7008744a4cac5833f6a75ac332" member_type: VOTER last_known_addr { host: "127.16.22.65" port: 38119 } } peers { permanent_uuid: "4a31eab714d34b0494fb899b2255b2f8" member_type: VOTER last_known_addr { host: "127.16.22.66" port: 39641 } } peers { permanent_uuid: "81c68bd716cd47d39dc89a37d464b82b" member_type: VOTER last_known_addr { host: "127.16.22.67" port: 45989 } }
I20260713 09:04:45.751634 16633 heartbeater.cc:499] Master 127.16.22.126:39121 was elected leader, sending a full tablet report...
I20260713 09:04:45.751838 16801 ts_tablet_manager.cc:1434] T 2c7b8c9e5daf4eeda9bdebaba904e0c8 P 4a31eab714d34b0494fb899b2255b2f8: Time spent starting tablet: real 0.007s	user 0.008s	sys 0.000s
I20260713 09:04:45.752874 16801 tablet_bootstrap.cc:492] T a8264afa85934014a6b43a096342fe33 P 4a31eab714d34b0494fb899b2255b2f8: Bootstrap starting.
I20260713 09:04:45.752946 16802 ts_tablet_manager.cc:1434] T 1c302a51d78c4253b4cf1ce6ae83e3fe P 187b1d7008744a4cac5833f6a75ac332: Time spent starting tablet: real 0.059s	user 0.013s	sys 0.000s
I20260713 09:04:45.754119 16802 tablet_bootstrap.cc:492] T a8264afa85934014a6b43a096342fe33 P 187b1d7008744a4cac5833f6a75ac332: Bootstrap starting.
I20260713 09:04:45.760082 16801 tablet_bootstrap.cc:654] T a8264afa85934014a6b43a096342fe33 P 4a31eab714d34b0494fb899b2255b2f8: Neither blocks nor log segments found. Creating new log.
I20260713 09:04:45.792325 16802 tablet_bootstrap.cc:654] T a8264afa85934014a6b43a096342fe33 P 187b1d7008744a4cac5833f6a75ac332: Neither blocks nor log segments found. Creating new log.
I20260713 09:04:45.798039 16800 tablet_bootstrap.cc:492] T 2c7b8c9e5daf4eeda9bdebaba904e0c8 P 81c68bd716cd47d39dc89a37d464b82b: No bootstrap required, opened a new log
I20260713 09:04:45.798518 16800 ts_tablet_manager.cc:1403] T 2c7b8c9e5daf4eeda9bdebaba904e0c8 P 81c68bd716cd47d39dc89a37d464b82b: Time spent bootstrapping tablet: real 0.079s	user 0.029s	sys 0.019s
I20260713 09:04:45.800670 16801 tablet_bootstrap.cc:492] T a8264afa85934014a6b43a096342fe33 P 4a31eab714d34b0494fb899b2255b2f8: No bootstrap required, opened a new log
I20260713 09:04:45.801149 16801 ts_tablet_manager.cc:1403] T a8264afa85934014a6b43a096342fe33 P 4a31eab714d34b0494fb899b2255b2f8: Time spent bootstrapping tablet: real 0.048s	user 0.017s	sys 0.027s
I20260713 09:04:45.801301 16800 raft_consensus.cc:359] T 2c7b8c9e5daf4eeda9bdebaba904e0c8 P 81c68bd716cd47d39dc89a37d464b82b [term 0 FOLLOWER]: Replica starting. Triggering 0 pending ops. Active config: opid_index: -1 OBSOLETE_local: false peers { permanent_uuid: "187b1d7008744a4cac5833f6a75ac332" member_type: VOTER last_known_addr { host: "127.16.22.65" port: 38119 } } peers { permanent_uuid: "4a31eab714d34b0494fb899b2255b2f8" member_type: VOTER last_known_addr { host: "127.16.22.66" port: 39641 } } peers { permanent_uuid: "81c68bd716cd47d39dc89a37d464b82b" member_type: VOTER last_known_addr { host: "127.16.22.67" port: 45989 } }
I20260713 09:04:45.801990 16800 raft_consensus.cc:385] T 2c7b8c9e5daf4eeda9bdebaba904e0c8 P 81c68bd716cd47d39dc89a37d464b82b [term 0 FOLLOWER]: Consensus starting up: Expiring failure detector timer to make a prompt election more likely
I20260713 09:04:45.802289 16800 raft_consensus.cc:740] T 2c7b8c9e5daf4eeda9bdebaba904e0c8 P 81c68bd716cd47d39dc89a37d464b82b [term 0 FOLLOWER]: Becoming Follower/Learner. State: Replica: 81c68bd716cd47d39dc89a37d464b82b, State: Initialized, Role: FOLLOWER
I20260713 09:04:45.803045 16800 consensus_queue.cc:260] T 2c7b8c9e5daf4eeda9bdebaba904e0c8 P 81c68bd716cd47d39dc89a37d464b82b [NON_LEADER]: Queue going to NON_LEADER mode. State: All replicated index: 0, Majority replicated index: 0, Committed index: 0, Last appended: 0.0, Last appended by leader: 0, Current term: 0, Majority size: -1, State: 0, Mode: NON_LEADER, active raft config: opid_index: -1 OBSOLETE_local: false peers { permanent_uuid: "187b1d7008744a4cac5833f6a75ac332" member_type: VOTER last_known_addr { host: "127.16.22.65" port: 38119 } } peers { permanent_uuid: "4a31eab714d34b0494fb899b2255b2f8" member_type: VOTER last_known_addr { host: "127.16.22.66" port: 39641 } } peers { permanent_uuid: "81c68bd716cd47d39dc89a37d464b82b" member_type: VOTER last_known_addr { host: "127.16.22.67" port: 45989 } }
I20260713 09:04:45.804411 16801 raft_consensus.cc:359] T a8264afa85934014a6b43a096342fe33 P 4a31eab714d34b0494fb899b2255b2f8 [term 0 FOLLOWER]: Replica starting. Triggering 0 pending ops. Active config: opid_index: -1 OBSOLETE_local: false peers { permanent_uuid: "4a31eab714d34b0494fb899b2255b2f8" member_type: VOTER last_known_addr { host: "127.16.22.66" port: 39641 } } peers { permanent_uuid: "81c68bd716cd47d39dc89a37d464b82b" member_type: VOTER last_known_addr { host: "127.16.22.67" port: 45989 } } peers { permanent_uuid: "187b1d7008744a4cac5833f6a75ac332" member_type: VOTER last_known_addr { host: "127.16.22.65" port: 38119 } }
I20260713 09:04:45.805123 16801 raft_consensus.cc:385] T a8264afa85934014a6b43a096342fe33 P 4a31eab714d34b0494fb899b2255b2f8 [term 0 FOLLOWER]: Consensus starting up: Expiring failure detector timer to make a prompt election more likely
I20260713 09:04:45.805399 16801 raft_consensus.cc:740] T a8264afa85934014a6b43a096342fe33 P 4a31eab714d34b0494fb899b2255b2f8 [term 0 FOLLOWER]: Becoming Follower/Learner. State: Replica: 4a31eab714d34b0494fb899b2255b2f8, State: Initialized, Role: FOLLOWER
I20260713 09:04:45.805485 16800 ts_tablet_manager.cc:1434] T 2c7b8c9e5daf4eeda9bdebaba904e0c8 P 81c68bd716cd47d39dc89a37d464b82b: Time spent starting tablet: real 0.007s	user 0.007s	sys 0.000s
I20260713 09:04:45.806517 16800 tablet_bootstrap.cc:492] T a8264afa85934014a6b43a096342fe33 P 81c68bd716cd47d39dc89a37d464b82b: Bootstrap starting.
I20260713 09:04:45.806134 16801 consensus_queue.cc:260] T a8264afa85934014a6b43a096342fe33 P 4a31eab714d34b0494fb899b2255b2f8 [NON_LEADER]: Queue going to NON_LEADER mode. State: All replicated index: 0, Majority replicated index: 0, Committed index: 0, Last appended: 0.0, Last appended by leader: 0, Current term: 0, Majority size: -1, State: 0, Mode: NON_LEADER, active raft config: opid_index: -1 OBSOLETE_local: false peers { permanent_uuid: "4a31eab714d34b0494fb899b2255b2f8" member_type: VOTER last_known_addr { host: "127.16.22.66" port: 39641 } } peers { permanent_uuid: "81c68bd716cd47d39dc89a37d464b82b" member_type: VOTER last_known_addr { host: "127.16.22.67" port: 45989 } } peers { permanent_uuid: "187b1d7008744a4cac5833f6a75ac332" member_type: VOTER last_known_addr { host: "127.16.22.65" port: 38119 } }
I20260713 09:04:45.808881 16801 ts_tablet_manager.cc:1434] T a8264afa85934014a6b43a096342fe33 P 4a31eab714d34b0494fb899b2255b2f8: Time spent starting tablet: real 0.007s	user 0.008s	sys 0.000s
I20260713 09:04:45.809825 16801 tablet_bootstrap.cc:492] T 2b17fd2e1a6b4d248c8f045e1c926980 P 4a31eab714d34b0494fb899b2255b2f8: Bootstrap starting.
I20260713 09:04:45.811070 16802 tablet_bootstrap.cc:492] T a8264afa85934014a6b43a096342fe33 P 187b1d7008744a4cac5833f6a75ac332: No bootstrap required, opened a new log
I20260713 09:04:45.811602 16802 ts_tablet_manager.cc:1403] T a8264afa85934014a6b43a096342fe33 P 187b1d7008744a4cac5833f6a75ac332: Time spent bootstrapping tablet: real 0.058s	user 0.009s	sys 0.005s
I20260713 09:04:45.814194 16800 tablet_bootstrap.cc:654] T a8264afa85934014a6b43a096342fe33 P 81c68bd716cd47d39dc89a37d464b82b: Neither blocks nor log segments found. Creating new log.
I20260713 09:04:45.814615 16802 raft_consensus.cc:359] T a8264afa85934014a6b43a096342fe33 P 187b1d7008744a4cac5833f6a75ac332 [term 0 FOLLOWER]: Replica starting. Triggering 0 pending ops. Active config: opid_index: -1 OBSOLETE_local: false peers { permanent_uuid: "4a31eab714d34b0494fb899b2255b2f8" member_type: VOTER last_known_addr { host: "127.16.22.66" port: 39641 } } peers { permanent_uuid: "81c68bd716cd47d39dc89a37d464b82b" member_type: VOTER last_known_addr { host: "127.16.22.67" port: 45989 } } peers { permanent_uuid: "187b1d7008744a4cac5833f6a75ac332" member_type: VOTER last_known_addr { host: "127.16.22.65" port: 38119 } }
I20260713 09:04:45.815367 16802 raft_consensus.cc:385] T a8264afa85934014a6b43a096342fe33 P 187b1d7008744a4cac5833f6a75ac332 [term 0 FOLLOWER]: Consensus starting up: Expiring failure detector timer to make a prompt election more likely
I20260713 09:04:45.815666 16802 raft_consensus.cc:740] T a8264afa85934014a6b43a096342fe33 P 187b1d7008744a4cac5833f6a75ac332 [term 0 FOLLOWER]: Becoming Follower/Learner. State: Replica: 187b1d7008744a4cac5833f6a75ac332, State: Initialized, Role: FOLLOWER
I20260713 09:04:45.816406 16802 consensus_queue.cc:260] T a8264afa85934014a6b43a096342fe33 P 187b1d7008744a4cac5833f6a75ac332 [NON_LEADER]: Queue going to NON_LEADER mode. State: All replicated index: 0, Majority replicated index: 0, Committed index: 0, Last appended: 0.0, Last appended by leader: 0, Current term: 0, Majority size: -1, State: 0, Mode: NON_LEADER, active raft config: opid_index: -1 OBSOLETE_local: false peers { permanent_uuid: "4a31eab714d34b0494fb899b2255b2f8" member_type: VOTER last_known_addr { host: "127.16.22.66" port: 39641 } } peers { permanent_uuid: "81c68bd716cd47d39dc89a37d464b82b" member_type: VOTER last_known_addr { host: "127.16.22.67" port: 45989 } } peers { permanent_uuid: "187b1d7008744a4cac5833f6a75ac332" member_type: VOTER last_known_addr { host: "127.16.22.65" port: 38119 } }
I20260713 09:04:45.817473 16806 raft_consensus.cc:493] T a8264afa85934014a6b43a096342fe33 P 4a31eab714d34b0494fb899b2255b2f8 [term 0 FOLLOWER]: Starting pre-election (no leader contacted us within the election timeout)
I20260713 09:04:45.817975 16806 raft_consensus.cc:515] T a8264afa85934014a6b43a096342fe33 P 4a31eab714d34b0494fb899b2255b2f8 [term 0 FOLLOWER]: Starting pre-election with config: opid_index: -1 OBSOLETE_local: false peers { permanent_uuid: "4a31eab714d34b0494fb899b2255b2f8" member_type: VOTER last_known_addr { host: "127.16.22.66" port: 39641 } } peers { permanent_uuid: "81c68bd716cd47d39dc89a37d464b82b" member_type: VOTER last_known_addr { host: "127.16.22.67" port: 45989 } } peers { permanent_uuid: "187b1d7008744a4cac5833f6a75ac332" member_type: VOTER last_known_addr { host: "127.16.22.65" port: 38119 } }
I20260713 09:04:45.818567 16802 ts_tablet_manager.cc:1434] T a8264afa85934014a6b43a096342fe33 P 187b1d7008744a4cac5833f6a75ac332: Time spent starting tablet: real 0.007s	user 0.004s	sys 0.000s
I20260713 09:04:45.819694 16802 tablet_bootstrap.cc:492] T 7dfea628940d4d23b1ecc4947abf81cc P 187b1d7008744a4cac5833f6a75ac332: Bootstrap starting.
I20260713 09:04:45.821139 16806 leader_election.cc:290] T a8264afa85934014a6b43a096342fe33 P 4a31eab714d34b0494fb899b2255b2f8 [CANDIDATE]: Term 1 pre-election: Requested pre-vote from peers 81c68bd716cd47d39dc89a37d464b82b (127.16.22.67:45989), 187b1d7008744a4cac5833f6a75ac332 (127.16.22.65:38119)
I20260713 09:04:45.826121 16801 tablet_bootstrap.cc:654] T 2b17fd2e1a6b4d248c8f045e1c926980 P 4a31eab714d34b0494fb899b2255b2f8: Neither blocks nor log segments found. Creating new log.
I20260713 09:04:45.837507 16800 tablet_bootstrap.cc:492] T a8264afa85934014a6b43a096342fe33 P 81c68bd716cd47d39dc89a37d464b82b: No bootstrap required, opened a new log
I20260713 09:04:45.838020 16800 ts_tablet_manager.cc:1403] T a8264afa85934014a6b43a096342fe33 P 81c68bd716cd47d39dc89a37d464b82b: Time spent bootstrapping tablet: real 0.032s	user 0.011s	sys 0.008s
I20260713 09:04:45.838380 16802 tablet_bootstrap.cc:654] T 7dfea628940d4d23b1ecc4947abf81cc P 187b1d7008744a4cac5833f6a75ac332: Neither blocks nor log segments found. Creating new log.
I20260713 09:04:45.841213 16800 raft_consensus.cc:359] T a8264afa85934014a6b43a096342fe33 P 81c68bd716cd47d39dc89a37d464b82b [term 0 FOLLOWER]: Replica starting. Triggering 0 pending ops. Active config: opid_index: -1 OBSOLETE_local: false peers { permanent_uuid: "4a31eab714d34b0494fb899b2255b2f8" member_type: VOTER last_known_addr { host: "127.16.22.66" port: 39641 } } peers { permanent_uuid: "81c68bd716cd47d39dc89a37d464b82b" member_type: VOTER last_known_addr { host: "127.16.22.67" port: 45989 } } peers { permanent_uuid: "187b1d7008744a4cac5833f6a75ac332" member_type: VOTER last_known_addr { host: "127.16.22.65" port: 38119 } }
I20260713 09:04:45.842098 16800 raft_consensus.cc:385] T a8264afa85934014a6b43a096342fe33 P 81c68bd716cd47d39dc89a37d464b82b [term 0 FOLLOWER]: Consensus starting up: Expiring failure detector timer to make a prompt election more likely
I20260713 09:04:45.842437 16800 raft_consensus.cc:740] T a8264afa85934014a6b43a096342fe33 P 81c68bd716cd47d39dc89a37d464b82b [term 0 FOLLOWER]: Becoming Follower/Learner. State: Replica: 81c68bd716cd47d39dc89a37d464b82b, State: Initialized, Role: FOLLOWER
I20260713 09:04:45.849784 16800 consensus_queue.cc:260] T a8264afa85934014a6b43a096342fe33 P 81c68bd716cd47d39dc89a37d464b82b [NON_LEADER]: Queue going to NON_LEADER mode. State: All replicated index: 0, Majority replicated index: 0, Committed index: 0, Last appended: 0.0, Last appended by leader: 0, Current term: 0, Majority size: -1, State: 0, Mode: NON_LEADER, active raft config: opid_index: -1 OBSOLETE_local: false peers { permanent_uuid: "4a31eab714d34b0494fb899b2255b2f8" member_type: VOTER last_known_addr { host: "127.16.22.66" port: 39641 } } peers { permanent_uuid: "81c68bd716cd47d39dc89a37d464b82b" member_type: VOTER last_known_addr { host: "127.16.22.67" port: 45989 } } peers { permanent_uuid: "187b1d7008744a4cac5833f6a75ac332" member_type: VOTER last_known_addr { host: "127.16.22.65" port: 38119 } }
I20260713 09:04:45.853518 16801 tablet_bootstrap.cc:492] T 2b17fd2e1a6b4d248c8f045e1c926980 P 4a31eab714d34b0494fb899b2255b2f8: No bootstrap required, opened a new log
I20260713 09:04:45.854082 16801 ts_tablet_manager.cc:1403] T 2b17fd2e1a6b4d248c8f045e1c926980 P 4a31eab714d34b0494fb899b2255b2f8: Time spent bootstrapping tablet: real 0.044s	user 0.010s	sys 0.005s
I20260713 09:04:45.854388 16802 tablet_bootstrap.cc:492] T 7dfea628940d4d23b1ecc4947abf81cc P 187b1d7008744a4cac5833f6a75ac332: No bootstrap required, opened a new log
I20260713 09:04:45.854038 16757 tablet_service.cc:1917] Received RequestConsensusVote() RPC: tablet_id: "a8264afa85934014a6b43a096342fe33" candidate_uuid: "4a31eab714d34b0494fb899b2255b2f8" candidate_term: 1 candidate_status { last_received { term: 0 index: 0 } } ignore_live_leader: false dest_uuid: "81c68bd716cd47d39dc89a37d464b82b" is_pre_election: true
I20260713 09:04:45.854851 16802 ts_tablet_manager.cc:1403] T 7dfea628940d4d23b1ecc4947abf81cc P 187b1d7008744a4cac5833f6a75ac332: Time spent bootstrapping tablet: real 0.035s	user 0.008s	sys 0.009s
I20260713 09:04:45.855095 16757 raft_consensus.cc:2468] T a8264afa85934014a6b43a096342fe33 P 81c68bd716cd47d39dc89a37d464b82b [term 0 FOLLOWER]: Leader pre-election vote request: Granting yes vote for candidate 4a31eab714d34b0494fb899b2255b2f8 in term 0.
I20260713 09:04:45.857234 16649 leader_election.cc:304] T a8264afa85934014a6b43a096342fe33 P 4a31eab714d34b0494fb899b2255b2f8 [CANDIDATE]: Term 1 pre-election: Election decided. Result: candidate won. Election summary: received 2 responses out of 3 voters: 2 yes votes; 0 no votes. yes voters: 4a31eab714d34b0494fb899b2255b2f8, 81c68bd716cd47d39dc89a37d464b82b; no voters: 
I20260713 09:04:45.857483 16801 raft_consensus.cc:359] T 2b17fd2e1a6b4d248c8f045e1c926980 P 4a31eab714d34b0494fb899b2255b2f8 [term 0 FOLLOWER]: Replica starting. Triggering 0 pending ops. Active config: opid_index: -1 OBSOLETE_local: false peers { permanent_uuid: "187b1d7008744a4cac5833f6a75ac332" member_type: VOTER last_known_addr { host: "127.16.22.65" port: 38119 } } peers { permanent_uuid: "4a31eab714d34b0494fb899b2255b2f8" member_type: VOTER last_known_addr { host: "127.16.22.66" port: 39641 } } peers { permanent_uuid: "81c68bd716cd47d39dc89a37d464b82b" member_type: VOTER last_known_addr { host: "127.16.22.67" port: 45989 } }
I20260713 09:04:45.858145 16806 raft_consensus.cc:2804] T a8264afa85934014a6b43a096342fe33 P 4a31eab714d34b0494fb899b2255b2f8 [term 0 FOLLOWER]: Leader pre-election won for term 1
I20260713 09:04:45.857674 16802 raft_consensus.cc:359] T 7dfea628940d4d23b1ecc4947abf81cc P 187b1d7008744a4cac5833f6a75ac332 [term 0 FOLLOWER]: Replica starting. Triggering 0 pending ops. Active config: opid_index: -1 OBSOLETE_local: false peers { permanent_uuid: "187b1d7008744a4cac5833f6a75ac332" member_type: VOTER last_known_addr { host: "127.16.22.65" port: 38119 } } peers { permanent_uuid: "4a31eab714d34b0494fb899b2255b2f8" member_type: VOTER last_known_addr { host: "127.16.22.66" port: 39641 } } peers { permanent_uuid: "81c68bd716cd47d39dc89a37d464b82b" member_type: VOTER last_known_addr { host: "127.16.22.67" port: 45989 } }
I20260713 09:04:45.858418 16801 raft_consensus.cc:385] T 2b17fd2e1a6b4d248c8f045e1c926980 P 4a31eab714d34b0494fb899b2255b2f8 [term 0 FOLLOWER]: Consensus starting up: Expiring failure detector timer to make a prompt election more likely
I20260713 09:04:45.858551 16806 raft_consensus.cc:493] T a8264afa85934014a6b43a096342fe33 P 4a31eab714d34b0494fb899b2255b2f8 [term 0 FOLLOWER]: Starting leader election (no leader contacted us within the election timeout)
I20260713 09:04:45.858642 16802 raft_consensus.cc:385] T 7dfea628940d4d23b1ecc4947abf81cc P 187b1d7008744a4cac5833f6a75ac332 [term 0 FOLLOWER]: Consensus starting up: Expiring failure detector timer to make a prompt election more likely
I20260713 09:04:45.858870 16801 raft_consensus.cc:740] T 2b17fd2e1a6b4d248c8f045e1c926980 P 4a31eab714d34b0494fb899b2255b2f8 [term 0 FOLLOWER]: Becoming Follower/Learner. State: Replica: 4a31eab714d34b0494fb899b2255b2f8, State: Initialized, Role: FOLLOWER
I20260713 09:04:45.859047 16806 raft_consensus.cc:3060] T a8264afa85934014a6b43a096342fe33 P 4a31eab714d34b0494fb899b2255b2f8 [term 0 FOLLOWER]: Advancing to term 1
I20260713 09:04:45.859249 16802 raft_consensus.cc:740] T 7dfea628940d4d23b1ecc4947abf81cc P 187b1d7008744a4cac5833f6a75ac332 [term 0 FOLLOWER]: Becoming Follower/Learner. State: Replica: 187b1d7008744a4cac5833f6a75ac332, State: Initialized, Role: FOLLOWER
I20260713 09:04:45.860805 16802 consensus_queue.cc:260] T 7dfea628940d4d23b1ecc4947abf81cc P 187b1d7008744a4cac5833f6a75ac332 [NON_LEADER]: Queue going to NON_LEADER mode. State: All replicated index: 0, Majority replicated index: 0, Committed index: 0, Last appended: 0.0, Last appended by leader: 0, Current term: 0, Majority size: -1, State: 0, Mode: NON_LEADER, active raft config: opid_index: -1 OBSOLETE_local: false peers { permanent_uuid: "187b1d7008744a4cac5833f6a75ac332" member_type: VOTER last_known_addr { host: "127.16.22.65" port: 38119 } } peers { permanent_uuid: "4a31eab714d34b0494fb899b2255b2f8" member_type: VOTER last_known_addr { host: "127.16.22.66" port: 39641 } } peers { permanent_uuid: "81c68bd716cd47d39dc89a37d464b82b" member_type: VOTER last_known_addr { host: "127.16.22.67" port: 45989 } }
I20260713 09:04:45.861958 16800 ts_tablet_manager.cc:1434] T a8264afa85934014a6b43a096342fe33 P 81c68bd716cd47d39dc89a37d464b82b: Time spent starting tablet: real 0.024s	user 0.007s	sys 0.000s
I20260713 09:04:45.862998 16800 tablet_bootstrap.cc:492] T 40813ef58c734171ab03925fe48a8085 P 81c68bd716cd47d39dc89a37d464b82b: Bootstrap starting.
I20260713 09:04:45.863561 16802 ts_tablet_manager.cc:1434] T 7dfea628940d4d23b1ecc4947abf81cc P 187b1d7008744a4cac5833f6a75ac332: Time spent starting tablet: real 0.008s	user 0.005s	sys 0.004s
I20260713 09:04:45.864574 16802 tablet_bootstrap.cc:492] T 2c7b8c9e5daf4eeda9bdebaba904e0c8 P 187b1d7008744a4cac5833f6a75ac332: Bootstrap starting.
I20260713 09:04:45.866756 16806 raft_consensus.cc:515] T a8264afa85934014a6b43a096342fe33 P 4a31eab714d34b0494fb899b2255b2f8 [term 1 FOLLOWER]: Starting leader election with config: opid_index: -1 OBSOLETE_local: false peers { permanent_uuid: "4a31eab714d34b0494fb899b2255b2f8" member_type: VOTER last_known_addr { host: "127.16.22.66" port: 39641 } } peers { permanent_uuid: "81c68bd716cd47d39dc89a37d464b82b" member_type: VOTER last_known_addr { host: "127.16.22.67" port: 45989 } } peers { permanent_uuid: "187b1d7008744a4cac5833f6a75ac332" member_type: VOTER last_known_addr { host: "127.16.22.65" port: 38119 } }
I20260713 09:04:45.869268 16806 leader_election.cc:290] T a8264afa85934014a6b43a096342fe33 P 4a31eab714d34b0494fb899b2255b2f8 [CANDIDATE]: Term 1 election: Requested vote from peers 81c68bd716cd47d39dc89a37d464b82b (127.16.22.67:45989), 187b1d7008744a4cac5833f6a75ac332 (127.16.22.65:38119)
I20260713 09:04:45.860312 16801 consensus_queue.cc:260] T 2b17fd2e1a6b4d248c8f045e1c926980 P 4a31eab714d34b0494fb899b2255b2f8 [NON_LEADER]: Queue going to NON_LEADER mode. State: All replicated index: 0, Majority replicated index: 0, Committed index: 0, Last appended: 0.0, Last appended by leader: 0, Current term: 0, Majority size: -1, State: 0, Mode: NON_LEADER, active raft config: opid_index: -1 OBSOLETE_local: false peers { permanent_uuid: "187b1d7008744a4cac5833f6a75ac332" member_type: VOTER last_known_addr { host: "127.16.22.65" port: 38119 } } peers { permanent_uuid: "4a31eab714d34b0494fb899b2255b2f8" member_type: VOTER last_known_addr { host: "127.16.22.66" port: 39641 } } peers { permanent_uuid: "81c68bd716cd47d39dc89a37d464b82b" member_type: VOTER last_known_addr { host: "127.16.22.67" port: 45989 } }
I20260713 09:04:45.870050 16757 tablet_service.cc:1917] Received RequestConsensusVote() RPC: tablet_id: "a8264afa85934014a6b43a096342fe33" candidate_uuid: "4a31eab714d34b0494fb899b2255b2f8" candidate_term: 1 candidate_status { last_received { term: 0 index: 0 } } ignore_live_leader: false dest_uuid: "81c68bd716cd47d39dc89a37d464b82b"
I20260713 09:04:45.870711 16757 raft_consensus.cc:3060] T a8264afa85934014a6b43a096342fe33 P 81c68bd716cd47d39dc89a37d464b82b [term 0 FOLLOWER]: Advancing to term 1
I20260713 09:04:45.877741 16800 tablet_bootstrap.cc:654] T 40813ef58c734171ab03925fe48a8085 P 81c68bd716cd47d39dc89a37d464b82b: Neither blocks nor log segments found. Creating new log.
I20260713 09:04:45.879812 16802 tablet_bootstrap.cc:654] T 2c7b8c9e5daf4eeda9bdebaba904e0c8 P 187b1d7008744a4cac5833f6a75ac332: Neither blocks nor log segments found. Creating new log.
I20260713 09:04:45.880196 16806 raft_consensus.cc:493] T 7dfea628940d4d23b1ecc4947abf81cc P 4a31eab714d34b0494fb899b2255b2f8 [term 0 FOLLOWER]: Starting pre-election (no leader contacted us within the election timeout)
I20260713 09:04:45.881477 16801 ts_tablet_manager.cc:1434] T 2b17fd2e1a6b4d248c8f045e1c926980 P 4a31eab714d34b0494fb899b2255b2f8: Time spent starting tablet: real 0.027s	user 0.009s	sys 0.000s
I20260713 09:04:45.881206 16608 tablet_service.cc:1917] Received RequestConsensusVote() RPC: tablet_id: "a8264afa85934014a6b43a096342fe33" candidate_uuid: "4a31eab714d34b0494fb899b2255b2f8" candidate_term: 1 candidate_status { last_received { term: 0 index: 0 } } ignore_live_leader: false dest_uuid: "187b1d7008744a4cac5833f6a75ac332" is_pre_election: true
I20260713 09:04:45.883075 16806 raft_consensus.cc:515] T 7dfea628940d4d23b1ecc4947abf81cc P 4a31eab714d34b0494fb899b2255b2f8 [term 0 FOLLOWER]: Starting pre-election with config: opid_index: -1 OBSOLETE_local: false peers { permanent_uuid: "187b1d7008744a4cac5833f6a75ac332" member_type: VOTER last_known_addr { host: "127.16.22.65" port: 38119 } } peers { permanent_uuid: "4a31eab714d34b0494fb899b2255b2f8" member_type: VOTER last_known_addr { host: "127.16.22.66" port: 39641 } } peers { permanent_uuid: "81c68bd716cd47d39dc89a37d464b82b" member_type: VOTER last_known_addr { host: "127.16.22.67" port: 45989 } }
I20260713 09:04:45.883276 16607 tablet_service.cc:1917] Received RequestConsensusVote() RPC: tablet_id: "a8264afa85934014a6b43a096342fe33" candidate_uuid: "4a31eab714d34b0494fb899b2255b2f8" candidate_term: 1 candidate_status { last_received { term: 0 index: 0 } } ignore_live_leader: false dest_uuid: "187b1d7008744a4cac5833f6a75ac332"
I20260713 09:04:45.884383 16608 raft_consensus.cc:2468] T a8264afa85934014a6b43a096342fe33 P 187b1d7008744a4cac5833f6a75ac332 [term 0 FOLLOWER]: Leader pre-election vote request: Granting yes vote for candidate 4a31eab714d34b0494fb899b2255b2f8 in term 0.
I20260713 09:04:45.886679 16809 raft_consensus.cc:493] T 7dfea628940d4d23b1ecc4947abf81cc P 187b1d7008744a4cac5833f6a75ac332 [term 0 FOLLOWER]: Starting pre-election (no leader contacted us within the election timeout)
I20260713 09:04:45.887199 16809 raft_consensus.cc:515] T 7dfea628940d4d23b1ecc4947abf81cc P 187b1d7008744a4cac5833f6a75ac332 [term 0 FOLLOWER]: Starting pre-election with config: opid_index: -1 OBSOLETE_local: false peers { permanent_uuid: "187b1d7008744a4cac5833f6a75ac332" member_type: VOTER last_known_addr { host: "127.16.22.65" port: 38119 } } peers { permanent_uuid: "4a31eab714d34b0494fb899b2255b2f8" member_type: VOTER last_known_addr { host: "127.16.22.66" port: 39641 } } peers { permanent_uuid: "81c68bd716cd47d39dc89a37d464b82b" member_type: VOTER last_known_addr { host: "127.16.22.67" port: 45989 } }
I20260713 09:04:45.894217 16809 leader_election.cc:290] T 7dfea628940d4d23b1ecc4947abf81cc P 187b1d7008744a4cac5833f6a75ac332 [CANDIDATE]: Term 1 pre-election: Requested pre-vote from peers 4a31eab714d34b0494fb899b2255b2f8 (127.16.22.66:39641), 81c68bd716cd47d39dc89a37d464b82b (127.16.22.67:45989)
I20260713 09:04:45.887702 16801 tablet_bootstrap.cc:492] T 1c302a51d78c4253b4cf1ce6ae83e3fe P 4a31eab714d34b0494fb899b2255b2f8: Bootstrap starting.
I20260713 09:04:45.896428 16757 raft_consensus.cc:2468] T a8264afa85934014a6b43a096342fe33 P 81c68bd716cd47d39dc89a37d464b82b [term 1 FOLLOWER]: Leader election vote request: Granting yes vote for candidate 4a31eab714d34b0494fb899b2255b2f8 in term 1.
I20260713 09:04:45.905308 16806 leader_election.cc:290] T 7dfea628940d4d23b1ecc4947abf81cc P 4a31eab714d34b0494fb899b2255b2f8 [CANDIDATE]: Term 1 pre-election: Requested pre-vote from peers 187b1d7008744a4cac5833f6a75ac332 (127.16.22.65:38119), 81c68bd716cd47d39dc89a37d464b82b (127.16.22.67:45989)
I20260713 09:04:45.916937 16649 leader_election.cc:304] T a8264afa85934014a6b43a096342fe33 P 4a31eab714d34b0494fb899b2255b2f8 [CANDIDATE]: Term 1 election: Election decided. Result: candidate won. Election summary: received 3 responses out of 3 voters: 2 yes votes; 1 no votes. yes voters: 4a31eab714d34b0494fb899b2255b2f8, 81c68bd716cd47d39dc89a37d464b82b; no voters: 187b1d7008744a4cac5833f6a75ac332
I20260713 09:04:45.922189 16757 tablet_service.cc:1917] Received RequestConsensusVote() RPC: tablet_id: "7dfea628940d4d23b1ecc4947abf81cc" candidate_uuid: "4a31eab714d34b0494fb899b2255b2f8" candidate_term: 1 candidate_status { last_received { term: 0 index: 0 } } ignore_live_leader: false dest_uuid: "81c68bd716cd47d39dc89a37d464b82b" is_pre_election: true
I20260713 09:04:45.928722 16801 tablet_bootstrap.cc:654] T 1c302a51d78c4253b4cf1ce6ae83e3fe P 4a31eab714d34b0494fb899b2255b2f8: Neither blocks nor log segments found. Creating new log.
I20260713 09:04:45.949203 16608 tablet_service.cc:1917] Received RequestConsensusVote() RPC: tablet_id: "7dfea628940d4d23b1ecc4947abf81cc" candidate_uuid: "4a31eab714d34b0494fb899b2255b2f8" candidate_term: 1 candidate_status { last_received { term: 0 index: 0 } } ignore_live_leader: false dest_uuid: "187b1d7008744a4cac5833f6a75ac332" is_pre_election: true
I20260713 09:04:45.949855 16608 raft_consensus.cc:2468] T 7dfea628940d4d23b1ecc4947abf81cc P 187b1d7008744a4cac5833f6a75ac332 [term 0 FOLLOWER]: Leader pre-election vote request: Granting yes vote for candidate 4a31eab714d34b0494fb899b2255b2f8 in term 0.
I20260713 09:04:45.922880 16757 raft_consensus.cc:2468] T 7dfea628940d4d23b1ecc4947abf81cc P 81c68bd716cd47d39dc89a37d464b82b [term 0 FOLLOWER]: Leader pre-election vote request: Granting yes vote for candidate 4a31eab714d34b0494fb899b2255b2f8 in term 0.
I20260713 09:04:45.944864 16806 raft_consensus.cc:2804] T a8264afa85934014a6b43a096342fe33 P 4a31eab714d34b0494fb899b2255b2f8 [term 1 FOLLOWER]: Leader election won for term 1
I20260713 09:04:45.953009 16757 tablet_service.cc:1917] Received RequestConsensusVote() RPC: tablet_id: "7dfea628940d4d23b1ecc4947abf81cc" candidate_uuid: "187b1d7008744a4cac5833f6a75ac332" candidate_term: 1 candidate_status { last_received { term: 0 index: 0 } } ignore_live_leader: false dest_uuid: "81c68bd716cd47d39dc89a37d464b82b" is_pre_election: true
I20260713 09:04:45.953622 16757 raft_consensus.cc:2468] T 7dfea628940d4d23b1ecc4947abf81cc P 81c68bd716cd47d39dc89a37d464b82b [term 0 FOLLOWER]: Leader pre-election vote request: Granting yes vote for candidate 187b1d7008744a4cac5833f6a75ac332 in term 0.
I20260713 09:04:45.954777 16649 leader_election.cc:304] T 7dfea628940d4d23b1ecc4947abf81cc P 4a31eab714d34b0494fb899b2255b2f8 [CANDIDATE]: Term 1 pre-election: Election decided. Result: candidate won. Election summary: received 2 responses out of 3 voters: 2 yes votes; 0 no votes. yes voters: 4a31eab714d34b0494fb899b2255b2f8, 81c68bd716cd47d39dc89a37d464b82b; no voters: 
I20260713 09:04:45.956041 16574 leader_election.cc:304] T 7dfea628940d4d23b1ecc4947abf81cc P 187b1d7008744a4cac5833f6a75ac332 [CANDIDATE]: Term 1 pre-election: Election decided. Result: candidate won. Election summary: received 2 responses out of 3 voters: 2 yes votes; 0 no votes. yes voters: 187b1d7008744a4cac5833f6a75ac332, 81c68bd716cd47d39dc89a37d464b82b; no voters: 
I20260713 09:04:45.957131 16806 raft_consensus.cc:697] T a8264afa85934014a6b43a096342fe33 P 4a31eab714d34b0494fb899b2255b2f8 [term 1 LEADER]: Becoming Leader. State: Replica: 4a31eab714d34b0494fb899b2255b2f8, State: Running, Role: LEADER
I20260713 09:04:45.958094 16809 raft_consensus.cc:2804] T 7dfea628940d4d23b1ecc4947abf81cc P 187b1d7008744a4cac5833f6a75ac332 [term 0 FOLLOWER]: Leader pre-election won for term 1
I20260713 09:04:45.959236 16809 raft_consensus.cc:493] T 7dfea628940d4d23b1ecc4947abf81cc P 187b1d7008744a4cac5833f6a75ac332 [term 0 FOLLOWER]: Starting leader election (no leader contacted us within the election timeout)
I20260713 09:04:45.958405 16806 consensus_queue.cc:237] T a8264afa85934014a6b43a096342fe33 P 4a31eab714d34b0494fb899b2255b2f8 [LEADER]: Queue going to LEADER mode. State: All replicated index: 0, Majority replicated index: 0, Committed index: 0, Last appended: 0.0, Last appended by leader: 0, Current term: 1, Majority size: 2, State: 0, Mode: LEADER, active raft config: opid_index: -1 OBSOLETE_local: false peers { permanent_uuid: "4a31eab714d34b0494fb899b2255b2f8" member_type: VOTER last_known_addr { host: "127.16.22.66" port: 39641 } } peers { permanent_uuid: "81c68bd716cd47d39dc89a37d464b82b" member_type: VOTER last_known_addr { host: "127.16.22.67" port: 45989 } } peers { permanent_uuid: "187b1d7008744a4cac5833f6a75ac332" member_type: VOTER last_known_addr { host: "127.16.22.65" port: 38119 } }
I20260713 09:04:45.959614 16809 raft_consensus.cc:3060] T 7dfea628940d4d23b1ecc4947abf81cc P 187b1d7008744a4cac5833f6a75ac332 [term 0 FOLLOWER]: Advancing to term 1
I20260713 09:04:45.956418 16824 raft_consensus.cc:2804] T 7dfea628940d4d23b1ecc4947abf81cc P 4a31eab714d34b0494fb899b2255b2f8 [term 0 FOLLOWER]: Leader pre-election won for term 1
I20260713 09:04:45.961580 16824 raft_consensus.cc:493] T 7dfea628940d4d23b1ecc4947abf81cc P 4a31eab714d34b0494fb899b2255b2f8 [term 0 FOLLOWER]: Starting leader election (no leader contacted us within the election timeout)
I20260713 09:04:45.961970 16824 raft_consensus.cc:3060] T 7dfea628940d4d23b1ecc4947abf81cc P 4a31eab714d34b0494fb899b2255b2f8 [term 0 FOLLOWER]: Advancing to term 1
I20260713 09:04:45.948179 16800 tablet_bootstrap.cc:492] T 40813ef58c734171ab03925fe48a8085 P 81c68bd716cd47d39dc89a37d464b82b: No bootstrap required, opened a new log
I20260713 09:04:45.963639 16800 ts_tablet_manager.cc:1403] T 40813ef58c734171ab03925fe48a8085 P 81c68bd716cd47d39dc89a37d464b82b: Time spent bootstrapping tablet: real 0.101s	user 0.003s	sys 0.020s
I20260713 09:04:45.972754 16800 raft_consensus.cc:359] T 40813ef58c734171ab03925fe48a8085 P 81c68bd716cd47d39dc89a37d464b82b [term 0 FOLLOWER]: Replica starting. Triggering 0 pending ops. Active config: opid_index: -1 OBSOLETE_local: false peers { permanent_uuid: "187b1d7008744a4cac5833f6a75ac332" member_type: VOTER last_known_addr { host: "127.16.22.65" port: 38119 } } peers { permanent_uuid: "4a31eab714d34b0494fb899b2255b2f8" member_type: VOTER last_known_addr { host: "127.16.22.66" port: 39641 } } peers { permanent_uuid: "81c68bd716cd47d39dc89a37d464b82b" member_type: VOTER last_known_addr { host: "127.16.22.67" port: 45989 } }
I20260713 09:04:45.973573 16800 raft_consensus.cc:385] T 40813ef58c734171ab03925fe48a8085 P 81c68bd716cd47d39dc89a37d464b82b [term 0 FOLLOWER]: Consensus starting up: Expiring failure detector timer to make a prompt election more likely
I20260713 09:04:45.973887 16800 raft_consensus.cc:740] T 40813ef58c734171ab03925fe48a8085 P 81c68bd716cd47d39dc89a37d464b82b [term 0 FOLLOWER]: Becoming Follower/Learner. State: Replica: 81c68bd716cd47d39dc89a37d464b82b, State: Initialized, Role: FOLLOWER
I20260713 09:04:45.977313 16800 consensus_queue.cc:260] T 40813ef58c734171ab03925fe48a8085 P 81c68bd716cd47d39dc89a37d464b82b [NON_LEADER]: Queue going to NON_LEADER mode. State: All replicated index: 0, Majority replicated index: 0, Committed index: 0, Last appended: 0.0, Last appended by leader: 0, Current term: 0, Majority size: -1, State: 0, Mode: NON_LEADER, active raft config: opid_index: -1 OBSOLETE_local: false peers { permanent_uuid: "187b1d7008744a4cac5833f6a75ac332" member_type: VOTER last_known_addr { host: "127.16.22.65" port: 38119 } } peers { permanent_uuid: "4a31eab714d34b0494fb899b2255b2f8" member_type: VOTER last_known_addr { host: "127.16.22.66" port: 39641 } } peers { permanent_uuid: "81c68bd716cd47d39dc89a37d464b82b" member_type: VOTER last_known_addr { host: "127.16.22.67" port: 45989 } }
I20260713 09:04:45.982126 16802 tablet_bootstrap.cc:492] T 2c7b8c9e5daf4eeda9bdebaba904e0c8 P 187b1d7008744a4cac5833f6a75ac332: No bootstrap required, opened a new log
I20260713 09:04:45.981961 16809 raft_consensus.cc:515] T 7dfea628940d4d23b1ecc4947abf81cc P 187b1d7008744a4cac5833f6a75ac332 [term 1 FOLLOWER]: Starting leader election with config: opid_index: -1 OBSOLETE_local: false peers { permanent_uuid: "187b1d7008744a4cac5833f6a75ac332" member_type: VOTER last_known_addr { host: "127.16.22.65" port: 38119 } } peers { permanent_uuid: "4a31eab714d34b0494fb899b2255b2f8" member_type: VOTER last_known_addr { host: "127.16.22.66" port: 39641 } } peers { permanent_uuid: "81c68bd716cd47d39dc89a37d464b82b" member_type: VOTER last_known_addr { host: "127.16.22.67" port: 45989 } }
I20260713 09:04:45.982618 16802 ts_tablet_manager.cc:1403] T 2c7b8c9e5daf4eeda9bdebaba904e0c8 P 187b1d7008744a4cac5833f6a75ac332: Time spent bootstrapping tablet: real 0.118s	user 0.014s	sys 0.011s
I20260713 09:04:45.991488 16683 tablet_service.cc:1917] Received RequestConsensusVote() RPC: tablet_id: "7dfea628940d4d23b1ecc4947abf81cc" candidate_uuid: "187b1d7008744a4cac5833f6a75ac332" candidate_term: 1 candidate_status { last_received { term: 0 index: 0 } } ignore_live_leader: false dest_uuid: "4a31eab714d34b0494fb899b2255b2f8" is_pre_election: true
I20260713 09:04:45.999439 16825 raft_consensus.cc:493] T 2c7b8c9e5daf4eeda9bdebaba904e0c8 P 4a31eab714d34b0494fb899b2255b2f8 [term 0 FOLLOWER]: Starting pre-election (no leader contacted us within the election timeout)
I20260713 09:04:45.999498 16807 raft_consensus.cc:493] T 40813ef58c734171ab03925fe48a8085 P 81c68bd716cd47d39dc89a37d464b82b [term 0 FOLLOWER]: Starting pre-election (no leader contacted us within the election timeout)
I20260713 09:04:45.999717 16809 leader_election.cc:290] T 7dfea628940d4d23b1ecc4947abf81cc P 187b1d7008744a4cac5833f6a75ac332 [CANDIDATE]: Term 1 election: Requested vote from peers 4a31eab714d34b0494fb899b2255b2f8 (127.16.22.66:39641), 81c68bd716cd47d39dc89a37d464b82b (127.16.22.67:45989)
I20260713 09:04:45.999953 16825 raft_consensus.cc:515] T 2c7b8c9e5daf4eeda9bdebaba904e0c8 P 4a31eab714d34b0494fb899b2255b2f8 [term 0 FOLLOWER]: Starting pre-election with config: opid_index: -1 OBSOLETE_local: false peers { permanent_uuid: "187b1d7008744a4cac5833f6a75ac332" member_type: VOTER last_known_addr { host: "127.16.22.65" port: 38119 } } peers { permanent_uuid: "4a31eab714d34b0494fb899b2255b2f8" member_type: VOTER last_known_addr { host: "127.16.22.66" port: 39641 } } peers { permanent_uuid: "81c68bd716cd47d39dc89a37d464b82b" member_type: VOTER last_known_addr { host: "127.16.22.67" port: 45989 } }
I20260713 09:04:46.000095 16807 raft_consensus.cc:515] T 40813ef58c734171ab03925fe48a8085 P 81c68bd716cd47d39dc89a37d464b82b [term 0 FOLLOWER]: Starting pre-election with config: opid_index: -1 OBSOLETE_local: false peers { permanent_uuid: "187b1d7008744a4cac5833f6a75ac332" member_type: VOTER last_known_addr { host: "127.16.22.65" port: 38119 } } peers { permanent_uuid: "4a31eab714d34b0494fb899b2255b2f8" member_type: VOTER last_known_addr { host: "127.16.22.66" port: 39641 } } peers { permanent_uuid: "81c68bd716cd47d39dc89a37d464b82b" member_type: VOTER last_known_addr { host: "127.16.22.67" port: 45989 } }
I20260713 09:04:46.002243 16825 leader_election.cc:290] T 2c7b8c9e5daf4eeda9bdebaba904e0c8 P 4a31eab714d34b0494fb899b2255b2f8 [CANDIDATE]: Term 1 pre-election: Requested pre-vote from peers 187b1d7008744a4cac5833f6a75ac332 (127.16.22.65:38119), 81c68bd716cd47d39dc89a37d464b82b (127.16.22.67:45989)
I20260713 09:04:46.003192 16757 tablet_service.cc:1917] Received RequestConsensusVote() RPC: tablet_id: "7dfea628940d4d23b1ecc4947abf81cc" candidate_uuid: "187b1d7008744a4cac5833f6a75ac332" candidate_term: 1 candidate_status { last_received { term: 0 index: 0 } } ignore_live_leader: false dest_uuid: "81c68bd716cd47d39dc89a37d464b82b"
I20260713 09:04:46.003432 16807 leader_election.cc:290] T 40813ef58c734171ab03925fe48a8085 P 81c68bd716cd47d39dc89a37d464b82b [CANDIDATE]: Term 1 pre-election: Requested pre-vote from peers 187b1d7008744a4cac5833f6a75ac332 (127.16.22.65:38119), 4a31eab714d34b0494fb899b2255b2f8 (127.16.22.66:39641)
I20260713 09:04:45.998492 16826 raft_consensus.cc:493] T 97b109197ad74c799d38e210e44dcc86 P 4a31eab714d34b0494fb899b2255b2f8 [term 0 FOLLOWER]: Starting pre-election (no leader contacted us within the election timeout)
I20260713 09:04:46.003808 16757 raft_consensus.cc:3060] T 7dfea628940d4d23b1ecc4947abf81cc P 81c68bd716cd47d39dc89a37d464b82b [term 0 FOLLOWER]: Advancing to term 1
I20260713 09:04:45.995273 16824 raft_consensus.cc:515] T 7dfea628940d4d23b1ecc4947abf81cc P 4a31eab714d34b0494fb899b2255b2f8 [term 1 FOLLOWER]: Starting leader election with config: opid_index: -1 OBSOLETE_local: false peers { permanent_uuid: "187b1d7008744a4cac5833f6a75ac332" member_type: VOTER last_known_addr { host: "127.16.22.65" port: 38119 } } peers { permanent_uuid: "4a31eab714d34b0494fb899b2255b2f8" member_type: VOTER last_known_addr { host: "127.16.22.66" port: 39641 } } peers { permanent_uuid: "81c68bd716cd47d39dc89a37d464b82b" member_type: VOTER last_known_addr { host: "127.16.22.67" port: 45989 } }
I20260713 09:04:46.004271 16826 raft_consensus.cc:515] T 97b109197ad74c799d38e210e44dcc86 P 4a31eab714d34b0494fb899b2255b2f8 [term 0 FOLLOWER]: Starting pre-election with config: opid_index: -1 OBSOLETE_local: false peers { permanent_uuid: "187b1d7008744a4cac5833f6a75ac332" member_type: VOTER last_known_addr { host: "127.16.22.65" port: 38119 } } peers { permanent_uuid: "4a31eab714d34b0494fb899b2255b2f8" member_type: VOTER last_known_addr { host: "127.16.22.66" port: 39641 } } peers { permanent_uuid: "81c68bd716cd47d39dc89a37d464b82b" member_type: VOTER last_known_addr { host: "127.16.22.67" port: 45989 } }
I20260713 09:04:46.015583 16683 raft_consensus.cc:2393] T 7dfea628940d4d23b1ecc4947abf81cc P 4a31eab714d34b0494fb899b2255b2f8 [term 1 FOLLOWER]: Leader pre-election vote request: Denying vote to candidate 187b1d7008744a4cac5833f6a75ac332 in current term 1: Already voted for candidate 4a31eab714d34b0494fb899b2255b2f8 in this term.
I20260713 09:04:46.007773 16682 tablet_service.cc:1917] Received RequestConsensusVote() RPC: tablet_id: "7dfea628940d4d23b1ecc4947abf81cc" candidate_uuid: "187b1d7008744a4cac5833f6a75ac332" candidate_term: 1 candidate_status { last_received { term: 0 index: 0 } } ignore_live_leader: false dest_uuid: "4a31eab714d34b0494fb899b2255b2f8"
I20260713 09:04:46.013149 16608 tablet_service.cc:1917] Received RequestConsensusVote() RPC: tablet_id: "2c7b8c9e5daf4eeda9bdebaba904e0c8" candidate_uuid: "4a31eab714d34b0494fb899b2255b2f8" candidate_term: 1 candidate_status { last_received { term: 0 index: 0 } } ignore_live_leader: false dest_uuid: "187b1d7008744a4cac5833f6a75ac332" is_pre_election: true
I20260713 09:04:46.030467 16756 tablet_service.cc:1917] Received RequestConsensusVote() RPC: tablet_id: "2c7b8c9e5daf4eeda9bdebaba904e0c8" candidate_uuid: "4a31eab714d34b0494fb899b2255b2f8" candidate_term: 1 candidate_status { last_received { term: 0 index: 0 } } ignore_live_leader: false dest_uuid: "81c68bd716cd47d39dc89a37d464b82b" is_pre_election: true
I20260713 09:04:46.037000 16826 leader_election.cc:290] T 97b109197ad74c799d38e210e44dcc86 P 4a31eab714d34b0494fb899b2255b2f8 [CANDIDATE]: Term 1 pre-election: Requested pre-vote from peers 187b1d7008744a4cac5833f6a75ac332 (127.16.22.65:38119), 81c68bd716cd47d39dc89a37d464b82b (127.16.22.67:45989)
I20260713 09:04:46.037835 16756 raft_consensus.cc:2468] T 2c7b8c9e5daf4eeda9bdebaba904e0c8 P 81c68bd716cd47d39dc89a37d464b82b [term 0 FOLLOWER]: Leader pre-election vote request: Granting yes vote for candidate 4a31eab714d34b0494fb899b2255b2f8 in term 0.
W20260713 09:04:46.038440 16649 leader_election.cc:343] T 2c7b8c9e5daf4eeda9bdebaba904e0c8 P 4a31eab714d34b0494fb899b2255b2f8 [CANDIDATE]: Term 1 pre-election: Tablet error from VoteRequest() call to peer 187b1d7008744a4cac5833f6a75ac332 (127.16.22.65:38119): Illegal state: must be running to vote when last-logged opid is not known
I20260713 09:04:46.033346 16802 raft_consensus.cc:359] T 2c7b8c9e5daf4eeda9bdebaba904e0c8 P 187b1d7008744a4cac5833f6a75ac332 [term 0 FOLLOWER]: Replica starting. Triggering 0 pending ops. Active config: opid_index: -1 OBSOLETE_local: false peers { permanent_uuid: "187b1d7008744a4cac5833f6a75ac332" member_type: VOTER last_known_addr { host: "127.16.22.65" port: 38119 } } peers { permanent_uuid: "4a31eab714d34b0494fb899b2255b2f8" member_type: VOTER last_known_addr { host: "127.16.22.66" port: 39641 } } peers { permanent_uuid: "81c68bd716cd47d39dc89a37d464b82b" member_type: VOTER last_known_addr { host: "127.16.22.67" port: 45989 } }
I20260713 09:04:46.046299 16802 raft_consensus.cc:385] T 2c7b8c9e5daf4eeda9bdebaba904e0c8 P 187b1d7008744a4cac5833f6a75ac332 [term 0 FOLLOWER]: Consensus starting up: Expiring failure detector timer to make a prompt election more likely
