I20260713 09:05:05.177393 12223 data_dirs.cc:400] Could only allocate 1 dirs of requested 3 for tablet 00000000000000000000000000000000. 1 dirs total, 0 dirs full, 0 dirs failed
I20260713 09:05:05.186637 12223 tablet_bootstrap.cc:492] T 00000000000000000000000000000000 P 49754b6a744243799aa097b2d64890c6: Bootstrap starting.
I20260713 09:05:05.190977 12223 tablet_bootstrap.cc:654] T 00000000000000000000000000000000 P 49754b6a744243799aa097b2d64890c6: Neither blocks nor log segments found. Creating new log.
I20260713 09:05:05.195284 12223 tablet_bootstrap.cc:492] T 00000000000000000000000000000000 P 49754b6a744243799aa097b2d64890c6: No bootstrap required, opened a new log
I20260713 09:05:05.197243 12223 raft_consensus.cc:359] T 00000000000000000000000000000000 P 49754b6a744243799aa097b2d64890c6 [term 0 FOLLOWER]: Replica starting. Triggering 0 pending ops. Active config: opid_index: -1 OBSOLETE_local: true peers { permanent_uuid: "49754b6a744243799aa097b2d64890c6" member_type: VOTER }
I20260713 09:05:05.197621 12223 raft_consensus.cc:385] T 00000000000000000000000000000000 P 49754b6a744243799aa097b2d64890c6 [term 0 FOLLOWER]: Consensus starting up: Expiring failure detector timer to make a prompt election more likely
I20260713 09:05:05.197852 12223 raft_consensus.cc:740] T 00000000000000000000000000000000 P 49754b6a744243799aa097b2d64890c6 [term 0 FOLLOWER]: Becoming Follower/Learner. State: Replica: 49754b6a744243799aa097b2d64890c6, State: Initialized, Role: FOLLOWER
I20260713 09:05:05.198499 12223 consensus_queue.cc:260] T 00000000000000000000000000000000 P 49754b6a744243799aa097b2d64890c6 [NON_LEADER]: Queue going to NON_LEADER mode. State: All replicated index: 0, Majority replicated index: 0, Committed index: 0, Last appended: 0.0, Last appended by leader: 0, Current term: 0, Majority size: -1, State: 0, Mode: NON_LEADER, active raft config: opid_index: -1 OBSOLETE_local: true peers { permanent_uuid: "49754b6a744243799aa097b2d64890c6" member_type: VOTER }
I20260713 09:05:05.198920 12223 raft_consensus.cc:399] T 00000000000000000000000000000000 P 49754b6a744243799aa097b2d64890c6 [term 0 FOLLOWER]: Only one voter in the Raft config. Triggering election immediately
I20260713 09:05:05.199128 12223 raft_consensus.cc:493] T 00000000000000000000000000000000 P 49754b6a744243799aa097b2d64890c6 [term 0 FOLLOWER]: Starting leader election (initial election of a single-replica configuration)
I20260713 09:05:05.199424 12223 raft_consensus.cc:3060] T 00000000000000000000000000000000 P 49754b6a744243799aa097b2d64890c6 [term 0 FOLLOWER]: Advancing to term 1
I20260713 09:05:05.203306 12223 raft_consensus.cc:515] T 00000000000000000000000000000000 P 49754b6a744243799aa097b2d64890c6 [term 1 FOLLOWER]: Starting leader election with config: opid_index: -1 OBSOLETE_local: true peers { permanent_uuid: "49754b6a744243799aa097b2d64890c6" member_type: VOTER }
I20260713 09:05:05.203778 12223 leader_election.cc:304] T 00000000000000000000000000000000 P 49754b6a744243799aa097b2d64890c6 [CANDIDATE]: Term 1 election: Election decided. Result: candidate won. Election summary: received 1 responses out of 1 voters: 1 yes votes; 0 no votes. yes voters: 49754b6a744243799aa097b2d64890c6; no voters: 
I20260713 09:05:05.204797 12223 leader_election.cc:290] T 00000000000000000000000000000000 P 49754b6a744243799aa097b2d64890c6 [CANDIDATE]: Term 1 election: Requested vote from peers 
I20260713 09:05:05.205107 12226 raft_consensus.cc:2804] T 00000000000000000000000000000000 P 49754b6a744243799aa097b2d64890c6 [term 1 FOLLOWER]: Leader election won for term 1
I20260713 09:05:05.206341 12226 raft_consensus.cc:697] T 00000000000000000000000000000000 P 49754b6a744243799aa097b2d64890c6 [term 1 LEADER]: Becoming Leader. State: Replica: 49754b6a744243799aa097b2d64890c6, State: Running, Role: LEADER
I20260713 09:05:05.207010 12226 consensus_queue.cc:237] T 00000000000000000000000000000000 P 49754b6a744243799aa097b2d64890c6 [LEADER]: Queue going to LEADER mode. State: All replicated index: 0, Majority replicated index: 0, Committed index: 0, Last appended: 0.0, Last appended by leader: 0, Current term: 1, Majority size: 1, State: 0, Mode: LEADER, active raft config: opid_index: -1 OBSOLETE_local: true peers { permanent_uuid: "49754b6a744243799aa097b2d64890c6" member_type: VOTER }
I20260713 09:05:05.207723 12223 sys_catalog.cc:565] T 00000000000000000000000000000000 P 49754b6a744243799aa097b2d64890c6 [sys.catalog]: configured and running, proceeding with master startup.
I20260713 09:05:05.211576 12228 sys_catalog.cc:455] T 00000000000000000000000000000000 P 49754b6a744243799aa097b2d64890c6 [sys.catalog]: SysCatalogTable state changed. Reason: New leader 49754b6a744243799aa097b2d64890c6. Latest consensus state: current_term: 1 leader_uuid: "49754b6a744243799aa097b2d64890c6" committed_config { opid_index: -1 OBSOLETE_local: true peers { permanent_uuid: "49754b6a744243799aa097b2d64890c6" member_type: VOTER } }
I20260713 09:05:05.212201 12228 sys_catalog.cc:458] T 00000000000000000000000000000000 P 49754b6a744243799aa097b2d64890c6 [sys.catalog]: This master's current role is: LEADER
I20260713 09:05:05.213426 12227 sys_catalog.cc:455] T 00000000000000000000000000000000 P 49754b6a744243799aa097b2d64890c6 [sys.catalog]: SysCatalogTable state changed. Reason: RaftConsensus started. Latest consensus state: current_term: 1 leader_uuid: "49754b6a744243799aa097b2d64890c6" committed_config { opid_index: -1 OBSOLETE_local: true peers { permanent_uuid: "49754b6a744243799aa097b2d64890c6" member_type: VOTER } }
I20260713 09:05:05.213876 12233 catalog_manager.cc:1511] Loading table and tablet metadata into memory...
I20260713 09:05:05.213956 12227 sys_catalog.cc:458] T 00000000000000000000000000000000 P 49754b6a744243799aa097b2d64890c6 [sys.catalog]: This master's current role is: LEADER
I20260713 09:05:05.218717 12233 catalog_manager.cc:1520] Initializing Kudu cluster ID...
I20260713 09:05:05.223699 11198 internal_mini_cluster.cc:184] Waiting to initialize catalog manager on master 0
I20260713 09:05:05.227133 12233 catalog_manager.cc:1383] Generated new cluster ID: 8e80c53934a24f8f8362a834c52860af
I20260713 09:05:05.227371 12233 catalog_manager.cc:1531] Initializing Kudu internal certificate authority...
I20260713 09:05:05.243000 12233 catalog_manager.cc:1406] Generated new certificate authority record
I20260713 09:05:05.244225 12233 catalog_manager.cc:1540] Loading token signing keys...
I20260713 09:05:05.262555 12233 catalog_manager.cc:6070] T 00000000000000000000000000000000 P 49754b6a744243799aa097b2d64890c6: Generated new TSK 0
I20260713 09:05:05.263170 12233 catalog_manager.cc:1550] Initializing in-progress tserver states...
I20260713 09:05:05.290711 11198 file_cache.cc:504] Constructed file cache file cache with capacity 419430
W20260713 09:05:05.297156 12244 instance_detector.cc:116] could not retrieve AWS instance metadata: Network error: curl error: HTTP response code said error: The requested URL returned error: 404
W20260713 09:05:05.297961 12245 instance_detector.cc:116] could not retrieve Azure instance metadata: Network error: curl error: HTTP response code said error: The requested URL returned error: 404
W20260713 09:05:05.299314 12247 instance_detector.cc:116] could not retrieve OpenStack instance metadata: Network error: curl error: HTTP response code said error: The requested URL returned error: 404
I20260713 09:05:05.300101 11198 server_base.cc:1061] running on GCE node
I20260713 09:05:05.301142 11198 hybrid_clock.cc:584] initializing the hybrid clock with 'system_unsync' time source
W20260713 09:05:05.301388 11198 system_unsync_time.cc:38] NTP support is disabled. Clock error bounds will not be accurate. This configuration is not suitable for distributed clusters.
I20260713 09:05:05.301584 11198 hybrid_clock.cc:648] HybridClock initialized: now 1783933505301565 us; error 0 us; skew 500 ppm
I20260713 09:05:05.302415 11198 server_base.cc:861] Flag tcmalloc_max_total_thread_cache_bytes is not working since tcmalloc is not enabled.
I20260713 09:05:05.304968 11198 webserver.cc:533] Webserver started at http://127.10.239.129:42403/ using document root <none> and password file <none>
I20260713 09:05:05.305629 11198 fs_manager.cc:362] Metadata directory not provided
I20260713 09:05:05.305836 11198 fs_manager.cc:368] Using write-ahead log directory (fs_wal_dir) as metadata directory
I20260713 09:05:05.306150 11198 server_base.cc:909] This appears to be a new deployment of Kudu; creating new FS layout
I20260713 09:05:05.307289 11198 fs_manager.cc:1068] Generated new instance metadata in path /tmp/dist-test-taskGoznXb/test-tmp/auto_leader_rebalancer-test.0.LeaderRebalancerTest.AddTserver.1783933481618275-11198-0/minicluster-data/ts-0-root/instance:
uuid: "cbfc0c8cb9cd4e7ba58f0e2939b941b1"
format_stamp: "Formatted at 2026-07-13 09:05:05 on dist-test-slave-r072"
I20260713 09:05:05.311668 11198 fs_manager.cc:696] Time spent creating directory manager: real 0.004s	user 0.004s	sys 0.001s
I20260713 09:05:05.315250 12252 log_block_manager.cc:4127] Time spent loading block containers with low live blocks: real 0.000s	user 0.000s	sys 0.000s
I20260713 09:05:05.316100 11198 fs_manager.cc:730] Time spent opening block manager: real 0.003s	user 0.000s	sys 0.003s
I20260713 09:05:05.316326 11198 fs_manager.cc:647] Opened local filesystem: /tmp/dist-test-taskGoznXb/test-tmp/auto_leader_rebalancer-test.0.LeaderRebalancerTest.AddTserver.1783933481618275-11198-0/minicluster-data/ts-0-root
uuid: "cbfc0c8cb9cd4e7ba58f0e2939b941b1"
format_stamp: "Formatted at 2026-07-13 09:05:05 on dist-test-slave-r072"
I20260713 09:05:05.316550 11198 fs_report.cc:389] FS layout report
--------------------
wal directory: /tmp/dist-test-taskGoznXb/test-tmp/auto_leader_rebalancer-test.0.LeaderRebalancerTest.AddTserver.1783933481618275-11198-0/minicluster-data/ts-0-root
metadata directory: /tmp/dist-test-taskGoznXb/test-tmp/auto_leader_rebalancer-test.0.LeaderRebalancerTest.AddTserver.1783933481618275-11198-0/minicluster-data/ts-0-root
1 data directories: /tmp/dist-test-taskGoznXb/test-tmp/auto_leader_rebalancer-test.0.LeaderRebalancerTest.AddTserver.1783933481618275-11198-0/minicluster-data/ts-0-root/data
Total live blocks: 0
Total live bytes: 0
Total live bytes (after alignment): 0
Total number of LBM containers: 0 (0 full)
Did not check for missing blocks
Did not check for orphaned blocks
Total full LBM containers with extra space: 0 (0 repaired)
Total full LBM container extra space in bytes: 0 (0 repaired)
Total incomplete LBM containers: 0 (0 repaired)
Total LBM partial records: 0 (0 repaired)
Total corrupted LBM metadata records in RocksDB: 0 (0 repaired)
I20260713 09:05:05.337606 11198 rpc_server.cc:225] running with OpenSSL 1.1.1  11 Sep 2018
I20260713 09:05:05.339231 11198 kserver.cc:163] Server-wide thread pool size limit: 3276
I20260713 09:05:05.340889 11198 txn_system_client.cc:432] TxnSystemClient initialization is disabled...
I20260713 09:05:05.343541 11198 ts_tablet_manager.cc:585] Loaded tablet metadata (0 total tablets, 0 live tablets)
I20260713 09:05:05.343727 11198 ts_tablet_manager.cc:531] Time spent load tablet metadata: real 0.000s	user 0.000s	sys 0.000s
I20260713 09:05:05.344029 11198 ts_tablet_manager.cc:616] Registered 0 tablets
I20260713 09:05:05.344202 11198 ts_tablet_manager.cc:595] Time spent register tablets: real 0.000s	user 0.000s	sys 0.000s
I20260713 09:05:05.385013 11198 rpc_server.cc:307] RPC server started. Bound to: 127.10.239.129:35005
I20260713 09:05:05.385133 12314 acceptor_pool.cc:272] collecting diagnostics on the listening RPC socket 127.10.239.129:35005 every 8 connection(s)
I20260713 09:05:05.389840 11198 file_cache.cc:504] Constructed file cache file cache with capacity 419430
W20260713 09:05:05.396852 12319 instance_detector.cc:116] could not retrieve AWS instance metadata: Network error: curl error: HTTP response code said error: The requested URL returned error: 404
W20260713 09:05:05.397121 12320 instance_detector.cc:116] could not retrieve Azure instance metadata: Network error: curl error: HTTP response code said error: The requested URL returned error: 404
W20260713 09:05:05.400799 12322 instance_detector.cc:116] could not retrieve OpenStack instance metadata: Network error: curl error: HTTP response code said error: The requested URL returned error: 404
I20260713 09:05:05.401072 11198 server_base.cc:1061] running on GCE node
I20260713 09:05:05.402393 11198 hybrid_clock.cc:584] initializing the hybrid clock with 'system_unsync' time source
W20260713 09:05:05.402634 11198 system_unsync_time.cc:38] NTP support is disabled. Clock error bounds will not be accurate. This configuration is not suitable for distributed clusters.
I20260713 09:05:05.402802 11198 hybrid_clock.cc:648] HybridClock initialized: now 1783933505402786 us; error 0 us; skew 500 ppm
I20260713 09:05:05.403323 11198 server_base.cc:861] Flag tcmalloc_max_total_thread_cache_bytes is not working since tcmalloc is not enabled.
I20260713 09:05:05.406185 11198 webserver.cc:533] Webserver started at http://127.10.239.130:42685/ using document root <none> and password file <none>
I20260713 09:05:05.406596 12315 heartbeater.cc:344] Connected to a master server at 127.10.239.190:35731
I20260713 09:05:05.406733 11198 fs_manager.cc:362] Metadata directory not provided
I20260713 09:05:05.406971 12315 heartbeater.cc:461] Registering TS with master...
I20260713 09:05:05.407042 11198 fs_manager.cc:368] Using write-ahead log directory (fs_wal_dir) as metadata directory
I20260713 09:05:05.407452 11198 server_base.cc:909] This appears to be a new deployment of Kudu; creating new FS layout
I20260713 09:05:05.407825 12315 heartbeater.cc:507] Master 127.10.239.190:35731 requested a full tablet report, sending...
I20260713 09:05:05.408591 11198 fs_manager.cc:1068] Generated new instance metadata in path /tmp/dist-test-taskGoznXb/test-tmp/auto_leader_rebalancer-test.0.LeaderRebalancerTest.AddTserver.1783933481618275-11198-0/minicluster-data/ts-1-root/instance:
uuid: "9642b99215284e66b0028c29ec38034f"
format_stamp: "Formatted at 2026-07-13 09:05:05 on dist-test-slave-r072"
I20260713 09:05:05.409900 12188 ts_manager.cc:194] Registered new tserver with Master: cbfc0c8cb9cd4e7ba58f0e2939b941b1 (127.10.239.129:35005)
I20260713 09:05:05.411628 12188 master_service.cc:502] Signed X509 certificate for tserver {username='slave'} at 127.0.0.1:45064
I20260713 09:05:05.413409 11198 fs_manager.cc:696] Time spent creating directory manager: real 0.004s	user 0.005s	sys 0.000s
I20260713 09:05:05.417392 12327 log_block_manager.cc:4127] Time spent loading block containers with low live blocks: real 0.000s	user 0.000s	sys 0.000s
I20260713 09:05:05.418432 11198 fs_manager.cc:730] Time spent opening block manager: real 0.003s	user 0.003s	sys 0.000s
I20260713 09:05:05.418762 11198 fs_manager.cc:647] Opened local filesystem: /tmp/dist-test-taskGoznXb/test-tmp/auto_leader_rebalancer-test.0.LeaderRebalancerTest.AddTserver.1783933481618275-11198-0/minicluster-data/ts-1-root
uuid: "9642b99215284e66b0028c29ec38034f"
format_stamp: "Formatted at 2026-07-13 09:05:05 on dist-test-slave-r072"
I20260713 09:05:05.419066 11198 fs_report.cc:389] FS layout report
--------------------
wal directory: /tmp/dist-test-taskGoznXb/test-tmp/auto_leader_rebalancer-test.0.LeaderRebalancerTest.AddTserver.1783933481618275-11198-0/minicluster-data/ts-1-root
metadata directory: /tmp/dist-test-taskGoznXb/test-tmp/auto_leader_rebalancer-test.0.LeaderRebalancerTest.AddTserver.1783933481618275-11198-0/minicluster-data/ts-1-root
1 data directories: /tmp/dist-test-taskGoznXb/test-tmp/auto_leader_rebalancer-test.0.LeaderRebalancerTest.AddTserver.1783933481618275-11198-0/minicluster-data/ts-1-root/data
Total live blocks: 0
Total live bytes: 0
Total live bytes (after alignment): 0
Total number of LBM containers: 0 (0 full)
Did not check for missing blocks
Did not check for orphaned blocks
Total full LBM containers with extra space: 0 (0 repaired)
Total full LBM container extra space in bytes: 0 (0 repaired)
Total incomplete LBM containers: 0 (0 repaired)
Total LBM partial records: 0 (0 repaired)
Total corrupted LBM metadata records in RocksDB: 0 (0 repaired)
I20260713 09:05:05.429091 11198 rpc_server.cc:225] running with OpenSSL 1.1.1  11 Sep 2018
I20260713 09:05:05.430303 11198 kserver.cc:163] Server-wide thread pool size limit: 3276
I20260713 09:05:05.431661 11198 txn_system_client.cc:432] TxnSystemClient initialization is disabled...
I20260713 09:05:05.433830 11198 ts_tablet_manager.cc:585] Loaded tablet metadata (0 total tablets, 0 live tablets)
I20260713 09:05:05.434072 11198 ts_tablet_manager.cc:531] Time spent load tablet metadata: real 0.000s	user 0.000s	sys 0.000s
I20260713 09:05:05.434341 11198 ts_tablet_manager.cc:616] Registered 0 tablets
I20260713 09:05:05.434521 11198 ts_tablet_manager.cc:595] Time spent register tablets: real 0.000s	user 0.000s	sys 0.000s
I20260713 09:05:05.473417 11198 rpc_server.cc:307] RPC server started. Bound to: 127.10.239.130:41693
I20260713 09:05:05.473516 12389 acceptor_pool.cc:272] collecting diagnostics on the listening RPC socket 127.10.239.130:41693 every 8 connection(s)
I20260713 09:05:05.478461 11198 file_cache.cc:504] Constructed file cache file cache with capacity 419430
W20260713 09:05:05.484428 12393 instance_detector.cc:116] could not retrieve AWS instance metadata: Network error: curl error: HTTP response code said error: The requested URL returned error: 404
W20260713 09:05:05.485579 12394 instance_detector.cc:116] could not retrieve Azure instance metadata: Network error: curl error: HTTP response code said error: The requested URL returned error: 404
W20260713 09:05:05.488792 12396 instance_detector.cc:116] could not retrieve OpenStack instance metadata: Network error: curl error: HTTP response code said error: The requested URL returned error: 404
I20260713 09:05:05.489688 12390 heartbeater.cc:344] Connected to a master server at 127.10.239.190:35731
I20260713 09:05:05.490064 12390 heartbeater.cc:461] Registering TS with master...
I20260713 09:05:05.490731 12390 heartbeater.cc:507] Master 127.10.239.190:35731 requested a full tablet report, sending...
I20260713 09:05:05.492664 12188 ts_manager.cc:194] Registered new tserver with Master: 9642b99215284e66b0028c29ec38034f (127.10.239.130:41693)
I20260713 09:05:05.494091 12188 master_service.cc:502] Signed X509 certificate for tserver {username='slave'} at 127.0.0.1:45070
I20260713 09:05:05.494621 11198 server_base.cc:1061] running on GCE node
I20260713 09:05:05.495625 11198 hybrid_clock.cc:584] initializing the hybrid clock with 'system_unsync' time source
W20260713 09:05:05.495884 11198 system_unsync_time.cc:38] NTP support is disabled. Clock error bounds will not be accurate. This configuration is not suitable for distributed clusters.
I20260713 09:05:05.496091 11198 hybrid_clock.cc:648] HybridClock initialized: now 1783933505496071 us; error 0 us; skew 500 ppm
I20260713 09:05:05.496727 11198 server_base.cc:861] Flag tcmalloc_max_total_thread_cache_bytes is not working since tcmalloc is not enabled.
I20260713 09:05:05.499089 11198 webserver.cc:533] Webserver started at http://127.10.239.131:44753/ using document root <none> and password file <none>
I20260713 09:05:05.499501 11198 fs_manager.cc:362] Metadata directory not provided
I20260713 09:05:05.499655 11198 fs_manager.cc:368] Using write-ahead log directory (fs_wal_dir) as metadata directory
I20260713 09:05:05.499850 11198 server_base.cc:909] This appears to be a new deployment of Kudu; creating new FS layout
I20260713 09:05:05.500837 11198 fs_manager.cc:1068] Generated new instance metadata in path /tmp/dist-test-taskGoznXb/test-tmp/auto_leader_rebalancer-test.0.LeaderRebalancerTest.AddTserver.1783933481618275-11198-0/minicluster-data/ts-2-root/instance:
uuid: "8179d7d959db4263afa432e8ba7ff19a"
format_stamp: "Formatted at 2026-07-13 09:05:05 on dist-test-slave-r072"
I20260713 09:05:05.505584 11198 fs_manager.cc:696] Time spent creating directory manager: real 0.004s	user 0.006s	sys 0.000s
I20260713 09:05:05.508808 12401 log_block_manager.cc:4127] Time spent loading block containers with low live blocks: real 0.000s	user 0.000s	sys 0.000s
I20260713 09:05:05.509606 11198 fs_manager.cc:730] Time spent opening block manager: real 0.002s	user 0.002s	sys 0.000s
I20260713 09:05:05.509891 11198 fs_manager.cc:647] Opened local filesystem: /tmp/dist-test-taskGoznXb/test-tmp/auto_leader_rebalancer-test.0.LeaderRebalancerTest.AddTserver.1783933481618275-11198-0/minicluster-data/ts-2-root
uuid: "8179d7d959db4263afa432e8ba7ff19a"
format_stamp: "Formatted at 2026-07-13 09:05:05 on dist-test-slave-r072"
I20260713 09:05:05.510207 11198 fs_report.cc:389] FS layout report
--------------------
wal directory: /tmp/dist-test-taskGoznXb/test-tmp/auto_leader_rebalancer-test.0.LeaderRebalancerTest.AddTserver.1783933481618275-11198-0/minicluster-data/ts-2-root
metadata directory: /tmp/dist-test-taskGoznXb/test-tmp/auto_leader_rebalancer-test.0.LeaderRebalancerTest.AddTserver.1783933481618275-11198-0/minicluster-data/ts-2-root
1 data directories: /tmp/dist-test-taskGoznXb/test-tmp/auto_leader_rebalancer-test.0.LeaderRebalancerTest.AddTserver.1783933481618275-11198-0/minicluster-data/ts-2-root/data
Total live blocks: 0
Total live bytes: 0
Total live bytes (after alignment): 0
Total number of LBM containers: 0 (0 full)
Did not check for missing blocks
Did not check for orphaned blocks
Total full LBM containers with extra space: 0 (0 repaired)
Total full LBM container extra space in bytes: 0 (0 repaired)
Total incomplete LBM containers: 0 (0 repaired)
Total LBM partial records: 0 (0 repaired)
Total corrupted LBM metadata records in RocksDB: 0 (0 repaired)
I20260713 09:05:05.524083 11198 rpc_server.cc:225] running with OpenSSL 1.1.1  11 Sep 2018
I20260713 09:05:05.525184 11198 kserver.cc:163] Server-wide thread pool size limit: 3276
I20260713 09:05:05.526669 11198 txn_system_client.cc:432] TxnSystemClient initialization is disabled...
I20260713 09:05:05.528793 11198 ts_tablet_manager.cc:585] Loaded tablet metadata (0 total tablets, 0 live tablets)
I20260713 09:05:05.528963 11198 ts_tablet_manager.cc:531] Time spent load tablet metadata: real 0.000s	user 0.000s	sys 0.000s
I20260713 09:05:05.529227 11198 ts_tablet_manager.cc:616] Registered 0 tablets
I20260713 09:05:05.529382 11198 ts_tablet_manager.cc:595] Time spent register tablets: real 0.000s	user 0.000s	sys 0.000s
I20260713 09:05:05.571691 11198 rpc_server.cc:307] RPC server started. Bound to: 127.10.239.131:38591
I20260713 09:05:05.571838 12463 acceptor_pool.cc:272] collecting diagnostics on the listening RPC socket 127.10.239.131:38591 every 8 connection(s)
I20260713 09:05:05.586412 12464 heartbeater.cc:344] Connected to a master server at 127.10.239.190:35731
I20260713 09:05:05.586786 12464 heartbeater.cc:461] Registering TS with master...
I20260713 09:05:05.587502 12464 heartbeater.cc:507] Master 127.10.239.190:35731 requested a full tablet report, sending...
I20260713 09:05:05.589660 12188 ts_manager.cc:194] Registered new tserver with Master: 8179d7d959db4263afa432e8ba7ff19a (127.10.239.131:38591)
I20260713 09:05:05.589864 11198 internal_mini_cluster.cc:371] 3 TS(s) registered with all masters after 0.015001008s
I20260713 09:05:05.591106 12188 master_service.cc:502] Signed X509 certificate for tserver {username='slave'} at 127.0.0.1:45086
I20260713 09:05:05.616559 12188 catalog_manager.cc:2283] Servicing CreateTable request from {username='slave'} at 127.0.0.1:45094:
name: "test-workload"
schema {
  columns {
    name: "key"
    type: INT32
    is_key: true
    is_nullable: false
    encoding: AUTO_ENCODING
    compression: DEFAULT_COMPRESSION
    cfile_block_size: 0
    immutable: false
  }
  columns {
    name: "int_val"
    type: INT32
    is_key: false
    is_nullable: false
    encoding: AUTO_ENCODING
    compression: DEFAULT_COMPRESSION
    cfile_block_size: 0
    immutable: false
  }
  columns {
    name: "string_val"
    type: STRING
    is_key: false
    is_nullable: true
    encoding: AUTO_ENCODING
    compression: DEFAULT_COMPRESSION
    cfile_block_size: 0
    immutable: false
  }
}
num_replicas: 3
split_rows_range_bounds {
  rows: "\004\001\000UUU\005\004\001\000\252\252\252\n\004\001\000\377\377\377\017\004\001\000TUU\025\004\001\000\251\252\252\032\004\001\000\376\377\377\037\004\001\000SUU%\004\001\000\250\252\252*\004\001\000\375\377\377/\004\001\000RUU5\004\001\000\247\252\252:\004\001\000\374\377\377?\004\001\000QUUE\004\001\000\246\252\252J\004\001\000\373\377\377O\004\001\000PUUU\004\001\000\245\252\252Z\004\001\000\372\377\377_\004\001\000OUUe\004\001\000\244\252\252j\004\001\000\371\377\377o\004\001\000NUUu\004\001\000\243\252\252z""\004\001\000UUU\005\004\001\000\252\252\252\n\004\001\000\377\377\377\017\004\001\000TUU\025\004\001\000\251\252\252\032\004\001\000\376\377\377\037\004\001\000SUU%\004\001\000\250\252\252*\004\001\000\375\377\377/\004\001\000RUU5\004\001\000\247\252\252:\004\001\000\374\377\377?\004\001\000QUUE\004\001\000\246\252\252J\004\001\000\373\377\377O\004\001\000PUUU\004\001\000\245\252\252Z\004\001\000\372\377\377_\004\001\000OUUe\004\001\000\244\252\252j\004\001\000\371\377\377o\004\001\000NUUu\004\001\000\243\252\252z"
  indirect_data: """"
}
partition_schema {
  range_schema {
    columns {
      name: "key"
    }
  }
}
W20260713 09:05:05.620448 12188 catalog_manager.cc:7077] The number of live tablet servers is not enough to re-replicate a tablet replica of the newly created table test-workload in case of a server failure: 4 tablet servers would be needed, 3 are available. Consider bringing up more tablet servers.
I20260713 09:05:05.731171 12429 tablet_service.cc:1511] Processing CreateTablet for tablet 63cb98e7ebc44574bacd517f4ab54929 (DEFAULT_TABLE table=test-workload [id=ee7d7144e86946f9bd57e4847b6aa2aa]), partition=RANGE (key) PARTITION VALUES < 89478485
I20260713 09:05:05.732687 12429 data_dirs.cc:400] Could only allocate 1 dirs of requested 3 for tablet 63cb98e7ebc44574bacd517f4ab54929. 1 dirs total, 0 dirs full, 0 dirs failed
I20260713 09:05:05.735072 12428 tablet_service.cc:1511] Processing CreateTablet for tablet 120b6e17ad434b0eaa91efb1e9041bc2 (DEFAULT_TABLE table=test-workload [id=ee7d7144e86946f9bd57e4847b6aa2aa]), partition=RANGE (key) PARTITION 89478485 <= VALUES < 178956970
I20260713 09:05:05.736373 12428 data_dirs.cc:400] Could only allocate 1 dirs of requested 3 for tablet 120b6e17ad434b0eaa91efb1e9041bc2. 1 dirs total, 0 dirs full, 0 dirs failed
I20260713 09:05:05.739151 12427 tablet_service.cc:1511] Processing CreateTablet for tablet 945c020a92c444b4855036b15f96fcf6 (DEFAULT_TABLE table=test-workload [id=ee7d7144e86946f9bd57e4847b6aa2aa]), partition=RANGE (key) PARTITION 178956970 <= VALUES < 268435455
I20260713 09:05:05.740422 12427 data_dirs.cc:400] Could only allocate 1 dirs of requested 3 for tablet 945c020a92c444b4855036b15f96fcf6. 1 dirs total, 0 dirs full, 0 dirs failed
I20260713 09:05:05.741096 12354 tablet_service.cc:1511] Processing CreateTablet for tablet 120b6e17ad434b0eaa91efb1e9041bc2 (DEFAULT_TABLE table=test-workload [id=ee7d7144e86946f9bd57e4847b6aa2aa]), partition=RANGE (key) PARTITION 89478485 <= VALUES < 178956970
I20260713 09:05:05.742323 12354 data_dirs.cc:400] Could only allocate 1 dirs of requested 3 for tablet 120b6e17ad434b0eaa91efb1e9041bc2. 1 dirs total, 0 dirs full, 0 dirs failed
I20260713 09:05:05.742229 12351 tablet_service.cc:1511] Processing CreateTablet for tablet ad0b7a737073408c8a334489ffd5951a (DEFAULT_TABLE table=test-workload [id=ee7d7144e86946f9bd57e4847b6aa2aa]), partition=RANGE (key) PARTITION 357913940 <= VALUES < 447392425
I20260713 09:05:05.743675 12426 tablet_service.cc:1511] Processing CreateTablet for tablet fcec081ecd4748cf9d17c6c41f41ee3b (DEFAULT_TABLE table=test-workload [id=ee7d7144e86946f9bd57e4847b6aa2aa]), partition=RANGE (key) PARTITION 268435455 <= VALUES < 357913940
I20260713 09:05:05.744311 12353 tablet_service.cc:1511] Processing CreateTablet for tablet 945c020a92c444b4855036b15f96fcf6 (DEFAULT_TABLE table=test-workload [id=ee7d7144e86946f9bd57e4847b6aa2aa]), partition=RANGE (key) PARTITION 178956970 <= VALUES < 268435455
I20260713 09:05:05.744509 12355 tablet_service.cc:1511] Processing CreateTablet for tablet 63cb98e7ebc44574bacd517f4ab54929 (DEFAULT_TABLE table=test-workload [id=ee7d7144e86946f9bd57e4847b6aa2aa]), partition=RANGE (key) PARTITION VALUES < 89478485
I20260713 09:05:05.745572 12279 tablet_service.cc:1511] Processing CreateTablet for tablet 120b6e17ad434b0eaa91efb1e9041bc2 (DEFAULT_TABLE table=test-workload [id=ee7d7144e86946f9bd57e4847b6aa2aa]), partition=RANGE (key) PARTITION 89478485 <= VALUES < 178956970
I20260713 09:05:05.745875 12425 tablet_service.cc:1511] Processing CreateTablet for tablet ad0b7a737073408c8a334489ffd5951a (DEFAULT_TABLE table=test-workload [id=ee7d7144e86946f9bd57e4847b6aa2aa]), partition=RANGE (key) PARTITION 357913940 <= VALUES < 447392425
I20260713 09:05:05.746884 12279 data_dirs.cc:400] Could only allocate 1 dirs of requested 3 for tablet 120b6e17ad434b0eaa91efb1e9041bc2. 1 dirs total, 0 dirs full, 0 dirs failed
I20260713 09:05:05.746919 12426 data_dirs.cc:400] Could only allocate 1 dirs of requested 3 for tablet fcec081ecd4748cf9d17c6c41f41ee3b. 1 dirs total, 0 dirs full, 0 dirs failed
I20260713 09:05:05.748320 12277 tablet_service.cc:1511] Processing CreateTablet for tablet fcec081ecd4748cf9d17c6c41f41ee3b (DEFAULT_TABLE table=test-workload [id=ee7d7144e86946f9bd57e4847b6aa2aa]), partition=RANGE (key) PARTITION 268435455 <= VALUES < 357913940
I20260713 09:05:05.749547 12278 tablet_service.cc:1511] Processing CreateTablet for tablet 945c020a92c444b4855036b15f96fcf6 (DEFAULT_TABLE table=test-workload [id=ee7d7144e86946f9bd57e4847b6aa2aa]), partition=RANGE (key) PARTITION 178956970 <= VALUES < 268435455
I20260713 09:05:05.750352 12425 data_dirs.cc:400] Could only allocate 1 dirs of requested 3 for tablet ad0b7a737073408c8a334489ffd5951a. 1 dirs total, 0 dirs full, 0 dirs failed
I20260713 09:05:05.751135 12275 tablet_service.cc:1511] Processing CreateTablet for tablet 9c1ed280cd5c4f5c8f65e6c7c5c3351a (DEFAULT_TABLE table=test-workload [id=ee7d7144e86946f9bd57e4847b6aa2aa]), partition=RANGE (key) PARTITION 447392425 <= VALUES < 536870910
I20260713 09:05:05.749573 12277 data_dirs.cc:400] Could only allocate 1 dirs of requested 3 for tablet fcec081ecd4748cf9d17c6c41f41ee3b. 1 dirs total, 0 dirs full, 0 dirs failed
I20260713 09:05:05.754014 12276 tablet_service.cc:1511] Processing CreateTablet for tablet ad0b7a737073408c8a334489ffd5951a (DEFAULT_TABLE table=test-workload [id=ee7d7144e86946f9bd57e4847b6aa2aa]), partition=RANGE (key) PARTITION 357913940 <= VALUES < 447392425
I20260713 09:05:05.754523 12351 data_dirs.cc:400] Could only allocate 1 dirs of requested 3 for tablet ad0b7a737073408c8a334489ffd5951a. 1 dirs total, 0 dirs full, 0 dirs failed
I20260713 09:05:05.755330 12276 data_dirs.cc:400] Could only allocate 1 dirs of requested 3 for tablet ad0b7a737073408c8a334489ffd5951a. 1 dirs total, 0 dirs full, 0 dirs failed
I20260713 09:05:05.758344 12278 data_dirs.cc:400] Could only allocate 1 dirs of requested 3 for tablet 945c020a92c444b4855036b15f96fcf6. 1 dirs total, 0 dirs full, 0 dirs failed
I20260713 09:05:05.744304 12280 tablet_service.cc:1511] Processing CreateTablet for tablet 63cb98e7ebc44574bacd517f4ab54929 (DEFAULT_TABLE table=test-workload [id=ee7d7144e86946f9bd57e4847b6aa2aa]), partition=RANGE (key) PARTITION VALUES < 89478485
I20260713 09:05:05.759330 12280 data_dirs.cc:400] Could only allocate 1 dirs of requested 3 for tablet 63cb98e7ebc44574bacd517f4ab54929. 1 dirs total, 0 dirs full, 0 dirs failed
I20260713 09:05:05.746678 12352 tablet_service.cc:1511] Processing CreateTablet for tablet fcec081ecd4748cf9d17c6c41f41ee3b (DEFAULT_TABLE table=test-workload [id=ee7d7144e86946f9bd57e4847b6aa2aa]), partition=RANGE (key) PARTITION 268435455 <= VALUES < 357913940
I20260713 09:05:05.766971 12352 data_dirs.cc:400] Could only allocate 1 dirs of requested 3 for tablet fcec081ecd4748cf9d17c6c41f41ee3b. 1 dirs total, 0 dirs full, 0 dirs failed
I20260713 09:05:05.770622 12355 data_dirs.cc:400] Could only allocate 1 dirs of requested 3 for tablet 63cb98e7ebc44574bacd517f4ab54929. 1 dirs total, 0 dirs full, 0 dirs failed
I20260713 09:05:05.774377 12275 data_dirs.cc:400] Could only allocate 1 dirs of requested 3 for tablet 9c1ed280cd5c4f5c8f65e6c7c5c3351a. 1 dirs total, 0 dirs full, 0 dirs failed
I20260713 09:05:05.778406 12353 data_dirs.cc:400] Could only allocate 1 dirs of requested 3 for tablet 945c020a92c444b4855036b15f96fcf6. 1 dirs total, 0 dirs full, 0 dirs failed
I20260713 09:05:05.808660 12480 tablet_bootstrap.cc:492] T 945c020a92c444b4855036b15f96fcf6 P cbfc0c8cb9cd4e7ba58f0e2939b941b1: Bootstrap starting.
I20260713 09:05:05.810369 12350 tablet_service.cc:1511] Processing CreateTablet for tablet 9c1ed280cd5c4f5c8f65e6c7c5c3351a (DEFAULT_TABLE table=test-workload [id=ee7d7144e86946f9bd57e4847b6aa2aa]), partition=RANGE (key) PARTITION 447392425 <= VALUES < 536870910
I20260713 09:05:05.811662 12350 data_dirs.cc:400] Could only allocate 1 dirs of requested 3 for tablet 9c1ed280cd5c4f5c8f65e6c7c5c3351a. 1 dirs total, 0 dirs full, 0 dirs failed
I20260713 09:05:05.816169 12480 tablet_bootstrap.cc:654] T 945c020a92c444b4855036b15f96fcf6 P cbfc0c8cb9cd4e7ba58f0e2939b941b1: Neither blocks nor log segments found. Creating new log.
I20260713 09:05:05.827565 12480 tablet_bootstrap.cc:492] T 945c020a92c444b4855036b15f96fcf6 P cbfc0c8cb9cd4e7ba58f0e2939b941b1: No bootstrap required, opened a new log
I20260713 09:05:05.828027 12480 ts_tablet_manager.cc:1403] T 945c020a92c444b4855036b15f96fcf6 P cbfc0c8cb9cd4e7ba58f0e2939b941b1: Time spent bootstrapping tablet: real 0.020s	user 0.005s	sys 0.011s
I20260713 09:05:05.833845 12480 raft_consensus.cc:359] T 945c020a92c444b4855036b15f96fcf6 P cbfc0c8cb9cd4e7ba58f0e2939b941b1 [term 0 FOLLOWER]: Replica starting. Triggering 0 pending ops. Active config: opid_index: -1 OBSOLETE_local: false peers { permanent_uuid: "cbfc0c8cb9cd4e7ba58f0e2939b941b1" member_type: VOTER last_known_addr { host: "127.10.239.129" port: 35005 } } peers { permanent_uuid: "9642b99215284e66b0028c29ec38034f" member_type: VOTER last_known_addr { host: "127.10.239.130" port: 41693 } } peers { permanent_uuid: "8179d7d959db4263afa432e8ba7ff19a" member_type: VOTER last_known_addr { host: "127.10.239.131" port: 38591 } }
I20260713 09:05:05.834550 12480 raft_consensus.cc:385] T 945c020a92c444b4855036b15f96fcf6 P cbfc0c8cb9cd4e7ba58f0e2939b941b1 [term 0 FOLLOWER]: Consensus starting up: Expiring failure detector timer to make a prompt election more likely
I20260713 09:05:05.834839 12480 raft_consensus.cc:740] T 945c020a92c444b4855036b15f96fcf6 P cbfc0c8cb9cd4e7ba58f0e2939b941b1 [term 0 FOLLOWER]: Becoming Follower/Learner. State: Replica: cbfc0c8cb9cd4e7ba58f0e2939b941b1, State: Initialized, Role: FOLLOWER
I20260713 09:05:05.835532 12480 consensus_queue.cc:260] T 945c020a92c444b4855036b15f96fcf6 P cbfc0c8cb9cd4e7ba58f0e2939b941b1 [NON_LEADER]: Queue going to NON_LEADER mode. State: All replicated index: 0, Majority replicated index: 0, Committed index: 0, Last appended: 0.0, Last appended by leader: 0, Current term: 0, Majority size: -1, State: 0, Mode: NON_LEADER, active raft config: opid_index: -1 OBSOLETE_local: false peers { permanent_uuid: "cbfc0c8cb9cd4e7ba58f0e2939b941b1" member_type: VOTER last_known_addr { host: "127.10.239.129" port: 35005 } } peers { permanent_uuid: "9642b99215284e66b0028c29ec38034f" member_type: VOTER last_known_addr { host: "127.10.239.130" port: 41693 } } peers { permanent_uuid: "8179d7d959db4263afa432e8ba7ff19a" member_type: VOTER last_known_addr { host: "127.10.239.131" port: 38591 } }
I20260713 09:05:05.837298 12424 tablet_service.cc:1511] Processing CreateTablet for tablet 9c1ed280cd5c4f5c8f65e6c7c5c3351a (DEFAULT_TABLE table=test-workload [id=ee7d7144e86946f9bd57e4847b6aa2aa]), partition=RANGE (key) PARTITION 447392425 <= VALUES < 536870910
I20260713 09:05:05.838617 12424 data_dirs.cc:400] Could only allocate 1 dirs of requested 3 for tablet 9c1ed280cd5c4f5c8f65e6c7c5c3351a. 1 dirs total, 0 dirs full, 0 dirs failed
I20260713 09:05:05.839480 12278 tablet_service.cc:1511] Processing CreateTablet for tablet 24d6b64672f14db3bf46a3f9bd331d54 (DEFAULT_TABLE table=test-workload [id=ee7d7144e86946f9bd57e4847b6aa2aa]), partition=RANGE (key) PARTITION 536870910 <= VALUES < 626349395
I20260713 09:05:05.840682 12278 data_dirs.cc:400] Could only allocate 1 dirs of requested 3 for tablet 24d6b64672f14db3bf46a3f9bd331d54. 1 dirs total, 0 dirs full, 0 dirs failed
I20260713 09:05:05.846593 12483 tablet_bootstrap.cc:492] T ad0b7a737073408c8a334489ffd5951a P 9642b99215284e66b0028c29ec38034f: Bootstrap starting.
I20260713 09:05:05.854874 12483 tablet_bootstrap.cc:654] T ad0b7a737073408c8a334489ffd5951a P 9642b99215284e66b0028c29ec38034f: Neither blocks nor log segments found. Creating new log.
I20260713 09:05:05.859449 12315 heartbeater.cc:499] Master 127.10.239.190:35731 was elected leader, sending a full tablet report...
I20260713 09:05:05.860258 12480 ts_tablet_manager.cc:1434] T 945c020a92c444b4855036b15f96fcf6 P cbfc0c8cb9cd4e7ba58f0e2939b941b1: Time spent starting tablet: real 0.032s	user 0.013s	sys 0.000s
I20260713 09:05:05.861260 12480 tablet_bootstrap.cc:492] T 120b6e17ad434b0eaa91efb1e9041bc2 P cbfc0c8cb9cd4e7ba58f0e2939b941b1: Bootstrap starting.
I20260713 09:05:05.868925 12351 tablet_service.cc:1511] Processing CreateTablet for tablet 24d6b64672f14db3bf46a3f9bd331d54 (DEFAULT_TABLE table=test-workload [id=ee7d7144e86946f9bd57e4847b6aa2aa]), partition=RANGE (key) PARTITION 536870910 <= VALUES < 626349395
I20260713 09:05:05.870280 12351 data_dirs.cc:400] Could only allocate 1 dirs of requested 3 for tablet 24d6b64672f14db3bf46a3f9bd331d54. 1 dirs total, 0 dirs full, 0 dirs failed
I20260713 09:05:05.870358 12480 tablet_bootstrap.cc:654] T 120b6e17ad434b0eaa91efb1e9041bc2 P cbfc0c8cb9cd4e7ba58f0e2939b941b1: Neither blocks nor log segments found. Creating new log.
I20260713 09:05:05.875038 12427 tablet_service.cc:1511] Processing CreateTablet for tablet 24d6b64672f14db3bf46a3f9bd331d54 (DEFAULT_TABLE table=test-workload [id=ee7d7144e86946f9bd57e4847b6aa2aa]), partition=RANGE (key) PARTITION 536870910 <= VALUES < 626349395
I20260713 09:05:05.876293 12427 data_dirs.cc:400] Could only allocate 1 dirs of requested 3 for tablet 24d6b64672f14db3bf46a3f9bd331d54. 1 dirs total, 0 dirs full, 0 dirs failed
I20260713 09:05:05.878870 12349 tablet_service.cc:1511] Processing CreateTablet for tablet 6595f6c8c11f4d86b52f6679efe630b1 (DEFAULT_TABLE table=test-workload [id=ee7d7144e86946f9bd57e4847b6aa2aa]), partition=RANGE (key) PARTITION 626349395 <= VALUES < 715827880
I20260713 09:05:05.880164 12349 data_dirs.cc:400] Could only allocate 1 dirs of requested 3 for tablet 6595f6c8c11f4d86b52f6679efe630b1. 1 dirs total, 0 dirs full, 0 dirs failed
I20260713 09:05:05.882550 12348 tablet_service.cc:1511] Processing CreateTablet for tablet a3dccb1b85f349c8842ab26049a4bcb4 (DEFAULT_TABLE table=test-workload [id=ee7d7144e86946f9bd57e4847b6aa2aa]), partition=RANGE (key) PARTITION 715827880 <= VALUES < 805306365
I20260713 09:05:05.883826 12348 data_dirs.cc:400] Could only allocate 1 dirs of requested 3 for tablet a3dccb1b85f349c8842ab26049a4bcb4. 1 dirs total, 0 dirs full, 0 dirs failed
I20260713 09:05:05.887974 12429 tablet_service.cc:1511] Processing CreateTablet for tablet a3dccb1b85f349c8842ab26049a4bcb4 (DEFAULT_TABLE table=test-workload [id=ee7d7144e86946f9bd57e4847b6aa2aa]), partition=RANGE (key) PARTITION 715827880 <= VALUES < 805306365
I20260713 09:05:05.888161 12277 tablet_service.cc:1511] Processing CreateTablet for tablet a3dccb1b85f349c8842ab26049a4bcb4 (DEFAULT_TABLE table=test-workload [id=ee7d7144e86946f9bd57e4847b6aa2aa]), partition=RANGE (key) PARTITION 715827880 <= VALUES < 805306365
I20260713 09:05:05.889184 12429 data_dirs.cc:400] Could only allocate 1 dirs of requested 3 for tablet a3dccb1b85f349c8842ab26049a4bcb4. 1 dirs total, 0 dirs full, 0 dirs failed
I20260713 09:05:05.889379 12277 data_dirs.cc:400] Could only allocate 1 dirs of requested 3 for tablet a3dccb1b85f349c8842ab26049a4bcb4. 1 dirs total, 0 dirs full, 0 dirs failed
I20260713 09:05:05.891022 12278 tablet_service.cc:1511] Processing CreateTablet for tablet 6595f6c8c11f4d86b52f6679efe630b1 (DEFAULT_TABLE table=test-workload [id=ee7d7144e86946f9bd57e4847b6aa2aa]), partition=RANGE (key) PARTITION 626349395 <= VALUES < 715827880
I20260713 09:05:05.892175 12278 data_dirs.cc:400] Could only allocate 1 dirs of requested 3 for tablet 6595f6c8c11f4d86b52f6679efe630b1. 1 dirs total, 0 dirs full, 0 dirs failed
I20260713 09:05:05.894099 12355 tablet_service.cc:1511] Processing CreateTablet for tablet fe81f53e28184e1994255f92a019f80e (DEFAULT_TABLE table=test-workload [id=ee7d7144e86946f9bd57e4847b6aa2aa]), partition=RANGE (key) PARTITION 805306365 <= VALUES < 894784850
I20260713 09:05:05.895350 12355 data_dirs.cc:400] Could only allocate 1 dirs of requested 3 for tablet fe81f53e28184e1994255f92a019f80e. 1 dirs total, 0 dirs full, 0 dirs failed
I20260713 09:05:05.895221 12424 tablet_service.cc:1511] Processing CreateTablet for tablet 6595f6c8c11f4d86b52f6679efe630b1 (DEFAULT_TABLE table=test-workload [id=ee7d7144e86946f9bd57e4847b6aa2aa]), partition=RANGE (key) PARTITION 626349395 <= VALUES < 715827880
I20260713 09:05:05.896545 12424 data_dirs.cc:400] Could only allocate 1 dirs of requested 3 for tablet 6595f6c8c11f4d86b52f6679efe630b1. 1 dirs total, 0 dirs full, 0 dirs failed
I20260713 09:05:05.900844 12425 tablet_service.cc:1511] Processing CreateTablet for tablet fe81f53e28184e1994255f92a019f80e (DEFAULT_TABLE table=test-workload [id=ee7d7144e86946f9bd57e4847b6aa2aa]), partition=RANGE (key) PARTITION 805306365 <= VALUES < 894784850
I20260713 09:05:05.902132 12425 data_dirs.cc:400] Could only allocate 1 dirs of requested 3 for tablet fe81f53e28184e1994255f92a019f80e. 1 dirs total, 0 dirs full, 0 dirs failed
I20260713 09:05:05.910216 12276 tablet_service.cc:1511] Processing CreateTablet for tablet fe81f53e28184e1994255f92a019f80e (DEFAULT_TABLE table=test-workload [id=ee7d7144e86946f9bd57e4847b6aa2aa]), partition=RANGE (key) PARTITION 805306365 <= VALUES < 894784850
I20260713 09:05:05.913192 12276 data_dirs.cc:400] Could only allocate 1 dirs of requested 3 for tablet fe81f53e28184e1994255f92a019f80e. 1 dirs total, 0 dirs full, 0 dirs failed
I20260713 09:05:05.912333 12479 tablet_bootstrap.cc:492] T fcec081ecd4748cf9d17c6c41f41ee3b P 8179d7d959db4263afa432e8ba7ff19a: Bootstrap starting.
I20260713 09:05:05.910625 12483 tablet_bootstrap.cc:492] T ad0b7a737073408c8a334489ffd5951a P 9642b99215284e66b0028c29ec38034f: No bootstrap required, opened a new log
I20260713 09:05:05.918071 12483 ts_tablet_manager.cc:1403] T ad0b7a737073408c8a334489ffd5951a P 9642b99215284e66b0028c29ec38034f: Time spent bootstrapping tablet: real 0.072s	user 0.011s	sys 0.009s
I20260713 09:05:05.920827 12280 tablet_service.cc:1511] Processing CreateTablet for tablet 339ca2babd544307b5cf79ec00513988 (DEFAULT_TABLE table=test-workload [id=ee7d7144e86946f9bd57e4847b6aa2aa]), partition=RANGE (key) PARTITION 894784850 <= VALUES < 984263335
I20260713 09:05:05.922339 12280 data_dirs.cc:400] Could only allocate 1 dirs of requested 3 for tablet 339ca2babd544307b5cf79ec00513988. 1 dirs total, 0 dirs full, 0 dirs failed
I20260713 09:05:05.920921 12483 raft_consensus.cc:359] T ad0b7a737073408c8a334489ffd5951a P 9642b99215284e66b0028c29ec38034f [term 0 FOLLOWER]: Replica starting. Triggering 0 pending ops. Active config: opid_index: -1 OBSOLETE_local: false peers { permanent_uuid: "cbfc0c8cb9cd4e7ba58f0e2939b941b1" member_type: VOTER last_known_addr { host: "127.10.239.129" port: 35005 } } peers { permanent_uuid: "9642b99215284e66b0028c29ec38034f" member_type: VOTER last_known_addr { host: "127.10.239.130" port: 41693 } } peers { permanent_uuid: "8179d7d959db4263afa432e8ba7ff19a" member_type: VOTER last_known_addr { host: "127.10.239.131" port: 38591 } }
I20260713 09:05:05.923465 12354 tablet_service.cc:1511] Processing CreateTablet for tablet 339ca2babd544307b5cf79ec00513988 (DEFAULT_TABLE table=test-workload [id=ee7d7144e86946f9bd57e4847b6aa2aa]), partition=RANGE (key) PARTITION 894784850 <= VALUES < 984263335
I20260713 09:05:05.929819 12483 raft_consensus.cc:385] T ad0b7a737073408c8a334489ffd5951a P 9642b99215284e66b0028c29ec38034f [term 0 FOLLOWER]: Consensus starting up: Expiring failure detector timer to make a prompt election more likely
I20260713 09:05:05.930224 12483 raft_consensus.cc:740] T ad0b7a737073408c8a334489ffd5951a P 9642b99215284e66b0028c29ec38034f [term 0 FOLLOWER]: Becoming Follower/Learner. State: Replica: 9642b99215284e66b0028c29ec38034f, State: Initialized, Role: FOLLOWER
I20260713 09:05:05.930589 12354 data_dirs.cc:400] Could only allocate 1 dirs of requested 3 for tablet 339ca2babd544307b5cf79ec00513988. 1 dirs total, 0 dirs full, 0 dirs failed
I20260713 09:05:05.931073 12483 consensus_queue.cc:260] T ad0b7a737073408c8a334489ffd5951a P 9642b99215284e66b0028c29ec38034f [NON_LEADER]: Queue going to NON_LEADER mode. State: All replicated index: 0, Majority replicated index: 0, Committed index: 0, Last appended: 0.0, Last appended by leader: 0, Current term: 0, Majority size: -1, State: 0, Mode: NON_LEADER, active raft config: opid_index: -1 OBSOLETE_local: false peers { permanent_uuid: "cbfc0c8cb9cd4e7ba58f0e2939b941b1" member_type: VOTER last_known_addr { host: "127.10.239.129" port: 35005 } } peers { permanent_uuid: "9642b99215284e66b0028c29ec38034f" member_type: VOTER last_known_addr { host: "127.10.239.130" port: 41693 } } peers { permanent_uuid: "8179d7d959db4263afa432e8ba7ff19a" member_type: VOTER last_known_addr { host: "127.10.239.131" port: 38591 } }
I20260713 09:05:05.931778 12275 tablet_service.cc:1511] Processing CreateTablet for tablet 2ea49b2062f4486686335c8874913354 (DEFAULT_TABLE table=test-workload [id=ee7d7144e86946f9bd57e4847b6aa2aa]), partition=RANGE (key) PARTITION 984263335 <= VALUES < 1073741820
I20260713 09:05:05.932977 12275 data_dirs.cc:400] Could only allocate 1 dirs of requested 3 for tablet 2ea49b2062f4486686335c8874913354. 1 dirs total, 0 dirs full, 0 dirs failed
I20260713 09:05:05.937075 12479 tablet_bootstrap.cc:654] T fcec081ecd4748cf9d17c6c41f41ee3b P 8179d7d959db4263afa432e8ba7ff19a: Neither blocks nor log segments found. Creating new log.
I20260713 09:05:05.939157 12427 tablet_service.cc:1511] Processing CreateTablet for tablet 339ca2babd544307b5cf79ec00513988 (DEFAULT_TABLE table=test-workload [id=ee7d7144e86946f9bd57e4847b6aa2aa]), partition=RANGE (key) PARTITION 894784850 <= VALUES < 984263335
I20260713 09:05:05.945040 12355 tablet_service.cc:1511] Processing CreateTablet for tablet 2ea49b2062f4486686335c8874913354 (DEFAULT_TABLE table=test-workload [id=ee7d7144e86946f9bd57e4847b6aa2aa]), partition=RANGE (key) PARTITION 984263335 <= VALUES < 1073741820
I20260713 09:05:05.957465 12279 tablet_service.cc:1511] Processing CreateTablet for tablet 834798311ee54a8ead402a4686fe3b4c (DEFAULT_TABLE table=test-workload [id=ee7d7144e86946f9bd57e4847b6aa2aa]), partition=RANGE (key) PARTITION 1073741820 <= VALUES < 1163220305
I20260713 09:05:05.958298 12351 tablet_service.cc:1511] Processing CreateTablet for tablet 834798311ee54a8ead402a4686fe3b4c (DEFAULT_TABLE table=test-workload [id=ee7d7144e86946f9bd57e4847b6aa2aa]), partition=RANGE (key) PARTITION 1073741820 <= VALUES < 1163220305
I20260713 09:05:05.958789 12279 data_dirs.cc:400] Could only allocate 1 dirs of requested 3 for tablet 834798311ee54a8ead402a4686fe3b4c. 1 dirs total, 0 dirs full, 0 dirs failed
I20260713 09:05:05.960486 12274 tablet_service.cc:1511] Processing CreateTablet for tablet f058cc91be7547dd8f32c8208037c6d7 (DEFAULT_TABLE table=test-workload [id=ee7d7144e86946f9bd57e4847b6aa2aa]), partition=RANGE (key) PARTITION 1163220305 <= VALUES < 1252698790
I20260713 09:05:05.962219 12355 data_dirs.cc:400] Could only allocate 1 dirs of requested 3 for tablet 2ea49b2062f4486686335c8874913354. 1 dirs total, 0 dirs full, 0 dirs failed
I20260713 09:05:05.962513 12274 data_dirs.cc:400] Could only allocate 1 dirs of requested 3 for tablet f058cc91be7547dd8f32c8208037c6d7. 1 dirs total, 0 dirs full, 0 dirs failed
I20260713 09:05:05.962867 12351 data_dirs.cc:400] Could only allocate 1 dirs of requested 3 for tablet 834798311ee54a8ead402a4686fe3b4c. 1 dirs total, 0 dirs full, 0 dirs failed
I20260713 09:05:05.967818 12429 tablet_service.cc:1511] Processing CreateTablet for tablet 834798311ee54a8ead402a4686fe3b4c (DEFAULT_TABLE table=test-workload [id=ee7d7144e86946f9bd57e4847b6aa2aa]), partition=RANGE (key) PARTITION 1073741820 <= VALUES < 1163220305
I20260713 09:05:05.975334 12353 tablet_service.cc:1511] Processing CreateTablet for tablet f058cc91be7547dd8f32c8208037c6d7 (DEFAULT_TABLE table=test-workload [id=ee7d7144e86946f9bd57e4847b6aa2aa]), partition=RANGE (key) PARTITION 1163220305 <= VALUES < 1252698790
I20260713 09:05:05.976869 12353 data_dirs.cc:400] Could only allocate 1 dirs of requested 3 for tablet f058cc91be7547dd8f32c8208037c6d7. 1 dirs total, 0 dirs full, 0 dirs failed
I20260713 09:05:05.995725 12480 tablet_bootstrap.cc:492] T 120b6e17ad434b0eaa91efb1e9041bc2 P cbfc0c8cb9cd4e7ba58f0e2939b941b1: No bootstrap required, opened a new log
I20260713 09:05:05.996243 12425 tablet_service.cc:1511] Processing CreateTablet for tablet 2ea49b2062f4486686335c8874913354 (DEFAULT_TABLE table=test-workload [id=ee7d7144e86946f9bd57e4847b6aa2aa]), partition=RANGE (key) PARTITION 984263335 <= VALUES < 1073741820
I20260713 09:05:05.996775 12426 tablet_service.cc:1511] Processing CreateTablet for tablet f058cc91be7547dd8f32c8208037c6d7 (DEFAULT_TABLE table=test-workload [id=ee7d7144e86946f9bd57e4847b6aa2aa]), partition=RANGE (key) PARTITION 1163220305 <= VALUES < 1252698790
