I20260713 09:04:47.238885 16800 raft_consensus.cc:1275] T e06a5a97fc894d2eac7c84b648c59423 P 6ac7388dd2824d27bf4f931a9ad46904 [term 3 FOLLOWER]: Refusing update from remote peer 1783b184beca400d901d5c1e8b8d9d9d: Log matching property violated. Preceding OpId in replica: term: 2 index: 1. Preceding OpId from leader: term: 3 index: 2. (index mismatch)
I20260713 09:04:47.239905 16959 consensus_queue.cc:1048] T e06a5a97fc894d2eac7c84b648c59423 P 1783b184beca400d901d5c1e8b8d9d9d [LEADER]: Connected to new peer: Peer: permanent_uuid: "6ac7388dd2824d27bf4f931a9ad46904" member_type: VOTER last_known_addr { host: "127.16.33.67" port: 35005 }, Status: LMP_MISMATCH, Last received: 0.0, Next index: 2, Last known committed idx: 1, Time since last communication: 0.000s
I20260713 09:04:47.246645 16652 raft_consensus.cc:1275] T e06a5a97fc894d2eac7c84b648c59423 P aa62149d9a014e28b498907de55cda27 [term 3 FOLLOWER]: Refusing update from remote peer 1783b184beca400d901d5c1e8b8d9d9d: Log matching property violated. Preceding OpId in replica: term: 2 index: 1. Preceding OpId from leader: term: 3 index: 2. (index mismatch)
I20260713 09:04:47.248034 16938 consensus_queue.cc:1048] T e06a5a97fc894d2eac7c84b648c59423 P 1783b184beca400d901d5c1e8b8d9d9d [LEADER]: Connected to new peer: Peer: permanent_uuid: "aa62149d9a014e28b498907de55cda27" member_type: VOTER last_known_addr { host: "127.16.33.65" port: 42213 }, Status: LMP_MISMATCH, Last received: 0.0, Next index: 2, Last known committed idx: 1, Time since last communication: 0.000s
I20260713 09:04:49.264199 16517 auto_leader_rebalancer-test.cc:320] The leader distribution is 
I20260713 09:04:49.265033 16517 auto_leader_rebalancer.cc:141] leader rebalance for table test-workload
I20260713 09:04:49.282658 16726 tablet_service.cc:2072] Received LeaderStepDown RPC: tablet_id: "06ec2aabca0e4818afeb167a1cfcc661"
dest_uuid: "1783b184beca400d901d5c1e8b8d9d9d"
mode: GRACEFUL
new_leader_uuid: "6ac7388dd2824d27bf4f931a9ad46904"
 from {username='slave'} at 127.0.0.1:55560
I20260713 09:04:49.283061 16726 raft_consensus.cc:606] T 06ec2aabca0e4818afeb167a1cfcc661 P 1783b184beca400d901d5c1e8b8d9d9d [term 1 LEADER]: Received request to transfer leadership to TS 6ac7388dd2824d27bf4f931a9ad46904
I20260713 09:04:49.291957 16652 tablet_service.cc:2072] Received LeaderStepDown RPC: tablet_id: "a2ca4095807b4869b2b2c7e6c369eeda"
dest_uuid: "aa62149d9a014e28b498907de55cda27"
mode: GRACEFUL
new_leader_uuid: "6ac7388dd2824d27bf4f931a9ad46904"
 from {username='slave'} at 127.0.0.1:46146
I20260713 09:04:49.292379 16652 raft_consensus.cc:606] T a2ca4095807b4869b2b2c7e6c369eeda P aa62149d9a014e28b498907de55cda27 [term 2 LEADER]: Received request to transfer leadership to TS 6ac7388dd2824d27bf4f931a9ad46904
I20260713 09:04:49.293289 16517 auto_leader_rebalancer.cc:479] table: test-workload, leader rebalance finish, leader transfer count: 2
I20260713 09:04:49.293684 16517 auto_leader_rebalancer.cc:554] All tables' leader rebalancing finished this round
I20260713 09:04:49.630770 16952 raft_consensus.cc:993] T a2ca4095807b4869b2b2c7e6c369eeda P aa62149d9a014e28b498907de55cda27: : Instructing follower 6ac7388dd2824d27bf4f931a9ad46904 to start an election
I20260713 09:04:49.631166 16952 raft_consensus.cc:1081] T a2ca4095807b4869b2b2c7e6c369eeda P aa62149d9a014e28b498907de55cda27 [term 2 LEADER]: Signalling peer 6ac7388dd2824d27bf4f931a9ad46904 to start an election
I20260713 09:04:49.632356 16799 tablet_service.cc:2044] Received Run Leader Election RPC: tablet_id: "a2ca4095807b4869b2b2c7e6c369eeda"
dest_uuid: "6ac7388dd2824d27bf4f931a9ad46904"
 from {username='slave'} at 127.0.0.1:43958
I20260713 09:04:49.632804 16799 raft_consensus.cc:493] T a2ca4095807b4869b2b2c7e6c369eeda P 6ac7388dd2824d27bf4f931a9ad46904 [term 2 FOLLOWER]: Starting forced leader election (received explicit request)
I20260713 09:04:49.633073 16799 raft_consensus.cc:3060] T a2ca4095807b4869b2b2c7e6c369eeda P 6ac7388dd2824d27bf4f931a9ad46904 [term 2 FOLLOWER]: Advancing to term 3
I20260713 09:04:49.637269 16799 raft_consensus.cc:515] T a2ca4095807b4869b2b2c7e6c369eeda P 6ac7388dd2824d27bf4f931a9ad46904 [term 3 FOLLOWER]: Starting forced leader election with config: opid_index: -1 OBSOLETE_local: false peers { permanent_uuid: "aa62149d9a014e28b498907de55cda27" member_type: VOTER last_known_addr { host: "127.16.33.65" port: 42213 } } peers { permanent_uuid: "1783b184beca400d901d5c1e8b8d9d9d" member_type: VOTER last_known_addr { host: "127.16.33.66" port: 34985 } } peers { permanent_uuid: "6ac7388dd2824d27bf4f931a9ad46904" member_type: VOTER last_known_addr { host: "127.16.33.67" port: 35005 } }
I20260713 09:04:49.638607 16799 leader_election.cc:290] T a2ca4095807b4869b2b2c7e6c369eeda P 6ac7388dd2824d27bf4f931a9ad46904 [CANDIDATE]: Term 3 election: Requested vote from peers aa62149d9a014e28b498907de55cda27 (127.16.33.65:42213), 1783b184beca400d901d5c1e8b8d9d9d (127.16.33.66:34985)
I20260713 09:04:49.639330 16652 tablet_service.cc:1917] Received RequestConsensusVote() RPC: tablet_id: "a2ca4095807b4869b2b2c7e6c369eeda" candidate_uuid: "6ac7388dd2824d27bf4f931a9ad46904" candidate_term: 3 candidate_status { last_received { term: 2 index: 2 } } ignore_live_leader: true dest_uuid: "aa62149d9a014e28b498907de55cda27"
I20260713 09:04:49.639483 16726 tablet_service.cc:1917] Received RequestConsensusVote() RPC: tablet_id: "a2ca4095807b4869b2b2c7e6c369eeda" candidate_uuid: "6ac7388dd2824d27bf4f931a9ad46904" candidate_term: 3 candidate_status { last_received { term: 2 index: 2 } } ignore_live_leader: true dest_uuid: "1783b184beca400d901d5c1e8b8d9d9d"
I20260713 09:04:49.639874 16726 raft_consensus.cc:3060] T a2ca4095807b4869b2b2c7e6c369eeda P 1783b184beca400d901d5c1e8b8d9d9d [term 2 FOLLOWER]: Advancing to term 3
I20260713 09:04:49.639846 16652 raft_consensus.cc:3055] T a2ca4095807b4869b2b2c7e6c369eeda P aa62149d9a014e28b498907de55cda27 [term 2 LEADER]: Stepping down as leader of term 2
I20260713 09:04:49.640211 16652 raft_consensus.cc:740] T a2ca4095807b4869b2b2c7e6c369eeda P aa62149d9a014e28b498907de55cda27 [term 2 LEADER]: Becoming Follower/Learner. State: Replica: aa62149d9a014e28b498907de55cda27, State: Running, Role: LEADER
I20260713 09:04:49.640816 16652 consensus_queue.cc:260] T a2ca4095807b4869b2b2c7e6c369eeda P aa62149d9a014e28b498907de55cda27 [NON_LEADER]: Queue going to NON_LEADER mode. State: All replicated index: 0, Majority replicated index: 2, Committed index: 2, Last appended: 2.2, Last appended by leader: 2, Current term: 2, Majority size: -1, State: 0, Mode: NON_LEADER, active raft config: opid_index: -1 OBSOLETE_local: false peers { permanent_uuid: "aa62149d9a014e28b498907de55cda27" member_type: VOTER last_known_addr { host: "127.16.33.65" port: 42213 } } peers { permanent_uuid: "1783b184beca400d901d5c1e8b8d9d9d" member_type: VOTER last_known_addr { host: "127.16.33.66" port: 34985 } } peers { permanent_uuid: "6ac7388dd2824d27bf4f931a9ad46904" member_type: VOTER last_known_addr { host: "127.16.33.67" port: 35005 } }
I20260713 09:04:49.641626 16652 raft_consensus.cc:3060] T a2ca4095807b4869b2b2c7e6c369eeda P aa62149d9a014e28b498907de55cda27 [term 2 FOLLOWER]: Advancing to term 3
I20260713 09:04:49.643666 16726 raft_consensus.cc:2468] T a2ca4095807b4869b2b2c7e6c369eeda P 1783b184beca400d901d5c1e8b8d9d9d [term 3 FOLLOWER]: Leader election vote request: Granting yes vote for candidate 6ac7388dd2824d27bf4f931a9ad46904 in term 3.
I20260713 09:04:49.644562 16765 leader_election.cc:304] T a2ca4095807b4869b2b2c7e6c369eeda P 6ac7388dd2824d27bf4f931a9ad46904 [CANDIDATE]: Term 3 election: Election decided. Result: candidate won. Election summary: received 2 responses out of 3 voters: 2 yes votes; 0 no votes. yes voters: 1783b184beca400d901d5c1e8b8d9d9d, 6ac7388dd2824d27bf4f931a9ad46904; no voters: 
I20260713 09:04:49.645129 16850 raft_consensus.cc:2804] T a2ca4095807b4869b2b2c7e6c369eeda P 6ac7388dd2824d27bf4f931a9ad46904 [term 3 FOLLOWER]: Leader election won for term 3
I20260713 09:04:49.646255 16850 raft_consensus.cc:697] T a2ca4095807b4869b2b2c7e6c369eeda P 6ac7388dd2824d27bf4f931a9ad46904 [term 3 LEADER]: Becoming Leader. State: Replica: 6ac7388dd2824d27bf4f931a9ad46904, State: Running, Role: LEADER
I20260713 09:04:49.646916 16850 consensus_queue.cc:237] T a2ca4095807b4869b2b2c7e6c369eeda P 6ac7388dd2824d27bf4f931a9ad46904 [LEADER]: Queue going to LEADER mode. State: All replicated index: 0, Majority replicated index: 2, Committed index: 2, Last appended: 2.2, Last appended by leader: 2, Current term: 3, Majority size: 2, State: 0, Mode: LEADER, active raft config: opid_index: -1 OBSOLETE_local: false peers { permanent_uuid: "aa62149d9a014e28b498907de55cda27" member_type: VOTER last_known_addr { host: "127.16.33.65" port: 42213 } } peers { permanent_uuid: "1783b184beca400d901d5c1e8b8d9d9d" member_type: VOTER last_known_addr { host: "127.16.33.66" port: 34985 } } peers { permanent_uuid: "6ac7388dd2824d27bf4f931a9ad46904" member_type: VOTER last_known_addr { host: "127.16.33.67" port: 35005 } }
I20260713 09:04:49.647169 16652 raft_consensus.cc:2468] T a2ca4095807b4869b2b2c7e6c369eeda P aa62149d9a014e28b498907de55cda27 [term 3 FOLLOWER]: Leader election vote request: Granting yes vote for candidate 6ac7388dd2824d27bf4f931a9ad46904 in term 3.
I20260713 09:04:49.653313 16549 catalog_manager.cc:5697] T a2ca4095807b4869b2b2c7e6c369eeda P 6ac7388dd2824d27bf4f931a9ad46904 reported cstate change: term changed from 2 to 3, leader changed from aa62149d9a014e28b498907de55cda27 (127.16.33.65) to 6ac7388dd2824d27bf4f931a9ad46904 (127.16.33.67). New cstate: current_term: 3 leader_uuid: "6ac7388dd2824d27bf4f931a9ad46904" committed_config { opid_index: -1 OBSOLETE_local: false peers { permanent_uuid: "aa62149d9a014e28b498907de55cda27" member_type: VOTER last_known_addr { host: "127.16.33.65" port: 42213 } health_report { overall_health: UNKNOWN } } peers { permanent_uuid: "1783b184beca400d901d5c1e8b8d9d9d" member_type: VOTER last_known_addr { host: "127.16.33.66" port: 34985 } health_report { overall_health: UNKNOWN } } peers { permanent_uuid: "6ac7388dd2824d27bf4f931a9ad46904" member_type: VOTER last_known_addr { host: "127.16.33.67" port: 35005 } health_report { overall_health: HEALTHY } } }
I20260713 09:04:49.725859 16939 raft_consensus.cc:993] T 06ec2aabca0e4818afeb167a1cfcc661 P 1783b184beca400d901d5c1e8b8d9d9d: : Instructing follower 6ac7388dd2824d27bf4f931a9ad46904 to start an election
I20260713 09:04:49.726248 16971 raft_consensus.cc:1081] T 06ec2aabca0e4818afeb167a1cfcc661 P 1783b184beca400d901d5c1e8b8d9d9d [term 1 LEADER]: Signalling peer 6ac7388dd2824d27bf4f931a9ad46904 to start an election
I20260713 09:04:49.727550 16799 tablet_service.cc:2044] Received Run Leader Election RPC: tablet_id: "06ec2aabca0e4818afeb167a1cfcc661"
dest_uuid: "6ac7388dd2824d27bf4f931a9ad46904"
 from {username='slave'} at 127.0.0.1:43972
I20260713 09:04:49.727934 16799 raft_consensus.cc:493] T 06ec2aabca0e4818afeb167a1cfcc661 P 6ac7388dd2824d27bf4f931a9ad46904 [term 1 FOLLOWER]: Starting forced leader election (received explicit request)
I20260713 09:04:49.728170 16799 raft_consensus.cc:3060] T 06ec2aabca0e4818afeb167a1cfcc661 P 6ac7388dd2824d27bf4f931a9ad46904 [term 1 FOLLOWER]: Advancing to term 2
I20260713 09:04:49.732121 16799 raft_consensus.cc:515] T 06ec2aabca0e4818afeb167a1cfcc661 P 6ac7388dd2824d27bf4f931a9ad46904 [term 2 FOLLOWER]: Starting forced leader election with config: opid_index: -1 OBSOLETE_local: false peers { permanent_uuid: "aa62149d9a014e28b498907de55cda27" member_type: VOTER last_known_addr { host: "127.16.33.65" port: 42213 } } peers { permanent_uuid: "1783b184beca400d901d5c1e8b8d9d9d" member_type: VOTER last_known_addr { host: "127.16.33.66" port: 34985 } } peers { permanent_uuid: "6ac7388dd2824d27bf4f931a9ad46904" member_type: VOTER last_known_addr { host: "127.16.33.67" port: 35005 } }
I20260713 09:04:49.733640 16799 leader_election.cc:290] T 06ec2aabca0e4818afeb167a1cfcc661 P 6ac7388dd2824d27bf4f931a9ad46904 [CANDIDATE]: Term 2 election: Requested vote from peers aa62149d9a014e28b498907de55cda27 (127.16.33.65:42213), 1783b184beca400d901d5c1e8b8d9d9d (127.16.33.66:34985)
I20260713 09:04:49.734146 16652 tablet_service.cc:1917] Received RequestConsensusVote() RPC: tablet_id: "06ec2aabca0e4818afeb167a1cfcc661" candidate_uuid: "6ac7388dd2824d27bf4f931a9ad46904" candidate_term: 2 candidate_status { last_received { term: 1 index: 1 } } ignore_live_leader: true dest_uuid: "aa62149d9a014e28b498907de55cda27"
I20260713 09:04:49.734583 16727 tablet_service.cc:1917] Received RequestConsensusVote() RPC: tablet_id: "06ec2aabca0e4818afeb167a1cfcc661" candidate_uuid: "6ac7388dd2824d27bf4f931a9ad46904" candidate_term: 2 candidate_status { last_received { term: 1 index: 1 } } ignore_live_leader: true dest_uuid: "1783b184beca400d901d5c1e8b8d9d9d"
I20260713 09:04:49.734694 16652 raft_consensus.cc:3060] T 06ec2aabca0e4818afeb167a1cfcc661 P aa62149d9a014e28b498907de55cda27 [term 1 FOLLOWER]: Advancing to term 2
I20260713 09:04:49.735042 16727 raft_consensus.cc:3055] T 06ec2aabca0e4818afeb167a1cfcc661 P 1783b184beca400d901d5c1e8b8d9d9d [term 1 LEADER]: Stepping down as leader of term 1
I20260713 09:04:49.735308 16727 raft_consensus.cc:740] T 06ec2aabca0e4818afeb167a1cfcc661 P 1783b184beca400d901d5c1e8b8d9d9d [term 1 LEADER]: Becoming Follower/Learner. State: Replica: 1783b184beca400d901d5c1e8b8d9d9d, State: Running, Role: LEADER
I20260713 09:04:49.735905 16727 consensus_queue.cc:260] T 06ec2aabca0e4818afeb167a1cfcc661 P 1783b184beca400d901d5c1e8b8d9d9d [NON_LEADER]: Queue going to NON_LEADER mode. State: All replicated index: 0, Majority replicated index: 1, Committed index: 1, Last appended: 1.1, Last appended by leader: 1, Current term: 1, Majority size: -1, State: 0, Mode: NON_LEADER, active raft config: opid_index: -1 OBSOLETE_local: false peers { permanent_uuid: "aa62149d9a014e28b498907de55cda27" member_type: VOTER last_known_addr { host: "127.16.33.65" port: 42213 } } peers { permanent_uuid: "1783b184beca400d901d5c1e8b8d9d9d" member_type: VOTER last_known_addr { host: "127.16.33.66" port: 34985 } } peers { permanent_uuid: "6ac7388dd2824d27bf4f931a9ad46904" member_type: VOTER last_known_addr { host: "127.16.33.67" port: 35005 } }
I20260713 09:04:49.736756 16727 raft_consensus.cc:3060] T 06ec2aabca0e4818afeb167a1cfcc661 P 1783b184beca400d901d5c1e8b8d9d9d [term 1 FOLLOWER]: Advancing to term 2
I20260713 09:04:49.738907 16652 raft_consensus.cc:2468] T 06ec2aabca0e4818afeb167a1cfcc661 P aa62149d9a014e28b498907de55cda27 [term 2 FOLLOWER]: Leader election vote request: Granting yes vote for candidate 6ac7388dd2824d27bf4f931a9ad46904 in term 2.
I20260713 09:04:49.739773 16765 leader_election.cc:304] T 06ec2aabca0e4818afeb167a1cfcc661 P 6ac7388dd2824d27bf4f931a9ad46904 [CANDIDATE]: Term 2 election: Election decided. Result: candidate won. Election summary: received 2 responses out of 3 voters: 2 yes votes; 0 no votes. yes voters: 6ac7388dd2824d27bf4f931a9ad46904, aa62149d9a014e28b498907de55cda27; no voters: 
I20260713 09:04:49.740471 16850 raft_consensus.cc:2804] T 06ec2aabca0e4818afeb167a1cfcc661 P 6ac7388dd2824d27bf4f931a9ad46904 [term 2 FOLLOWER]: Leader election won for term 2
I20260713 09:04:49.740849 16850 raft_consensus.cc:697] T 06ec2aabca0e4818afeb167a1cfcc661 P 6ac7388dd2824d27bf4f931a9ad46904 [term 2 LEADER]: Becoming Leader. State: Replica: 6ac7388dd2824d27bf4f931a9ad46904, State: Running, Role: LEADER
I20260713 09:04:49.741035 16727 raft_consensus.cc:2468] T 06ec2aabca0e4818afeb167a1cfcc661 P 1783b184beca400d901d5c1e8b8d9d9d [term 2 FOLLOWER]: Leader election vote request: Granting yes vote for candidate 6ac7388dd2824d27bf4f931a9ad46904 in term 2.
I20260713 09:04:49.741534 16850 consensus_queue.cc:237] T 06ec2aabca0e4818afeb167a1cfcc661 P 6ac7388dd2824d27bf4f931a9ad46904 [LEADER]: Queue going to LEADER mode. State: All replicated index: 0, Majority replicated index: 1, Committed index: 1, Last appended: 1.1, Last appended by leader: 1, Current term: 2, Majority size: 2, State: 0, Mode: LEADER, active raft config: opid_index: -1 OBSOLETE_local: false peers { permanent_uuid: "aa62149d9a014e28b498907de55cda27" member_type: VOTER last_known_addr { host: "127.16.33.65" port: 42213 } } peers { permanent_uuid: "1783b184beca400d901d5c1e8b8d9d9d" member_type: VOTER last_known_addr { host: "127.16.33.66" port: 34985 } } peers { permanent_uuid: "6ac7388dd2824d27bf4f931a9ad46904" member_type: VOTER last_known_addr { host: "127.16.33.67" port: 35005 } }
I20260713 09:04:49.747136 16549 catalog_manager.cc:5697] T 06ec2aabca0e4818afeb167a1cfcc661 P 6ac7388dd2824d27bf4f931a9ad46904 reported cstate change: term changed from 1 to 2, leader changed from 1783b184beca400d901d5c1e8b8d9d9d (127.16.33.66) to 6ac7388dd2824d27bf4f931a9ad46904 (127.16.33.67). New cstate: current_term: 2 leader_uuid: "6ac7388dd2824d27bf4f931a9ad46904" committed_config { opid_index: -1 OBSOLETE_local: false peers { permanent_uuid: "aa62149d9a014e28b498907de55cda27" member_type: VOTER last_known_addr { host: "127.16.33.65" port: 42213 } health_report { overall_health: UNKNOWN } } peers { permanent_uuid: "1783b184beca400d901d5c1e8b8d9d9d" member_type: VOTER last_known_addr { host: "127.16.33.66" port: 34985 } health_report { overall_health: UNKNOWN } } peers { permanent_uuid: "6ac7388dd2824d27bf4f931a9ad46904" member_type: VOTER last_known_addr { host: "127.16.33.67" port: 35005 } health_report { overall_health: HEALTHY } } }
I20260713 09:04:50.078339 16727 raft_consensus.cc:1275] T a2ca4095807b4869b2b2c7e6c369eeda P 1783b184beca400d901d5c1e8b8d9d9d [term 3 FOLLOWER]: Refusing update from remote peer 6ac7388dd2824d27bf4f931a9ad46904: Log matching property violated. Preceding OpId in replica: term: 2 index: 2. Preceding OpId from leader: term: 3 index: 3. (index mismatch)
I20260713 09:04:50.079470 16850 consensus_queue.cc:1048] T a2ca4095807b4869b2b2c7e6c369eeda P 6ac7388dd2824d27bf4f931a9ad46904 [LEADER]: Connected to new peer: Peer: permanent_uuid: "1783b184beca400d901d5c1e8b8d9d9d" member_type: VOTER last_known_addr { host: "127.16.33.66" port: 34985 }, Status: LMP_MISMATCH, Last received: 0.0, Next index: 3, Last known committed idx: 2, Time since last communication: 0.000s
I20260713 09:04:50.088057 16652 raft_consensus.cc:1275] T a2ca4095807b4869b2b2c7e6c369eeda P aa62149d9a014e28b498907de55cda27 [term 3 FOLLOWER]: Refusing update from remote peer 6ac7388dd2824d27bf4f931a9ad46904: Log matching property violated. Preceding OpId in replica: term: 2 index: 2. Preceding OpId from leader: term: 3 index: 3. (index mismatch)
I20260713 09:04:50.089448 16850 consensus_queue.cc:1048] T a2ca4095807b4869b2b2c7e6c369eeda P 6ac7388dd2824d27bf4f931a9ad46904 [LEADER]: Connected to new peer: Peer: permanent_uuid: "aa62149d9a014e28b498907de55cda27" member_type: VOTER last_known_addr { host: "127.16.33.65" port: 42213 }, Status: LMP_MISMATCH, Last received: 0.0, Next index: 3, Last known committed idx: 2, Time since last communication: 0.000s
I20260713 09:04:50.187489 16652 raft_consensus.cc:1275] T 06ec2aabca0e4818afeb167a1cfcc661 P aa62149d9a014e28b498907de55cda27 [term 2 FOLLOWER]: Refusing update from remote peer 6ac7388dd2824d27bf4f931a9ad46904: Log matching property violated. Preceding OpId in replica: term: 1 index: 1. Preceding OpId from leader: term: 2 index: 2. (index mismatch)
I20260713 09:04:50.188539 16850 consensus_queue.cc:1048] T 06ec2aabca0e4818afeb167a1cfcc661 P 6ac7388dd2824d27bf4f931a9ad46904 [LEADER]: Connected to new peer: Peer: permanent_uuid: "aa62149d9a014e28b498907de55cda27" member_type: VOTER last_known_addr { host: "127.16.33.65" port: 42213 }, Status: LMP_MISMATCH, Last received: 0.0, Next index: 2, Last known committed idx: 1, Time since last communication: 0.000s
I20260713 09:04:50.196100 16727 raft_consensus.cc:1275] T 06ec2aabca0e4818afeb167a1cfcc661 P 1783b184beca400d901d5c1e8b8d9d9d [term 2 FOLLOWER]: Refusing update from remote peer 6ac7388dd2824d27bf4f931a9ad46904: Log matching property violated. Preceding OpId in replica: term: 1 index: 1. Preceding OpId from leader: term: 2 index: 2. (index mismatch)
I20260713 09:04:50.197579 16979 consensus_queue.cc:1048] T 06ec2aabca0e4818afeb167a1cfcc661 P 6ac7388dd2824d27bf4f931a9ad46904 [LEADER]: Connected to new peer: Peer: permanent_uuid: "1783b184beca400d901d5c1e8b8d9d9d" member_type: VOTER last_known_addr { host: "127.16.33.66" port: 34985 }, Status: LMP_MISMATCH, Last received: 0.0, Next index: 2, Last known committed idx: 1, Time since last communication: 0.000s
I20260713 09:04:50.294399 16517 auto_leader_rebalancer.cc:141] leader rebalance for table test-workload
I20260713 09:04:50.303292 16651 tablet_service.cc:2072] Received LeaderStepDown RPC: tablet_id: "eaa7e35aa9ba478fa361a9174794bbf6"
dest_uuid: "aa62149d9a014e28b498907de55cda27"
mode: GRACEFUL
new_leader_uuid: "1783b184beca400d901d5c1e8b8d9d9d"
 from {username='slave'} at 127.0.0.1:49202
I20260713 09:04:50.303766 16651 raft_consensus.cc:606] T eaa7e35aa9ba478fa361a9174794bbf6 P aa62149d9a014e28b498907de55cda27 [term 3 LEADER]: Received request to transfer leadership to TS 1783b184beca400d901d5c1e8b8d9d9d
I20260713 09:04:50.307937 16651 tablet_service.cc:2072] Received LeaderStepDown RPC: tablet_id: "eabbde2ae1a84ab3bf14ccc830aee07a"
dest_uuid: "aa62149d9a014e28b498907de55cda27"
mode: GRACEFUL
new_leader_uuid: "1783b184beca400d901d5c1e8b8d9d9d"
 from {username='slave'} at 127.0.0.1:49202
I20260713 09:04:50.308344 16651 raft_consensus.cc:606] T eabbde2ae1a84ab3bf14ccc830aee07a P aa62149d9a014e28b498907de55cda27 [term 1 LEADER]: Received request to transfer leadership to TS 1783b184beca400d901d5c1e8b8d9d9d
I20260713 09:04:50.312386 16799 tablet_service.cc:2072] Received LeaderStepDown RPC: tablet_id: "a2ca4095807b4869b2b2c7e6c369eeda"
dest_uuid: "6ac7388dd2824d27bf4f931a9ad46904"
mode: GRACEFUL
new_leader_uuid: "1783b184beca400d901d5c1e8b8d9d9d"
 from {username='slave'} at 127.0.0.1:43974
I20260713 09:04:50.312795 16799 raft_consensus.cc:606] T a2ca4095807b4869b2b2c7e6c369eeda P 6ac7388dd2824d27bf4f931a9ad46904 [term 3 LEADER]: Received request to transfer leadership to TS 1783b184beca400d901d5c1e8b8d9d9d
I20260713 09:04:50.316730 16651 tablet_service.cc:2072] Received LeaderStepDown RPC: tablet_id: "b887da4a0c404717a4d89c4d80840320"
dest_uuid: "aa62149d9a014e28b498907de55cda27"
mode: GRACEFUL
new_leader_uuid: "1783b184beca400d901d5c1e8b8d9d9d"
 from {username='slave'} at 127.0.0.1:49202
I20260713 09:04:50.317112 16651 raft_consensus.cc:606] T b887da4a0c404717a4d89c4d80840320 P aa62149d9a014e28b498907de55cda27 [term 2 LEADER]: Received request to transfer leadership to TS 1783b184beca400d901d5c1e8b8d9d9d
I20260713 09:04:50.325475 16799 tablet_service.cc:2072] Received LeaderStepDown RPC: tablet_id: "06ec2aabca0e4818afeb167a1cfcc661"
dest_uuid: "6ac7388dd2824d27bf4f931a9ad46904"
mode: GRACEFUL
new_leader_uuid: "1783b184beca400d901d5c1e8b8d9d9d"
 from {username='slave'} at 127.0.0.1:43974
I20260713 09:04:50.325881 16799 raft_consensus.cc:606] T 06ec2aabca0e4818afeb167a1cfcc661 P 6ac7388dd2824d27bf4f931a9ad46904 [term 2 LEADER]: Received request to transfer leadership to TS 1783b184beca400d901d5c1e8b8d9d9d
I20260713 09:04:50.408886 16981 raft_consensus.cc:993] T eaa7e35aa9ba478fa361a9174794bbf6 P aa62149d9a014e28b498907de55cda27: : Instructing follower 1783b184beca400d901d5c1e8b8d9d9d to start an election
I20260713 09:04:50.409323 16952 raft_consensus.cc:1081] T eaa7e35aa9ba478fa361a9174794bbf6 P aa62149d9a014e28b498907de55cda27 [term 3 LEADER]: Signalling peer 1783b184beca400d901d5c1e8b8d9d9d to start an election
I20260713 09:04:50.410526 16727 tablet_service.cc:2044] Received Run Leader Election RPC: tablet_id: "eaa7e35aa9ba478fa361a9174794bbf6"
dest_uuid: "1783b184beca400d901d5c1e8b8d9d9d"
 from {username='slave'} at 127.0.0.1:57644
I20260713 09:04:50.410949 16727 raft_consensus.cc:493] T eaa7e35aa9ba478fa361a9174794bbf6 P 1783b184beca400d901d5c1e8b8d9d9d [term 3 FOLLOWER]: Starting forced leader election (received explicit request)
I20260713 09:04:50.411216 16727 raft_consensus.cc:3060] T eaa7e35aa9ba478fa361a9174794bbf6 P 1783b184beca400d901d5c1e8b8d9d9d [term 3 FOLLOWER]: Advancing to term 4
I20260713 09:04:50.415293 16727 raft_consensus.cc:515] T eaa7e35aa9ba478fa361a9174794bbf6 P 1783b184beca400d901d5c1e8b8d9d9d [term 4 FOLLOWER]: Starting forced leader election with config: opid_index: -1 OBSOLETE_local: false peers { permanent_uuid: "aa62149d9a014e28b498907de55cda27" member_type: VOTER last_known_addr { host: "127.16.33.65" port: 42213 } } peers { permanent_uuid: "1783b184beca400d901d5c1e8b8d9d9d" member_type: VOTER last_known_addr { host: "127.16.33.66" port: 34985 } } peers { permanent_uuid: "6ac7388dd2824d27bf4f931a9ad46904" member_type: VOTER last_known_addr { host: "127.16.33.67" port: 35005 } }
I20260713 09:04:50.416687 16727 leader_election.cc:290] T eaa7e35aa9ba478fa361a9174794bbf6 P 1783b184beca400d901d5c1e8b8d9d9d [CANDIDATE]: Term 4 election: Requested vote from peers aa62149d9a014e28b498907de55cda27 (127.16.33.65:42213), 6ac7388dd2824d27bf4f931a9ad46904 (127.16.33.67:35005)
I20260713 09:04:50.417377 16651 tablet_service.cc:1917] Received RequestConsensusVote() RPC: tablet_id: "eaa7e35aa9ba478fa361a9174794bbf6" candidate_uuid: "1783b184beca400d901d5c1e8b8d9d9d" candidate_term: 4 candidate_status { last_received { term: 3 index: 2 } } ignore_live_leader: true dest_uuid: "aa62149d9a014e28b498907de55cda27"
I20260713 09:04:50.417522 16799 tablet_service.cc:1917] Received RequestConsensusVote() RPC: tablet_id: "eaa7e35aa9ba478fa361a9174794bbf6" candidate_uuid: "1783b184beca400d901d5c1e8b8d9d9d" candidate_term: 4 candidate_status { last_received { term: 3 index: 2 } } ignore_live_leader: true dest_uuid: "6ac7388dd2824d27bf4f931a9ad46904"
I20260713 09:04:50.417820 16651 raft_consensus.cc:3055] T eaa7e35aa9ba478fa361a9174794bbf6 P aa62149d9a014e28b498907de55cda27 [term 3 LEADER]: Stepping down as leader of term 3
I20260713 09:04:50.418069 16799 raft_consensus.cc:3060] T eaa7e35aa9ba478fa361a9174794bbf6 P 6ac7388dd2824d27bf4f931a9ad46904 [term 3 FOLLOWER]: Advancing to term 4
I20260713 09:04:50.418133 16651 raft_consensus.cc:740] T eaa7e35aa9ba478fa361a9174794bbf6 P aa62149d9a014e28b498907de55cda27 [term 3 LEADER]: Becoming Follower/Learner. State: Replica: aa62149d9a014e28b498907de55cda27, State: Running, Role: LEADER
I20260713 09:04:50.418879 16651 consensus_queue.cc:260] T eaa7e35aa9ba478fa361a9174794bbf6 P aa62149d9a014e28b498907de55cda27 [NON_LEADER]: Queue going to NON_LEADER mode. State: All replicated index: 0, Majority replicated index: 2, Committed index: 2, Last appended: 3.2, Last appended by leader: 2, Current term: 3, Majority size: -1, State: 0, Mode: NON_LEADER, active raft config: opid_index: -1 OBSOLETE_local: false peers { permanent_uuid: "aa62149d9a014e28b498907de55cda27" member_type: VOTER last_known_addr { host: "127.16.33.65" port: 42213 } } peers { permanent_uuid: "1783b184beca400d901d5c1e8b8d9d9d" member_type: VOTER last_known_addr { host: "127.16.33.66" port: 34985 } } peers { permanent_uuid: "6ac7388dd2824d27bf4f931a9ad46904" member_type: VOTER last_known_addr { host: "127.16.33.67" port: 35005 } }
I20260713 09:04:50.419688 16651 raft_consensus.cc:3060] T eaa7e35aa9ba478fa361a9174794bbf6 P aa62149d9a014e28b498907de55cda27 [term 3 FOLLOWER]: Advancing to term 4
I20260713 09:04:50.421975 16799 raft_consensus.cc:2468] T eaa7e35aa9ba478fa361a9174794bbf6 P 6ac7388dd2824d27bf4f931a9ad46904 [term 4 FOLLOWER]: Leader election vote request: Granting yes vote for candidate 1783b184beca400d901d5c1e8b8d9d9d in term 4.
I20260713 09:04:50.422844 16690 leader_election.cc:304] T eaa7e35aa9ba478fa361a9174794bbf6 P 1783b184beca400d901d5c1e8b8d9d9d [CANDIDATE]: Term 4 election: Election decided. Result: candidate won. Election summary: received 2 responses out of 3 voters: 2 yes votes; 0 no votes. yes voters: 1783b184beca400d901d5c1e8b8d9d9d, 6ac7388dd2824d27bf4f931a9ad46904; no voters: 
I20260713 09:04:50.423542 16971 raft_consensus.cc:2804] T eaa7e35aa9ba478fa361a9174794bbf6 P 1783b184beca400d901d5c1e8b8d9d9d [term 4 FOLLOWER]: Leader election won for term 4
I20260713 09:04:50.424015 16651 raft_consensus.cc:2468] T eaa7e35aa9ba478fa361a9174794bbf6 P aa62149d9a014e28b498907de55cda27 [term 4 FOLLOWER]: Leader election vote request: Granting yes vote for candidate 1783b184beca400d901d5c1e8b8d9d9d in term 4.
I20260713 09:04:50.424465 16971 raft_consensus.cc:697] T eaa7e35aa9ba478fa361a9174794bbf6 P 1783b184beca400d901d5c1e8b8d9d9d [term 4 LEADER]: Becoming Leader. State: Replica: 1783b184beca400d901d5c1e8b8d9d9d, State: Running, Role: LEADER
I20260713 09:04:50.425325 16971 consensus_queue.cc:237] T eaa7e35aa9ba478fa361a9174794bbf6 P 1783b184beca400d901d5c1e8b8d9d9d [LEADER]: Queue going to LEADER mode. State: All replicated index: 0, Majority replicated index: 2, Committed index: 2, Last appended: 3.2, Last appended by leader: 2, Current term: 4, Majority size: 2, State: 0, Mode: LEADER, active raft config: opid_index: -1 OBSOLETE_local: false peers { permanent_uuid: "aa62149d9a014e28b498907de55cda27" member_type: VOTER last_known_addr { host: "127.16.33.65" port: 42213 } } peers { permanent_uuid: "1783b184beca400d901d5c1e8b8d9d9d" member_type: VOTER last_known_addr { host: "127.16.33.66" port: 34985 } } peers { permanent_uuid: "6ac7388dd2824d27bf4f931a9ad46904" member_type: VOTER last_known_addr { host: "127.16.33.67" port: 35005 } }
I20260713 09:04:50.430576 16546 catalog_manager.cc:5697] T eaa7e35aa9ba478fa361a9174794bbf6 P 1783b184beca400d901d5c1e8b8d9d9d reported cstate change: term changed from 3 to 4, leader changed from aa62149d9a014e28b498907de55cda27 (127.16.33.65) to 1783b184beca400d901d5c1e8b8d9d9d (127.16.33.66). New cstate: current_term: 4 leader_uuid: "1783b184beca400d901d5c1e8b8d9d9d" committed_config { opid_index: -1 OBSOLETE_local: false peers { permanent_uuid: "aa62149d9a014e28b498907de55cda27" member_type: VOTER last_known_addr { host: "127.16.33.65" port: 42213 } health_report { overall_health: UNKNOWN } } peers { permanent_uuid: "1783b184beca400d901d5c1e8b8d9d9d" member_type: VOTER last_known_addr { host: "127.16.33.66" port: 34985 } health_report { overall_health: HEALTHY } } peers { permanent_uuid: "6ac7388dd2824d27bf4f931a9ad46904" member_type: VOTER last_known_addr { host: "127.16.33.67" port: 35005 } health_report { overall_health: UNKNOWN } } }
I20260713 09:04:50.565285 16981 raft_consensus.cc:993] T b887da4a0c404717a4d89c4d80840320 P aa62149d9a014e28b498907de55cda27: : Instructing follower 1783b184beca400d901d5c1e8b8d9d9d to start an election
I20260713 09:04:50.565665 16952 raft_consensus.cc:1081] T b887da4a0c404717a4d89c4d80840320 P aa62149d9a014e28b498907de55cda27 [term 2 LEADER]: Signalling peer 1783b184beca400d901d5c1e8b8d9d9d to start an election
I20260713 09:04:50.566883 16727 tablet_service.cc:2044] Received Run Leader Election RPC: tablet_id: "b887da4a0c404717a4d89c4d80840320"
dest_uuid: "1783b184beca400d901d5c1e8b8d9d9d"
 from {username='slave'} at 127.0.0.1:57644
I20260713 09:04:50.567310 16727 raft_consensus.cc:493] T b887da4a0c404717a4d89c4d80840320 P 1783b184beca400d901d5c1e8b8d9d9d [term 2 FOLLOWER]: Starting forced leader election (received explicit request)
I20260713 09:04:50.567592 16727 raft_consensus.cc:3060] T b887da4a0c404717a4d89c4d80840320 P 1783b184beca400d901d5c1e8b8d9d9d [term 2 FOLLOWER]: Advancing to term 3
I20260713 09:04:50.572144 16727 raft_consensus.cc:515] T b887da4a0c404717a4d89c4d80840320 P 1783b184beca400d901d5c1e8b8d9d9d [term 3 FOLLOWER]: Starting forced leader election with config: opid_index: -1 OBSOLETE_local: false peers { permanent_uuid: "aa62149d9a014e28b498907de55cda27" member_type: VOTER last_known_addr { host: "127.16.33.65" port: 42213 } } peers { permanent_uuid: "1783b184beca400d901d5c1e8b8d9d9d" member_type: VOTER last_known_addr { host: "127.16.33.66" port: 34985 } } peers { permanent_uuid: "6ac7388dd2824d27bf4f931a9ad46904" member_type: VOTER last_known_addr { host: "127.16.33.67" port: 35005 } }
I20260713 09:04:50.573657 16981 raft_consensus.cc:993] T eabbde2ae1a84ab3bf14ccc830aee07a P aa62149d9a014e28b498907de55cda27: : Instructing follower 1783b184beca400d901d5c1e8b8d9d9d to start an election
I20260713 09:04:50.573880 16727 leader_election.cc:290] T b887da4a0c404717a4d89c4d80840320 P 1783b184beca400d901d5c1e8b8d9d9d [CANDIDATE]: Term 3 election: Requested vote from peers aa62149d9a014e28b498907de55cda27 (127.16.33.65:42213), 6ac7388dd2824d27bf4f931a9ad46904 (127.16.33.67:35005)
I20260713 09:04:50.574148 16981 raft_consensus.cc:1081] T eabbde2ae1a84ab3bf14ccc830aee07a P aa62149d9a014e28b498907de55cda27 [term 1 LEADER]: Signalling peer 1783b184beca400d901d5c1e8b8d9d9d to start an election
I20260713 09:04:50.574553 16651 tablet_service.cc:1917] Received RequestConsensusVote() RPC: tablet_id: "b887da4a0c404717a4d89c4d80840320" candidate_uuid: "1783b184beca400d901d5c1e8b8d9d9d" candidate_term: 3 candidate_status { last_received { term: 2 index: 2 } } ignore_live_leader: true dest_uuid: "aa62149d9a014e28b498907de55cda27"
I20260713 09:04:50.574904 16799 tablet_service.cc:1917] Received RequestConsensusVote() RPC: tablet_id: "b887da4a0c404717a4d89c4d80840320" candidate_uuid: "1783b184beca400d901d5c1e8b8d9d9d" candidate_term: 3 candidate_status { last_received { term: 2 index: 2 } } ignore_live_leader: true dest_uuid: "6ac7388dd2824d27bf4f931a9ad46904"
I20260713 09:04:50.575184 16651 raft_consensus.cc:3055] T b887da4a0c404717a4d89c4d80840320 P aa62149d9a014e28b498907de55cda27 [term 2 LEADER]: Stepping down as leader of term 2
I20260713 09:04:50.575476 16799 raft_consensus.cc:3060] T b887da4a0c404717a4d89c4d80840320 P 6ac7388dd2824d27bf4f931a9ad46904 [term 2 FOLLOWER]: Advancing to term 3
I20260713 09:04:50.575527 16651 raft_consensus.cc:740] T b887da4a0c404717a4d89c4d80840320 P aa62149d9a014e28b498907de55cda27 [term 2 LEADER]: Becoming Follower/Learner. State: Replica: aa62149d9a014e28b498907de55cda27, State: Running, Role: LEADER
I20260713 09:04:50.575716 16727 tablet_service.cc:2044] Received Run Leader Election RPC: tablet_id: "eabbde2ae1a84ab3bf14ccc830aee07a"
dest_uuid: "1783b184beca400d901d5c1e8b8d9d9d"
 from {username='slave'} at 127.0.0.1:57644
I20260713 09:04:50.576222 16727 raft_consensus.cc:493] T eabbde2ae1a84ab3bf14ccc830aee07a P 1783b184beca400d901d5c1e8b8d9d9d [term 1 FOLLOWER]: Starting forced leader election (received explicit request)
I20260713 09:04:50.576589 16727 raft_consensus.cc:3060] T eabbde2ae1a84ab3bf14ccc830aee07a P 1783b184beca400d901d5c1e8b8d9d9d [term 1 FOLLOWER]: Advancing to term 2
I20260713 09:04:50.576373 16651 consensus_queue.cc:260] T b887da4a0c404717a4d89c4d80840320 P aa62149d9a014e28b498907de55cda27 [NON_LEADER]: Queue going to NON_LEADER mode. State: All replicated index: 0, Majority replicated index: 2, Committed index: 2, Last appended: 2.2, Last appended by leader: 2, Current term: 2, Majority size: -1, State: 0, Mode: NON_LEADER, active raft config: opid_index: -1 OBSOLETE_local: false peers { permanent_uuid: "aa62149d9a014e28b498907de55cda27" member_type: VOTER last_known_addr { host: "127.16.33.65" port: 42213 } } peers { permanent_uuid: "1783b184beca400d901d5c1e8b8d9d9d" member_type: VOTER last_known_addr { host: "127.16.33.66" port: 34985 } } peers { permanent_uuid: "6ac7388dd2824d27bf4f931a9ad46904" member_type: VOTER last_known_addr { host: "127.16.33.67" port: 35005 } }
I20260713 09:04:50.577533 16651 raft_consensus.cc:3060] T b887da4a0c404717a4d89c4d80840320 P aa62149d9a014e28b498907de55cda27 [term 2 FOLLOWER]: Advancing to term 3
I20260713 09:04:50.580241 16799 raft_consensus.cc:2468] T b887da4a0c404717a4d89c4d80840320 P 6ac7388dd2824d27bf4f931a9ad46904 [term 3 FOLLOWER]: Leader election vote request: Granting yes vote for candidate 1783b184beca400d901d5c1e8b8d9d9d in term 3.
I20260713 09:04:50.581038 16690 leader_election.cc:304] T b887da4a0c404717a4d89c4d80840320 P 1783b184beca400d901d5c1e8b8d9d9d [CANDIDATE]: Term 3 election: Election decided. Result: candidate won. Election summary: received 2 responses out of 3 voters: 2 yes votes; 0 no votes. yes voters: 1783b184beca400d901d5c1e8b8d9d9d, 6ac7388dd2824d27bf4f931a9ad46904; no voters: 
I20260713 09:04:50.581612 16971 raft_consensus.cc:2804] T b887da4a0c404717a4d89c4d80840320 P 1783b184beca400d901d5c1e8b8d9d9d [term 3 FOLLOWER]: Leader election won for term 3
I20260713 09:04:50.581977 16971 raft_consensus.cc:697] T b887da4a0c404717a4d89c4d80840320 P 1783b184beca400d901d5c1e8b8d9d9d [term 3 LEADER]: Becoming Leader. State: Replica: 1783b184beca400d901d5c1e8b8d9d9d, State: Running, Role: LEADER
I20260713 09:04:50.582587 16971 consensus_queue.cc:237] T b887da4a0c404717a4d89c4d80840320 P 1783b184beca400d901d5c1e8b8d9d9d [LEADER]: Queue going to LEADER mode. State: All replicated index: 0, Majority replicated index: 2, Committed index: 2, Last appended: 2.2, Last appended by leader: 2, Current term: 3, Majority size: 2, State: 0, Mode: LEADER, active raft config: opid_index: -1 OBSOLETE_local: false peers { permanent_uuid: "aa62149d9a014e28b498907de55cda27" member_type: VOTER last_known_addr { host: "127.16.33.65" port: 42213 } } peers { permanent_uuid: "1783b184beca400d901d5c1e8b8d9d9d" member_type: VOTER last_known_addr { host: "127.16.33.66" port: 34985 } } peers { permanent_uuid: "6ac7388dd2824d27bf4f931a9ad46904" member_type: VOTER last_known_addr { host: "127.16.33.67" port: 35005 } }
I20260713 09:04:50.583012 16727 raft_consensus.cc:515] T eabbde2ae1a84ab3bf14ccc830aee07a P 1783b184beca400d901d5c1e8b8d9d9d [term 2 FOLLOWER]: Starting forced leader election with config: opid_index: -1 OBSOLETE_local: false peers { permanent_uuid: "aa62149d9a014e28b498907de55cda27" member_type: VOTER last_known_addr { host: "127.16.33.65" port: 42213 } } peers { permanent_uuid: "1783b184beca400d901d5c1e8b8d9d9d" member_type: VOTER last_known_addr { host: "127.16.33.66" port: 34985 } } peers { permanent_uuid: "6ac7388dd2824d27bf4f931a9ad46904" member_type: VOTER last_known_addr { host: "127.16.33.67" port: 35005 } }
I20260713 09:04:50.583483 16651 raft_consensus.cc:2468] T b887da4a0c404717a4d89c4d80840320 P aa62149d9a014e28b498907de55cda27 [term 3 FOLLOWER]: Leader election vote request: Granting yes vote for candidate 1783b184beca400d901d5c1e8b8d9d9d in term 3.
I20260713 09:04:50.584831 16727 leader_election.cc:290] T eabbde2ae1a84ab3bf14ccc830aee07a P 1783b184beca400d901d5c1e8b8d9d9d [CANDIDATE]: Term 2 election: Requested vote from peers aa62149d9a014e28b498907de55cda27 (127.16.33.65:42213), 6ac7388dd2824d27bf4f931a9ad46904 (127.16.33.67:35005)
I20260713 09:04:50.586352 16799 tablet_service.cc:1917] Received RequestConsensusVote() RPC: tablet_id: "eabbde2ae1a84ab3bf14ccc830aee07a" candidate_uuid: "1783b184beca400d901d5c1e8b8d9d9d" candidate_term: 2 candidate_status { last_received { term: 1 index: 1 } } ignore_live_leader: true dest_uuid: "6ac7388dd2824d27bf4f931a9ad46904"
I20260713 09:04:50.586885 16799 raft_consensus.cc:3060] T eabbde2ae1a84ab3bf14ccc830aee07a P 6ac7388dd2824d27bf4f931a9ad46904 [term 1 FOLLOWER]: Advancing to term 2
I20260713 09:04:50.587395 16651 tablet_service.cc:1917] Received RequestConsensusVote() RPC: tablet_id: "eabbde2ae1a84ab3bf14ccc830aee07a" candidate_uuid: "1783b184beca400d901d5c1e8b8d9d9d" candidate_term: 2 candidate_status { last_received { term: 1 index: 1 } } ignore_live_leader: true dest_uuid: "aa62149d9a014e28b498907de55cda27"
I20260713 09:04:50.587894 16651 raft_consensus.cc:3055] T eabbde2ae1a84ab3bf14ccc830aee07a P aa62149d9a014e28b498907de55cda27 [term 1 LEADER]: Stepping down as leader of term 1
I20260713 09:04:50.588191 16651 raft_consensus.cc:740] T eabbde2ae1a84ab3bf14ccc830aee07a P aa62149d9a014e28b498907de55cda27 [term 1 LEADER]: Becoming Follower/Learner. State: Replica: aa62149d9a014e28b498907de55cda27, State: Running, Role: LEADER
I20260713 09:04:50.588904 16651 consensus_queue.cc:260] T eabbde2ae1a84ab3bf14ccc830aee07a P aa62149d9a014e28b498907de55cda27 [NON_LEADER]: Queue going to NON_LEADER mode. State: All replicated index: 0, Majority replicated index: 1, Committed index: 1, Last appended: 1.1, Last appended by leader: 1, Current term: 1, Majority size: -1, State: 0, Mode: NON_LEADER, active raft config: opid_index: -1 OBSOLETE_local: false peers { permanent_uuid: "aa62149d9a014e28b498907de55cda27" member_type: VOTER last_known_addr { host: "127.16.33.65" port: 42213 } } peers { permanent_uuid: "1783b184beca400d901d5c1e8b8d9d9d" member_type: VOTER last_known_addr { host: "127.16.33.66" port: 34985 } } peers { permanent_uuid: "6ac7388dd2824d27bf4f931a9ad46904" member_type: VOTER last_known_addr { host: "127.16.33.67" port: 35005 } }
I20260713 09:04:50.589186 16546 catalog_manager.cc:5697] T b887da4a0c404717a4d89c4d80840320 P 1783b184beca400d901d5c1e8b8d9d9d reported cstate change: term changed from 2 to 3, leader changed from aa62149d9a014e28b498907de55cda27 (127.16.33.65) to 1783b184beca400d901d5c1e8b8d9d9d (127.16.33.66). New cstate: current_term: 3 leader_uuid: "1783b184beca400d901d5c1e8b8d9d9d" committed_config { opid_index: -1 OBSOLETE_local: false peers { permanent_uuid: "aa62149d9a014e28b498907de55cda27" member_type: VOTER last_known_addr { host: "127.16.33.65" port: 42213 } health_report { overall_health: UNKNOWN } } peers { permanent_uuid: "1783b184beca400d901d5c1e8b8d9d9d" member_type: VOTER last_known_addr { host: "127.16.33.66" port: 34985 } health_report { overall_health: HEALTHY } } peers { permanent_uuid: "6ac7388dd2824d27bf4f931a9ad46904" member_type: VOTER last_known_addr { host: "127.16.33.67" port: 35005 } health_report { overall_health: UNKNOWN } } }
I20260713 09:04:50.590034 16651 raft_consensus.cc:3060] T eabbde2ae1a84ab3bf14ccc830aee07a P aa62149d9a014e28b498907de55cda27 [term 1 FOLLOWER]: Advancing to term 2
I20260713 09:04:50.592008 16799 raft_consensus.cc:2468] T eabbde2ae1a84ab3bf14ccc830aee07a P 6ac7388dd2824d27bf4f931a9ad46904 [term 2 FOLLOWER]: Leader election vote request: Granting yes vote for candidate 1783b184beca400d901d5c1e8b8d9d9d in term 2.
I20260713 09:04:50.592921 16690 leader_election.cc:304] T eabbde2ae1a84ab3bf14ccc830aee07a P 1783b184beca400d901d5c1e8b8d9d9d [CANDIDATE]: Term 2 election: Election decided. Result: candidate won. Election summary: received 2 responses out of 3 voters: 2 yes votes; 0 no votes. yes voters: 1783b184beca400d901d5c1e8b8d9d9d, 6ac7388dd2824d27bf4f931a9ad46904; no voters: 
I20260713 09:04:50.593633 16982 raft_consensus.cc:2804] T eabbde2ae1a84ab3bf14ccc830aee07a P 1783b184beca400d901d5c1e8b8d9d9d [term 2 FOLLOWER]: Leader election won for term 2
I20260713 09:04:50.594065 16982 raft_consensus.cc:697] T eabbde2ae1a84ab3bf14ccc830aee07a P 1783b184beca400d901d5c1e8b8d9d9d [term 2 LEADER]: Becoming Leader. State: Replica: 1783b184beca400d901d5c1e8b8d9d9d, State: Running, Role: LEADER
I20260713 09:04:50.594602 16982 consensus_queue.cc:237] T eabbde2ae1a84ab3bf14ccc830aee07a P 1783b184beca400d901d5c1e8b8d9d9d [LEADER]: Queue going to LEADER mode. State: All replicated index: 0, Majority replicated index: 1, Committed index: 1, Last appended: 1.1, Last appended by leader: 1, Current term: 2, Majority size: 2, State: 0, Mode: LEADER, active raft config: opid_index: -1 OBSOLETE_local: false peers { permanent_uuid: "aa62149d9a014e28b498907de55cda27" member_type: VOTER last_known_addr { host: "127.16.33.65" port: 42213 } } peers { permanent_uuid: "1783b184beca400d901d5c1e8b8d9d9d" member_type: VOTER last_known_addr { host: "127.16.33.66" port: 34985 } } peers { permanent_uuid: "6ac7388dd2824d27bf4f931a9ad46904" member_type: VOTER last_known_addr { host: "127.16.33.67" port: 35005 } }
I20260713 09:04:50.595367 16651 raft_consensus.cc:2468] T eabbde2ae1a84ab3bf14ccc830aee07a P aa62149d9a014e28b498907de55cda27 [term 2 FOLLOWER]: Leader election vote request: Granting yes vote for candidate 1783b184beca400d901d5c1e8b8d9d9d in term 2.
I20260713 09:04:50.600759 16546 catalog_manager.cc:5697] T eabbde2ae1a84ab3bf14ccc830aee07a P 1783b184beca400d901d5c1e8b8d9d9d reported cstate change: term changed from 1 to 2, leader changed from aa62149d9a014e28b498907de55cda27 (127.16.33.65) to 1783b184beca400d901d5c1e8b8d9d9d (127.16.33.66). New cstate: current_term: 2 leader_uuid: "1783b184beca400d901d5c1e8b8d9d9d" committed_config { opid_index: -1 OBSOLETE_local: false peers { permanent_uuid: "aa62149d9a014e28b498907de55cda27" member_type: VOTER last_known_addr { host: "127.16.33.65" port: 42213 } health_report { overall_health: UNKNOWN } } peers { permanent_uuid: "1783b184beca400d901d5c1e8b8d9d9d" member_type: VOTER last_known_addr { host: "127.16.33.66" port: 34985 } health_report { overall_health: HEALTHY } } peers { permanent_uuid: "6ac7388dd2824d27bf4f931a9ad46904" member_type: VOTER last_known_addr { host: "127.16.33.67" port: 35005 } health_report { overall_health: UNKNOWN } } }
I20260713 09:04:50.623175 16965 raft_consensus.cc:993] T a2ca4095807b4869b2b2c7e6c369eeda P 6ac7388dd2824d27bf4f931a9ad46904: : Instructing follower 1783b184beca400d901d5c1e8b8d9d9d to start an election
I20260713 09:04:50.623529 16965 raft_consensus.cc:1081] T a2ca4095807b4869b2b2c7e6c369eeda P 6ac7388dd2824d27bf4f931a9ad46904 [term 3 LEADER]: Signalling peer 1783b184beca400d901d5c1e8b8d9d9d to start an election
I20260713 09:04:50.624763 16727 tablet_service.cc:2044] Received Run Leader Election RPC: tablet_id: "a2ca4095807b4869b2b2c7e6c369eeda"
dest_uuid: "1783b184beca400d901d5c1e8b8d9d9d"
 from {username='slave'} at 127.0.0.1:57654
I20260713 09:04:50.625216 16727 raft_consensus.cc:493] T a2ca4095807b4869b2b2c7e6c369eeda P 1783b184beca400d901d5c1e8b8d9d9d [term 3 FOLLOWER]: Starting forced leader election (received explicit request)
I20260713 09:04:50.625476 16727 raft_consensus.cc:3060] T a2ca4095807b4869b2b2c7e6c369eeda P 1783b184beca400d901d5c1e8b8d9d9d [term 3 FOLLOWER]: Advancing to term 4
I20260713 09:04:50.629478 16727 raft_consensus.cc:515] T a2ca4095807b4869b2b2c7e6c369eeda P 1783b184beca400d901d5c1e8b8d9d9d [term 4 FOLLOWER]: Starting forced leader election with config: opid_index: -1 OBSOLETE_local: false peers { permanent_uuid: "aa62149d9a014e28b498907de55cda27" member_type: VOTER last_known_addr { host: "127.16.33.65" port: 42213 } } peers { permanent_uuid: "1783b184beca400d901d5c1e8b8d9d9d" member_type: VOTER last_known_addr { host: "127.16.33.66" port: 34985 } } peers { permanent_uuid: "6ac7388dd2824d27bf4f931a9ad46904" member_type: VOTER last_known_addr { host: "127.16.33.67" port: 35005 } }
I20260713 09:04:50.630926 16727 leader_election.cc:290] T a2ca4095807b4869b2b2c7e6c369eeda P 1783b184beca400d901d5c1e8b8d9d9d [CANDIDATE]: Term 4 election: Requested vote from peers aa62149d9a014e28b498907de55cda27 (127.16.33.65:42213), 6ac7388dd2824d27bf4f931a9ad46904 (127.16.33.67:35005)
I20260713 09:04:50.631808 16799 tablet_service.cc:1917] Received RequestConsensusVote() RPC: tablet_id: "a2ca4095807b4869b2b2c7e6c369eeda" candidate_uuid: "1783b184beca400d901d5c1e8b8d9d9d" candidate_term: 4 candidate_status { last_received { term: 3 index: 3 } } ignore_live_leader: true dest_uuid: "6ac7388dd2824d27bf4f931a9ad46904"
I20260713 09:04:50.632226 16799 raft_consensus.cc:3055] T a2ca4095807b4869b2b2c7e6c369eeda P 6ac7388dd2824d27bf4f931a9ad46904 [term 3 LEADER]: Stepping down as leader of term 3
I20260713 09:04:50.632441 16799 raft_consensus.cc:740] T a2ca4095807b4869b2b2c7e6c369eeda P 6ac7388dd2824d27bf4f931a9ad46904 [term 3 LEADER]: Becoming Follower/Learner. State: Replica: 6ac7388dd2824d27bf4f931a9ad46904, State: Running, Role: LEADER
I20260713 09:04:50.632450 16651 tablet_service.cc:1917] Received RequestConsensusVote() RPC: tablet_id: "a2ca4095807b4869b2b2c7e6c369eeda" candidate_uuid: "1783b184beca400d901d5c1e8b8d9d9d" candidate_term: 4 candidate_status { last_received { term: 3 index: 3 } } ignore_live_leader: true dest_uuid: "aa62149d9a014e28b498907de55cda27"
I20260713 09:04:50.633162 16651 raft_consensus.cc:3060] T a2ca4095807b4869b2b2c7e6c369eeda P aa62149d9a014e28b498907de55cda27 [term 3 FOLLOWER]: Advancing to term 4
I20260713 09:04:50.633111 16799 consensus_queue.cc:260] T a2ca4095807b4869b2b2c7e6c369eeda P 6ac7388dd2824d27bf4f931a9ad46904 [NON_LEADER]: Queue going to NON_LEADER mode. State: All replicated index: 0, Majority replicated index: 3, Committed index: 3, Last appended: 3.3, Last appended by leader: 3, Current term: 3, Majority size: -1, State: 0, Mode: NON_LEADER, active raft config: opid_index: -1 OBSOLETE_local: false peers { permanent_uuid: "aa62149d9a014e28b498907de55cda27" member_type: VOTER last_known_addr { host: "127.16.33.65" port: 42213 } } peers { permanent_uuid: "1783b184beca400d901d5c1e8b8d9d9d" member_type: VOTER last_known_addr { host: "127.16.33.66" port: 34985 } } peers { permanent_uuid: "6ac7388dd2824d27bf4f931a9ad46904" member_type: VOTER last_known_addr { host: "127.16.33.67" port: 35005 } }
I20260713 09:04:50.633963 16799 raft_consensus.cc:3060] T a2ca4095807b4869b2b2c7e6c369eeda P 6ac7388dd2824d27bf4f931a9ad46904 [term 3 FOLLOWER]: Advancing to term 4
I20260713 09:04:50.637445 16651 raft_consensus.cc:2468] T a2ca4095807b4869b2b2c7e6c369eeda P aa62149d9a014e28b498907de55cda27 [term 4 FOLLOWER]: Leader election vote request: Granting yes vote for candidate 1783b184beca400d901d5c1e8b8d9d9d in term 4.
I20260713 09:04:50.637506 16799 raft_consensus.cc:2468] T a2ca4095807b4869b2b2c7e6c369eeda P 6ac7388dd2824d27bf4f931a9ad46904 [term 4 FOLLOWER]: Leader election vote request: Granting yes vote for candidate 1783b184beca400d901d5c1e8b8d9d9d in term 4.
I20260713 09:04:50.638290 16691 leader_election.cc:304] T a2ca4095807b4869b2b2c7e6c369eeda P 1783b184beca400d901d5c1e8b8d9d9d [CANDIDATE]: Term 4 election: Election decided. Result: candidate won. Election summary: received 2 responses out of 3 voters: 2 yes votes; 0 no votes. yes voters: 1783b184beca400d901d5c1e8b8d9d9d, aa62149d9a014e28b498907de55cda27; no voters: 
